[INFO] fetching crate trig 0.4.0...
[INFO] testing trig-0.4.0 against 1.99.0-beta.8 for beta-1.100-2
[INFO] extracting crate trig 0.4.0 into /workspace/builds/worker-6-tc1/source
[INFO] removed /workspace/builds/worker-6-tc1/source/.cargo/config.toml
[INFO] started tweaking crates.io crate trig 0.4.0
[INFO] finished tweaking crates.io crate trig 0.4.0
[INFO] tweaked toml for crates.io crate trig 0.4.0 written to /workspace/builds/worker-6-tc1/source/Cargo.toml
[INFO] validating manifest of crates.io crate trig 0.4.0 on toolchain 1.99.0-beta.8
[INFO] running `Command { std: CARGO_HOME="/workspace/cargo-home" RUSTUP_HOME="/workspace/rustup-home" "/workspace/cargo-home/bin/cargo" "+1.99.0-beta.8" "metadata" "--manifest-path" "Cargo.toml" "--no-deps", kill_on_drop: false }`
[INFO] crate crates.io crate trig 0.4.0 already has a lockfile, it will not be regenerated
[INFO] running `Command { std: CARGO_HOME="/workspace/cargo-home" RUSTUP_HOME="/workspace/rustup-home" "/workspace/cargo-home/bin/cargo" "+1.99.0-beta.8" "fetch" "--manifest-path" "Cargo.toml", kill_on_drop: false }`
[INFO] [stderr]     Blocking waiting for file lock on package cache
[INFO] [stderr]     Updating crates.io index
[INFO] [stderr]     Blocking waiting for file lock on package cache
[INFO] [stderr]  Downloading crates ...
[INFO] [stderr]   Downloaded numtest v0.5.0
[INFO] running `Command { std: "docker" "create" "-v" "/var/lib/crater-agent-workspace/builds/worker-6-tc1/source:/opt/rustwide/workdir:ro,Z" "-v" "/var/lib/crater-agent-workspace/builds/worker-6-tc1/target:/opt/rustwide/target:rw,Z" "-v" "/var/lib/crater-agent-workspace/cargo-home:/opt/rustwide/cargo-home:ro,Z" "-v" "/var/lib/crater-agent-workspace/rustup-home:/opt/rustwide/rustup-home:ro,Z" "-m" "1610612736" "--network" "none" "ghcr.io/rust-lang/crates-build-env/linux@sha256:3111399a4047eeb3a02b7a90e478d715f38a8c6669b5c4b49d30a17385265909" "sleep" "infinity", kill_on_drop: false }`
[INFO] [stdout] 308012d87e84c89695e2f99aa6f93129e0ab898701281389436b5f2c806aa835
[INFO] running `Command { std: "docker" "start" "308012d87e84c89695e2f99aa6f93129e0ab898701281389436b5f2c806aa835", kill_on_drop: false }`
[INFO] running `Command { std: "docker" "inspect" "308012d87e84c89695e2f99aa6f93129e0ab898701281389436b5f2c806aa835", kill_on_drop: false }`
[INFO] running `Command { std: "docker" "exec" "-e" "SOURCE_DIR=/opt/rustwide/workdir" "-e" "CARGO_HOME=/opt/rustwide/cargo-home" "-e" "RUSTUP_HOME=/opt/rustwide/rustup-home" "-e" "CARGO_TARGET_DIR=/opt/rustwide/target" "-w" "/opt/rustwide/workdir" "--user" "0:0" "308012d87e84c89695e2f99aa6f93129e0ab898701281389436b5f2c806aa835" "/opt/rustwide/cargo-home/bin/cargo" "+1.99.0-beta.8" "metadata" "--no-deps" "--format-version=1", kill_on_drop: false }`
[INFO] running `Command { std: "docker" "inspect" "308012d87e84c89695e2f99aa6f93129e0ab898701281389436b5f2c806aa835", kill_on_drop: false }`
[INFO] running `Command { std: "docker" "exec" "-e" "SOURCE_DIR=/opt/rustwide/workdir" "-e" "CARGO_HOME=/opt/rustwide/cargo-home" "-e" "RUSTUP_HOME=/opt/rustwide/rustup-home" "-e" "CARGO_TARGET_DIR=/opt/rustwide/target" "-e" "CARGO_INCREMENTAL=0" "-e" "RUST_BACKTRACE=full" "-e" "RUSTFLAGS=--cap-lints=warn" "-e" "RUSTDOCFLAGS=--cap-lints=warn" "-w" "/opt/rustwide/workdir" "--user" "0:0" "308012d87e84c89695e2f99aa6f93129e0ab898701281389436b5f2c806aa835" "/opt/rustwide/cargo-home/bin/cargo" "+1.99.0-beta.8" "build" "--frozen" "--message-format=json", kill_on_drop: false }`
[INFO] [stderr]    Compiling trig v0.4.0 (/opt/rustwide/workdir)
[INFO] [stderr]     Finished `dev` profile [unoptimized + debuginfo] target(s) in 0.09s
[INFO] running `Command { std: "docker" "inspect" "308012d87e84c89695e2f99aa6f93129e0ab898701281389436b5f2c806aa835", kill_on_drop: false }`
[INFO] running `Command { std: "docker" "exec" "-e" "SOURCE_DIR=/opt/rustwide/workdir" "-e" "CARGO_HOME=/opt/rustwide/cargo-home" "-e" "RUSTUP_HOME=/opt/rustwide/rustup-home" "-e" "CARGO_TARGET_DIR=/opt/rustwide/target" "-e" "CARGO_INCREMENTAL=0" "-e" "RUST_BACKTRACE=full" "-e" "RUSTFLAGS=--cap-lints=warn" "-e" "RUSTDOCFLAGS=--cap-lints=warn" "-w" "/opt/rustwide/workdir" "--user" "0:0" "308012d87e84c89695e2f99aa6f93129e0ab898701281389436b5f2c806aa835" "/opt/rustwide/cargo-home/bin/cargo" "+1.99.0-beta.8" "test" "--frozen" "--no-run" "--message-format=json", kill_on_drop: false }`
[INFO] [stderr]    Compiling num-traits v0.2.19
[INFO] [stderr]    Compiling numtest v0.5.0
[INFO] [stderr]    Compiling trig v0.4.0 (/opt/rustwide/workdir)
[INFO] [stderr]     Finished `test` profile [unoptimized + debuginfo] target(s) in 1.52s
[INFO] running `Command { std: "docker" "inspect" "308012d87e84c89695e2f99aa6f93129e0ab898701281389436b5f2c806aa835", kill_on_drop: false }`
[INFO] running `Command { std: "docker" "exec" "-e" "SOURCE_DIR=/opt/rustwide/workdir" "-e" "CARGO_HOME=/opt/rustwide/cargo-home" "-e" "RUSTUP_HOME=/opt/rustwide/rustup-home" "-e" "CARGO_TARGET_DIR=/opt/rustwide/target" "-e" "CARGO_INCREMENTAL=0" "-e" "RUST_BACKTRACE=full" "-e" "RUSTFLAGS=--cap-lints=warn" "-e" "RUSTDOCFLAGS=--cap-lints=warn" "-w" "/opt/rustwide/workdir" "--user" "0:0" "308012d87e84c89695e2f99aa6f93129e0ab898701281389436b5f2c806aa835" "/opt/rustwide/cargo-home/bin/cargo" "+1.99.0-beta.8" "test" "--frozen", kill_on_drop: false }`
[INFO] [stderr]     Finished `test` profile [unoptimized + debuginfo] target(s) in 0.01s
[INFO] [stderr]      Running unittests src/lib.rs (/opt/rustwide/target/debug/deps/trig-ef7b51ff0c029ce6)
[INFO] [stdout] 
[INFO] [stdout] running 84 tests
[INFO] [stdout] test f32_impl::test::test_acotd ... ok
[INFO] [stdout] test f32_impl::test::test_acot ... ok
[INFO] [stdout] test f32_impl::test::test_acos ... ok
[INFO] [stdout] test f32_impl::test::test_acosd ... ok
[INFO] [stdout] test f32_impl::test::test_acosh ... ok
[INFO] [stdout] test f32_impl::test::test_asec ... ok
[INFO] [stdout] test f32_impl::test::test_acsc ... ok
[INFO] [stdout] test f32_impl::test::test_asinh ... ok
[INFO] [stdout] test f32_impl::test::test_atan ... ok
[INFO] [stdout] test f32_impl::test::test_asind ... ok
[INFO] [stdout] test f32_impl::test::test_acoth ... ok
[INFO] [stdout] test f32_impl::test::test_acscd ... ok
[INFO] [stdout] test f32_impl::test::test_asin ... ok
[INFO] [stdout] test f32_impl::test::test_acsch ... ok
[INFO] [stdout] test f32_impl::test::test_asecd ... ok
[INFO] [stdout] test f32_impl::test::test_atan2_135_deg_counterclockwise ... ok
[INFO] [stdout] test f32_impl::test::test_atanh ... ok
[INFO] [stdout] test f32_impl::test::test_csch ... ok
[INFO] [stdout] test f32_impl::test::test_deg2rad ... ok
[INFO] [stdout] test f32_impl::test::test_atand ... ok
[INFO] [stdout] test f32_impl::test::test_cos ... ok
[INFO] [stdout] test f32_impl::test::test_cotd ... ok
[INFO] [stdout] test f32_impl::test::test_cscd ... ok
[INFO] [stdout] test f32_impl::test::test_secd ... ok
[INFO] [stdout] test f32_impl::test::test_sech ... ok
[INFO] [stdout] test f32_impl::test::test_cosd ... ok
[INFO] [stdout] test f32_impl::test::test_atan2_45_deg_clockwise ... ok
[INFO] [stdout] test f32_impl::test::test_sind ... ok
[INFO] [stdout] test f32_impl::test::test_atan2d_135_deg_counterclockwise ... ok
[INFO] [stdout] test f32_impl::test::test_sinh ... ok
[INFO] [stdout] test f32_impl::test::test_atan2d_45_deg_clockwise ... ok
[INFO] [stdout] test f32_impl::test::test_tan ... ok
[INFO] [stdout] test f32_impl::test::test_tand ... ok
[INFO] [stdout] test f32_impl::test::test_csc ... ok
[INFO] [stdout] test f32_impl::test::test_asech ... ok
[INFO] [stdout] test f32_impl::test::test_sec ... ok
[INFO] [stdout] test f64_impl::test::test_acos ... ok
[INFO] [stdout] test f64_impl::test::test_acosd ... ok
[INFO] [stdout] test f64_impl::test::test_acotd ... ok
[INFO] [stdout] test f64_impl::test::test_acot ... ok
[INFO] [stdout] test f32_impl::test::test_sin ... ok
[INFO] [stdout] test f32_impl::test::test_tanh ... ok
[INFO] [stdout] test f32_impl::test::test_cot ... ok
[INFO] [stdout] test f32_impl::test::test_rad2deg ... ok
[INFO] [stdout] test f64_impl::test::test_acscd ... ok
[INFO] [stdout] test f64_impl::test::test_acsch ... ok
[INFO] [stdout] test f64_impl::test::test_asecd ... ok
[INFO] [stdout] test f64_impl::test::test_asin ... ok
[INFO] [stdout] test f32_impl::test::test_coth ... ok
[INFO] [stdout] test f64_impl::test::test_asinh ... ok
[INFO] [stdout] test f64_impl::test::test_atan ... ok
[INFO] [stdout] test f64_impl::test::test_atand ... ok
[INFO] [stdout] test f64_impl::test::test_atanh ... ok
[INFO] [stdout] test f64_impl::test::test_cos ... ok
[INFO] [stdout] test f64_impl::test::test_cosd ... ok
[INFO] [stdout] test f32_impl::test::test_cosh ... ok
[INFO] [stdout] test f64_impl::test::test_cot ... ok
[INFO] [stdout] test f64_impl::test::test_cotd ... ok
[INFO] [stdout] test f64_impl::test::test_cscd ... ok
[INFO] [stdout] test f64_impl::test::test_csch ... ok
[INFO] [stdout] test f64_impl::test::test_atan2d_45_deg_clockwise ... ok
[INFO] [stdout] test f64_impl::test::test_csc ... ok
[INFO] [stdout] test f64_impl::test::test_cosh ... ok
[INFO] [stdout] test f64_impl::test::test_atan2d_135_deg_counterclockwise ... ok
[INFO] [stdout] test f64_impl::test::test_atan2_45_deg_clockwise ... ok
[INFO] [stdout] test f64_impl::test::test_acoth ... ok
[INFO] [stdout] test f64_impl::test::test_acsc ... ok
[INFO] [stdout] test f64_impl::test::test_asec ... ok
[INFO] [stdout] test f64_impl::test::test_asind ... ok
[INFO] [stdout] test f64_impl::test::test_coth ... ok
[INFO] [stdout] test f64_impl::test::test_asech ... ok
[INFO] [stdout] test f64_impl::test::test_atan2_135_deg_counterclockwise ... ok
[INFO] [stdout] test f64_impl::test::test_tan ... ok
[INFO] [stdout] test f64_impl::test::test_deg2rad ... ok
[INFO] [stdout] test f64_impl::test::test_tanh ... ok
[INFO] [stdout] test f64_impl::test::test_rad2deg ... ok
[INFO] [stdout] test f64_impl::test::test_sec ... ok
[INFO] [stdout] test f64_impl::test::test_secd ... ok
[INFO] [stdout] test f64_impl::test::test_sech ... ok
[INFO] [stdout] test f64_impl::test::test_sin ... ok
[INFO] [stdout] test f64_impl::test::test_sind ... ok
[INFO] [stdout] test f64_impl::test::test_sinh ... ok
[INFO] [stdout] test f64_impl::test::test_tand ... ok
[INFO] [stdout] test f64_impl::test::test_acosh ... FAILED
[INFO] [stderr] error: test failed, to rerun pass `--lib`
[INFO] [stdout] 
[INFO] [stdout] failures:
[INFO] [stdout] 
[INFO] [stdout] ---- f64_impl::test::test_acosh stdout ----
[INFO] [stdout] 
[INFO] [stdout] thread 'f64_impl::test::test_acosh' (242) panicked at src/f64_impl.rs:343:9:
[INFO] [stdout] assertion `left == right` failed
[INFO] [stdout]   left: 0.9999999999999999
[INFO] [stdout]  right: 1.0
[INFO] [stdout] stack backtrace:
[INFO] [stdout]    0:     0x56da1c335b91 - std[70759c8f55707aa4]::backtrace_rs::backtrace::libunwind::trace
[INFO] [stdout]                                at /rustc/dfb0accb7f508ae8be965d8629557221c889dd98/library/std/src/../../backtrace/src/backtrace/libunwind.rs:117:9
[INFO] [stdout]    1:     0x56da1c335b91 - std[70759c8f55707aa4]::backtrace_rs::backtrace::trace_unsynchronized::<std[70759c8f55707aa4]::sys::backtrace::_print_fmt::{closure#1}>
[INFO] [stdout]                                at /rustc/dfb0accb7f508ae8be965d8629557221c889dd98/library/std/src/../../backtrace/src/backtrace/mod.rs:66:14
[INFO] [stdout]    2:     0x56da1c335b91 - std[70759c8f55707aa4]::sys::backtrace::_print_fmt
[INFO] [stdout]                                at /rustc/dfb0accb7f508ae8be965d8629557221c889dd98/library/std/src/sys/backtrace.rs:74:9
[INFO] [stdout]    3:     0x56da1c335b91 - <<std[70759c8f55707aa4]::sys::backtrace::BacktraceLock>::print::DisplayBacktrace as core[df12db4294e9bfd3]::fmt::Display>::fmt
[INFO] [stdout]                                at /rustc/dfb0accb7f508ae8be965d8629557221c889dd98/library/std/src/sys/backtrace.rs:44:26
[INFO] [stdout]    4:     0x56da1c34ac1a - <core[df12db4294e9bfd3]::fmt::rt::Argument>::fmt
[INFO] [stdout]                                at /rustc/dfb0accb7f508ae8be965d8629557221c889dd98/library/core/src/fmt/rt.rs:152:76
[INFO] [stdout]    5:     0x56da1c34ac1a - core[df12db4294e9bfd3]::fmt::write
[INFO] [stdout]    6:     0x56da1c33a02c - core[df12db4294e9bfd3]::io::write::default_write_fmt::<alloc[2182bb758b4b3781]::vec::Vec<u8>>
[INFO] [stdout]                                at /rustc/dfb0accb7f508ae8be965d8629557221c889dd98/library/core/src/io/write.rs:402:11
[INFO] [stdout]    7:     0x56da1c33a02c - <alloc[2182bb758b4b3781]::vec::Vec<u8> as core[df12db4294e9bfd3]::io::write::Write>::write_fmt
[INFO] [stdout]                                at /rustc/dfb0accb7f508ae8be965d8629557221c889dd98/library/core/src/io/write.rs:335:13
[INFO] [stdout]    8:     0x56da1c312186 - <std[70759c8f55707aa4]::sys::backtrace::BacktraceLock>::print
[INFO] [stdout]                                at /rustc/dfb0accb7f508ae8be965d8629557221c889dd98/library/std/src/sys/backtrace.rs:47:9
[INFO] [stdout]    9:     0x56da1c312186 - std[70759c8f55707aa4]::panicking::default_hook::{closure#0}
[INFO] [stdout]                                at /rustc/dfb0accb7f508ae8be965d8629557221c889dd98/library/std/src/panicking.rs:292:27
[INFO] [stdout]   10:     0x56da1c32e2f9 - std[70759c8f55707aa4]::panicking::default_hook
[INFO] [stdout]                                at /rustc/dfb0accb7f508ae8be965d8629557221c889dd98/library/std/src/panicking.rs:316:9
[INFO] [stdout]   11:     0x56da1c2ca200 - <alloc[2182bb758b4b3781]::boxed::Box<dyn for<'a, 'b> core[df12db4294e9bfd3]::ops::function::Fn<(&'a std[70759c8f55707aa4]::panic::PanicHookInfo<'b>,), Output = ()> + core[df12db4294e9bfd3]::marker::Send + core[df12db4294e9bfd3]::marker::Sync> as core[df12db4294e9bfd3]::ops::function::Fn<(&std[70759c8f55707aa4]::panic::PanicHookInfo,)>>::call
[INFO] [stdout]                                at /rustc/dfb0accb7f508ae8be965d8629557221c889dd98/library/alloc/src/boxed.rs:2334:9
[INFO] [stdout]   12:     0x56da1c2ca200 - test[9d35eded1c95d3be]::test_main_inner::<test[9d35eded1c95d3be]::test_main_static::{closure#0}>::{closure#0}
[INFO] [stdout]                                at /rustc/dfb0accb7f508ae8be965d8629557221c889dd98/library/test/src/lib.rs:155:21
[INFO] [stdout]   13:     0x56da1c32e4b2 - <alloc[2182bb758b4b3781]::boxed::Box<dyn for<'a, 'b> core[df12db4294e9bfd3]::ops::function::Fn<(&'a std[70759c8f55707aa4]::panic::PanicHookInfo<'b>,), Output = ()> + core[df12db4294e9bfd3]::marker::Send + core[df12db4294e9bfd3]::marker::Sync> as core[df12db4294e9bfd3]::ops::function::Fn<(&std[70759c8f55707aa4]::panic::PanicHookInfo,)>>::call
[INFO] [stdout]                                at /rustc/dfb0accb7f508ae8be965d8629557221c889dd98/library/alloc/src/boxed.rs:2334:9
[INFO] [stdout]   14:     0x56da1c32e4b2 - std[70759c8f55707aa4]::panicking::panic_with_hook
[INFO] [stdout]                                at /rustc/dfb0accb7f508ae8be965d8629557221c889dd98/library/std/src/panicking.rs:823:13
[INFO] [stdout]   15:     0x56da1c312232 - std[70759c8f55707aa4]::panicking::panic_handler::{closure#0}
[INFO] [stdout]                                at /rustc/dfb0accb7f508ae8be965d8629557221c889dd98/library/std/src/panicking.rs:688:13
[INFO] [stdout]   16:     0x56da1c30afb9 - std[70759c8f55707aa4]::sys::backtrace::__rust_end_short_backtrace::<std[70759c8f55707aa4]::panicking::panic_handler::{closure#0}, !>
[INFO] [stdout]                                at /rustc/dfb0accb7f508ae8be965d8629557221c889dd98/library/std/src/sys/backtrace.rs:182:18
[INFO] [stdout]   17:     0x56da1c312e2d - __rustc[8fa7c3cbc660c2b3]::rust_begin_unwind
[INFO] [stdout]                                at /rustc/dfb0accb7f508ae8be965d8629557221c889dd98/library/std/src/panicking.rs:679:5
[INFO] [stdout]   18:     0x56da1c34b34c - core[df12db4294e9bfd3]::panicking::panic_fmt
[INFO] [stdout]                                at /rustc/dfb0accb7f508ae8be965d8629557221c889dd98/library/core/src/panicking.rs:80:14
[INFO] [stdout]   19:     0x56da1c34b263 - core[df12db4294e9bfd3]::panicking::assert_failed_inner
[INFO] [stdout]                                at /rustc/dfb0accb7f508ae8be965d8629557221c889dd98/library/core/src/panicking.rs:452:17
[INFO] [stdout]   20:     0x56da1c2b615d - core[df12db4294e9bfd3]::panicking::assert_failed::<f64, f64>
[INFO] [stdout]                                at /rustc/dfb0accb7f508ae8be965d8629557221c889dd98/library/core/src/panicking.rs:407:5
[INFO] [stdout]   21:     0x56da1c2b9be9 - trig[e496826b1b9082fc]::f64_impl::test::test_acosh
[INFO] [stdout]                                at /opt/rustwide/workdir/src/f64_impl.rs:343:9
[INFO] [stdout]   22:     0x56da1c2b6b67 - trig[e496826b1b9082fc]::f64_impl::test::test_acosh::{closure#0}
[INFO] [stdout]                                at /opt/rustwide/workdir/src/f64_impl.rs:342:20
[INFO] [stdout]   23:     0x56da1c2bcf66 - <trig[e496826b1b9082fc]::f64_impl::test::test_acosh::{closure#0} as core[df12db4294e9bfd3]::ops::function::FnOnce<()>>::call_once
[INFO] [stdout]                                at /rustc/dfb0accb7f508ae8be965d8629557221c889dd98/library/core/src/ops/function.rs:250:5
[INFO] [stdout]   24:     0x56da1c2bd4eb - <fn() -> core[df12db4294e9bfd3]::result::Result<(), alloc[2182bb758b4b3781]::string::String> as core[df12db4294e9bfd3]::ops::function::FnOnce<()>>::call_once
[INFO] [stdout]                                at /rustc/dfb0accb7f508ae8be965d8629557221c889dd98/library/core/src/ops/function.rs:250:5
[INFO] [stdout]   25:     0x56da1c2bd4eb - test[9d35eded1c95d3be]::__rust_begin_short_backtrace::<core[df12db4294e9bfd3]::result::Result<(), alloc[2182bb758b4b3781]::string::String>, fn() -> core[df12db4294e9bfd3]::result::Result<(), alloc[2182bb758b4b3781]::string::String>>
[INFO] [stdout]                                at /rustc/dfb0accb7f508ae8be965d8629557221c889dd98/library/test/src/lib.rs:733:18
[INFO] [stdout]   26:     0x56da1c2cab55 - test[9d35eded1c95d3be]::run_test_in_process::{closure#0}
[INFO] [stdout]                                at /rustc/dfb0accb7f508ae8be965d8629557221c889dd98/library/test/src/lib.rs:756:74
[INFO] [stdout]   27:     0x56da1c2cab55 - <core[df12db4294e9bfd3]::panic::unwind_safe::AssertUnwindSafe<test[9d35eded1c95d3be]::run_test_in_process::{closure#0}> as core[df12db4294e9bfd3]::ops::function::FnOnce<()>>::call_once
[INFO] [stdout]                                at /rustc/dfb0accb7f508ae8be965d8629557221c889dd98/library/core/src/panic/unwind_safe.rs:275:9
[INFO] [stdout]   28:     0x56da1c2cab55 - std[70759c8f55707aa4]::panicking::catch_unwind::do_call::<core[df12db4294e9bfd3]::panic::unwind_safe::AssertUnwindSafe<test[9d35eded1c95d3be]::run_test_in_process::{closure#0}>, core[df12db4294e9bfd3]::result::Result<(), alloc[2182bb758b4b3781]::string::String>>
[INFO] [stdout]                                at /rustc/dfb0accb7f508ae8be965d8629557221c889dd98/library/std/src/panicking.rs:576:43
[INFO] [stdout]   29:     0x56da1c2cab55 - std[70759c8f55707aa4]::panicking::catch_unwind::<core[df12db4294e9bfd3]::result::Result<(), alloc[2182bb758b4b3781]::string::String>, core[df12db4294e9bfd3]::panic::unwind_safe::AssertUnwindSafe<test[9d35eded1c95d3be]::run_test_in_process::{closure#0}>>
[INFO] [stdout]                                at /rustc/dfb0accb7f508ae8be965d8629557221c889dd98/library/std/src/panicking.rs:544:19
[INFO] [stdout]   30:     0x56da1c2cab55 - std[70759c8f55707aa4]::panic::catch_unwind::<core[df12db4294e9bfd3]::panic::unwind_safe::AssertUnwindSafe<test[9d35eded1c95d3be]::run_test_in_process::{closure#0}>, core[df12db4294e9bfd3]::result::Result<(), alloc[2182bb758b4b3781]::string::String>>
[INFO] [stdout]                                at /rustc/dfb0accb7f508ae8be965d8629557221c889dd98/library/std/src/panic.rs:359:14
[INFO] [stdout]   31:     0x56da1c2cab55 - test[9d35eded1c95d3be]::run_test_in_process
[INFO] [stdout]                                at /rustc/dfb0accb7f508ae8be965d8629557221c889dd98/library/test/src/lib.rs:756:27
[INFO] [stdout]   32:     0x56da1c2cab55 - test[9d35eded1c95d3be]::run_test::{closure#0}
[INFO] [stdout]                                at /rustc/dfb0accb7f508ae8be965d8629557221c889dd98/library/test/src/lib.rs:677:43
[INFO] [stdout]   33:     0x56da1c2c4414 - test[9d35eded1c95d3be]::run_test::{closure#1}
[INFO] [stdout]                                at /rustc/dfb0accb7f508ae8be965d8629557221c889dd98/library/test/src/lib.rs:707:41
[INFO] [stdout]   34:     0x56da1c2c4414 - std[70759c8f55707aa4]::sys::backtrace::__rust_begin_short_backtrace::<test[9d35eded1c95d3be]::run_test::{closure#1}, ()>
[INFO] [stdout]                                at /rustc/dfb0accb7f508ae8be965d8629557221c889dd98/library/std/src/sys/backtrace.rs:166:18
[INFO] [stdout]   35:     0x56da1c2cdcb2 - std[70759c8f55707aa4]::thread::lifecycle::spawn_unchecked::<test[9d35eded1c95d3be]::run_test::{closure#1}, ()>::{closure#1}::{closure#0}
[INFO] [stdout]                                at /rustc/dfb0accb7f508ae8be965d8629557221c889dd98/library/std/src/thread/lifecycle.rs:70:13
[INFO] [stdout]   36:     0x56da1c2cdcb2 - <core[df12db4294e9bfd3]::panic::unwind_safe::AssertUnwindSafe<std[70759c8f55707aa4]::thread::lifecycle::spawn_unchecked<test[9d35eded1c95d3be]::run_test::{closure#1}, ()>::{closure#1}::{closure#0}> as core[df12db4294e9bfd3]::ops::function::FnOnce<()>>::call_once
[INFO] [stdout]                                at /rustc/dfb0accb7f508ae8be965d8629557221c889dd98/library/core/src/panic/unwind_safe.rs:275:9
[INFO] [stdout]   37:     0x56da1c2cdcb2 - std[70759c8f55707aa4]::panicking::catch_unwind::do_call::<core[df12db4294e9bfd3]::panic::unwind_safe::AssertUnwindSafe<std[70759c8f55707aa4]::thread::lifecycle::spawn_unchecked<test[9d35eded1c95d3be]::run_test::{closure#1}, ()>::{closure#1}::{closure#0}>, ()>
[INFO] [stdout]                                at /rustc/dfb0accb7f508ae8be965d8629557221c889dd98/library/std/src/panicking.rs:576:43
[INFO] [stdout]   38:     0x56da1c2cdcb2 - std[70759c8f55707aa4]::panicking::catch_unwind::<(), core[df12db4294e9bfd3]::panic::unwind_safe::AssertUnwindSafe<std[70759c8f55707aa4]::thread::lifecycle::spawn_unchecked<test[9d35eded1c95d3be]::run_test::{closure#1}, ()>::{closure#1}::{closure#0}>>
[INFO] [stdout]                                at /rustc/dfb0accb7f508ae8be965d8629557221c889dd98/library/std/src/panicking.rs:544:19
[INFO] [stdout]   39:     0x56da1c2cdcb2 - std[70759c8f55707aa4]::panic::catch_unwind::<core[df12db4294e9bfd3]::panic::unwind_safe::AssertUnwindSafe<std[70759c8f55707aa4]::thread::lifecycle::spawn_unchecked<test[9d35eded1c95d3be]::run_test::{closure#1}, ()>::{closure#1}::{closure#0}>, ()>
[INFO] [stdout]                                at /rustc/dfb0accb7f508ae8be965d8629557221c889dd98/library/std/src/panic.rs:359:14
[INFO] [stdout]   40:     0x56da1c2cdcb2 - std[70759c8f55707aa4]::thread::lifecycle::spawn_unchecked::<test[9d35eded1c95d3be]::run_test::{closure#1}, ()>::{closure#1}
[INFO] [stdout]                                at /rustc/dfb0accb7f508ae8be965d8629557221c889dd98/library/std/src/thread/lifecycle.rs:68:26
[INFO] [stdout]   41:     0x56da1c2cdcb2 - <std[70759c8f55707aa4]::thread::lifecycle::spawn_unchecked<test[9d35eded1c95d3be]::run_test::{closure#1}, ()>::{closure#1} as core[df12db4294e9bfd3]::ops::function::FnOnce<()>>::call_once::{shim:vtable#0}
[INFO] [stdout]                                at /rustc/dfb0accb7f508ae8be965d8629557221c889dd98/library/core/src/ops/function.rs:250:5
[INFO] [stdout]   42:     0x56da1c335469 - <alloc[2182bb758b4b3781]::boxed::Box<dyn core[df12db4294e9bfd3]::ops::function::FnOnce<(), Output = ()> + core[df12db4294e9bfd3]::marker::Send> as core[df12db4294e9bfd3]::ops::function::FnOnce<()>>::call_once
[INFO] [stdout]                                at /rustc/dfb0accb7f508ae8be965d8629557221c889dd98/library/alloc/src/boxed.rs:2320:9
[INFO] [stdout]   43:     0x56da1c335469 - <std[70759c8f55707aa4]::sys::thread::unix::Thread>::new::thread_start
[INFO] [stdout]                                at /rustc/dfb0accb7f508ae8be965d8629557221c889dd98/library/std/src/sys/thread/unix.rs:123:17
[INFO] [stdout]   44:     0x750fb1489dfa - <unknown>
[INFO] [stdout]   45:     0x750fb151d3d4 - clone
[INFO] [stdout]   46:                0x0 - <unknown>
[INFO] [stdout] 
[INFO] [stdout] 
[INFO] [stdout] failures:
[INFO] [stdout]     f64_impl::test::test_acosh
[INFO] [stdout] 
[INFO] [stdout] test result: FAILED. 83 passed; 1 failed; 0 ignored; 0 measured; 0 filtered out; finished in 0.06s
[INFO] [stdout] 
[INFO] running `Command { std: "docker" "inspect" "308012d87e84c89695e2f99aa6f93129e0ab898701281389436b5f2c806aa835", kill_on_drop: false }`
[INFO] running `Command { std: "docker" "rm" "-f" "308012d87e84c89695e2f99aa6f93129e0ab898701281389436b5f2c806aa835", kill_on_drop: false }`
[INFO] [stdout] 308012d87e84c89695e2f99aa6f93129e0ab898701281389436b5f2c806aa835
