[INFO] fetching crate treease-ts-yaml 0.7.4...
[INFO] testing treease-ts-yaml-0.7.4 against 1.100.0-beta.1 for beta-1.100-2
[INFO] extracting crate treease-ts-yaml 0.7.4 into /workspace/builds/worker-7-tc2/source
[INFO] started tweaking crates.io crate treease-ts-yaml 0.7.4
[INFO] finished tweaking crates.io crate treease-ts-yaml 0.7.4
[INFO] tweaked toml for crates.io crate treease-ts-yaml 0.7.4 written to /workspace/builds/worker-7-tc2/source/Cargo.toml
[INFO] validating manifest of crates.io crate treease-ts-yaml 0.7.4 on toolchain 1.100.0-beta.1
[INFO] running `Command { std: CARGO_HOME="/workspace/cargo-home" RUSTUP_HOME="/workspace/rustup-home" "/workspace/cargo-home/bin/cargo" "+1.100.0-beta.1" "metadata" "--manifest-path" "Cargo.toml" "--no-deps", kill_on_drop: false }`
[INFO] crate crates.io crate treease-ts-yaml 0.7.4 already has a lockfile, it will not be regenerated
[INFO] running `Command { std: CARGO_HOME="/workspace/cargo-home" RUSTUP_HOME="/workspace/rustup-home" "/workspace/cargo-home/bin/cargo" "+1.100.0-beta.1" "fetch" "--manifest-path" "Cargo.toml", kill_on_drop: false }`
[INFO] running `Command { std: "docker" "create" "-v" "/var/lib/crater-agent-workspace/builds/worker-7-tc2/source:/opt/rustwide/workdir:ro,Z" "-v" "/var/lib/crater-agent-workspace/builds/worker-7-tc2/target:/opt/rustwide/target:rw,Z" "-v" "/var/lib/crater-agent-workspace/cargo-home:/opt/rustwide/cargo-home:ro,Z" "-v" "/var/lib/crater-agent-workspace/rustup-home:/opt/rustwide/rustup-home:ro,Z" "-m" "1610612736" "--network" "none" "ghcr.io/rust-lang/crates-build-env/linux@sha256:3111399a4047eeb3a02b7a90e478d715f38a8c6669b5c4b49d30a17385265909" "sleep" "infinity", kill_on_drop: false }`
[INFO] [stdout] 72c61232a03b8f6efb3de4ddc3077977a599a39204fc45d80088cefbe3281578
[INFO] running `Command { std: "docker" "start" "72c61232a03b8f6efb3de4ddc3077977a599a39204fc45d80088cefbe3281578", kill_on_drop: false }`
[INFO] running `Command { std: "docker" "inspect" "72c61232a03b8f6efb3de4ddc3077977a599a39204fc45d80088cefbe3281578", kill_on_drop: false }`
[INFO] running `Command { std: "docker" "exec" "-e" "SOURCE_DIR=/opt/rustwide/workdir" "-e" "CARGO_HOME=/opt/rustwide/cargo-home" "-e" "RUSTUP_HOME=/opt/rustwide/rustup-home" "-e" "CARGO_TARGET_DIR=/opt/rustwide/target" "-w" "/opt/rustwide/workdir" "--user" "0:0" "72c61232a03b8f6efb3de4ddc3077977a599a39204fc45d80088cefbe3281578" "/opt/rustwide/cargo-home/bin/cargo" "+1.100.0-beta.1" "metadata" "--no-deps" "--format-version=1", kill_on_drop: false }`
[INFO] running `Command { std: "docker" "inspect" "72c61232a03b8f6efb3de4ddc3077977a599a39204fc45d80088cefbe3281578", kill_on_drop: false }`
[INFO] running `Command { std: "docker" "exec" "-e" "SOURCE_DIR=/opt/rustwide/workdir" "-e" "CARGO_HOME=/opt/rustwide/cargo-home" "-e" "RUSTUP_HOME=/opt/rustwide/rustup-home" "-e" "CARGO_TARGET_DIR=/opt/rustwide/target" "-e" "CARGO_INCREMENTAL=0" "-e" "RUST_BACKTRACE=full" "-e" "RUSTFLAGS=--cap-lints=warn" "-e" "RUSTDOCFLAGS=--cap-lints=warn" "-w" "/opt/rustwide/workdir" "--user" "0:0" "72c61232a03b8f6efb3de4ddc3077977a599a39204fc45d80088cefbe3281578" "/opt/rustwide/cargo-home/bin/cargo" "+1.100.0-beta.1" "build" "--frozen" "--message-format=json", kill_on_drop: false }`
[INFO] [stderr]    Compiling tree-sitter-language v0.1.7
[INFO] [stderr]    Compiling treease-ts-yaml v0.7.4 (/opt/rustwide/workdir)
[INFO] [stderr]     Finished `dev` profile [unoptimized + debuginfo] target(s) in 1.00s
[INFO] running `Command { std: "docker" "inspect" "72c61232a03b8f6efb3de4ddc3077977a599a39204fc45d80088cefbe3281578", kill_on_drop: false }`
[INFO] running `Command { std: "docker" "exec" "-e" "SOURCE_DIR=/opt/rustwide/workdir" "-e" "CARGO_HOME=/opt/rustwide/cargo-home" "-e" "RUSTUP_HOME=/opt/rustwide/rustup-home" "-e" "CARGO_TARGET_DIR=/opt/rustwide/target" "-e" "CARGO_INCREMENTAL=0" "-e" "RUST_BACKTRACE=full" "-e" "RUSTFLAGS=--cap-lints=warn" "-e" "RUSTDOCFLAGS=--cap-lints=warn" "-w" "/opt/rustwide/workdir" "--user" "0:0" "72c61232a03b8f6efb3de4ddc3077977a599a39204fc45d80088cefbe3281578" "/opt/rustwide/cargo-home/bin/cargo" "+1.100.0-beta.1" "test" "--frozen" "--no-run" "--message-format=json", kill_on_drop: false }`
[INFO] [stderr]    Compiling serde_core v1.0.227
[INFO] [stderr]    Compiling hashbrown v0.16.0
[INFO] [stderr]    Compiling itoa v1.0.15
[INFO] [stderr]    Compiling aho-corasick v1.1.3
[INFO] [stderr]    Compiling regex-syntax v0.8.11
[INFO] [stderr]    Compiling streaming-iterator v0.1.9
[INFO] [stderr]    Compiling zmij v1.0.21
[INFO] [stderr]    Compiling serde_json v1.0.150
[INFO] [stderr]    Compiling indexmap v2.11.4
[INFO] [stderr]    Compiling regex-automata v0.4.14
[INFO] [stderr]    Compiling tree-sitter v0.26.9
[INFO] [stderr]    Compiling regex v1.12.4
[INFO] [stderr]    Compiling treease-ts-yaml v0.7.4 (/opt/rustwide/workdir)
[INFO] [stderr]     Finished `test` profile [unoptimized + debuginfo] target(s) in 9.24s
[INFO] running `Command { std: "docker" "inspect" "72c61232a03b8f6efb3de4ddc3077977a599a39204fc45d80088cefbe3281578", kill_on_drop: false }`
[INFO] running `Command { std: "docker" "exec" "-e" "SOURCE_DIR=/opt/rustwide/workdir" "-e" "CARGO_HOME=/opt/rustwide/cargo-home" "-e" "RUSTUP_HOME=/opt/rustwide/rustup-home" "-e" "CARGO_TARGET_DIR=/opt/rustwide/target" "-e" "CARGO_INCREMENTAL=0" "-e" "RUST_BACKTRACE=full" "-e" "RUSTFLAGS=--cap-lints=warn" "-e" "RUSTDOCFLAGS=--cap-lints=warn" "-w" "/opt/rustwide/workdir" "--user" "0:0" "72c61232a03b8f6efb3de4ddc3077977a599a39204fc45d80088cefbe3281578" "/opt/rustwide/cargo-home/bin/cargo" "+1.100.0-beta.1" "test" "--frozen", kill_on_drop: false }`
[INFO] [stderr]     Finished `test` profile [unoptimized + debuginfo] target(s) in 0.04s
[INFO] [stderr]      Running unittests bindings/rust/lib.rs (/opt/rustwide/target/debug/build/treease-ts-yaml/50fa62497e55a5ff/out/treease_ts_yaml-50fa62497e55a5ff)
[INFO] [stdout] 
[INFO] [stdout] running 1 test
[INFO] [stdout] test tests::test_can_load_grammar ... ok
[INFO] [stdout] 
[INFO] [stdout] test result: ok. 1 passed; 0 failed; 0 ignored; 0 measured; 0 filtered out; finished in 0.00s
[INFO] [stdout] 
[INFO] [stderr]    Doc-tests treease_ts_yaml
[INFO] [stdout] 
[INFO] [stdout] running 1 test
[INFO] [stdout] test bindings/rust/lib.rs - (line 6) ... FAILED
[INFO] [stdout] 
[INFO] [stdout] failures:
[INFO] [stdout] 
[INFO] [stdout] ---- bindings/rust/lib.rs - (line 6) stdout ----
[INFO] [stdout] error[E0433]: cannot find module or crate `tree_sitter_yaml` in this scope
[INFO] [stdout]   --> bindings/rust/lib.rs:14:16
[INFO] [stdout]    |
[INFO] [stdout] 14 | let language = tree_sitter_yaml::LANGUAGE;
[INFO] [stdout]    |                ^^^^^^^^^^^^^^^^ use of unresolved module or unlinked crate `tree_sitter_yaml`
[INFO] [stdout]    |
[INFO] [stdout] help: there is a crate or module with a similar name
[INFO] [stdout]    |
[INFO] [stdout] 14 - let language = tree_sitter_yaml::LANGUAGE;
[INFO] [stdout] 14 + let language = tree_sitter::LANGUAGE;
[INFO] [stdout]    |
[INFO] [stdout] 
[INFO] [stdout] error: aborting due to 1 previous error
[INFO] [stdout] 
[INFO] [stdout] For more information about this error, try `rustc --explain E0433`.
[INFO] [stdout] Couldn't compile the test.
[INFO] [stdout] 
[INFO] [stdout] failures:
[INFO] [stdout]     bindings/rust/lib.rs - (line 6)
[INFO] [stdout] 
[INFO] [stdout] test result: FAILED. 0 passed; 1 failed; 0 ignored; 0 measured; 0 filtered out; finished in 0.05s
[INFO] [stdout] 
[INFO] [stderr] error: doctest failed, to rerun pass `--doc`
[INFO] running `Command { std: "docker" "inspect" "72c61232a03b8f6efb3de4ddc3077977a599a39204fc45d80088cefbe3281578", kill_on_drop: false }`
[INFO] running `Command { std: "docker" "rm" "-f" "72c61232a03b8f6efb3de4ddc3077977a599a39204fc45d80088cefbe3281578", kill_on_drop: false }`
[INFO] [stdout] 72c61232a03b8f6efb3de4ddc3077977a599a39204fc45d80088cefbe3281578
