[INFO] fetching crate treease-cli 1.2.4...
[INFO] testing treease-cli-1.2.4 against 1.100.0-beta.1 for beta-1.100-2
[INFO] extracting crate treease-cli 1.2.4 into /workspace/builds/worker-5-tc2/source
[INFO] started tweaking crates.io crate treease-cli 1.2.4
[INFO] finished tweaking crates.io crate treease-cli 1.2.4
[INFO] tweaked toml for crates.io crate treease-cli 1.2.4 written to /workspace/builds/worker-5-tc2/source/Cargo.toml
[INFO] validating manifest of crates.io crate treease-cli 1.2.4 on toolchain 1.100.0-beta.1
[INFO] running `Command { std: CARGO_HOME="/workspace/cargo-home" RUSTUP_HOME="/workspace/rustup-home" "/workspace/cargo-home/bin/cargo" "+1.100.0-beta.1" "metadata" "--manifest-path" "Cargo.toml" "--no-deps", kill_on_drop: false }`
[INFO] crate crates.io crate treease-cli 1.2.4 already has a lockfile, it will not be regenerated
[INFO] running `Command { std: CARGO_HOME="/workspace/cargo-home" RUSTUP_HOME="/workspace/rustup-home" "/workspace/cargo-home/bin/cargo" "+1.100.0-beta.1" "fetch" "--manifest-path" "Cargo.toml", kill_on_drop: false }`
[INFO] [stderr] warning: `package.homepage` is redundant with `package.repository`
[INFO] [stderr]   --> Cargo.toml:46:12
[INFO] [stderr]    |
[INFO] [stderr] 46 | homepage = "https://github.com/loggerhead/treease"
[INFO] [stderr]    |            ^^^^^^^^^^^^^^^^^^^^^^^^^^^^^^^^^^^^^^^
[INFO] [stderr] ...
[INFO] [stderr] 51 | repository = "https://github.com/loggerhead/treease"
[INFO] [stderr]    |              ---------------------------------------
[INFO] [stderr]    |
[INFO] [stderr]    = note: `cargo::redundant_homepage` is set to `warn` by default
[INFO] [stderr] help: consider removing `package.homepage`
[INFO] [stderr] warning: `treease-cli` (manifest) generated 1 warning
[INFO] running `Command { std: "docker" "create" "-v" "/var/lib/crater-agent-workspace/builds/worker-5-tc2/source:/opt/rustwide/workdir:ro,Z" "-v" "/var/lib/crater-agent-workspace/builds/worker-5-tc2/target:/opt/rustwide/target:rw,Z" "-v" "/var/lib/crater-agent-workspace/cargo-home:/opt/rustwide/cargo-home:ro,Z" "-v" "/var/lib/crater-agent-workspace/rustup-home:/opt/rustwide/rustup-home:ro,Z" "-m" "1610612736" "--network" "none" "ghcr.io/rust-lang/crates-build-env/linux@sha256:3111399a4047eeb3a02b7a90e478d715f38a8c6669b5c4b49d30a17385265909" "sleep" "infinity", kill_on_drop: false }`
[INFO] [stdout] f04122af7216e28f36c164e0386de2b25a59f815ce1044f7e9f9dc60869437da
[INFO] running `Command { std: "docker" "start" "f04122af7216e28f36c164e0386de2b25a59f815ce1044f7e9f9dc60869437da", kill_on_drop: false }`
[INFO] running `Command { std: "docker" "inspect" "f04122af7216e28f36c164e0386de2b25a59f815ce1044f7e9f9dc60869437da", kill_on_drop: false }`
[INFO] running `Command { std: "docker" "exec" "-e" "SOURCE_DIR=/opt/rustwide/workdir" "-e" "CARGO_HOME=/opt/rustwide/cargo-home" "-e" "RUSTUP_HOME=/opt/rustwide/rustup-home" "-e" "CARGO_TARGET_DIR=/opt/rustwide/target" "-w" "/opt/rustwide/workdir" "--user" "0:0" "f04122af7216e28f36c164e0386de2b25a59f815ce1044f7e9f9dc60869437da" "/opt/rustwide/cargo-home/bin/cargo" "+1.100.0-beta.1" "metadata" "--no-deps" "--format-version=1", kill_on_drop: false }`
[INFO] running `Command { std: "docker" "inspect" "f04122af7216e28f36c164e0386de2b25a59f815ce1044f7e9f9dc60869437da", kill_on_drop: false }`
[INFO] running `Command { std: "docker" "exec" "-e" "SOURCE_DIR=/opt/rustwide/workdir" "-e" "CARGO_HOME=/opt/rustwide/cargo-home" "-e" "RUSTUP_HOME=/opt/rustwide/rustup-home" "-e" "CARGO_TARGET_DIR=/opt/rustwide/target" "-e" "CARGO_INCREMENTAL=0" "-e" "RUST_BACKTRACE=full" "-e" "RUSTFLAGS=--cap-lints=warn" "-e" "RUSTDOCFLAGS=--cap-lints=warn" "-w" "/opt/rustwide/workdir" "--user" "0:0" "f04122af7216e28f36c164e0386de2b25a59f815ce1044f7e9f9dc60869437da" "/opt/rustwide/cargo-home/bin/cargo" "+1.100.0-beta.1" "build" "--frozen" "--message-format=json", kill_on_drop: false }`
[INFO] [stderr] warning: `package.homepage` is redundant with `package.repository`
[INFO] [stderr]   --> Cargo.toml:46:12
[INFO] [stderr]    |
[INFO] [stderr] 46 | homepage = "https://github.com/loggerhead/treease"
[INFO] [stderr]    |            ^^^^^^^^^^^^^^^^^^^^^^^^^^^^^^^^^^^^^^^
[INFO] [stderr] ...
[INFO] [stderr] 51 | repository = "https://github.com/loggerhead/treease"
[INFO] [stderr]    |              ---------------------------------------
[INFO] [stderr]    |
[INFO] [stderr]    = note: `cargo::redundant_homepage` is set to `warn` by default
[INFO] [stderr] help: consider removing `package.homepage`
[INFO] [stderr] warning: `treease-cli` (manifest) generated 1 warning
[INFO] [stderr]    Compiling stable_deref_trait v1.2.1
[INFO] [stderr]    Compiling serde_core v1.0.229
[INFO] [stderr]    Compiling serde_json v1.0.151
[INFO] [stderr]    Compiling hashbrown v0.17.1
[INFO] [stderr]    Compiling writeable v0.6.3
[INFO] [stderr]    Compiling cc v1.4.0
[INFO] [stderr]    Compiling aho-corasick v1.1.4
[INFO] [stderr]    Compiling litemap v0.8.2
[INFO] [stderr]    Compiling icu_casemap_data v2.2.0
[INFO] [stderr]    Compiling syn v2.0.119
[INFO] [stderr]    Compiling syn v3.0.3
[INFO] [stderr]    Compiling libc v0.2.189
[INFO] [stderr]    Compiling clap_builder v4.6.2
[INFO] [stderr]    Compiling treease-cli v1.2.4 (/opt/rustwide/workdir)
[INFO] [stderr]    Compiling indexmap v2.14.0
[INFO] [stderr]    Compiling regex-automata v0.4.16
[INFO] [stderr]    Compiling treease-ts-toml v0.7.2
[INFO] [stderr]    Compiling treease-ts-yaml v0.7.4
[INFO] [stderr]    Compiling treease-ts-javascript v0.25.2
[INFO] [stderr]    Compiling treease-ts-python v0.25.2
[INFO] [stderr]    Compiling getrandom v0.3.4
[INFO] [stderr]    Compiling clap v4.6.4
[INFO] [stderr]    Compiling synstructure v0.13.2
[INFO] [stderr]    Compiling zerovec-derive v0.11.3
[INFO] [stderr]    Compiling displaydoc v0.2.6
[INFO] [stderr]    Compiling zerofrom-derive v0.1.7
[INFO] [stderr]    Compiling yoke-derive v0.8.2
[INFO] [stderr]    Compiling serde_derive v1.0.229
[INFO] [stderr]    Compiling regex v1.13.1
[INFO] [stderr]    Compiling zerofrom v0.1.8
[INFO] [stderr]    Compiling yoke v0.8.3
[INFO] [stderr]    Compiling zerovec v0.11.6
[INFO] [stderr]    Compiling zerotrie v0.2.4
[INFO] [stderr]    Compiling tree-sitter v0.26.11
[INFO] [stderr]    Compiling tinystr v0.8.3
[INFO] [stderr]    Compiling potential_utf v0.1.5
[INFO] [stderr]    Compiling icu_collections v2.2.0
[INFO] [stderr]    Compiling icu_locale_core v2.2.0
[INFO] [stderr]    Compiling serde v1.0.229
[INFO] [stderr]    Compiling icu_provider v2.2.0
[INFO] [stderr]    Compiling icu_properties v2.2.0
[INFO] [stderr]    Compiling icu_casemap v2.2.0
[INFO] [stderr]    Compiling treease-core v1.2.3
[INFO] [stderr]     Finished `dev` profile [unoptimized + debuginfo] target(s) in 47.71s
[INFO] running `Command { std: "docker" "inspect" "f04122af7216e28f36c164e0386de2b25a59f815ce1044f7e9f9dc60869437da", kill_on_drop: false }`
[INFO] running `Command { std: "docker" "exec" "-e" "SOURCE_DIR=/opt/rustwide/workdir" "-e" "CARGO_HOME=/opt/rustwide/cargo-home" "-e" "RUSTUP_HOME=/opt/rustwide/rustup-home" "-e" "CARGO_TARGET_DIR=/opt/rustwide/target" "-e" "CARGO_INCREMENTAL=0" "-e" "RUST_BACKTRACE=full" "-e" "RUSTFLAGS=--cap-lints=warn" "-e" "RUSTDOCFLAGS=--cap-lints=warn" "-w" "/opt/rustwide/workdir" "--user" "0:0" "f04122af7216e28f36c164e0386de2b25a59f815ce1044f7e9f9dc60869437da" "/opt/rustwide/cargo-home/bin/cargo" "+1.100.0-beta.1" "test" "--frozen" "--no-run" "--message-format=json", kill_on_drop: false }`
[INFO] [stderr] warning: `package.homepage` is redundant with `package.repository`
[INFO] [stderr]   --> Cargo.toml:46:12
[INFO] [stderr]    |
[INFO] [stderr] 46 | homepage = "https://github.com/loggerhead/treease"
[INFO] [stderr]    |            ^^^^^^^^^^^^^^^^^^^^^^^^^^^^^^^^^^^^^^^
[INFO] [stderr] ...
[INFO] [stderr] 51 | repository = "https://github.com/loggerhead/treease"
[INFO] [stderr]    |              ---------------------------------------
[INFO] [stderr]    |
[INFO] [stderr]    = note: `cargo::redundant_homepage` is set to `warn` by default
[INFO] [stderr] help: consider removing `package.homepage`
[INFO] [stderr] warning: `treease-cli` (manifest) generated 1 warning
[INFO] [stderr]    Compiling treease-cli v1.2.4 (/opt/rustwide/workdir)
[INFO] [stderr]     Finished `test` profile [unoptimized + debuginfo] target(s) in 3.47s
[INFO] running `Command { std: "docker" "inspect" "f04122af7216e28f36c164e0386de2b25a59f815ce1044f7e9f9dc60869437da", kill_on_drop: false }`
[INFO] running `Command { std: "docker" "exec" "-e" "SOURCE_DIR=/opt/rustwide/workdir" "-e" "CARGO_HOME=/opt/rustwide/cargo-home" "-e" "RUSTUP_HOME=/opt/rustwide/rustup-home" "-e" "CARGO_TARGET_DIR=/opt/rustwide/target" "-e" "CARGO_INCREMENTAL=0" "-e" "RUST_BACKTRACE=full" "-e" "RUSTFLAGS=--cap-lints=warn" "-e" "RUSTDOCFLAGS=--cap-lints=warn" "-w" "/opt/rustwide/workdir" "--user" "0:0" "f04122af7216e28f36c164e0386de2b25a59f815ce1044f7e9f9dc60869437da" "/opt/rustwide/cargo-home/bin/cargo" "+1.100.0-beta.1" "test" "--frozen", kill_on_drop: false }`
[INFO] [stderr] warning: `package.homepage` is redundant with `package.repository`
[INFO] [stderr]   --> Cargo.toml:46:12
[INFO] [stderr]    |
[INFO] [stderr] 46 | homepage = "https://github.com/loggerhead/treease"
[INFO] [stderr]    |            ^^^^^^^^^^^^^^^^^^^^^^^^^^^^^^^^^^^^^^^
[INFO] [stderr] ...
[INFO] [stderr] 51 | repository = "https://github.com/loggerhead/treease"
[INFO] [stderr]    |              ---------------------------------------
[INFO] [stderr]    |
[INFO] [stderr]    = note: `cargo::redundant_homepage` is set to `warn` by default
[INFO] [stderr] help: consider removing `package.homepage`
[INFO] [stderr] warning: `treease-cli` (manifest) generated 1 warning
[INFO] [stderr]     Finished `test` profile [unoptimized + debuginfo] target(s) in 0.10s
[INFO] [stderr]      Running unittests src/lib.rs (/opt/rustwide/target/debug/build/treease-cli/28e2538c5b1b8df1/out/treease_cli-28e2538c5b1b8df1)
[INFO] [stdout] 
[INFO] [stdout] running 161 tests
[INFO] [stdout] test tests::cli_array_add_assignment_uses_the_last_null_or_scalar_rhs_result ... ok
[INFO] [stdout] test tests::cli_batch_reports_nested_alias_object_operand_as_unsupported_without_output ... ok
[INFO] [stdout] test tests::cli_batch_isolates_object_add_assignment_per_document ... ok
[INFO] [stdout] test catalog::tests::restored_canonical_operators_are_discoverable_in_the_operator_catalog ... ok
[INFO] [stdout] test tests::cli_batch_demotes_encoded_strings_only_when_they_participate_in_scalar_add ... ok
[INFO] [stdout] test tests::cli_batch_executes_null_object_identity_and_assignment ... ok
[INFO] [stdout] test tests::cli_appends_ordinary_objects_as_single_array_members ... ok
[INFO] [stdout] test tests::cli_appends_explicit_encoder_results_as_array_string_members ... ok
[INFO] [stdout] test tests::cli_batch_executes_canonical_shallow_object_merge_and_assignment ... ok
[INFO] [stdout] test tests::cli_batch_appends_each_documents_located_scalar_rhs_in_isolation ... ok
[INFO] [stdout] test tests::cli_batch_isolates_encoded_string_add_assignment_per_document ... ok
[INFO] [stdout] test tests::cli_does_not_extend_right_null_add_assignment_to_bool_or_number ... ok
[INFO] [stdout] test tests::cli_batch_isolates_null_primary_array_add_assignment_per_document ... ok
[INFO] [stdout] test tests::cli_encoded_string_add_assignment_reports_late_error_without_output ... ok
[INFO] [stdout] test tests::canonical_failures_keep_typed_categories_until_cli_reporting ... ok
[INFO] [stdout] test tests::cli_canonical_decoders_preserve_result_framing_and_continue_evaluation ... ok
[INFO] [stdout] test tests::cli_batch_preserves_each_documents_array_for_located_null_rhs ... ok
[INFO] [stdout] test tests::cli_executes_canonical_base64_and_uri_scalar_codecs ... ok
[INFO] [stdout] test tests::cli_encoded_string_add_assignment_does_not_create_a_missing_path ... ok
[INFO] [stdout] test tests::cli_executes_both_to_number_spellings_for_decimal_and_exponent_values ... ok
[INFO] [stdout] test tests::cli_batch_preserves_duplicate_object_entries_during_array_add_assignment ... ok
[INFO] [stdout] test tests::cli_executes_canonical_first_and_emits_no_bytes_for_zero_results ... ok
[INFO] [stdout] test tests::cli_executes_json_located_rhs_snapshot_assignment ... ok
[INFO] [stdout] test tests::cli_executes_compact_and_exposes_catalog_metadata ... ok
[INFO] [stdout] test tests::cli_embeds_explicit_encoder_results_as_array_string_members ... ok
[INFO] [stdout] test tests::cli_executes_any_and_all_across_batch_inputs_and_yaml_documents ... ok
[INFO] [stdout] test tests::cli_encoded_string_add_assignment_uses_zero_or_last_rhs_result ... ok
[INFO] [stdout] test tests::cli_executes_json_numeric_subtract_and_multiply_assignments ... ok
[INFO] [stdout] test tests::cli_executes_json_target_local_update_assignment ... ok
[INFO] [stdout] test tests::cli_executes_canonical_split_and_join ... ok
[INFO] [stdout] test tests::cli_executes_json_string_participating_add_assignment_coercion ... ok
[INFO] [stdout] test tests::cli_executes_canonical_scalar_assignment_for_json_and_yaml ... ok
[INFO] [stdout] test tests::cli_executes_nested_target_local_located_rhs_assignment_for_json ... ok
[INFO] [stdout] test tests::cli_executes_json_homogeneous_scalar_add_assignment ... ok
[INFO] [stdout] test tests::cli_executes_json_null_add_assignment_for_root_and_nested_arrays ... ok
[INFO] [stdout] test tests::cli_executes_json_array_add_for_located_and_derived_ordinary_scalar_rhs ... ok
[INFO] [stdout] test tests::cli_executes_restored_registry_operations ... ok
[INFO] [stdout] test tests::cli_executes_json_whole_node_assignment_and_uniform_broadcast ... ok
[INFO] [stdout] test tests::cli_null_array_add_assignment_reports_late_error_without_output ... ok
[INFO] [stdout] test tests::cli_executes_ordinary_null_plus_nested_array_for_literal_and_located_values ... ok
[INFO] [stdout] test tests::cli_implicitly_encodes_ordinary_array_plus_null_for_yaml_and_toml ... ok
[INFO] [stdout] test tests::cli_executes_null_plus_array_independently_of_source_language ... ok
[INFO] [stdout] test tests::cli_executes_recursive_container_contains ... ok
[INFO] [stdout] test tests::cli_keeps_encoded_string_plus_array_closed_for_batch_and_streaming ... ok
[INFO] [stdout] test tests::cli_implicitly_encodes_array_with_embedded_explicit_encoding_for_supported_outputs ... ok
[INFO] [stdout] test tests::cli_executes_min_and_max_across_batch_inputs_and_yaml_documents ... ok
[INFO] [stdout] test tests::cli_keeps_reverse_object_null_addition_closed_for_batch_and_streaming ... ok
[INFO] [stdout] test tests::cli_explicit_encoders_bypass_implicit_output_and_preserve_document_framing ... ok
[INFO] [stdout] test tests::cli_executes_reduce_to_a_scalar_accumulator ... ok
[INFO] [stdout] test tests::cli_executes_json_array_add_assignment_for_array_and_ordinary_scalar_rhs ... ok
[INFO] [stdout] test tests::cli_executes_unicode_simple_upcase_and_downcase_with_typed_mismatches ... ok
[INFO] [stdout] test tests::cli_preserves_binding_multi_result_document_framing ... ok
[INFO] [stdout] test tests::cli_preserves_change_case_yaml_multi_document_framing ... ok
[INFO] [stdout] test tests::cli_preserves_existing_json_string_for_derived_and_located_null_add_assignment ... ok
[INFO] [stdout] test tests::cli_implicitly_encodes_ordinary_null_plus_array_for_supported_outputs ... ok
[INFO] [stdout] test tests::cli_preserves_canonical_first_yaml_multi_document_framing ... ok
[INFO] [stdout] test tests::cli_null_array_add_assignment_uses_zero_or_last_rhs_result ... ok
[INFO] [stdout] test tests::cli_regex_sub_preserves_multi_result_framing_and_reports_exact_errors ... ok
[INFO] [stdout] test tests::cli_regex_test_reports_exact_typed_and_flag_errors ... ok
[INFO] [stdout] test tests::cli_rejects_non_oracle_ascii_change_case_alias_names ... ok
[INFO] [stdout] test tests::cli_regex_substitutes_globally_and_handles_unicode_empty_patterns ... ok
[INFO] [stdout] test tests::cli_preserves_to_number_yaml_multi_document_framing ... ok
[INFO] [stdout] test tests::cli_object_add_assignment_reports_closed_boundaries_as_typed_errors ... ok
[INFO] [stdout] test tests::cli_propagates_rhs_error_for_derived_only_lhs ... ok
[INFO] [stdout] test tests::cli_reports_min_and_max_mixed_type_comparison_errors ... ok
[INFO] [stdout] test tests::cli_reports_any_and_all_type_mismatches ... ok
[INFO] [stdout] test tests::cli_reports_canonical_scalar_assignment_as_unsupported_for_toml_output ... ok
[INFO] [stdout] test tests::cli_rejects_unregistered_toml_decoders_as_typed_parse_failures ... ok
[INFO] [stdout] test tests::cli_rejects_unapproved_json_array_add_operands ... ok
[INFO] [stdout] test tests::cli_renders_canonical_string_interpolation_text ... ok
[INFO] [stdout] test tests::cli_reports_canonical_split_and_join_type_mismatches ... ok
[INFO] [stdout] test tests::cli_reports_yaml_whole_node_assignment_as_unsupported ... ok
[INFO] [stdout] test tests::cli_reports_out_of_range_to_number_exponents_as_evaluation_errors ... ok
[INFO] [stdout] test tests::cli_reverses_batch_and_yaml_documents_without_reversing_nested_arrays ... ok
[INFO] [stdout] test tests::cli_reports_non_json_array_null_add_assignment_as_unsupported ... ok
[INFO] [stdout] test tests::cli_reports_reverse_type_mismatches ... ok
[INFO] [stdout] test tests::cli_reports_non_json_null_array_add_assignment_as_unsupported ... ok
[INFO] [stdout] test tests::cli_preserves_any_and_all_empty_collection_identities ... ok
[INFO] [stdout] test tests::cli_reports_yaml_add_assignment_as_unsupported ... ok
[INFO] [stdout] test tests::empty_interactive_invocation_prefers_help_over_stdin ... ok
[INFO] [stdout] test tests::default_invocation_parses_expression_and_files ... ok
[INFO] [stdout] test tests::discovery_parent_command_requires_leaf_subcommand ... ok
[INFO] [stdout] test tests::cli_to_string_preserves_bounded_scalar_and_alias_text ... ok
[INFO] [stdout] test tests::input_format_defaults_to_json_when_guess_fails ... ok
[INFO] [stdout] test tests::cli_to_string_preserves_scalar_result_cardinality ... ok
[INFO] [stdout] test tests::input_format_guess_prefers_explicit_override ... ok
[INFO] [stdout] test tests::input_format_guess_uses_content_for_stdin ... ok
[INFO] [stdout] test tests::cli_to_string_renders_container_tags ... ok
[INFO] [stdout] test tests::null_input_evaluates_expression_without_stdin ... ok
[INFO] [stdout] test tests::input_format_guess_uses_content_for_suffixless_file ... ok
[INFO] [stdout] test tests::input_format_guess_uses_filename_extension_before_content ... ok
[INFO] [stdout] test tests::null_input_path_creation_filters_derived_targets_without_fallback ... ok
[INFO] [stdout] test tests::null_input_empty_object_renders_object_not_array ... ok
[INFO] [stdout] test tests::cli_preserves_zero_one_and_many_document_framing ... ok
[INFO] [stdout] test tests::operators_get_select_returns_json_metadata ... ok
[INFO] [stdout] test tests::root_invocation_with_web_file_name_is_not_prechecked_as_web_command ... ok
[INFO] [stdout] test tests::removed_legacy_eval_commands_are_rejected ... ok
[INFO] [stdout] test tests::format_and_indent_options_parse ... ok
[INFO] [stdout] test tests::oversized_json_integer_does_not_block_unrelated_field_query ... ok
[INFO] [stdout] test tests::streaming_cli_appends_derived_scalar_rhs_per_json_document ... ok
[INFO] [stdout] test tests::formats_get_yaml_returns_json_metadata ... ok
[INFO] [stdout] test tests::null_input_object_literal_renders_object ... ok
[INFO] [stdout] test tests::cli_regex_match_emits_metadata_and_global_results ... ok
[INFO] [stdout] test tests::streaming_cli_encoded_string_add_assignment_emits_no_partial_current_document ... ok
[INFO] [stdout] test tests::cli_preserves_composition_cardinality_order_and_late_errors ... ok
[INFO] [stdout] test tests::streaming_cli_executes_both_to_number_spellings_for_decimal_and_exponent_values ... ok
[INFO] [stdout] test tests::cli_regex_test_preserves_multi_result_and_yaml_document_framing ... ok
[INFO] [stdout] test tests::cli_reports_non_json_encoded_string_add_assignment_as_unsupported ... ok
[INFO] [stdout] test tests::cli_regex_capture_preserves_named_unnamed_null_and_no_match_results ... ok
[INFO] [stdout] test tests::streaming_cli_executes_null_object_identity_and_assignment ... ok
[INFO] [stdout] test tests::cli_uses_canonical_map_select_and_prints_multi_result_scalars_separately ... ok
[INFO] [stdout] test tests::streaming_cli_isolates_encoded_string_add_assignment_per_document ... ok
[INFO] [stdout] test tests::streaming_cli_executes_canonical_shallow_object_merge_and_assignment ... ok
[INFO] [stdout] test tests::streaming_cli_exit_status_uses_canonical_result_truthiness ... ok
[INFO] [stdout] test tests::streaming_cli_demotes_encoded_strings_only_when_they_participate_in_scalar_add ... ok
[INFO] [stdout] test tests::streaming_cli_object_add_assignment_emits_no_partial_current_document ... ok
[INFO] [stdout] test tests::streaming_cli_isolates_null_primary_array_add_assignment_per_document ... ok
[INFO] [stdout] test tests::streaming_cli_null_array_add_assignment_emits_no_partial_current_document ... ok
[INFO] [stdout] test tests::streaming_cli_isolates_located_rhs_per_yaml_document ... ok
[INFO] [stdout] test tests::streaming_cli_object_merge_assignment_emits_no_partial_current_document ... ok
[INFO] [stdout] test tests::streaming_cli_null_object_assignment_emits_no_partial_current_document ... ok
[INFO] [stdout] test tests::streaming_cli_preserves_change_case_output_before_the_first_typed_error ... ok
[INFO] [stdout] test tests::streaming_cli_preserves_regex_sub_output_before_the_first_error ... ok
[INFO] [stdout] test tests::streaming_cli_preserves_each_array_for_located_null_rhs ... ok
[INFO] [stdout] test tests::streaming_cli_isolates_object_add_assignment_per_document ... ok
[INFO] [stdout] test tests::streaming_cli_preserves_regex_match_output_before_the_first_error ... ok
[INFO] [stdout] test tests::streaming_cli_preserves_min_and_max_output_before_a_late_type_mismatch ... ok
[INFO] [stdout] test tests::streaming_cli_preserves_any_c_output_before_a_late_document_error ... ok
[INFO] [stdout] test tests::cli_uses_rhs_scalar_identity_when_json_add_assignment_lhs_is_null ... ok
[INFO] [stdout] test tests::streaming_cli_preserves_reverse_output_before_a_late_type_mismatch ... ok
[INFO] [stdout] test tests::streaming_cli_preserves_successful_first_output_before_the_first_error ... ok
[INFO] [stdout] test tests::streaming_cli_string_encoded_add_assignment_emits_no_partial_current_document ... ok
[INFO] [stdout] test tests::streaming_cli_writes_canonical_decoder_output ... ok
[INFO] [stdout] test tests::suffixless_yaml_input_executes_without_explicit_input_format ... ok
[INFO] [stdout] test tests::streaming_cli_writes_canonical_split_and_join_output ... ok
[INFO] [stdout] test tests::streaming_cli_preserves_to_number_output_before_the_first_typed_error ... ok
[INFO] [stdout] test tests::unknown_command_error_has_code_and_migration_hint ... ok
[INFO] [stdout] test tests::streaming_cli_writes_each_successful_scalar_assignment_document ... ok
[INFO] [stdout] test tests::streaming_cli_writes_canonical_explicit_encoder_output ... ok
[INFO] [stdout] test tests::streaming_cli_reports_nested_alias_object_operand_as_unsupported_without_output ... ok
[INFO] [stdout] test tests::streaming_cli_reuses_string_participating_add_inside_reduce ... ok
[INFO] [stdout] test tests::streaming_cli_preserves_whole_node_assignment_output_before_rhs_error ... ok
[INFO] [stdout] test tests::streaming_cli_writes_canonical_base64_and_uri_scalar_codec_output ... ok
[INFO] [stdout] test tests::streaming_cli_to_string_serializes_container_results ... ok
[INFO] [stdout] test tests::streaming_run_path_reads_file_contents_at_execution_time ... ok
[INFO] [stdout] test tests::web_command_accepts_stdin_source ... ok
[INFO] [stdout] test tests::web_payload_supports_stdin_and_defaults_to_yaml ... ok
[INFO] [stdout] test tests::streaming_cli_reports_whether_canonical_first_printed_a_result ... ok
[INFO] [stdout] test tests::web_command_preserves_unknown_flag_with_value_error ... ok
[INFO] [stdout] test tests::web_command_rejects_root_execution_flags_that_do_not_apply ... ok
[INFO] [stdout] test tests::web_command_preserves_unknown_flag_error ... ok
[INFO] [stdout] test tests::web_command_rejects_multiple_input_sources ... ok
[INFO] [stdout] test tests::web_command_rejects_subcommand_position_unsupported_flags ... ok
[INFO] [stdout] test tests::web_payload_preserves_canonical_missing_path_result ... ok
[INFO] [stdout] test tests::unknown_flag_error_has_code_and_hint ... ok
[INFO] [stdout] test tests::web_command_parses_expression_file_and_format_options ... ok
[INFO] [stdout] test tests::web_payload_uses_expression_output_and_output_format ... ok
[INFO] [stdout] test tests::unsupported_format_error_has_code_and_hint ... ok
[INFO] [stdout] test tests::web_server_graph_url_reuses_remote_editor_and_local_source ... FAILED
[INFO] [stdout] test tests::web_server_serves_result_only_with_matching_token ... FAILED
[INFO] [stdout] test tests::web_server_serves_cli_metadata_and_source_separately ... FAILED
[INFO] [stdout] 
[INFO] [stdout] failures:
[INFO] [stdout] 
[INFO] [stdout] ---- tests::web_server_graph_url_reuses_remote_editor_and_local_source stdout ----
[INFO] [stdout] 
[INFO] [stdout] thread 'tests::web_server_graph_url_reuses_remote_editor_and_local_source' (1368) panicked at src/tests.rs:128:71:
[INFO] [stdout] server should bind: WebServer("failed to lookup address information: Temporary failure in name resolution")
[INFO] [stdout] stack backtrace:
[INFO] [stdout]    0:     0x5ff89a0fad61 - std[617be2ca0a6fd877]::backtrace_rs::backtrace::libunwind::trace
[INFO] [stdout]                                at /rustc/e3feeb59cd1bdd011a2bfcc0747b55125d9b8527/library/std/src/../../backtrace/src/backtrace/libunwind.rs:117:9
[INFO] [stdout]    1:     0x5ff89a0fad61 - std[617be2ca0a6fd877]::backtrace_rs::backtrace::trace_unsynchronized::<std[617be2ca0a6fd877]::sys::backtrace::_print_fmt::{closure#1}>
[INFO] [stdout]                                at /rustc/e3feeb59cd1bdd011a2bfcc0747b55125d9b8527/library/std/src/../../backtrace/src/backtrace/mod.rs:66:14
[INFO] [stdout]    2:     0x5ff89a0fad61 - std[617be2ca0a6fd877]::sys::backtrace::_print_fmt
[INFO] [stdout]                                at /rustc/e3feeb59cd1bdd011a2bfcc0747b55125d9b8527/library/std/src/sys/backtrace.rs:74:9
[INFO] [stdout]    3:     0x5ff89a0fad61 - <<std[617be2ca0a6fd877]::sys::backtrace::BacktraceLock>::print::DisplayBacktrace as core[a373ad73a504971]::fmt::Display>::fmt
[INFO] [stdout]                                at /rustc/e3feeb59cd1bdd011a2bfcc0747b55125d9b8527/library/std/src/sys/backtrace.rs:44:26
[INFO] [stdout]    4:     0x5ff89a111b8a - <core[a373ad73a504971]::fmt::rt::Argument>::fmt
[INFO] [stdout]                                at /rustc/e3feeb59cd1bdd011a2bfcc0747b55125d9b8527/library/core/src/fmt/rt.rs:152:76
[INFO] [stdout]    5:     0x5ff89a111b8a - core[a373ad73a504971]::fmt::write
[INFO] [stdout]    6:     0x5ff89a0ff48c - core[a373ad73a504971]::io::write::default_write_fmt::<alloc[2e1b2a31b91974c5]::vec::Vec<u8>>
[INFO] [stdout]                                at /rustc/e3feeb59cd1bdd011a2bfcc0747b55125d9b8527/library/core/src/io/write.rs:402:11
[INFO] [stdout]    7:     0x5ff89a0ff48c - <alloc[2e1b2a31b91974c5]::vec::Vec<u8> as core[a373ad73a504971]::io::write::Write>::write_fmt
[INFO] [stdout]                                at /rustc/e3feeb59cd1bdd011a2bfcc0747b55125d9b8527/library/core/src/io/write.rs:335:13
[INFO] [stdout]    8:     0x5ff89a0d5016 - <std[617be2ca0a6fd877]::sys::backtrace::BacktraceLock>::print
[INFO] [stdout]                                at /rustc/e3feeb59cd1bdd011a2bfcc0747b55125d9b8527/library/std/src/sys/backtrace.rs:47:9
[INFO] [stdout]    9:     0x5ff89a0d5016 - std[617be2ca0a6fd877]::panicking::default_hook::{closure#0}
[INFO] [stdout]                                at /rustc/e3feeb59cd1bdd011a2bfcc0747b55125d9b8527/library/std/src/panicking.rs:289:27
[INFO] [stdout]   10:     0x5ff89a0f2769 - std[617be2ca0a6fd877]::panicking::default_hook
[INFO] [stdout]                                at /rustc/e3feeb59cd1bdd011a2bfcc0747b55125d9b8527/library/std/src/panicking.rs:313:9
[INFO] [stdout]   11:     0x5ff899a22110 - <alloc[2e1b2a31b91974c5]::boxed::Box<dyn for<'a, 'b> core[a373ad73a504971]::ops::function::Fn<(&'a std[617be2ca0a6fd877]::panic::PanicHookInfo<'b>,), Output = ()> + core[a373ad73a504971]::marker::Sync + core[a373ad73a504971]::marker::Send> as core[a373ad73a504971]::ops::function::Fn<(&std[617be2ca0a6fd877]::panic::PanicHookInfo,)>>::call
[INFO] [stdout]                                at /rustc/e3feeb59cd1bdd011a2bfcc0747b55125d9b8527/library/alloc/src/boxed.rs:2328:9
[INFO] [stdout]   12:     0x5ff899a22110 - test[aada8e7e76ba119b]::test_main_inner::{closure#0}
[INFO] [stdout]                                at /rustc/e3feeb59cd1bdd011a2bfcc0747b55125d9b8527/library/test/src/lib.rs:137:21
[INFO] [stdout]   13:     0x5ff89a0f2922 - <alloc[2e1b2a31b91974c5]::boxed::Box<dyn for<'a, 'b> core[a373ad73a504971]::ops::function::Fn<(&'a std[617be2ca0a6fd877]::panic::PanicHookInfo<'b>,), Output = ()> + core[a373ad73a504971]::marker::Sync + core[a373ad73a504971]::marker::Send> as core[a373ad73a504971]::ops::function::Fn<(&std[617be2ca0a6fd877]::panic::PanicHookInfo,)>>::call
[INFO] [stdout]                                at /rustc/e3feeb59cd1bdd011a2bfcc0747b55125d9b8527/library/alloc/src/boxed.rs:2328:9
[INFO] [stdout]   14:     0x5ff89a0f2922 - std[617be2ca0a6fd877]::panicking::panic_with_hook
[INFO] [stdout]                                at /rustc/e3feeb59cd1bdd011a2bfcc0747b55125d9b8527/library/std/src/panicking.rs:819:13
[INFO] [stdout]   15:     0x5ff89a0d50c2 - std[617be2ca0a6fd877]::panicking::panic_handler::{closure#0}
[INFO] [stdout]                                at /rustc/e3feeb59cd1bdd011a2bfcc0747b55125d9b8527/library/std/src/panicking.rs:685:13
[INFO] [stdout]   16:     0x5ff89a0cd869 - std[617be2ca0a6fd877]::sys::backtrace::__rust_end_short_backtrace::<std[617be2ca0a6fd877]::panicking::panic_handler::{closure#0}, !>
[INFO] [stdout]                                at /rustc/e3feeb59cd1bdd011a2bfcc0747b55125d9b8527/library/std/src/sys/backtrace.rs:182:18
[INFO] [stdout]   17:     0x5ff89a0d5f3d - __rustc[ea4f61d10b84890b]::rust_begin_unwind
[INFO] [stdout]                                at /rustc/e3feeb59cd1bdd011a2bfcc0747b55125d9b8527/library/std/src/panicking.rs:676:5
[INFO] [stdout]   18:     0x5ff89a11245c - core[a373ad73a504971]::panicking::panic_fmt
[INFO] [stdout]                                at /rustc/e3feeb59cd1bdd011a2bfcc0747b55125d9b8527/library/core/src/panicking.rs:80:14
[INFO] [stdout]   19:     0x5ff89a112182 - core[a373ad73a504971]::result::unwrap_failed
[INFO] [stdout]                                at /rustc/e3feeb59cd1bdd011a2bfcc0747b55125d9b8527/library/core/src/result.rs:1870:5
[INFO] [stdout]   20:     0x5ff899a01a38 - <core[a373ad73a504971]::result::Result<treease_cli[1447825e553ef5d6]::web_server::WebServer, treease_cli[1447825e553ef5d6]::args::CliError>>::expect
[INFO] [stdout]                                at /rustc/e3feeb59cd1bdd011a2bfcc0747b55125d9b8527/library/core/src/result.rs:1184:23
[INFO] [stdout]   21:     0x5ff899962db7 - treease_cli[1447825e553ef5d6]::tests::web_server_graph_url_reuses_remote_editor_and_local_source
[INFO] [stdout]                                at /opt/rustwide/workdir/src/tests.rs:128:71
[INFO] [stdout]   22:     0x5ff89993c6c7 - treease_cli[1447825e553ef5d6]::tests::web_server_graph_url_reuses_remote_editor_and_local_source::{closure#0}
[INFO] [stdout]                                at /opt/rustwide/workdir/src/tests.rs:126:64
[INFO] [stdout]   23:     0x5ff8999cdfc6 - <treease_cli[1447825e553ef5d6]::tests::web_server_graph_url_reuses_remote_editor_and_local_source::{closure#0} as core[a373ad73a504971]::ops::function::FnOnce<()>>::call_once
[INFO] [stdout]                                at /rustc/e3feeb59cd1bdd011a2bfcc0747b55125d9b8527/library/core/src/ops/function.rs:250:5
[INFO] [stdout]   24:     0x5ff899a1555b - <fn() -> core[a373ad73a504971]::result::Result<(), alloc[2e1b2a31b91974c5]::string::String> as core[a373ad73a504971]::ops::function::FnOnce<()>>::call_once
[INFO] [stdout]                                at /rustc/e3feeb59cd1bdd011a2bfcc0747b55125d9b8527/library/core/src/ops/function.rs:250:5
[INFO] [stdout]   25:     0x5ff899a1555b - test[aada8e7e76ba119b]::__rust_begin_short_backtrace::<core[a373ad73a504971]::result::Result<(), alloc[2e1b2a31b91974c5]::string::String>, fn() -> core[a373ad73a504971]::result::Result<(), alloc[2e1b2a31b91974c5]::string::String>>
[INFO] [stdout]                                at /rustc/e3feeb59cd1bdd011a2bfcc0747b55125d9b8527/library/test/src/lib.rs:701:18
[INFO] [stdout]   26:     0x5ff899a22735 - test[aada8e7e76ba119b]::run_test_in_process::{closure#0}
[INFO] [stdout]                                at /rustc/e3feeb59cd1bdd011a2bfcc0747b55125d9b8527/library/test/src/lib.rs:724:74
[INFO] [stdout]   27:     0x5ff899a22735 - <core[a373ad73a504971]::panic::unwind_safe::AssertUnwindSafe<test[aada8e7e76ba119b]::run_test_in_process::{closure#0}> as core[a373ad73a504971]::ops::function::FnOnce<()>>::call_once
[INFO] [stdout]                                at /rustc/e3feeb59cd1bdd011a2bfcc0747b55125d9b8527/library/core/src/panic/unwind_safe.rs:275:9
[INFO] [stdout]   28:     0x5ff899a22735 - std[617be2ca0a6fd877]::panicking::catch_unwind::do_call::<core[a373ad73a504971]::panic::unwind_safe::AssertUnwindSafe<test[aada8e7e76ba119b]::run_test_in_process::{closure#0}>, core[a373ad73a504971]::result::Result<(), alloc[2e1b2a31b91974c5]::string::String>>
[INFO] [stdout]                                at /rustc/e3feeb59cd1bdd011a2bfcc0747b55125d9b8527/library/std/src/panicking.rs:573:43
[INFO] [stdout]   29:     0x5ff899a22735 - std[617be2ca0a6fd877]::panicking::catch_unwind::<core[a373ad73a504971]::result::Result<(), alloc[2e1b2a31b91974c5]::string::String>, core[a373ad73a504971]::panic::unwind_safe::AssertUnwindSafe<test[aada8e7e76ba119b]::run_test_in_process::{closure#0}>>
[INFO] [stdout]                                at /rustc/e3feeb59cd1bdd011a2bfcc0747b55125d9b8527/library/std/src/panicking.rs:541:19
[INFO] [stdout]   30:     0x5ff899a22735 - std[617be2ca0a6fd877]::panic::catch_unwind::<core[a373ad73a504971]::panic::unwind_safe::AssertUnwindSafe<test[aada8e7e76ba119b]::run_test_in_process::{closure#0}>, core[a373ad73a504971]::result::Result<(), alloc[2e1b2a31b91974c5]::string::String>>
[INFO] [stdout]                                at /rustc/e3feeb59cd1bdd011a2bfcc0747b55125d9b8527/library/std/src/panic.rs:359:14
[INFO] [stdout]   31:     0x5ff899a22735 - test[aada8e7e76ba119b]::run_test_in_process
[INFO] [stdout]                                at /rustc/e3feeb59cd1bdd011a2bfcc0747b55125d9b8527/library/test/src/lib.rs:724:27
[INFO] [stdout]   32:     0x5ff899a22735 - test[aada8e7e76ba119b]::run_test::{closure#0}
[INFO] [stdout]                                at /rustc/e3feeb59cd1bdd011a2bfcc0747b55125d9b8527/library/test/src/lib.rs:645:43
[INFO] [stdout]   33:     0x5ff899a1c024 - test[aada8e7e76ba119b]::run_test::{closure#1}
[INFO] [stdout]                                at /rustc/e3feeb59cd1bdd011a2bfcc0747b55125d9b8527/library/test/src/lib.rs:675:41
[INFO] [stdout]   34:     0x5ff899a1c024 - std[617be2ca0a6fd877]::sys::backtrace::__rust_begin_short_backtrace::<test[aada8e7e76ba119b]::run_test::{closure#1}, ()>
[INFO] [stdout]                                at /rustc/e3feeb59cd1bdd011a2bfcc0747b55125d9b8527/library/std/src/sys/backtrace.rs:166:18
[INFO] [stdout]   35:     0x5ff899a257c2 - std[617be2ca0a6fd877]::thread::lifecycle::spawn_unchecked::<test[aada8e7e76ba119b]::run_test::{closure#1}, ()>::{closure#1}::{closure#0}
[INFO] [stdout]                                at /rustc/e3feeb59cd1bdd011a2bfcc0747b55125d9b8527/library/std/src/thread/lifecycle.rs:70:13
[INFO] [stdout]   36:     0x5ff899a257c2 - <core[a373ad73a504971]::panic::unwind_safe::AssertUnwindSafe<std[617be2ca0a6fd877]::thread::lifecycle::spawn_unchecked<test[aada8e7e76ba119b]::run_test::{closure#1}, ()>::{closure#1}::{closure#0}> as core[a373ad73a504971]::ops::function::FnOnce<()>>::call_once
[INFO] [stdout]                                at /rustc/e3feeb59cd1bdd011a2bfcc0747b55125d9b8527/library/core/src/panic/unwind_safe.rs:275:9
[INFO] [stdout]   37:     0x5ff899a257c2 - std[617be2ca0a6fd877]::panicking::catch_unwind::do_call::<core[a373ad73a504971]::panic::unwind_safe::AssertUnwindSafe<std[617be2ca0a6fd877]::thread::lifecycle::spawn_unchecked<test[aada8e7e76ba119b]::run_test::{closure#1}, ()>::{closure#1}::{closure#0}>, ()>
[INFO] [stdout]                                at /rustc/e3feeb59cd1bdd011a2bfcc0747b55125d9b8527/library/std/src/panicking.rs:573:43
[INFO] [stdout]   38:     0x5ff899a257c2 - std[617be2ca0a6fd877]::panicking::catch_unwind::<(), core[a373ad73a504971]::panic::unwind_safe::AssertUnwindSafe<std[617be2ca0a6fd877]::thread::lifecycle::spawn_unchecked<test[aada8e7e76ba119b]::run_test::{closure#1}, ()>::{closure#1}::{closure#0}>>
[INFO] [stdout]                                at /rustc/e3feeb59cd1bdd011a2bfcc0747b55125d9b8527/library/std/src/panicking.rs:541:19
[INFO] [stdout]   39:     0x5ff899a257c2 - std[617be2ca0a6fd877]::panic::catch_unwind::<core[a373ad73a504971]::panic::unwind_safe::AssertUnwindSafe<std[617be2ca0a6fd877]::thread::lifecycle::spawn_unchecked<test[aada8e7e76ba119b]::run_test::{closure#1}, ()>::{closure#1}::{closure#0}>, ()>
[INFO] [stdout]                                at /rustc/e3feeb59cd1bdd011a2bfcc0747b55125d9b8527/library/std/src/panic.rs:359:14
[INFO] [stdout]   40:     0x5ff899a257c2 - std[617be2ca0a6fd877]::thread::lifecycle::spawn_unchecked::<test[aada8e7e76ba119b]::run_test::{closure#1}, ()>::{closure#1}
[INFO] [stdout]                                at /rustc/e3feeb59cd1bdd011a2bfcc0747b55125d9b8527/library/std/src/thread/lifecycle.rs:68:26
[INFO] [stdout]   41:     0x5ff899a257c2 - <std[617be2ca0a6fd877]::thread::lifecycle::spawn_unchecked<test[aada8e7e76ba119b]::run_test::{closure#1}, ()>::{closure#1} as core[a373ad73a504971]::ops::function::FnOnce<()>>::call_once::{shim:vtable#0}
[INFO] [stdout]                                at /rustc/e3feeb59cd1bdd011a2bfcc0747b55125d9b8527/library/core/src/ops/function.rs:250:5
[INFO] [stdout]   42:     0x5ff89a0f995f - <alloc[2e1b2a31b91974c5]::boxed::Box<dyn core[a373ad73a504971]::ops::function::FnOnce<(), Output = ()> + core[a373ad73a504971]::marker::Send> as core[a373ad73a504971]::ops::function::FnOnce<()>>::call_once
[INFO] [stdout]                                at /rustc/e3feeb59cd1bdd011a2bfcc0747b55125d9b8527/library/alloc/src/boxed.rs:2314:9
[INFO] [stdout]   43:     0x5ff89a0f995f - <std[617be2ca0a6fd877]::sys::thread::unix::Thread>::new::thread_start
[INFO] [stdout]                                at /rustc/e3feeb59cd1bdd011a2bfcc0747b55125d9b8527/library/std/src/sys/thread/unix.rs:127:17
[INFO] [stdout]   44:     0x710f1b704dfa - <unknown>
[INFO] [stdout]   45:     0x710f1b7983d4 - clone
[INFO] [stdout]   46:                0x0 - <unknown>
[INFO] [stdout] 
[INFO] [stdout] ---- tests::web_server_serves_result_only_with_matching_token stdout ----
[INFO] [stderr] error: test failed, to rerun pass `--lib`
[INFO] [stdout] 
[INFO] [stdout] thread 'tests::web_server_serves_result_only_with_matching_token' (1370) panicked at src/tests.rs:14:62:
[INFO] [stdout] server should bind: WebServer("failed to lookup address information: Temporary failure in name resolution")
[INFO] [stdout] stack backtrace:
[INFO] [stdout]    0:     0x5ff89a0fad61 - std[617be2ca0a6fd877]::backtrace_rs::backtrace::libunwind::trace
[INFO] [stdout]                                at /rustc/e3feeb59cd1bdd011a2bfcc0747b55125d9b8527/library/std/src/../../backtrace/src/backtrace/libunwind.rs:117:9
[INFO] [stdout]    1:     0x5ff89a0fad61 - std[617be2ca0a6fd877]::backtrace_rs::backtrace::trace_unsynchronized::<std[617be2ca0a6fd877]::sys::backtrace::_print_fmt::{closure#1}>
[INFO] [stdout]                                at /rustc/e3feeb59cd1bdd011a2bfcc0747b55125d9b8527/library/std/src/../../backtrace/src/backtrace/mod.rs:66:14
[INFO] [stdout]    2:     0x5ff89a0fad61 - std[617be2ca0a6fd877]::sys::backtrace::_print_fmt
[INFO] [stdout]                                at /rustc/e3feeb59cd1bdd011a2bfcc0747b55125d9b8527/library/std/src/sys/backtrace.rs:74:9
[INFO] [stdout]    3:     0x5ff89a0fad61 - <<std[617be2ca0a6fd877]::sys::backtrace::BacktraceLock>::print::DisplayBacktrace as core[a373ad73a504971]::fmt::Display>::fmt
[INFO] [stdout]                                at /rustc/e3feeb59cd1bdd011a2bfcc0747b55125d9b8527/library/std/src/sys/backtrace.rs:44:26
[INFO] [stdout]    4:     0x5ff89a111b8a - <core[a373ad73a504971]::fmt::rt::Argument>::fmt
[INFO] [stdout]                                at /rustc/e3feeb59cd1bdd011a2bfcc0747b55125d9b8527/library/core/src/fmt/rt.rs:152:76
[INFO] [stdout]    5:     0x5ff89a111b8a - core[a373ad73a504971]::fmt::write
[INFO] [stdout]    6:     0x5ff89a0ff48c - core[a373ad73a504971]::io::write::default_write_fmt::<alloc[2e1b2a31b91974c5]::vec::Vec<u8>>
[INFO] [stdout]                                at /rustc/e3feeb59cd1bdd011a2bfcc0747b55125d9b8527/library/core/src/io/write.rs:402:11
[INFO] [stdout]    7:     0x5ff89a0ff48c - <alloc[2e1b2a31b91974c5]::vec::Vec<u8> as core[a373ad73a504971]::io::write::Write>::write_fmt
[INFO] [stdout]                                at /rustc/e3feeb59cd1bdd011a2bfcc0747b55125d9b8527/library/core/src/io/write.rs:335:13
[INFO] [stdout]    8:     0x5ff89a0d5016 - <std[617be2ca0a6fd877]::sys::backtrace::BacktraceLock>::print
[INFO] [stdout]                                at /rustc/e3feeb59cd1bdd011a2bfcc0747b55125d9b8527/library/std/src/sys/backtrace.rs:47:9
[INFO] [stdout]    9:     0x5ff89a0d5016 - std[617be2ca0a6fd877]::panicking::default_hook::{closure#0}
[INFO] [stdout]                                at /rustc/e3feeb59cd1bdd011a2bfcc0747b55125d9b8527/library/std/src/panicking.rs:289:27
[INFO] [stdout]   10:     0x5ff89a0f2769 - std[617be2ca0a6fd877]::panicking::default_hook
[INFO] [stdout]                                at /rustc/e3feeb59cd1bdd011a2bfcc0747b55125d9b8527/library/std/src/panicking.rs:313:9
[INFO] [stdout]   11:     0x5ff899a22110 - <alloc[2e1b2a31b91974c5]::boxed::Box<dyn for<'a, 'b> core[a373ad73a504971]::ops::function::Fn<(&'a std[617be2ca0a6fd877]::panic::PanicHookInfo<'b>,), Output = ()> + core[a373ad73a504971]::marker::Sync + core[a373ad73a504971]::marker::Send> as core[a373ad73a504971]::ops::function::Fn<(&std[617be2ca0a6fd877]::panic::PanicHookInfo,)>>::call
[INFO] [stdout]                                at /rustc/e3feeb59cd1bdd011a2bfcc0747b55125d9b8527/library/alloc/src/boxed.rs:2328:9
[INFO] [stdout]   12:     0x5ff899a22110 - test[aada8e7e76ba119b]::test_main_inner::{closure#0}
[INFO] [stdout]                                at /rustc/e3feeb59cd1bdd011a2bfcc0747b55125d9b8527/library/test/src/lib.rs:137:21
[INFO] [stdout]   13:     0x5ff89a0f2922 - <alloc[2e1b2a31b91974c5]::boxed::Box<dyn for<'a, 'b> core[a373ad73a504971]::ops::function::Fn<(&'a std[617be2ca0a6fd877]::panic::PanicHookInfo<'b>,), Output = ()> + core[a373ad73a504971]::marker::Sync + core[a373ad73a504971]::marker::Send> as core[a373ad73a504971]::ops::function::Fn<(&std[617be2ca0a6fd877]::panic::PanicHookInfo,)>>::call
[INFO] [stdout]                                at /rustc/e3feeb59cd1bdd011a2bfcc0747b55125d9b8527/library/alloc/src/boxed.rs:2328:9
[INFO] [stdout]   14:     0x5ff89a0f2922 - std[617be2ca0a6fd877]::panicking::panic_with_hook
[INFO] [stdout]                                at /rustc/e3feeb59cd1bdd011a2bfcc0747b55125d9b8527/library/std/src/panicking.rs:819:13
[INFO] [stdout]   15:     0x5ff89a0d50c2 - std[617be2ca0a6fd877]::panicking::panic_handler::{closure#0}
[INFO] [stdout]                                at /rustc/e3feeb59cd1bdd011a2bfcc0747b55125d9b8527/library/std/src/panicking.rs:685:13
[INFO] [stdout]   16:     0x5ff89a0cd869 - std[617be2ca0a6fd877]::sys::backtrace::__rust_end_short_backtrace::<std[617be2ca0a6fd877]::panicking::panic_handler::{closure#0}, !>
[INFO] [stdout]                                at /rustc/e3feeb59cd1bdd011a2bfcc0747b55125d9b8527/library/std/src/sys/backtrace.rs:182:18
[INFO] [stdout]   17:     0x5ff89a0d5f3d - __rustc[ea4f61d10b84890b]::rust_begin_unwind
[INFO] [stdout]                                at /rustc/e3feeb59cd1bdd011a2bfcc0747b55125d9b8527/library/std/src/panicking.rs:676:5
[INFO] [stdout]   18:     0x5ff89a11245c - core[a373ad73a504971]::panicking::panic_fmt
[INFO] [stdout]                                at /rustc/e3feeb59cd1bdd011a2bfcc0747b55125d9b8527/library/core/src/panicking.rs:80:14
[INFO] [stdout]   19:     0x5ff89a112182 - core[a373ad73a504971]::result::unwrap_failed
[INFO] [stdout]                                at /rustc/e3feeb59cd1bdd011a2bfcc0747b55125d9b8527/library/core/src/result.rs:1870:5
[INFO] [stdout]   20:     0x5ff899a01a38 - <core[a373ad73a504971]::result::Result<treease_cli[1447825e553ef5d6]::web_server::WebServer, treease_cli[1447825e553ef5d6]::args::CliError>>::expect
[INFO] [stdout]                                at /rustc/e3feeb59cd1bdd011a2bfcc0747b55125d9b8527/library/core/src/result.rs:1184:23
[INFO] [stdout]   21:     0x5ff89993f2c6 - treease_cli[1447825e553ef5d6]::tests::request_web_server_once
[INFO] [stdout]                                at /opt/rustwide/workdir/src/tests.rs:14:62
[INFO] [stdout]   22:     0x5ff89994ea09 - treease_cli[1447825e553ef5d6]::tests::web_server_serves_result_only_with_matching_token
[INFO] [stdout]                                at /opt/rustwide/workdir/src/tests.rs:92:19
[INFO] [stdout]   23:     0x5ff89993bf77 - treease_cli[1447825e553ef5d6]::tests::web_server_serves_result_only_with_matching_token::{closure#0}
[INFO] [stdout]                                at /opt/rustwide/workdir/src/tests.rs:91:55
[INFO] [stdout]   24:     0x5ff8999cdae6 - <treease_cli[1447825e553ef5d6]::tests::web_server_serves_result_only_with_matching_token::{closure#0} as core[a373ad73a504971]::ops::function::FnOnce<()>>::call_once
[INFO] [stdout]                                at /rustc/e3feeb59cd1bdd011a2bfcc0747b55125d9b8527/library/core/src/ops/function.rs:250:5
[INFO] [stdout]   25:     0x5ff899a1555b - <fn() -> core[a373ad73a504971]::result::Result<(), alloc[2e1b2a31b91974c5]::string::String> as core[a373ad73a504971]::ops::function::FnOnce<()>>::call_once
[INFO] [stdout]                                at /rustc/e3feeb59cd1bdd011a2bfcc0747b55125d9b8527/library/core/src/ops/function.rs:250:5
[INFO] [stdout]   26:     0x5ff899a1555b - test[aada8e7e76ba119b]::__rust_begin_short_backtrace::<core[a373ad73a504971]::result::Result<(), alloc[2e1b2a31b91974c5]::string::String>, fn() -> core[a373ad73a504971]::result::Result<(), alloc[2e1b2a31b91974c5]::string::String>>
[INFO] [stdout]                                at /rustc/e3feeb59cd1bdd011a2bfcc0747b55125d9b8527/library/test/src/lib.rs:701:18
[INFO] [stdout]   27:     0x5ff899a22735 - test[aada8e7e76ba119b]::run_test_in_process::{closure#0}
[INFO] [stdout]                                at /rustc/e3feeb59cd1bdd011a2bfcc0747b55125d9b8527/library/test/src/lib.rs:724:74
[INFO] [stdout]   28:     0x5ff899a22735 - <core[a373ad73a504971]::panic::unwind_safe::AssertUnwindSafe<test[aada8e7e76ba119b]::run_test_in_process::{closure#0}> as core[a373ad73a504971]::ops::function::FnOnce<()>>::call_once
[INFO] [stdout]                                at /rustc/e3feeb59cd1bdd011a2bfcc0747b55125d9b8527/library/core/src/panic/unwind_safe.rs:275:9
[INFO] [stdout]   29:     0x5ff899a22735 - std[617be2ca0a6fd877]::panicking::catch_unwind::do_call::<core[a373ad73a504971]::panic::unwind_safe::AssertUnwindSafe<test[aada8e7e76ba119b]::run_test_in_process::{closure#0}>, core[a373ad73a504971]::result::Result<(), alloc[2e1b2a31b91974c5]::string::String>>
[INFO] [stdout]                                at /rustc/e3feeb59cd1bdd011a2bfcc0747b55125d9b8527/library/std/src/panicking.rs:573:43
[INFO] [stdout]   30:     0x5ff899a22735 - std[617be2ca0a6fd877]::panicking::catch_unwind::<core[a373ad73a504971]::result::Result<(), alloc[2e1b2a31b91974c5]::string::String>, core[a373ad73a504971]::panic::unwind_safe::AssertUnwindSafe<test[aada8e7e76ba119b]::run_test_in_process::{closure#0}>>
[INFO] [stdout]                                at /rustc/e3feeb59cd1bdd011a2bfcc0747b55125d9b8527/library/std/src/panicking.rs:541:19
[INFO] [stdout]   31:     0x5ff899a22735 - std[617be2ca0a6fd877]::panic::catch_unwind::<core[a373ad73a504971]::panic::unwind_safe::AssertUnwindSafe<test[aada8e7e76ba119b]::run_test_in_process::{closure#0}>, core[a373ad73a504971]::result::Result<(), alloc[2e1b2a31b91974c5]::string::String>>
[INFO] [stdout]                                at /rustc/e3feeb59cd1bdd011a2bfcc0747b55125d9b8527/library/std/src/panic.rs:359:14
[INFO] [stdout]   32:     0x5ff899a22735 - test[aada8e7e76ba119b]::run_test_in_process
[INFO] [stdout]                                at /rustc/e3feeb59cd1bdd011a2bfcc0747b55125d9b8527/library/test/src/lib.rs:724:27
[INFO] [stdout]   33:     0x5ff899a22735 - test[aada8e7e76ba119b]::run_test::{closure#0}
[INFO] [stdout]                                at /rustc/e3feeb59cd1bdd011a2bfcc0747b55125d9b8527/library/test/src/lib.rs:645:43
[INFO] [stdout]   34:     0x5ff899a1c024 - test[aada8e7e76ba119b]::run_test::{closure#1}
[INFO] [stdout]                                at /rustc/e3feeb59cd1bdd011a2bfcc0747b55125d9b8527/library/test/src/lib.rs:675:41
[INFO] [stdout]   35:     0x5ff899a1c024 - std[617be2ca0a6fd877]::sys::backtrace::__rust_begin_short_backtrace::<test[aada8e7e76ba119b]::run_test::{closure#1}, ()>
[INFO] [stdout]                                at /rustc/e3feeb59cd1bdd011a2bfcc0747b55125d9b8527/library/std/src/sys/backtrace.rs:166:18
[INFO] [stdout]   36:     0x5ff899a257c2 - std[617be2ca0a6fd877]::thread::lifecycle::spawn_unchecked::<test[aada8e7e76ba119b]::run_test::{closure#1}, ()>::{closure#1}::{closure#0}
[INFO] [stdout]                                at /rustc/e3feeb59cd1bdd011a2bfcc0747b55125d9b8527/library/std/src/thread/lifecycle.rs:70:13
[INFO] [stdout]   37:     0x5ff899a257c2 - <core[a373ad73a504971]::panic::unwind_safe::AssertUnwindSafe<std[617be2ca0a6fd877]::thread::lifecycle::spawn_unchecked<test[aada8e7e76ba119b]::run_test::{closure#1}, ()>::{closure#1}::{closure#0}> as core[a373ad73a504971]::ops::function::FnOnce<()>>::call_once
[INFO] [stdout]                                at /rustc/e3feeb59cd1bdd011a2bfcc0747b55125d9b8527/library/core/src/panic/unwind_safe.rs:275:9
[INFO] [stdout]   38:     0x5ff899a257c2 - std[617be2ca0a6fd877]::panicking::catch_unwind::do_call::<core[a373ad73a504971]::panic::unwind_safe::AssertUnwindSafe<std[617be2ca0a6fd877]::thread::lifecycle::spawn_unchecked<test[aada8e7e76ba119b]::run_test::{closure#1}, ()>::{closure#1}::{closure#0}>, ()>
[INFO] [stdout]                                at /rustc/e3feeb59cd1bdd011a2bfcc0747b55125d9b8527/library/std/src/panicking.rs:573:43
[INFO] [stdout]   39:     0x5ff899a257c2 - std[617be2ca0a6fd877]::panicking::catch_unwind::<(), core[a373ad73a504971]::panic::unwind_safe::AssertUnwindSafe<std[617be2ca0a6fd877]::thread::lifecycle::spawn_unchecked<test[aada8e7e76ba119b]::run_test::{closure#1}, ()>::{closure#1}::{closure#0}>>
[INFO] [stdout]                                at /rustc/e3feeb59cd1bdd011a2bfcc0747b55125d9b8527/library/std/src/panicking.rs:541:19
[INFO] [stdout]   40:     0x5ff899a257c2 - std[617be2ca0a6fd877]::panic::catch_unwind::<core[a373ad73a504971]::panic::unwind_safe::AssertUnwindSafe<std[617be2ca0a6fd877]::thread::lifecycle::spawn_unchecked<test[aada8e7e76ba119b]::run_test::{closure#1}, ()>::{closure#1}::{closure#0}>, ()>
[INFO] [stdout]                                at /rustc/e3feeb59cd1bdd011a2bfcc0747b55125d9b8527/library/std/src/panic.rs:359:14
[INFO] [stdout]   41:     0x5ff899a257c2 - std[617be2ca0a6fd877]::thread::lifecycle::spawn_unchecked::<test[aada8e7e76ba119b]::run_test::{closure#1}, ()>::{closure#1}
[INFO] [stdout]                                at /rustc/e3feeb59cd1bdd011a2bfcc0747b55125d9b8527/library/std/src/thread/lifecycle.rs:68:26
[INFO] [stdout]   42:     0x5ff899a257c2 - <std[617be2ca0a6fd877]::thread::lifecycle::spawn_unchecked<test[aada8e7e76ba119b]::run_test::{closure#1}, ()>::{closure#1} as core[a373ad73a504971]::ops::function::FnOnce<()>>::call_once::{shim:vtable#0}
[INFO] [stdout]                                at /rustc/e3feeb59cd1bdd011a2bfcc0747b55125d9b8527/library/core/src/ops/function.rs:250:5
[INFO] [stdout]   43:     0x5ff89a0f995f - <alloc[2e1b2a31b91974c5]::boxed::Box<dyn core[a373ad73a504971]::ops::function::FnOnce<(), Output = ()> + core[a373ad73a504971]::marker::Send> as core[a373ad73a504971]::ops::function::FnOnce<()>>::call_once
[INFO] [stdout]                                at /rustc/e3feeb59cd1bdd011a2bfcc0747b55125d9b8527/library/alloc/src/boxed.rs:2314:9
[INFO] [stdout]   44:     0x5ff89a0f995f - <std[617be2ca0a6fd877]::sys::thread::unix::Thread>::new::thread_start
[INFO] [stdout]                                at /rustc/e3feeb59cd1bdd011a2bfcc0747b55125d9b8527/library/std/src/sys/thread/unix.rs:127:17
[INFO] [stdout]   45:     0x710f1b704dfa - <unknown>
[INFO] [stdout]   46:     0x710f1b7983d4 - clone
[INFO] [stdout]   47:                0x0 - <unknown>
[INFO] [stdout] 
[INFO] [stdout] ---- tests::web_server_serves_cli_metadata_and_source_separately stdout ----
[INFO] [stdout] 
[INFO] [stdout] thread 'tests::web_server_serves_cli_metadata_and_source_separately' (1369) panicked at src/tests.rs:14:62:
[INFO] [stdout] server should bind: WebServer("failed to lookup address information: Temporary failure in name resolution")
[INFO] [stdout] stack backtrace:
[INFO] [stdout]    0:     0x5ff89a0fad61 - std[617be2ca0a6fd877]::backtrace_rs::backtrace::libunwind::trace
[INFO] [stdout]                                at /rustc/e3feeb59cd1bdd011a2bfcc0747b55125d9b8527/library/std/src/../../backtrace/src/backtrace/libunwind.rs:117:9
[INFO] [stdout]    1:     0x5ff89a0fad61 - std[617be2ca0a6fd877]::backtrace_rs::backtrace::trace_unsynchronized::<std[617be2ca0a6fd877]::sys::backtrace::_print_fmt::{closure#1}>
[INFO] [stdout]                                at /rustc/e3feeb59cd1bdd011a2bfcc0747b55125d9b8527/library/std/src/../../backtrace/src/backtrace/mod.rs:66:14
[INFO] [stdout]    2:     0x5ff89a0fad61 - std[617be2ca0a6fd877]::sys::backtrace::_print_fmt
[INFO] [stdout]                                at /rustc/e3feeb59cd1bdd011a2bfcc0747b55125d9b8527/library/std/src/sys/backtrace.rs:74:9
[INFO] [stdout]    3:     0x5ff89a0fad61 - <<std[617be2ca0a6fd877]::sys::backtrace::BacktraceLock>::print::DisplayBacktrace as core[a373ad73a504971]::fmt::Display>::fmt
[INFO] [stdout]                                at /rustc/e3feeb59cd1bdd011a2bfcc0747b55125d9b8527/library/std/src/sys/backtrace.rs:44:26
[INFO] [stdout]    4:     0x5ff89a111b8a - <core[a373ad73a504971]::fmt::rt::Argument>::fmt
[INFO] [stdout]                                at /rustc/e3feeb59cd1bdd011a2bfcc0747b55125d9b8527/library/core/src/fmt/rt.rs:152:76
[INFO] [stdout]    5:     0x5ff89a111b8a - core[a373ad73a504971]::fmt::write
[INFO] [stdout]    6:     0x5ff89a0ff48c - core[a373ad73a504971]::io::write::default_write_fmt::<alloc[2e1b2a31b91974c5]::vec::Vec<u8>>
[INFO] [stdout]                                at /rustc/e3feeb59cd1bdd011a2bfcc0747b55125d9b8527/library/core/src/io/write.rs:402:11
[INFO] [stdout]    7:     0x5ff89a0ff48c - <alloc[2e1b2a31b91974c5]::vec::Vec<u8> as core[a373ad73a504971]::io::write::Write>::write_fmt
[INFO] [stdout]                                at /rustc/e3feeb59cd1bdd011a2bfcc0747b55125d9b8527/library/core/src/io/write.rs:335:13
[INFO] [stdout]    8:     0x5ff89a0d5016 - <std[617be2ca0a6fd877]::sys::backtrace::BacktraceLock>::print
[INFO] [stdout]                                at /rustc/e3feeb59cd1bdd011a2bfcc0747b55125d9b8527/library/std/src/sys/backtrace.rs:47:9
[INFO] [stdout]    9:     0x5ff89a0d5016 - std[617be2ca0a6fd877]::panicking::default_hook::{closure#0}
[INFO] [stdout]                                at /rustc/e3feeb59cd1bdd011a2bfcc0747b55125d9b8527/library/std/src/panicking.rs:289:27
[INFO] [stdout]   10:     0x5ff89a0f2769 - std[617be2ca0a6fd877]::panicking::default_hook
[INFO] [stdout]                                at /rustc/e3feeb59cd1bdd011a2bfcc0747b55125d9b8527/library/std/src/panicking.rs:313:9
[INFO] [stdout]   11:     0x5ff899a22110 - <alloc[2e1b2a31b91974c5]::boxed::Box<dyn for<'a, 'b> core[a373ad73a504971]::ops::function::Fn<(&'a std[617be2ca0a6fd877]::panic::PanicHookInfo<'b>,), Output = ()> + core[a373ad73a504971]::marker::Sync + core[a373ad73a504971]::marker::Send> as core[a373ad73a504971]::ops::function::Fn<(&std[617be2ca0a6fd877]::panic::PanicHookInfo,)>>::call
[INFO] [stdout]                                at /rustc/e3feeb59cd1bdd011a2bfcc0747b55125d9b8527/library/alloc/src/boxed.rs:2328:9
[INFO] [stdout]   12:     0x5ff899a22110 - test[aada8e7e76ba119b]::test_main_inner::{closure#0}
[INFO] [stdout]                                at /rustc/e3feeb59cd1bdd011a2bfcc0747b55125d9b8527/library/test/src/lib.rs:137:21
[INFO] [stdout]   13:     0x5ff89a0f2922 - <alloc[2e1b2a31b91974c5]::boxed::Box<dyn for<'a, 'b> core[a373ad73a504971]::ops::function::Fn<(&'a std[617be2ca0a6fd877]::panic::PanicHookInfo<'b>,), Output = ()> + core[a373ad73a504971]::marker::Sync + core[a373ad73a504971]::marker::Send> as core[a373ad73a504971]::ops::function::Fn<(&std[617be2ca0a6fd877]::panic::PanicHookInfo,)>>::call
[INFO] [stdout]                                at /rustc/e3feeb59cd1bdd011a2bfcc0747b55125d9b8527/library/alloc/src/boxed.rs:2328:9
[INFO] [stdout]   14:     0x5ff89a0f2922 - std[617be2ca0a6fd877]::panicking::panic_with_hook
[INFO] [stdout]                                at /rustc/e3feeb59cd1bdd011a2bfcc0747b55125d9b8527/library/std/src/panicking.rs:819:13
[INFO] [stdout]   15:     0x5ff89a0d50c2 - std[617be2ca0a6fd877]::panicking::panic_handler::{closure#0}
[INFO] [stdout]                                at /rustc/e3feeb59cd1bdd011a2bfcc0747b55125d9b8527/library/std/src/panicking.rs:685:13
[INFO] [stdout]   16:     0x5ff89a0cd869 - std[617be2ca0a6fd877]::sys::backtrace::__rust_end_short_backtrace::<std[617be2ca0a6fd877]::panicking::panic_handler::{closure#0}, !>
[INFO] [stdout]                                at /rustc/e3feeb59cd1bdd011a2bfcc0747b55125d9b8527/library/std/src/sys/backtrace.rs:182:18
[INFO] [stdout]   17:     0x5ff89a0d5f3d - __rustc[ea4f61d10b84890b]::rust_begin_unwind
[INFO] [stdout]                                at /rustc/e3feeb59cd1bdd011a2bfcc0747b55125d9b8527/library/std/src/panicking.rs:676:5
[INFO] [stdout]   18:     0x5ff89a11245c - core[a373ad73a504971]::panicking::panic_fmt
[INFO] [stdout]                                at /rustc/e3feeb59cd1bdd011a2bfcc0747b55125d9b8527/library/core/src/panicking.rs:80:14
[INFO] [stdout]   19:     0x5ff89a112182 - core[a373ad73a504971]::result::unwrap_failed
[INFO] [stdout]                                at /rustc/e3feeb59cd1bdd011a2bfcc0747b55125d9b8527/library/core/src/result.rs:1870:5
[INFO] [stdout]   20:     0x5ff899a01a38 - <core[a373ad73a504971]::result::Result<treease_cli[1447825e553ef5d6]::web_server::WebServer, treease_cli[1447825e553ef5d6]::args::CliError>>::expect
[INFO] [stdout]                                at /rustc/e3feeb59cd1bdd011a2bfcc0747b55125d9b8527/library/core/src/result.rs:1184:23
[INFO] [stdout]   21:     0x5ff89993f2c6 - treease_cli[1447825e553ef5d6]::tests::request_web_server_once
[INFO] [stdout]                                at /opt/rustwide/workdir/src/tests.rs:14:62
[INFO] [stdout]   22:     0x5ff8999572a5 - treease_cli[1447825e553ef5d6]::tests::web_server_serves_cli_metadata_and_source_separately
[INFO] [stdout]                                at /opt/rustwide/workdir/src/tests.rs:107:24
[INFO] [stdout]   23:     0x5ff89993c2d7 - treease_cli[1447825e553ef5d6]::tests::web_server_serves_cli_metadata_and_source_separately::{closure#0}
[INFO] [stdout]                                at /opt/rustwide/workdir/src/tests.rs:106:58
[INFO] [stdout]   24:     0x5ff8999cdd26 - <treease_cli[1447825e553ef5d6]::tests::web_server_serves_cli_metadata_and_source_separately::{closure#0} as core[a373ad73a504971]::ops::function::FnOnce<()>>::call_once
[INFO] [stdout]                                at /rustc/e3feeb59cd1bdd011a2bfcc0747b55125d9b8527/library/core/src/ops/function.rs:250:5
[INFO] [stdout]   25:     0x5ff899a1555b - <fn() -> core[a373ad73a504971]::result::Result<(), alloc[2e1b2a31b91974c5]::string::String> as core[a373ad73a504971]::ops::function::FnOnce<()>>::call_once
[INFO] [stdout]                                at /rustc/e3feeb59cd1bdd011a2bfcc0747b55125d9b8527/library/core/src/ops/function.rs:250:5
[INFO] [stdout]   26:     0x5ff899a1555b - test[aada8e7e76ba119b]::__rust_begin_short_backtrace::<core[a373ad73a504971]::result::Result<(), alloc[2e1b2a31b91974c5]::string::String>, fn() -> core[a373ad73a504971]::result::Result<(), alloc[2e1b2a31b91974c5]::string::String>>
[INFO] [stdout]                                at /rustc/e3feeb59cd1bdd011a2bfcc0747b55125d9b8527/library/test/src/lib.rs:701:18
[INFO] [stdout]   27:     0x5ff899a22735 - test[aada8e7e76ba119b]::run_test_in_process::{closure#0}
[INFO] [stdout]                                at /rustc/e3feeb59cd1bdd011a2bfcc0747b55125d9b8527/library/test/src/lib.rs:724:74
[INFO] [stdout]   28:     0x5ff899a22735 - <core[a373ad73a504971]::panic::unwind_safe::AssertUnwindSafe<test[aada8e7e76ba119b]::run_test_in_process::{closure#0}> as core[a373ad73a504971]::ops::function::FnOnce<()>>::call_once
[INFO] [stdout]                                at /rustc/e3feeb59cd1bdd011a2bfcc0747b55125d9b8527/library/core/src/panic/unwind_safe.rs:275:9
[INFO] [stdout]   29:     0x5ff899a22735 - std[617be2ca0a6fd877]::panicking::catch_unwind::do_call::<core[a373ad73a504971]::panic::unwind_safe::AssertUnwindSafe<test[aada8e7e76ba119b]::run_test_in_process::{closure#0}>, core[a373ad73a504971]::result::Result<(), alloc[2e1b2a31b91974c5]::string::String>>
[INFO] [stdout]                                at /rustc/e3feeb59cd1bdd011a2bfcc0747b55125d9b8527/library/std/src/panicking.rs:573:43
[INFO] [stdout]   30:     0x5ff899a22735 - std[617be2ca0a6fd877]::panicking::catch_unwind::<core[a373ad73a504971]::result::Result<(), alloc[2e1b2a31b91974c5]::string::String>, core[a373ad73a504971]::panic::unwind_safe::AssertUnwindSafe<test[aada8e7e76ba119b]::run_test_in_process::{closure#0}>>
[INFO] [stdout]                                at /rustc/e3feeb59cd1bdd011a2bfcc0747b55125d9b8527/library/std/src/panicking.rs:541:19
[INFO] [stdout]   31:     0x5ff899a22735 - std[617be2ca0a6fd877]::panic::catch_unwind::<core[a373ad73a504971]::panic::unwind_safe::AssertUnwindSafe<test[aada8e7e76ba119b]::run_test_in_process::{closure#0}>, core[a373ad73a504971]::result::Result<(), alloc[2e1b2a31b91974c5]::string::String>>
[INFO] [stdout]                                at /rustc/e3feeb59cd1bdd011a2bfcc0747b55125d9b8527/library/std/src/panic.rs:359:14
[INFO] [stdout]   32:     0x5ff899a22735 - test[aada8e7e76ba119b]::run_test_in_process
[INFO] [stdout]                                at /rustc/e3feeb59cd1bdd011a2bfcc0747b55125d9b8527/library/test/src/lib.rs:724:27
[INFO] [stdout]   33:     0x5ff899a22735 - test[aada8e7e76ba119b]::run_test::{closure#0}
[INFO] [stdout]                                at /rustc/e3feeb59cd1bdd011a2bfcc0747b55125d9b8527/library/test/src/lib.rs:645:43
[INFO] [stdout]   34:     0x5ff899a1c024 - test[aada8e7e76ba119b]::run_test::{closure#1}
[INFO] [stdout]                                at /rustc/e3feeb59cd1bdd011a2bfcc0747b55125d9b8527/library/test/src/lib.rs:675:41
[INFO] [stdout]   35:     0x5ff899a1c024 - std[617be2ca0a6fd877]::sys::backtrace::__rust_begin_short_backtrace::<test[aada8e7e76ba119b]::run_test::{closure#1}, ()>
[INFO] [stdout]                                at /rustc/e3feeb59cd1bdd011a2bfcc0747b55125d9b8527/library/std/src/sys/backtrace.rs:166:18
[INFO] [stdout]   36:     0x5ff899a257c2 - std[617be2ca0a6fd877]::thread::lifecycle::spawn_unchecked::<test[aada8e7e76ba119b]::run_test::{closure#1}, ()>::{closure#1}::{closure#0}
[INFO] [stdout]                                at /rustc/e3feeb59cd1bdd011a2bfcc0747b55125d9b8527/library/std/src/thread/lifecycle.rs:70:13
[INFO] [stdout]   37:     0x5ff899a257c2 - <core[a373ad73a504971]::panic::unwind_safe::AssertUnwindSafe<std[617be2ca0a6fd877]::thread::lifecycle::spawn_unchecked<test[aada8e7e76ba119b]::run_test::{closure#1}, ()>::{closure#1}::{closure#0}> as core[a373ad73a504971]::ops::function::FnOnce<()>>::call_once
[INFO] [stdout]                                at /rustc/e3feeb59cd1bdd011a2bfcc0747b55125d9b8527/library/core/src/panic/unwind_safe.rs:275:9
[INFO] [stdout]   38:     0x5ff899a257c2 - std[617be2ca0a6fd877]::panicking::catch_unwind::do_call::<core[a373ad73a504971]::panic::unwind_safe::AssertUnwindSafe<std[617be2ca0a6fd877]::thread::lifecycle::spawn_unchecked<test[aada8e7e76ba119b]::run_test::{closure#1}, ()>::{closure#1}::{closure#0}>, ()>
[INFO] [stdout]                                at /rustc/e3feeb59cd1bdd011a2bfcc0747b55125d9b8527/library/std/src/panicking.rs:573:43
[INFO] [stdout]   39:     0x5ff899a257c2 - std[617be2ca0a6fd877]::panicking::catch_unwind::<(), core[a373ad73a504971]::panic::unwind_safe::AssertUnwindSafe<std[617be2ca0a6fd877]::thread::lifecycle::spawn_unchecked<test[aada8e7e76ba119b]::run_test::{closure#1}, ()>::{closure#1}::{closure#0}>>
[INFO] [stdout]                                at /rustc/e3feeb59cd1bdd011a2bfcc0747b55125d9b8527/library/std/src/panicking.rs:541:19
[INFO] [stdout]   40:     0x5ff899a257c2 - std[617be2ca0a6fd877]::panic::catch_unwind::<core[a373ad73a504971]::panic::unwind_safe::AssertUnwindSafe<std[617be2ca0a6fd877]::thread::lifecycle::spawn_unchecked<test[aada8e7e76ba119b]::run_test::{closure#1}, ()>::{closure#1}::{closure#0}>, ()>
[INFO] [stdout]                                at /rustc/e3feeb59cd1bdd011a2bfcc0747b55125d9b8527/library/std/src/panic.rs:359:14
[INFO] [stdout]   41:     0x5ff899a257c2 - std[617be2ca0a6fd877]::thread::lifecycle::spawn_unchecked::<test[aada8e7e76ba119b]::run_test::{closure#1}, ()>::{closure#1}
[INFO] [stdout]                                at /rustc/e3feeb59cd1bdd011a2bfcc0747b55125d9b8527/library/std/src/thread/lifecycle.rs:68:26
[INFO] [stdout]   42:     0x5ff899a257c2 - <std[617be2ca0a6fd877]::thread::lifecycle::spawn_unchecked<test[aada8e7e76ba119b]::run_test::{closure#1}, ()>::{closure#1} as core[a373ad73a504971]::ops::function::FnOnce<()>>::call_once::{shim:vtable#0}
[INFO] [stdout]                                at /rustc/e3feeb59cd1bdd011a2bfcc0747b55125d9b8527/library/core/src/ops/function.rs:250:5
[INFO] [stdout]   43:     0x5ff89a0f995f - <alloc[2e1b2a31b91974c5]::boxed::Box<dyn core[a373ad73a504971]::ops::function::FnOnce<(), Output = ()> + core[a373ad73a504971]::marker::Send> as core[a373ad73a504971]::ops::function::FnOnce<()>>::call_once
[INFO] [stdout]                                at /rustc/e3feeb59cd1bdd011a2bfcc0747b55125d9b8527/library/alloc/src/boxed.rs:2314:9
[INFO] [stdout]   44:     0x5ff89a0f995f - <std[617be2ca0a6fd877]::sys::thread::unix::Thread>::new::thread_start
[INFO] [stdout]                                at /rustc/e3feeb59cd1bdd011a2bfcc0747b55125d9b8527/library/std/src/sys/thread/unix.rs:127:17
[INFO] [stdout]   45:     0x710f1b704dfa - <unknown>
[INFO] [stdout]   46:     0x710f1b7983d4 - clone
[INFO] [stdout]   47:                0x0 - <unknown>
[INFO] [stdout] 
[INFO] [stdout] 
[INFO] [stdout] failures:
[INFO] [stdout]     tests::web_server_graph_url_reuses_remote_editor_and_local_source
[INFO] [stdout]     tests::web_server_serves_cli_metadata_and_source_separately
[INFO] [stdout]     tests::web_server_serves_result_only_with_matching_token
[INFO] [stdout] 
[INFO] [stdout] test result: FAILED. 158 passed; 3 failed; 0 ignored; 0 measured; 0 filtered out; finished in 0.15s
[INFO] [stdout] 
[INFO] running `Command { std: "docker" "inspect" "f04122af7216e28f36c164e0386de2b25a59f815ce1044f7e9f9dc60869437da", kill_on_drop: false }`
[INFO] running `Command { std: "docker" "rm" "-f" "f04122af7216e28f36c164e0386de2b25a59f815ce1044f7e9f9dc60869437da", kill_on_drop: false }`
[INFO] [stdout] f04122af7216e28f36c164e0386de2b25a59f815ce1044f7e9f9dc60869437da
