[INFO] fetching crate toxi-utils 3.1.0...
[INFO] testing toxi-utils-3.1.0 against 1.100.0-beta.1 for beta-1.100-2
[INFO] extracting crate toxi-utils 3.1.0 into /workspace/builds/worker-6-tc2/source
[INFO] started tweaking crates.io crate toxi-utils 3.1.0
[INFO] finished tweaking crates.io crate toxi-utils 3.1.0
[INFO] tweaked toml for crates.io crate toxi-utils 3.1.0 written to /workspace/builds/worker-6-tc2/source/Cargo.toml
[INFO] validating manifest of crates.io crate toxi-utils 3.1.0 on toolchain 1.100.0-beta.1
[INFO] running `Command { std: CARGO_HOME="/workspace/cargo-home" RUSTUP_HOME="/workspace/rustup-home" "/workspace/cargo-home/bin/cargo" "+1.100.0-beta.1" "metadata" "--manifest-path" "Cargo.toml" "--no-deps", kill_on_drop: false }`
[INFO] crate crates.io crate toxi-utils 3.1.0 already has a lockfile, it will not be regenerated
[INFO] running `Command { std: CARGO_HOME="/workspace/cargo-home" RUSTUP_HOME="/workspace/rustup-home" "/workspace/cargo-home/bin/cargo" "+1.100.0-beta.1" "fetch" "--manifest-path" "Cargo.toml", kill_on_drop: false }`
[INFO] running `Command { std: "docker" "create" "-v" "/var/lib/crater-agent-workspace/builds/worker-6-tc2/source:/opt/rustwide/workdir:ro,Z" "-v" "/var/lib/crater-agent-workspace/builds/worker-6-tc2/target:/opt/rustwide/target:rw,Z" "-v" "/var/lib/crater-agent-workspace/cargo-home:/opt/rustwide/cargo-home:ro,Z" "-v" "/var/lib/crater-agent-workspace/rustup-home:/opt/rustwide/rustup-home:ro,Z" "-m" "1610612736" "--network" "none" "ghcr.io/rust-lang/crates-build-env/linux@sha256:3111399a4047eeb3a02b7a90e478d715f38a8c6669b5c4b49d30a17385265909" "sleep" "infinity", kill_on_drop: false }`
[INFO] [stdout] 22fd305371d1b24a9695a0d2b22f294661ef9863eec18abdacf447007d79ecd7
[INFO] running `Command { std: "docker" "start" "22fd305371d1b24a9695a0d2b22f294661ef9863eec18abdacf447007d79ecd7", kill_on_drop: false }`
[INFO] running `Command { std: "docker" "inspect" "22fd305371d1b24a9695a0d2b22f294661ef9863eec18abdacf447007d79ecd7", kill_on_drop: false }`
[INFO] running `Command { std: "docker" "exec" "-e" "SOURCE_DIR=/opt/rustwide/workdir" "-e" "CARGO_HOME=/opt/rustwide/cargo-home" "-e" "RUSTUP_HOME=/opt/rustwide/rustup-home" "-e" "CARGO_TARGET_DIR=/opt/rustwide/target" "-w" "/opt/rustwide/workdir" "--user" "0:0" "22fd305371d1b24a9695a0d2b22f294661ef9863eec18abdacf447007d79ecd7" "/opt/rustwide/cargo-home/bin/cargo" "+1.100.0-beta.1" "metadata" "--no-deps" "--format-version=1", kill_on_drop: false }`
[INFO] running `Command { std: "docker" "inspect" "22fd305371d1b24a9695a0d2b22f294661ef9863eec18abdacf447007d79ecd7", kill_on_drop: false }`
[INFO] running `Command { std: "docker" "exec" "-e" "SOURCE_DIR=/opt/rustwide/workdir" "-e" "CARGO_HOME=/opt/rustwide/cargo-home" "-e" "RUSTUP_HOME=/opt/rustwide/rustup-home" "-e" "CARGO_TARGET_DIR=/opt/rustwide/target" "-e" "CARGO_INCREMENTAL=0" "-e" "RUST_BACKTRACE=full" "-e" "RUSTFLAGS=--cap-lints=warn" "-e" "RUSTDOCFLAGS=--cap-lints=warn" "-w" "/opt/rustwide/workdir" "--user" "0:0" "22fd305371d1b24a9695a0d2b22f294661ef9863eec18abdacf447007d79ecd7" "/opt/rustwide/cargo-home/bin/cargo" "+1.100.0-beta.1" "build" "--frozen" "--message-format=json", kill_on_drop: false }`
[INFO] [stderr]    Compiling zerocopy v0.8.33
[INFO] [stderr]    Compiling zmij v1.0.16
[INFO] [stderr]    Compiling quote v1.0.45
[INFO] [stderr]    Compiling rand_core v0.9.5
[INFO] [stderr]    Compiling aho-corasick v1.1.4
[INFO] [stderr]    Compiling parking_lot_core v0.9.12
[INFO] [stderr]    Compiling uuid v1.19.0
[INFO] [stderr]    Compiling parking_lot v0.12.5
[INFO] [stderr]    Compiling syn v2.0.117
[INFO] [stderr]    Compiling serde_json v1.0.149
[INFO] [stderr]    Compiling regex-automata v0.4.13
[INFO] [stderr]    Compiling ppv-lite86 v0.2.21
[INFO] [stderr]    Compiling rand_chacha v0.9.0
[INFO] [stderr]    Compiling serde_derive v1.0.228
[INFO] [stderr]    Compiling thiserror-impl v2.0.18
[INFO] [stderr]    Compiling rand v0.9.2
[INFO] [stderr]    Compiling thiserror v2.0.18
[INFO] [stderr]    Compiling regex v1.12.2
[INFO] [stderr]    Compiling serde v1.0.228
[INFO] [stderr]    Compiling chrono v0.4.44
[INFO] [stderr]    Compiling toxi-utils v3.1.0 (/opt/rustwide/workdir)
[INFO] [stderr] warning: unused dependency `serde_json`
[INFO] [stderr]   --> Cargo.toml:24:15
[INFO] [stderr]    |
[INFO] [stderr] 24 | [dependencies.serde_json]
[INFO] [stderr]    |               ^^^^^^^^^^^
[INFO] [stderr]    |
[INFO] [stderr]    = note: `cargo::unused_dependencies` is set to `warn` by default
[INFO] [stderr] help: consider removing the dependency on `serde_json`
[INFO] [stderr] warning: unused dependency `thiserror`
[INFO] [stderr]   --> Cargo.toml:27:15
[INFO] [stderr]    |
[INFO] [stderr] 27 | [dependencies.thiserror]
[INFO] [stderr]    |               ^^^^^^^^^^
[INFO] [stderr]    |
[INFO] [stderr] help: consider removing the dependency on `thiserror`
[INFO] [stderr] warning: `toxi-utils` (manifest) generated 2 warnings
[INFO] [stderr]     Finished `dev` profile [unoptimized + debuginfo] target(s) in 23.08s
[INFO] running `Command { std: "docker" "inspect" "22fd305371d1b24a9695a0d2b22f294661ef9863eec18abdacf447007d79ecd7", kill_on_drop: false }`
[INFO] running `Command { std: "docker" "exec" "-e" "SOURCE_DIR=/opt/rustwide/workdir" "-e" "CARGO_HOME=/opt/rustwide/cargo-home" "-e" "RUSTUP_HOME=/opt/rustwide/rustup-home" "-e" "CARGO_TARGET_DIR=/opt/rustwide/target" "-e" "CARGO_INCREMENTAL=0" "-e" "RUST_BACKTRACE=full" "-e" "RUSTFLAGS=--cap-lints=warn" "-e" "RUSTDOCFLAGS=--cap-lints=warn" "-w" "/opt/rustwide/workdir" "--user" "0:0" "22fd305371d1b24a9695a0d2b22f294661ef9863eec18abdacf447007d79ecd7" "/opt/rustwide/cargo-home/bin/cargo" "+1.100.0-beta.1" "test" "--frozen" "--no-run" "--message-format=json", kill_on_drop: false }`
[INFO] [stderr]    Compiling toxi-utils v3.1.0 (/opt/rustwide/workdir)
[INFO] [stderr] warning: unused dependency `serde_json`
[INFO] [stderr]   --> Cargo.toml:24:15
[INFO] [stderr]    |
[INFO] [stderr] 24 | [dependencies.serde_json]
[INFO] [stderr]    |               ^^^^^^^^^^^
[INFO] [stderr]    |
[INFO] [stderr]    = note: `cargo::unused_dependencies` is set to `warn` by default
[INFO] [stderr] help: consider removing the dependency on `serde_json`
[INFO] [stderr] warning: unused dependency `thiserror`
[INFO] [stderr]   --> Cargo.toml:27:15
[INFO] [stderr]    |
[INFO] [stderr] 27 | [dependencies.thiserror]
[INFO] [stderr]    |               ^^^^^^^^^^
[INFO] [stderr]    |
[INFO] [stderr] help: consider removing the dependency on `thiserror`
[INFO] [stderr] warning: `toxi-utils` (manifest) generated 2 warnings
[INFO] [stderr]     Finished `test` profile [unoptimized + debuginfo] target(s) in 1.02s
[INFO] running `Command { std: "docker" "inspect" "22fd305371d1b24a9695a0d2b22f294661ef9863eec18abdacf447007d79ecd7", kill_on_drop: false }`
[INFO] running `Command { std: "docker" "exec" "-e" "SOURCE_DIR=/opt/rustwide/workdir" "-e" "CARGO_HOME=/opt/rustwide/cargo-home" "-e" "RUSTUP_HOME=/opt/rustwide/rustup-home" "-e" "CARGO_TARGET_DIR=/opt/rustwide/target" "-e" "CARGO_INCREMENTAL=0" "-e" "RUST_BACKTRACE=full" "-e" "RUSTFLAGS=--cap-lints=warn" "-e" "RUSTDOCFLAGS=--cap-lints=warn" "-w" "/opt/rustwide/workdir" "--user" "0:0" "22fd305371d1b24a9695a0d2b22f294661ef9863eec18abdacf447007d79ecd7" "/opt/rustwide/cargo-home/bin/cargo" "+1.100.0-beta.1" "test" "--frozen", kill_on_drop: false }`
[INFO] [stderr] warning: unused dependency `serde_json`
[INFO] [stderr]   --> Cargo.toml:24:15
[INFO] [stderr]    |
[INFO] [stderr] 24 | [dependencies.serde_json]
[INFO] [stderr]    |               ^^^^^^^^^^^
[INFO] [stderr]    |
[INFO] [stderr]    = note: `cargo::unused_dependencies` is set to `warn` by default
[INFO] [stderr] help: consider removing the dependency on `serde_json`
[INFO] [stderr] warning: unused dependency `thiserror`
[INFO] [stderr]   --> Cargo.toml:27:15
[INFO] [stderr]    |
[INFO] [stderr] 27 | [dependencies.thiserror]
[INFO] [stderr]    |               ^^^^^^^^^^
[INFO] [stderr]    |
[INFO] [stderr] help: consider removing the dependency on `thiserror`
[INFO] [stderr] warning: `toxi-utils` (manifest) generated 2 warnings
[INFO] [stderr]     Finished `test` profile [unoptimized + debuginfo] target(s) in 0.06s
[INFO] [stderr]      Running unittests src/lib.rs (/opt/rustwide/target/debug/build/toxi-utils/a18aec5702572994/out/toxi_utils-a18aec5702572994)
[INFO] [stdout] 
[INFO] [stdout] running 17 tests
[INFO] [stdout] test date::tests::test_is_expired ... ok
[INFO] [stdout] test date::tests::test_format_date ... ok
[INFO] [stdout] test date::tests::test_now ... ok
[INFO] [stdout] test id::tests::test_generate_short_id ... ok
[INFO] [stdout] test string::tests::test_snake_case ... ok
[INFO] [stdout] test string::tests::test_slugify ... ok
[INFO] [stdout] test id::tests::test_generate_uuid ... ok
[INFO] [stdout] test string::tests::test_camel_case ... ok
[INFO] [stdout] test string::tests::test_capitalize ... ok
[INFO] [stdout] test validation::tests::test_is_email ... ok
[INFO] [stdout] test id::tests::test_generate_id ... ok
[INFO] [stdout] test id::tests::test_generate_numeric_id ... ok
[INFO] [stdout] test string::tests::test_truncate ... ok
[INFO] [stdout] test validation::tests::test_is_phone ... ok
[INFO] [stdout] test validation::tests::test_length_validators ... ok
[INFO] [stdout] test validation::tests::test_numeric_is_ascii_only ... ok
[INFO] [stdout] test validation::tests::test_is_url ... ok
[INFO] [stdout] 
[INFO] [stdout] test result: ok. 17 passed; 0 failed; 0 ignored; 0 measured; 0 filtered out; finished in 0.03s
[INFO] [stdout] 
[INFO] [stderr]    Doc-tests toxi_utils
[INFO] [stdout] 
[INFO] [stdout] running 40 tests
[INFO] [stdout] test src/date.rs - date::now (line 21) ... ok
[INFO] [stdout] test src/date.rs - date::unix_timestamp (line 62) ... ok
[INFO] [stdout] test src/date.rs - date::format_date (line 33) ... ok
[INFO] [stdout] test src/id.rs - id::generate_id (line 37) ... ok
[INFO] [stdout] test src/id.rs - id::generate_numeric_id (line 71) ... ok
[INFO] [stdout] test src/date.rs - date::unix_timestamp_millis (line 74) ... ok
[INFO] [stdout] test src/date.rs - date::parse_date (line 47) ... ok
[INFO] [stdout] test src/date.rs - date::is_expired (line 86) ... ok
[INFO] [stdout] test src/id.rs - id::generate_short_id (line 50) ... ok
[INFO] [stdout] test src/id.rs - id::generate_uuid (line 24) ... ok
[INFO] [stdout] test src/lib.rs - metrics (line 80) ... FAILED
[INFO] [stdout] test src/lib.rs - id (line 40) ... ok
[INFO] [stdout] test src/lib.rs - (line 8) ... ok
[INFO] [stdout] test src/lib.rs - id (line 27) ... ok
[INFO] [stdout] test src/lib.rs - date (line 17) ... ok
[INFO] [stdout] test src/lib.rs - date (line 29) ... ok
[INFO] [stdout] test src/lib.rs - metrics (line 65) ... ok
[INFO] [stdout] test src/lib.rs - string (line 37) ... ok
[INFO] [stdout] test src/metrics.rs - metrics::GLOBAL_METRICS (line 158) ... ok
[INFO] [stdout] test src/lib.rs - string (line 49) ... ok
[INFO] [stdout] test src/metrics.rs - metrics::MetricsRegistry::record_request (line 91) ... ok
[INFO] [stdout] test src/lib.rs - validation (line 58) ... ok
[INFO] [stdout] test src/metrics.rs - metrics::MetricsRegistry::get_snapshot (line 130) ... ok
[INFO] [stdout] test src/metrics.rs - metrics::MetricsRegistry (line 47) ... ok
[INFO] [stdout] test src/lib.rs - validation (line 46) ... ok
[INFO] [stdout] test src/string.rs - string::slugify (line 24) ... ok
[INFO] [stdout] test src/string.rs - string::random_string (line 92) ... ok
[INFO] [stdout] test src/string.rs - string::capitalize (line 74) ... ok
[INFO] [stdout] test src/metrics.rs - metrics::RouteMetrics (line 27) ... ok
[INFO] [stdout] test src/string.rs - string::camel_case (line 113) ... ok
[INFO] [stdout] test src/string.rs - string::truncate (line 54) ... ok
[INFO] [stdout] test src/string.rs - string::snake_case (line 138) ... ok
[INFO] [stdout] test src/validation.rs - validation::is_alphanumeric (line 86) ... ok
[INFO] [stdout] test src/validation.rs - validation::is_email (line 44) ... ok
[INFO] [stdout] test src/validation.rs - validation::is_url (line 57) ... ok
[INFO] [stdout] test src/validation.rs - validation::is_phone (line 72) ... ok
[INFO] [stdout] test src/validation.rs - validation::is_numeric (line 99) ... ok
[INFO] [stdout] test src/validation.rs - validation::max_length (line 124) ... ok
[INFO] [stdout] test src/validation.rs - validation::min_length (line 112) ... ok
[INFO] [stdout] test src/validation.rs - validation::length_between (line 136) ... ok
[INFO] [stdout] 
[INFO] [stdout] failures:
[INFO] [stdout] 
[INFO] [stdout] ---- src/lib.rs - metrics (line 80) stdout ----
[INFO] [stdout] error[E0277]: can't compare `&(u64, u64, u64, u64)` with `({integer}, {integer}, {integer}, {integer})`
[INFO] [stdout]   --> src/lib.rs:87:1
[INFO] [stdout]    |
[INFO] [stdout] 87 | assert_eq!(snapshot.get("/health").unwrap(), (1, 1, 0, 5));
[INFO] [stdout]    | ^^^^^^^^^^^^^^^^^^^^^^^^^^^^^^^^^^^^^^^^^^^^^^^^^^^^^^^^^^ no implementation for `&(u64, u64, u64, u64) == ({integer}, {integer}, {integer}, {integer})`
[INFO] [stdout]    |
[INFO] [stdout]    = help: the trait `PartialEq<({integer}, {integer}, {integer}, {integer})>` is not implemented for `&(u64, u64, u64, u64)`
[INFO] [stdout]    = help: the following other types implement trait `PartialEq<Rhs>`:
[INFO] [stdout]              (T₁, T₂, …, Tₙ) up to tuples of arity 12
[INFO] [stdout]            and 5 others
[INFO] [stdout] 
[INFO] [stdout] error: aborting due to 1 previous error
[INFO] [stdout] 
[INFO] [stdout] For more information about this error, try `rustc --explain E0277`.
[INFO] [stdout] Couldn't compile the test.
[INFO] [stdout] 
[INFO] [stdout] failures:
[INFO] [stdout]     src/lib.rs - metrics (line 80)
[INFO] [stdout] 
[INFO] [stdout] test result: FAILED. 39 passed; 1 failed; 0 ignored; 0 measured; 0 filtered out; finished in 6.03s
[INFO] [stdout] 
[INFO] [stderr] error: doctest failed, to rerun pass `--doc`
[INFO] running `Command { std: "docker" "inspect" "22fd305371d1b24a9695a0d2b22f294661ef9863eec18abdacf447007d79ecd7", kill_on_drop: false }`
[INFO] running `Command { std: "docker" "rm" "-f" "22fd305371d1b24a9695a0d2b22f294661ef9863eec18abdacf447007d79ecd7", kill_on_drop: false }`
[INFO] [stdout] 22fd305371d1b24a9695a0d2b22f294661ef9863eec18abdacf447007d79ecd7
