[INFO] fetching crate torii-storage-sqlite 0.5.2...
[INFO] testing torii-storage-sqlite-0.5.2 against 1.100.0-beta.1 for beta-1.100-2
[INFO] extracting crate torii-storage-sqlite 0.5.2 into /workspace/builds/worker-3-tc2/source
[INFO] started tweaking crates.io crate torii-storage-sqlite 0.5.2
[INFO] finished tweaking crates.io crate torii-storage-sqlite 0.5.2
[INFO] tweaked toml for crates.io crate torii-storage-sqlite 0.5.2 written to /workspace/builds/worker-3-tc2/source/Cargo.toml
[INFO] validating manifest of crates.io crate torii-storage-sqlite 0.5.2 on toolchain 1.100.0-beta.1
[INFO] running `Command { std: CARGO_HOME="/workspace/cargo-home" RUSTUP_HOME="/workspace/rustup-home" "/workspace/cargo-home/bin/cargo" "+1.100.0-beta.1" "metadata" "--manifest-path" "Cargo.toml" "--no-deps", kill_on_drop: false }`
[INFO] crate crates.io crate torii-storage-sqlite 0.5.2 already has a lockfile, it will not be regenerated
[INFO] running `Command { std: CARGO_HOME="/workspace/cargo-home" RUSTUP_HOME="/workspace/rustup-home" "/workspace/cargo-home/bin/cargo" "+1.100.0-beta.1" "fetch" "--manifest-path" "Cargo.toml", kill_on_drop: false }`
[INFO] running `Command { std: "docker" "create" "-v" "/var/lib/crater-agent-workspace/builds/worker-3-tc2/source:/opt/rustwide/workdir:ro,Z" "-v" "/var/lib/crater-agent-workspace/builds/worker-3-tc2/target:/opt/rustwide/target:rw,Z" "-v" "/var/lib/crater-agent-workspace/cargo-home:/opt/rustwide/cargo-home:ro,Z" "-v" "/var/lib/crater-agent-workspace/rustup-home:/opt/rustwide/rustup-home:ro,Z" "-m" "1610612736" "--network" "none" "ghcr.io/rust-lang/crates-build-env/linux@sha256:3111399a4047eeb3a02b7a90e478d715f38a8c6669b5c4b49d30a17385265909" "sleep" "infinity", kill_on_drop: false }`
[INFO] [stdout] be9b67273657268f658a80af4d2891410a94c38db49b3ddec09b2296b0dc3d4b
[INFO] running `Command { std: "docker" "start" "be9b67273657268f658a80af4d2891410a94c38db49b3ddec09b2296b0dc3d4b", kill_on_drop: false }`
[INFO] running `Command { std: "docker" "inspect" "be9b67273657268f658a80af4d2891410a94c38db49b3ddec09b2296b0dc3d4b", kill_on_drop: false }`
[INFO] running `Command { std: "docker" "exec" "-e" "SOURCE_DIR=/opt/rustwide/workdir" "-e" "CARGO_HOME=/opt/rustwide/cargo-home" "-e" "RUSTUP_HOME=/opt/rustwide/rustup-home" "-e" "CARGO_TARGET_DIR=/opt/rustwide/target" "-w" "/opt/rustwide/workdir" "--user" "0:0" "be9b67273657268f658a80af4d2891410a94c38db49b3ddec09b2296b0dc3d4b" "/opt/rustwide/cargo-home/bin/cargo" "+1.100.0-beta.1" "metadata" "--no-deps" "--format-version=1", kill_on_drop: false }`
[INFO] running `Command { std: "docker" "inspect" "be9b67273657268f658a80af4d2891410a94c38db49b3ddec09b2296b0dc3d4b", kill_on_drop: false }`
[INFO] running `Command { std: "docker" "exec" "-e" "SOURCE_DIR=/opt/rustwide/workdir" "-e" "CARGO_HOME=/opt/rustwide/cargo-home" "-e" "RUSTUP_HOME=/opt/rustwide/rustup-home" "-e" "CARGO_TARGET_DIR=/opt/rustwide/target" "-e" "CARGO_INCREMENTAL=0" "-e" "RUST_BACKTRACE=full" "-e" "RUSTFLAGS=--cap-lints=warn" "-e" "RUSTDOCFLAGS=--cap-lints=warn" "-w" "/opt/rustwide/workdir" "--user" "0:0" "be9b67273657268f658a80af4d2891410a94c38db49b3ddec09b2296b0dc3d4b" "/opt/rustwide/cargo-home/bin/cargo" "+1.100.0-beta.1" "build" "--frozen" "--message-format=json", kill_on_drop: false }`
[INFO] [stderr]    Compiling proc-macro2 v1.0.95
[INFO] [stderr]    Compiling unicode-ident v1.0.18
[INFO] [stderr]    Compiling libc v0.2.174
[INFO] [stderr]    Compiling cfg-if v1.0.1
[INFO] [stderr]    Compiling typenum v1.18.0
[INFO] [stderr]    Compiling serde v1.0.219
[INFO] [stderr]    Compiling cc v1.2.29
[INFO] [stderr]    Compiling thiserror v2.0.12
[INFO] [stderr]    Compiling futures-sink v0.3.31
[INFO] [stderr]    Compiling serde_json v1.0.140
[INFO] [stderr]    Compiling crossbeam-utils v0.8.21
[INFO] [stderr]    Compiling getrandom v0.3.3
[INFO] [stderr]    Compiling subtle v2.6.1
[INFO] [stderr]    Compiling iana-time-zone v0.1.63
[INFO] [stderr]    Compiling hashbrown v0.15.4
[INFO] [stderr]    Compiling parking v2.2.1
[INFO] [stderr]    Compiling log v0.4.27
[INFO] [stderr]    Compiling generic-array v0.14.7
[INFO] [stderr]    Compiling slab v0.4.10
[INFO] [stderr]    Compiling futures-io v0.3.31
[INFO] [stderr]    Compiling block-buffer v0.10.4
[INFO] [stderr]    Compiling quote v1.0.40
[INFO] [stderr]    Compiling crypto-common v0.1.6
[INFO] [stderr]    Compiling futures-util v0.3.31
[INFO] [stderr]    Compiling digest v0.10.7
[INFO] [stderr]    Compiling syn v2.0.104
[INFO] [stderr]    Compiling num-traits v0.2.19
[INFO] [stderr]    Compiling parking_lot_core v0.9.11
[INFO] [stderr]    Compiling mio v1.0.4
[INFO] [stderr]    Compiling socket2 v0.5.10
[INFO] [stderr]    Compiling parking_lot v0.12.4
[INFO] [stderr]    Compiling futures-intrusive v0.5.0
[INFO] [stderr]    Compiling libsqlite3-sys v0.30.1
[INFO] [stderr]    Compiling indexmap v2.10.0
[INFO] [stderr]    Compiling hashlink v0.10.0
[INFO] [stderr]    Compiling getrandom v0.2.16
[INFO] [stderr]    Compiling tokio v1.46.1
[INFO] [stderr]    Compiling concurrent-queue v2.5.0
[INFO] [stderr]    Compiling signal-hook-registry v1.4.5
[INFO] [stderr]    Compiling spin v0.9.8
[INFO] [stderr]    Compiling zerocopy v0.8.26
[INFO] [stderr]    Compiling sha2 v0.10.9
[INFO] [stderr]    Compiling flume v0.11.1
[INFO] [stderr]    Compiling event-listener v5.4.0
[INFO] [stderr]    Compiling crossbeam-queue v0.3.12
[INFO] [stderr]    Compiling chrono v0.4.41
[INFO] [stderr]    Compiling futures-channel v0.3.31
[INFO] [stderr]    Compiling uuid v1.17.0
[INFO] [stderr]    Compiling base64 v0.22.1
[INFO] [stderr]    Compiling time-core v0.1.4
[INFO] [stderr]    Compiling time-macros v0.2.22
[INFO] [stderr]    Compiling deranged v0.4.0
[INFO] [stderr]    Compiling futures-executor v0.3.31
[INFO] [stderr]    Compiling rand_core v0.6.4
[INFO] [stderr]    Compiling ring v0.17.14
[INFO] [stderr]    Compiling atoi v2.0.0
[INFO] [stderr]    Compiling num-integer v0.1.46
[INFO] [stderr]    Compiling base64ct v1.8.0
[INFO] [stderr]    Compiling time v0.3.41
[INFO] [stderr]    Compiling password-hash v0.5.0
[INFO] [stderr]    Compiling num-bigint v0.4.6
[INFO] [stderr]    Compiling rand_core v0.9.3
[INFO] [stderr]    Compiling ppv-lite86 v0.2.21
[INFO] [stderr]    Compiling blake2 v0.10.6
[INFO] [stderr]    Compiling aho-corasick v1.1.3
[INFO] [stderr]    Compiling synstructure v0.13.2
[INFO] [stderr]    Compiling tokio-stream v0.1.17
[INFO] [stderr]    Compiling dotenvy v0.15.7
[INFO] [stderr]    Compiling regex-syntax v0.8.5
[INFO] [stderr]    Compiling argon2 v0.5.3
[INFO] [stderr]    Compiling rand_chacha v0.9.0
[INFO] [stderr]    Compiling pem v3.0.5
[INFO] [stderr]    Compiling hashbrown v0.14.5
[INFO] [stderr]    Compiling zerofrom-derive v0.1.6
[INFO] [stderr]    Compiling yoke-derive v0.8.0
[INFO] [stderr]    Compiling zerovec-derive v0.11.1
[INFO] [stderr]    Compiling displaydoc v0.2.5
[INFO] [stderr]    Compiling serde_derive v1.0.219
[INFO] [stderr]    Compiling thiserror-impl v2.0.12
[INFO] [stderr]    Compiling tracing-attributes v0.1.30
[INFO] [stderr]    Compiling zerofrom v0.1.6
[INFO] [stderr]    Compiling tokio-macros v2.5.0
[INFO] [stderr]    Compiling yoke v0.8.0
[INFO] [stderr]    Compiling zerovec v0.11.2
[INFO] [stderr]    Compiling zerotrie v0.2.2
[INFO] [stderr]    Compiling regex-automata v0.4.9
[INFO] [stderr]    Compiling tracing v0.1.41
[INFO] [stderr]    Compiling simple_asn1 v0.6.3
[INFO] [stderr]    Compiling dashmap v6.1.0
[INFO] [stderr]    Compiling async-trait v0.1.88
[INFO] [stderr]    Compiling rand v0.9.1
[INFO] [stderr]    Compiling tinystr v0.8.1
[INFO] [stderr]    Compiling potential_utf v0.1.2
[INFO] [stderr]    Compiling icu_collections v2.0.0
[INFO] [stderr]    Compiling password-auth v1.0.0
[INFO] [stderr]    Compiling icu_locale_core v2.0.0
[INFO] [stderr]    Compiling downcast-rs v2.0.1
[INFO] [stderr]    Compiling b58 v0.1.2
[INFO] [stderr]    Compiling icu_provider v2.0.0
[INFO] [stderr]    Compiling icu_properties v2.0.1
[INFO] [stderr]    Compiling icu_normalizer v2.0.0
[INFO] [stderr]    Compiling regex v1.11.1
[INFO] [stderr]    Compiling idna_adapter v1.2.1
[INFO] [stderr]    Compiling idna v1.0.3
[INFO] [stderr]    Compiling url v2.5.4
[INFO] [stderr]    Compiling either v1.15.0
[INFO] [stderr]    Compiling serde_urlencoded v0.7.1
[INFO] [stderr]    Compiling sqlx-core v0.8.6
[INFO] [stderr]    Compiling jsonwebtoken v9.3.1
[INFO] [stderr]    Compiling torii-core v0.5.2
[INFO] [stderr]    Compiling sqlx-sqlite v0.8.6
[INFO] [stderr]    Compiling sqlx-macros-core v0.8.6
[INFO] [stderr]    Compiling sqlx-macros v0.8.6
[INFO] [stderr]    Compiling sqlx v0.8.6
[INFO] [stderr]    Compiling torii-migration v0.5.2
[INFO] [stderr]    Compiling torii-storage-sqlite v0.5.2 (/opt/rustwide/workdir)
[INFO] [stdout] warning: struct `CreateMagicLinksTable` is never constructed
[INFO] [stdout]    --> src/migrations/mod.rs:442:12
[INFO] [stdout]     |
[INFO] [stdout] 442 | pub struct CreateMagicLinksTable;
[INFO] [stdout]     |            ^^^^^^^^^^^^^^^^^^^^^
[INFO] [stdout]     |
[INFO] [stdout]     = note: `#[warn(dead_code)]` (part of `#[warn(unused)]`) on by default
[INFO] [stdout] 
[INFO] [stdout] 
[INFO] [stderr]     Finished `dev` profile [unoptimized + debuginfo] target(s) in 2m 09s
[INFO] running `Command { std: "docker" "inspect" "be9b67273657268f658a80af4d2891410a94c38db49b3ddec09b2296b0dc3d4b", kill_on_drop: false }`
[INFO] running `Command { std: "docker" "exec" "-e" "SOURCE_DIR=/opt/rustwide/workdir" "-e" "CARGO_HOME=/opt/rustwide/cargo-home" "-e" "RUSTUP_HOME=/opt/rustwide/rustup-home" "-e" "CARGO_TARGET_DIR=/opt/rustwide/target" "-e" "CARGO_INCREMENTAL=0" "-e" "RUST_BACKTRACE=full" "-e" "RUSTFLAGS=--cap-lints=warn" "-e" "RUSTDOCFLAGS=--cap-lints=warn" "-w" "/opt/rustwide/workdir" "--user" "0:0" "be9b67273657268f658a80af4d2891410a94c38db49b3ddec09b2296b0dc3d4b" "/opt/rustwide/cargo-home/bin/cargo" "+1.100.0-beta.1" "test" "--frozen" "--no-run" "--message-format=json", kill_on_drop: false }`
[INFO] [stderr]    Compiling tracing-core v0.1.34
[INFO] [stderr]    Compiling log v0.4.27
[INFO] [stderr]    Compiling thread_local v1.1.9
[INFO] [stderr]    Compiling tracing v0.1.41
[INFO] [stderr]    Compiling sqlx-core v0.8.6
[INFO] [stderr]    Compiling tracing-log v0.2.0
[INFO] [stderr]    Compiling tracing-subscriber v0.3.19
[INFO] [stderr]    Compiling torii-core v0.5.2
[INFO] [stderr]    Compiling sqlx-sqlite v0.8.6
[INFO] [stderr]    Compiling sqlx-macros-core v0.8.6
[INFO] [stderr]    Compiling sqlx-macros v0.8.6
[INFO] [stderr]    Compiling sqlx v0.8.6
[INFO] [stderr]    Compiling torii-migration v0.5.2
[INFO] [stderr]    Compiling torii-storage-sqlite v0.5.2 (/opt/rustwide/workdir)
[INFO] [stdout] warning: struct `CreateMagicLinksTable` is never constructed
[INFO] [stdout]    --> src/migrations/mod.rs:442:12
[INFO] [stdout]     |
[INFO] [stdout] 442 | pub struct CreateMagicLinksTable;
[INFO] [stdout]     |            ^^^^^^^^^^^^^^^^^^^^^
[INFO] [stdout]     |
[INFO] [stdout]     = note: `#[warn(dead_code)]` (part of `#[warn(unused)]`) on by default
[INFO] [stdout] 
[INFO] [stdout] 
[INFO] [stderr]     Finished `test` profile [unoptimized + debuginfo] target(s) in 34.69s
[INFO] running `Command { std: "docker" "inspect" "be9b67273657268f658a80af4d2891410a94c38db49b3ddec09b2296b0dc3d4b", kill_on_drop: false }`
[INFO] running `Command { std: "docker" "exec" "-e" "SOURCE_DIR=/opt/rustwide/workdir" "-e" "CARGO_HOME=/opt/rustwide/cargo-home" "-e" "RUSTUP_HOME=/opt/rustwide/rustup-home" "-e" "CARGO_TARGET_DIR=/opt/rustwide/target" "-e" "CARGO_INCREMENTAL=0" "-e" "RUST_BACKTRACE=full" "-e" "RUSTFLAGS=--cap-lints=warn" "-e" "RUSTDOCFLAGS=--cap-lints=warn" "-w" "/opt/rustwide/workdir" "--user" "0:0" "be9b67273657268f658a80af4d2891410a94c38db49b3ddec09b2296b0dc3d4b" "/opt/rustwide/cargo-home/bin/cargo" "+1.100.0-beta.1" "test" "--frozen", kill_on_drop: false }`
[INFO] [stderr] warning: struct `CreateMagicLinksTable` is never constructed
[INFO] [stderr]    --> src/migrations/mod.rs:442:12
[INFO] [stderr]     |
[INFO] [stderr] 442 | pub struct CreateMagicLinksTable;
[INFO] [stderr]     |            ^^^^^^^^^^^^^^^^^^^^^
[INFO] [stderr]     |
[INFO] [stderr]     = note: `#[warn(dead_code)]` (part of `#[warn(unused)]`) on by default
[INFO] [stderr] 
[INFO] [stderr] warning: `torii-storage-sqlite` (lib) generated 1 warning
[INFO] [stderr]     Finished `test` profile [unoptimized + debuginfo] target(s) in 0.29s
[INFO] [stderr]      Running unittests src/lib.rs (/opt/rustwide/target/debug/build/torii-storage-sqlite/825d7ce71a46652c/out/torii_storage_sqlite-825d7ce71a46652c)
[INFO] [stdout] 
[INFO] [stdout] running 14 tests
[INFO] [stdout] [2m2026-10-06T19:52:22.860338Z[0m [32m INFO[0m [2mtorii_storage_sqlite::migrations[0m[2m:[0m Applying migration CreateUsersTable (1)
[INFO] [stdout] [2m2026-10-06T19:52:22.862520Z[0m [32m INFO[0m [2mtorii_storage_sqlite::migrations[0m[2m:[0m Applying migration CreateUsersTable (1)
[INFO] [stdout] [2m2026-10-06T19:52:22.862832Z[0m [32m INFO[0m [2mtorii_storage_sqlite::migrations[0m[2m:[0m Applying migration CreateUsersTable (1)
[INFO] [stdout] [2m2026-10-06T19:52:22.863037Z[0m [32m INFO[0m [2mtorii_storage_sqlite::migrations[0m[2m:[0m Applying migration CreateUsersTable (1)
[INFO] [stdout] [2m2026-10-06T19:52:22.863449Z[0m [32m INFO[0m [2mtorii_storage_sqlite::migrations[0m[2m:[0m Applying migration CreateSessionsTable (2)
[INFO] [stdout] [2m2026-10-06T19:52:22.863727Z[0m [32m INFO[0m [2mtorii_storage_sqlite::migrations[0m[2m:[0m Applying migration CreateUsersTable (1)
[INFO] [stdout] [2m2026-10-06T19:52:22.864787Z[0m [32m INFO[0m [2mtorii_storage_sqlite::migrations[0m[2m:[0m Applying migration CreateSessionsTable (2)
[INFO] [stdout] [2m2026-10-06T19:52:22.865080Z[0m [32m INFO[0m [2mtorii_storage_sqlite::migrations[0m[2m:[0m Applying migration CreateUsersTable (1)
[INFO] [stdout] [2m2026-10-06T19:52:22.865253Z[0m [32m INFO[0m [2mtorii_storage_sqlite::migrations[0m[2m:[0m Applying migration CreateUsersTable (1)
[INFO] [stdout] [2m2026-10-06T19:52:22.866527Z[0m [32m INFO[0m [2mtorii_storage_sqlite::migrations[0m[2m:[0m Applying migration CreateSessionsTable (2)
[INFO] [stdout] [2m2026-10-06T19:52:22.866617Z[0m [32m INFO[0m [2mtorii_storage_sqlite::migrations[0m[2m:[0m Applying migration CreateOAuthAccountsTable (3)
[INFO] [stdout] [2m2026-10-06T19:52:22.866838Z[0m [32m INFO[0m [2mtorii_storage_sqlite::migrations[0m[2m:[0m Applying migration CreateSessionsTable (2)
[INFO] [stdout] [2m2026-10-06T19:52:22.866973Z[0m [32m INFO[0m [2mtorii_storage_sqlite::migrations[0m[2m:[0m Applying migration CreateSessionsTable (2)
[INFO] [stdout] [2m2026-10-06T19:52:22.867160Z[0m [32m INFO[0m [2mtorii_storage_sqlite::migrations[0m[2m:[0m Applying migration CreateSessionsTable (2)
[INFO] [stdout] [2m2026-10-06T19:52:22.867881Z[0m [32m INFO[0m [2mtorii_storage_sqlite::migrations[0m[2m:[0m Applying migration CreateSessionsTable (2)
[INFO] [stdout] [2m2026-10-06T19:52:22.869308Z[0m [32m INFO[0m [2mtorii_storage_sqlite::migrations[0m[2m:[0m Applying migration CreateOAuthAccountsTable (3)
[INFO] [stdout] [2m2026-10-06T19:52:22.869346Z[0m [32m INFO[0m [2mtorii_storage_sqlite::migrations[0m[2m:[0m Applying migration CreateOAuthAccountsTable (3)
[INFO] [stdout] [2m2026-10-06T19:52:22.869640Z[0m [32m INFO[0m [2mtorii_storage_sqlite::migrations[0m[2m:[0m Applying migration CreateOAuthAccountsTable (3)
[INFO] [stdout] [2m2026-10-06T19:52:22.870033Z[0m [32m INFO[0m [2mtorii_storage_sqlite::migrations[0m[2m:[0m Applying migration CreateOAuthAccountsTable (3)
[INFO] [stdout] [2m2026-10-06T19:52:22.870302Z[0m [32m INFO[0m [2mtorii_storage_sqlite::migrations[0m[2m:[0m Applying migration CreateOAuthAccountsTable (3)
[INFO] [stdout] [2m2026-10-06T19:52:22.870540Z[0m [32m INFO[0m [2mtorii_storage_sqlite::migrations[0m[2m:[0m Applying migration CreatePasskeysTable (4)
[INFO] [stdout] [2m2026-10-06T19:52:22.872137Z[0m [32m INFO[0m [2mtorii_storage_sqlite::migrations[0m[2m:[0m Applying migration CreateOAuthAccountsTable (3)
[INFO] [stdout] [2m2026-10-06T19:52:22.872504Z[0m [32m INFO[0m [2mtorii_storage_sqlite::migrations[0m[2m:[0m Applying migration CreatePasskeysTable (4)
[INFO] [stdout] [2m2026-10-06T19:52:22.873425Z[0m [31mERROR[0m [2mtorii_storage_sqlite::oauth[0m[2m:[0m Failed to link oauth account [3merror[0m[2m=[0merror returned from database: (code: 2067) UNIQUE constraint failed: oauth_accounts.user_id, oauth_accounts.provider, oauth_accounts.subject
[INFO] [stdout] [2m2026-10-06T19:52:22.873517Z[0m [32m INFO[0m [2mtorii_storage_sqlite::migrations[0m[2m:[0m Applying migration CreatePasskeyChallengesTable (5)
[INFO] [stdout] [2m2026-10-06T19:52:22.874604Z[0m [32m INFO[0m [2mtorii_storage_sqlite::migrations[0m[2m:[0m Applying migration CreatePasskeysTable (4)
[INFO] [stdout] test oauth::tests::test_oauth_account_linking ... ok
[INFO] [stdout] [2m2026-10-06T19:52:22.875079Z[0m [32m INFO[0m [2mtorii_storage_sqlite::migrations[0m[2m:[0m Applying migration CreatePasskeysTable (4)
[INFO] [stdout] [2m2026-10-06T19:52:22.875086Z[0m [32m INFO[0m [2mtorii_storage_sqlite::migrations[0m[2m:[0m Applying migration CreatePasskeyChallengesTable (5)
[INFO] [stdout] [2m2026-10-06T19:52:22.875477Z[0m [32m INFO[0m [2mtorii_storage_sqlite::migrations[0m[2m:[0m Applying migration CreateIndexes (6)
[INFO] [stdout] [2m2026-10-06T19:52:22.876230Z[0m [32m INFO[0m [2mtorii_storage_sqlite::migrations[0m[2m:[0m Applying migration CreatePasskeyChallengesTable (5)
[INFO] [stdout] [2m2026-10-06T19:52:22.876654Z[0m [32m INFO[0m [2mtorii_storage_sqlite::migrations[0m[2m:[0m Applying migration CreateIndexes (6)
[INFO] [stdout] test oauth::tests::test_pkce_verifier ... ok
[INFO] [stdout] [2m2026-10-06T19:52:22.877458Z[0m [32m INFO[0m [2mtorii_storage_sqlite::migrations[0m[2m:[0m Applying migration CreatePasskeyChallengesTable (5)
[INFO] [stdout] test password::tests::test_password_hash ... ok
[INFO] [stdout] [2m2026-10-06T19:52:22.879082Z[0m [32m INFO[0m [2mtorii_storage_sqlite::migrations[0m[2m:[0m Applying migration CreateIndexes (6)
[INFO] [stdout] [2m2026-10-06T19:52:22.880922Z[0m [32m INFO[0m [2mtorii_storage_sqlite::migrations[0m[2m:[0m Applying migration CreateIndexes (6)
[INFO] [stdout] [2m2026-10-06T19:52:22.881483Z[0m [32m INFO[0m [2mtorii_storage_sqlite::migrations[0m[2m:[0m Applying migration CreateUsersTable (1)
[INFO] [stdout] test passkey::tests::test_add_and_get_passkey ... ok
[INFO] [stdout] [2m2026-10-06T19:52:22.881715Z[0m [32m INFO[0m [2mtorii_storage_sqlite::migrations[0m[2m:[0m Applying migration CreateMagicLinksTable (7)
[INFO] [stdout] [2m2026-10-06T19:52:22.883163Z[0m [32m INFO[0m [2mtorii_storage_sqlite::migrations[0m[2m:[0m Applying migration CreateUsersTable (1)
[INFO] [stdout] [2m2026-10-06T19:52:22.884738Z[0m [32m INFO[0m [2mtorii_storage_sqlite::migrations[0m[2m:[0m Applying migration CreateSessionsTable (2)
[INFO] [stdout] [2m2026-10-06T19:52:22.885356Z[0m [32m INFO[0m [2mtorii_storage_sqlite::migrations[0m[2m:[0m Applying migration CreateMagicLinksTable (7)
[INFO] [stdout] test passkey::tests::test_set_and_get_passkey_challenge ... ok
[INFO] [stdout] [2m2026-10-06T19:52:22.885453Z[0m [32m INFO[0m [2mtorii_storage_sqlite::migrations[0m[2m:[0m Rolling back migration CreateUsersTable (1)
[INFO] [stdout] [2m2026-10-06T19:52:22.885626Z[0m [32m INFO[0m [2mtorii_storage_sqlite::migrations[0m[2m:[0m Applying migration CreateUsersTable (1)
[INFO] [stdout] [2m2026-10-06T19:52:22.886026Z[0m [32m INFO[0m [2mtorii_storage_sqlite::migrations[0m[2m:[0m Applying migration CreateSessionsTable (2)
[INFO] [stdout] [2m2026-10-06T19:52:22.888140Z[0m [32m INFO[0m [2mtorii_storage_sqlite::migrations[0m[2m:[0m Rolling back migration CreateSessionsTable (2)
[INFO] [stdout] [2m2026-10-06T19:52:22.888331Z[0m [32m INFO[0m [2mtorii_storage_sqlite::migrations[0m[2m:[0m Applying migration CreateUsersTable (1)
[INFO] [stdout] [2m2026-10-06T19:52:22.890256Z[0m [32m INFO[0m [2mtorii_storage_sqlite::migrations[0m[2m:[0m Rolling back migration CreateUsersTable (1)
[INFO] [stdout] [2m2026-10-06T19:52:22.890405Z[0m [32m INFO[0m [2mtorii_storage_sqlite::migrations[0m[2m:[0m Rolling back migration CreateOAuthAccountsTable (3)
[INFO] [stdout] [2m2026-10-06T19:52:22.890450Z[0m [32m INFO[0m [2mtorii_storage_sqlite::migrations[0m[2m:[0m Applying migration CreateOAuthAccountsTable (3)
[INFO] [stdout] [2m2026-10-06T19:52:22.892114Z[0m [32m INFO[0m [2mtorii_storage_sqlite::migrations[0m[2m:[0m Applying migration CreateUsersTable (1)
[INFO] [stdout] [2m2026-10-06T19:52:22.892191Z[0m [32m INFO[0m [2mtorii_storage_sqlite::migrations[0m[2m:[0m Applying migration CreateSessionsTable (2)
[INFO] [stdout] [2m2026-10-06T19:52:22.893940Z[0m [32m INFO[0m [2mtorii_storage_sqlite::migrations[0m[2m:[0m Rolling back migration CreatePasskeysTable (4)
[INFO] [stdout] [2m2026-10-06T19:52:22.894415Z[0m [32m INFO[0m [2mtorii_storage_sqlite::migrations[0m[2m:[0m Rolling back migration CreateSessionsTable (2)
[INFO] [stdout] [2m2026-10-06T19:52:22.894726Z[0m [32m INFO[0m [2mtorii_storage_sqlite::migrations[0m[2m:[0m Applying migration CreateOAuthAccountsTable (3)
[INFO] [stdout] [2m2026-10-06T19:52:22.894772Z[0m [32m INFO[0m [2mtorii_storage_sqlite::migrations[0m[2m:[0m Applying migration CreateSessionsTable (2)
[INFO] [stdout] [2m2026-10-06T19:52:22.895753Z[0m [32m INFO[0m [2mtorii_storage_sqlite::migrations[0m[2m:[0m Rolling back migration CreatePasskeyChallengesTable (5)
[INFO] [stdout] [2m2026-10-06T19:52:22.896476Z[0m [32m INFO[0m [2mtorii_storage_sqlite::migrations[0m[2m:[0m Rolling back migration CreateOAuthAccountsTable (3)
[INFO] [stdout] [2m2026-10-06T19:52:22.897678Z[0m [32m INFO[0m [2mtorii_storage_sqlite::migrations[0m[2m:[0m Rolling back migration CreateIndexes (6)
[INFO] [stdout] [2m2026-10-06T19:52:22.898260Z[0m [32m INFO[0m [2mtorii_storage_sqlite::migrations[0m[2m:[0m Rolling back migration CreatePasskeysTable (4)
[INFO] [stdout] [2m2026-10-06T19:52:22.899398Z[0m [32m INFO[0m [2mtorii_storage_sqlite::migrations[0m[2m:[0m Rolling back migration CreateMagicLinksTable (7)
[INFO] [stdout] [2m2026-10-06T19:52:22.900075Z[0m [32m INFO[0m [2mtorii_storage_sqlite::migrations[0m[2m:[0m Rolling back migration CreatePasskeyChallengesTable (5)
[INFO] [stdout] [2m2026-10-06T19:52:22.900857Z[0m [32m INFO[0m [2mtorii_storage_sqlite::migrations[0m[2m:[0m Applying migration CreateOAuthAccountsTable (3)
[INFO] [stdout] [2m2026-10-06T19:52:22.901161Z[0m [32m INFO[0m [2mtorii_storage_sqlite::migrations[0m[2m:[0m Applying migration CreateUsersTable (1)
[INFO] [stdout] [2m2026-10-06T19:52:22.901280Z[0m [32m INFO[0m [2mtorii_storage_sqlite::migrations[0m[2m:[0m Applying migration CreateOAuthAccountsTable (3)
[INFO] [stdout] [2m2026-10-06T19:52:22.901486Z[0m [32m INFO[0m [2mtorii_storage_sqlite::migrations[0m[2m:[0m Applying migration CreateSessionsTable (2)
[INFO] [stdout] [2m2026-10-06T19:52:22.902570Z[0m [32m INFO[0m [2mtorii_storage_sqlite::migrations[0m[2m:[0m Rolling back migration CreateIndexes (6)
[INFO] [stdout] [2m2026-10-06T19:52:22.903709Z[0m [32m INFO[0m [2mtorii_storage_sqlite::migrations[0m[2m:[0m Rolling back migration CreateMagicLinksTable (7)
[INFO] [stdout] [2m2026-10-06T19:52:22.903783Z[0m [32m INFO[0m [2mtorii_storage_sqlite::migrations[0m[2m:[0m Applying migration CreateOAuthAccountsTable (3)
[INFO] [stdout] [2m2026-10-06T19:52:22.905373Z[0m [32m INFO[0m [2mtorii_storage_sqlite::migrations[0m[2m:[0m Applying migration CreateSessionsTable (2)
[INFO] [stdout] [2m2026-10-06T19:52:22.906212Z[0m [31mERROR[0m [2mtorii_storage_sqlite::session[0m[2m:[0m Failed to get session [3merror[0m[2m=[0mno rows returned by a query that expected to return at least one row
[INFO] [stdout] [2m2026-10-06T19:52:22.906513Z[0m [31mERROR[0m [2mtorii_storage_sqlite::session[0m[2m:[0m Failed to get session [3merror[0m[2m=[0mno rows returned by a query that expected to return at least one row
[INFO] [stdout] test password::tests::test_password_hash_update ... ok
[INFO] [stdout] [2m2026-10-06T19:52:22.906811Z[0m [31mERROR[0m [2mtorii_storage_sqlite::session[0m[2m:[0m Failed to get session [3merror[0m[2m=[0mno rows returned by a query that expected to return at least one row
[INFO] [stdout] [2m2026-10-06T19:52:22.907186Z[0m [32m INFO[0m [2mtorii_storage_sqlite::migrations[0m[2m:[0m Applying migration CreateOAuthAccountsTable (3)
[INFO] [stdout] test session::test::test_sqlite_session_cleanup ... ok
[INFO] [stdout] test session::test::test_delete_sessions_for_user ... ok
[INFO] [stdout] [2m2026-10-06T19:52:22.907900Z[0m [31mERROR[0m [2mtorii_storage_sqlite::session[0m[2m:[0m Failed to get session [3merror[0m[2m=[0mno rows returned by a query that expected to return at least one row
[INFO] [stdout] test migrations::tests::test_migrations ... ok
[INFO] [stdout] test session::test::test_sqlite_session_storage ... ok
[INFO] [stdout] test tests::test_sqlite_storage ... ok
[INFO] [stdout] [2m2026-10-06T19:52:22.911241Z[0m [32m INFO[0m [2mtorii_storage_sqlite::migrations[0m[2m:[0m Applying migration CreateUsersTable (1)
[INFO] [stdout] [2m2026-10-06T19:52:22.912131Z[0m [32m INFO[0m [2mtorii_storage_sqlite::migrations[0m[2m:[0m Applying migration CreatePasskeysTable (4)
[INFO] [stdout] [2m2026-10-06T19:52:22.912460Z[0m [32m INFO[0m [2mtorii_storage_sqlite::migrations[0m[2m:[0m Applying migration CreateSessionsTable (2)
[INFO] [stdout] [2m2026-10-06T19:52:22.913380Z[0m [32m INFO[0m [2mtorii_storage_sqlite::migrations[0m[2m:[0m Applying migration CreateOAuthAccountsTable (3)
[INFO] [stdout] [2m2026-10-06T19:52:22.913812Z[0m [32m INFO[0m [2mtorii_storage_sqlite::migrations[0m[2m:[0m Applying migration CreatePasskeyChallengesTable (5)
[INFO] [stdout] [2m2026-10-06T19:52:22.914805Z[0m [32m INFO[0m [2mtorii_storage_sqlite::migrations[0m[2m:[0m Applying migration CreateIndexes (6)
[INFO] [stdout] [2m2026-10-06T19:52:22.916637Z[0m [32m INFO[0m [2mtorii_storage_sqlite::migrations[0m[2m:[0m Applying migration CreateMagicLinksTable (7)
[INFO] [stdout] test migrations::tests::test_up_down_up ... ok
[INFO] [stdout] [2m2026-10-06T19:52:22.924559Z[0m [32m INFO[0m [2mtorii_storage_sqlite::migrations[0m[2m:[0m Applying migration CreateUsersTable (1)
[INFO] [stdout] [2m2026-10-06T19:52:22.925796Z[0m [32m INFO[0m [2mtorii_storage_sqlite::migrations[0m[2m:[0m Applying migration CreateSessionsTable (2)
[INFO] [stdout] [2m2026-10-06T19:52:22.926626Z[0m [32m INFO[0m [2mtorii_storage_sqlite::migrations[0m[2m:[0m Applying migration CreateOAuthAccountsTable (3)
[INFO] [stdout] test oauth::tests::test_multiple_oauth_providers ... ok
[INFO] [stdout] test tests::test_timestamps_are_set_correctly ... ok
[INFO] [stdout] 
[INFO] [stdout] test result: ok. 14 passed; 0 failed; 0 ignored; 0 measured; 0 filtered out; finished in 1.06s
[INFO] [stdout] 
[INFO] [stderr]    Doc-tests torii_storage_sqlite
[INFO] [stdout] 
[INFO] [stdout] running 1 test
[INFO] [stdout] test src/lib.rs - (line 19) - compile ... FAILED
[INFO] [stdout] 
[INFO] [stdout] failures:
[INFO] [stdout] 
[INFO] [stdout] ---- src/lib.rs - (line 19) stdout ----
[INFO] [stdout] error[E0433]: cannot find module or crate `torii` in this scope
[INFO] [stdout]   --> src/lib.rs:34:17
[INFO] [stdout]    |
[INFO] [stdout] 34 |     let torii = torii::Torii::new(repositories);
[INFO] [stdout]    |                 ^^^^^ use of unresolved module or unlinked crate `torii`
[INFO] [stdout]    |
[INFO] [stdout]    = help: if you wanted to use a crate named `torii`, use `cargo add torii` to add it to your `Cargo.toml`
[INFO] [stdout] 
[INFO] [stdout] error: aborting due to 1 previous error
[INFO] [stdout] 
[INFO] [stdout] For more information about this error, try `rustc --explain E0433`.
[INFO] [stdout] Couldn't compile the test.
[INFO] [stdout] 
[INFO] [stdout] failures:
[INFO] [stdout]     src/lib.rs - (line 19)
[INFO] [stdout] 
[INFO] [stdout] test result: FAILED. 0 passed; 1 failed; 0 ignored; 0 measured; 0 filtered out; finished in 0.23s
[INFO] [stdout] 
[INFO] [stdout] all doctests ran in 0.43s; merged doctests compilation took 0.20s
[INFO] [stderr] error: doctest failed, to rerun pass `--doc`
[INFO] running `Command { std: "docker" "inspect" "be9b67273657268f658a80af4d2891410a94c38db49b3ddec09b2296b0dc3d4b", kill_on_drop: false }`
[INFO] running `Command { std: "docker" "rm" "-f" "be9b67273657268f658a80af4d2891410a94c38db49b3ddec09b2296b0dc3d4b", kill_on_drop: false }`
[INFO] [stdout] be9b67273657268f658a80af4d2891410a94c38db49b3ddec09b2296b0dc3d4b
