[INFO] fetching crate toml-pretty-deser 0.4.0...
[INFO] testing toml-pretty-deser-0.4.0 against 1.99.0-beta.8 for beta-1.100-2
[INFO] extracting crate toml-pretty-deser 0.4.0 into /workspace/builds/worker-4-tc1/source
[INFO] started tweaking crates.io crate toml-pretty-deser 0.4.0
[INFO] removed 0 missing examples
[INFO] removed 0 missing tests
[INFO] finished tweaking crates.io crate toml-pretty-deser 0.4.0
[INFO] tweaked toml for crates.io crate toml-pretty-deser 0.4.0 written to /workspace/builds/worker-4-tc1/source/Cargo.toml
[INFO] validating manifest of crates.io crate toml-pretty-deser 0.4.0 on toolchain 1.99.0-beta.8
[INFO] running `Command { std: CARGO_HOME="/workspace/cargo-home" RUSTUP_HOME="/workspace/rustup-home" "/workspace/cargo-home/bin/cargo" "+1.99.0-beta.8" "metadata" "--manifest-path" "Cargo.toml" "--no-deps", kill_on_drop: false }`
[INFO] crate crates.io crate toml-pretty-deser 0.4.0 already has a lockfile, it will not be regenerated
[INFO] running `Command { std: CARGO_HOME="/workspace/cargo-home" RUSTUP_HOME="/workspace/rustup-home" "/workspace/cargo-home/bin/cargo" "+1.99.0-beta.8" "fetch" "--manifest-path" "Cargo.toml", kill_on_drop: false }`
[INFO] [stderr]     Updating crates.io index
[INFO] [stderr]  Downloading crates ...
[INFO] [stderr]   Downloaded toml-pretty-deser-macros v0.4.0
[INFO] [stderr]   Downloaded trybuild v1.0.115
[INFO] [stderr]   Downloaded mutants v0.0.4
[INFO] [stderr]   Downloaded codesnake v0.2.1
[INFO] [stderr]   Downloaded toml_edit v0.24.0+spec-1.1.0
[INFO] [stderr]   Downloaded insta v1.46.3
[INFO] running `Command { std: "docker" "create" "-v" "/var/lib/crater-agent-workspace/builds/worker-4-tc1/source:/opt/rustwide/workdir:ro,Z" "-v" "/var/lib/crater-agent-workspace/builds/worker-4-tc1/target:/opt/rustwide/target:rw,Z" "-v" "/var/lib/crater-agent-workspace/cargo-home:/opt/rustwide/cargo-home:ro,Z" "-v" "/var/lib/crater-agent-workspace/rustup-home:/opt/rustwide/rustup-home:ro,Z" "-m" "1610612736" "--network" "none" "ghcr.io/rust-lang/crates-build-env/linux@sha256:3111399a4047eeb3a02b7a90e478d715f38a8c6669b5c4b49d30a17385265909" "sleep" "infinity", kill_on_drop: false }`
[INFO] [stdout] a7cd8b8407a885c58bad53a65057903e2c2263311f02879ba716d591e2025a2b
[INFO] running `Command { std: "docker" "start" "a7cd8b8407a885c58bad53a65057903e2c2263311f02879ba716d591e2025a2b", kill_on_drop: false }`
[INFO] running `Command { std: "docker" "inspect" "a7cd8b8407a885c58bad53a65057903e2c2263311f02879ba716d591e2025a2b", kill_on_drop: false }`
[INFO] running `Command { std: "docker" "exec" "-e" "SOURCE_DIR=/opt/rustwide/workdir" "-e" "CARGO_HOME=/opt/rustwide/cargo-home" "-e" "RUSTUP_HOME=/opt/rustwide/rustup-home" "-e" "CARGO_TARGET_DIR=/opt/rustwide/target" "-w" "/opt/rustwide/workdir" "--user" "0:0" "a7cd8b8407a885c58bad53a65057903e2c2263311f02879ba716d591e2025a2b" "/opt/rustwide/cargo-home/bin/cargo" "+1.99.0-beta.8" "metadata" "--no-deps" "--format-version=1", kill_on_drop: false }`
[INFO] running `Command { std: "docker" "inspect" "a7cd8b8407a885c58bad53a65057903e2c2263311f02879ba716d591e2025a2b", kill_on_drop: false }`
[INFO] running `Command { std: "docker" "exec" "-e" "SOURCE_DIR=/opt/rustwide/workdir" "-e" "CARGO_HOME=/opt/rustwide/cargo-home" "-e" "RUSTUP_HOME=/opt/rustwide/rustup-home" "-e" "CARGO_TARGET_DIR=/opt/rustwide/target" "-e" "CARGO_INCREMENTAL=0" "-e" "RUST_BACKTRACE=full" "-e" "RUSTFLAGS=--cap-lints=warn" "-e" "RUSTDOCFLAGS=--cap-lints=warn" "-w" "/opt/rustwide/workdir" "--user" "0:0" "a7cd8b8407a885c58bad53a65057903e2c2263311f02879ba716d591e2025a2b" "/opt/rustwide/cargo-home/bin/cargo" "+1.99.0-beta.8" "build" "--frozen" "--message-format=json", kill_on_drop: false }`
[INFO] [stderr]    Compiling proc-macro2 v1.0.106
[INFO] [stderr]    Compiling toml_parser v1.0.6+spec-1.1.0
[INFO] [stderr]    Compiling toml_datetime v0.7.5+spec-1.1.0
[INFO] [stderr]    Compiling codesnake v0.2.1
[INFO] [stderr]    Compiling unicode-width v0.2.2
[INFO] [stderr]    Compiling mutants v0.0.4
[INFO] [stderr]    Compiling quote v1.0.44
[INFO] [stderr]    Compiling toml_edit v0.24.0+spec-1.1.0
[INFO] [stderr]    Compiling syn v2.0.114
[INFO] [stderr]    Compiling toml-pretty-deser-macros v0.4.0
[INFO] [stderr]    Compiling toml-pretty-deser v0.4.0 (/opt/rustwide/workdir)
[INFO] [stderr]     Finished `dev` profile [unoptimized + debuginfo] target(s) in 11.16s
[INFO] running `Command { std: "docker" "inspect" "a7cd8b8407a885c58bad53a65057903e2c2263311f02879ba716d591e2025a2b", kill_on_drop: false }`
[INFO] running `Command { std: "docker" "exec" "-e" "SOURCE_DIR=/opt/rustwide/workdir" "-e" "CARGO_HOME=/opt/rustwide/cargo-home" "-e" "RUSTUP_HOME=/opt/rustwide/rustup-home" "-e" "CARGO_TARGET_DIR=/opt/rustwide/target" "-e" "CARGO_INCREMENTAL=0" "-e" "RUST_BACKTRACE=full" "-e" "RUSTFLAGS=--cap-lints=warn" "-e" "RUSTDOCFLAGS=--cap-lints=warn" "-w" "/opt/rustwide/workdir" "--user" "0:0" "a7cd8b8407a885c58bad53a65057903e2c2263311f02879ba716d591e2025a2b" "/opt/rustwide/cargo-home/bin/cargo" "+1.99.0-beta.8" "test" "--frozen" "--no-run" "--message-format=json", kill_on_drop: false }`
[INFO] [stderr]    Compiling serde_core v1.0.228
[INFO] [stderr]    Compiling libc v0.2.180
[INFO] [stderr]    Compiling zmij v1.0.19
[INFO] [stderr]    Compiling rustix v1.1.3
[INFO] [stderr]    Compiling linux-raw-sys v0.11.0
[INFO] [stderr]    Compiling bitflags v2.10.0
[INFO] [stderr]    Compiling target-triple v1.0.0
[INFO] [stderr]    Compiling serde_json v1.0.149
[INFO] [stderr]    Compiling serde_derive v1.0.228
[INFO] [stderr]    Compiling similar v2.7.0
[INFO] [stderr]    Compiling getrandom v0.3.4
[INFO] [stderr]    Compiling console v0.15.11
[INFO] [stderr]    Compiling tempfile v3.24.0
[INFO] [stderr]    Compiling toml_datetime v0.7.5+spec-1.1.0
[INFO] [stderr]    Compiling serde v1.0.228
[INFO] [stderr]    Compiling serde_spanned v1.0.4
[INFO] [stderr]    Compiling toml v0.9.11+spec-1.1.0
[INFO] [stderr]    Compiling toml_edit v0.24.0+spec-1.1.0
[INFO] [stderr]    Compiling insta v1.46.3
[INFO] [stderr]    Compiling toml-pretty-deser v0.4.0 (/opt/rustwide/workdir)
[INFO] [stderr]    Compiling trybuild v1.0.115
[INFO] [stderr]     Finished `test` profile [unoptimized + debuginfo] target(s) in 1m 01s
[INFO] running `Command { std: "docker" "inspect" "a7cd8b8407a885c58bad53a65057903e2c2263311f02879ba716d591e2025a2b", kill_on_drop: false }`
[INFO] running `Command { std: "docker" "exec" "-e" "SOURCE_DIR=/opt/rustwide/workdir" "-e" "CARGO_HOME=/opt/rustwide/cargo-home" "-e" "RUSTUP_HOME=/opt/rustwide/rustup-home" "-e" "CARGO_TARGET_DIR=/opt/rustwide/target" "-e" "CARGO_INCREMENTAL=0" "-e" "RUST_BACKTRACE=full" "-e" "RUSTFLAGS=--cap-lints=warn" "-e" "RUSTDOCFLAGS=--cap-lints=warn" "-w" "/opt/rustwide/workdir" "--user" "0:0" "a7cd8b8407a885c58bad53a65057903e2c2263311f02879ba716d591e2025a2b" "/opt/rustwide/cargo-home/bin/cargo" "+1.99.0-beta.8" "test" "--frozen", kill_on_drop: false }`
[INFO] [stderr]     Finished `test` profile [unoptimized + debuginfo] target(s) in 0.13s
[INFO] [stderr]      Running unittests src/lib.rs (/opt/rustwide/target/debug/deps/toml_pretty_deser-06682250116c43da)
[INFO] [stdout] 
[INFO] [stdout] running 2 tests
[INFO] [stdout] test case::tests::test_normalize_no_case ... ok
[INFO] [stdout] test case::tests::test_field_match_mode ... ok
[INFO] [stdout] 
[INFO] [stdout] test result: ok. 2 passed; 0 failed; 0 ignored; 0 measured; 0 filtered out; finished in 0.00s
[INFO] [stdout] 
[INFO] [stderr]      Running tests/a01.rs (/opt/rustwide/target/debug/deps/a01-bb9993fd074ee460)
[INFO] [stdout] 
[INFO] [stdout] running 43 tests
[INFO] [stdout] test test_adapt_inner ... ok
[INFO] [stdout] test test_absorb_remaining_none ... ok
[INFO] [stdout] test test_absorb_remaining ... ok
[INFO] [stdout] test test_basic_alias ... ok
[INFO] [stdout] test test_basic_happy ... ok
[INFO] [stdout] test test_box_nested_happy ... ok
[INFO] [stdout] test test_box_nested_inline_table ... ok
[INFO] [stdout] test test_basic_alias_anycase ... ok
[INFO] [stdout] test test_adapt_inner_wrong_types ... ok
[INFO] [stdout] test test_absorb_remaining_bad ... ok
[INFO] [stdout] test test_basic_missing ... ok
[INFO] [stdout] test test_box_nested_inner_field_missing ... ok
[INFO] [stdout] test test_basic_unknown_in_nested ... ok
[INFO] [stdout] test test_box_nested_missing ... ok
[INFO] [stdout] test test_basic_unknown ... ok
[INFO] [stdout] test test_default ... ok
[INFO] [stdout] test test_error_in_map ... ok
[INFO] [stdout] test test_nested_unit_field ... ok
[INFO] [stdout] test test_error_in_opt ... ok
[INFO] [stdout] test test_map ... ok
[INFO] [stdout] test test_box_nested_wrong_type ... ok
[INFO] [stdout] test test_map_erroron_key ... ok
[INFO] [stdout] test test_options_left_off ... ok
[INFO] [stdout] test test_error_in_vec ... ok
[INFO] [stdout] test test_other_outer ... ok
[INFO] [stdout] test test_map_validation_failure ... ok
[INFO] [stdout] test test_tagged_enum_kind_a ... ok
[INFO] [stdout] test test_tagged_enum_alias ... ok
[INFO] [stdout] test test_skipped_enum_kinds ... ok
[INFO] [stdout] test test_map_nested ... ok
[INFO] [stdout] test test_options ... ok
[INFO] [stdout] test test_struct_is_no_table ... ok
[INFO] [stdout] test test_options_fail ... ok
[INFO] [stdout] test test_tagged_enum_invalid_kind ... ok
[INFO] [stdout] test test_tagged_enum_kind_b ... ok
[INFO] [stdout] test test_verify_fail ... ok
[INFO] [stdout] test test_vec_of_nested_structs ... ok
[INFO] [stdout] test test_vec_of_tagged_enums ... ok
[INFO] [stdout] test test_types ... ok
[INFO] [stdout] test test_verify ... ok
[INFO] [stdout] test test_tryfrom_failure ... ok
[INFO] [stdout] test test_tagged_enum_struct_fail ... ok
[INFO] [stdout] test test_unit_field ... ok
[INFO] [stdout] 
[INFO] [stdout] test result: ok. 43 passed; 0 failed; 0 ignored; 0 measured; 0 filtered out; finished in 0.14s
[INFO] [stdout] 
[INFO] [stderr]      Running tests/b01.rs (/opt/rustwide/target/debug/deps/b01-8561c7c83ca7da30)
[INFO] [stdout] 
[INFO] [stdout] running 49 tests
[INFO] [stdout] test test_basic_alias ... ok
[INFO] [stdout] test test_absorb_remaining_none ... ok
[INFO] [stdout] test test_basic_happy ... ok
[INFO] [stdout] test test_absorb_remaining ... ok
[INFO] [stdout] test test_box_nested_happy ... ok
[INFO] [stdout] test test_box_nested_inline_table ... ok
[INFO] [stdout] test test_adapt_inner ... ok
[INFO] [stdout] test test_adapt_inner_wrong_types ... ok
[INFO] [stdout] test test_basic_alias_anycase ... ok
[INFO] [stdout] test test_basic_unknown ... ok
[INFO] [stdout] test test_absorb_remaining_bad ... ok
[INFO] [stdout] test test_basic_missing ... ok
[INFO] [stdout] test test_box_nested_inner_field_missing ... ok
[INFO] [stdout] test test_box_nested_missing ... ok
[INFO] [stdout] test test_basic_unknown_in_nested ... ok
[INFO] [stdout] test test_default ... ok
[INFO] [stdout] test test_error_in_opt ... ok
[INFO] [stdout] test test_boxed_tagged_enum ... ok
[INFO] [stdout] test test_enum_aliases ... ok
[INFO] [stdout] test test_error_in_map ... ok
[INFO] [stdout] test test_box_nested_wrong_type ... ok
[INFO] [stdout] test test_map_erroron_key ... ok
[INFO] [stdout] test test_error_in_vec ... ok
[INFO] [stdout] test test_module_qualified_tagged_enum ... ok
[INFO] [stdout] test test_nested_unit_field ... ok
[INFO] [stdout] test test_other_outer ... ok
[INFO] [stdout] test test_options_fail ... ok
[INFO] [stdout] test test_map ... ok
[INFO] [stdout] test test_options_left_off ... ok
[INFO] [stdout] test test_skipped_enum_kinds ... ok
[INFO] [stdout] test test_map_validation_failure ... ok
[INFO] [stdout] test test_options ... ok
[INFO] [stdout] test test_opt_vec_tagged_span_is_not_zero ... ok
[INFO] [stdout] test test_take_and_skip_errors ... ok
[INFO] [stdout] test test_tagged_enum_alias ... ok
[INFO] [stdout] test test_tagged_enum_invalid_kind ... ok
[INFO] [stdout] test test_tpd_get_tag ... ok
[INFO] [stdout] test test_tagged_enum_kind_b ... ok
[INFO] [stdout] test test_struct_is_no_table ... ok
[INFO] [stdout] test test_vec_of_nested_structs ... ok
[INFO] [stdout] test test_types ... ok
[INFO] [stdout] test test_unit_field ... ok
[INFO] [stdout] test test_tagged_enum_kind_a ... ok
[INFO] [stdout] test test_tryfrom_failure ... ok
[INFO] [stdout] test test_tagged_enum_struct_fail ... ok
[INFO] [stdout] test test_vec_of_tagged_enums ... ok
[INFO] [stdout] test test_verify ... ok
[INFO] [stdout] test test_verify_fail ... ok
[INFO] [stdout] test test_map_nested ... ok
[INFO] [stdout] 
[INFO] [stdout] test result: ok. 49 passed; 0 failed; 0 ignored; 0 measured; 0 filtered out; finished in 0.19s
[INFO] [stdout] 
[INFO] [stderr]      Running tests/c01.rs (/opt/rustwide/target/debug/deps/c01-abddd54e62d55414)
[INFO] [stdout] 
[INFO] [stdout] running 19 tests
[INFO] [stdout] test test_float_takes_int ... ok
[INFO] [stdout] test test_deser_error_std_error_impl ... ok
[INFO] [stdout] test test_opt_vec_string_default::test_opt_vec_string_default ... ok
[INFO] [stdout] test test_refcell ... ok
[INFO] [stdout] test test_skip_hashmap_field ... ok
[INFO] [stdout] test test_option_vec_nested_verify::verify_error_and_parse_error_both_reported ... ok
[INFO] [stdout] test test_negative_for_unsigned ... ok
[INFO] [stdout] test test_with_non_string ... ok
[INFO] [stdout] test test_with_on_map_non_visitor_target ... ok
[INFO] [stdout] test test_with_on_option_sees_inner_t ... ok
[INFO] [stdout] test test_with_on_vec_applies_per_element ... ok
[INFO] [stdout] test test_with_on_vec_non_visitor_target ... ok
[INFO] [stdout] test test_option_nested::test_inner_whole_struct_shown ... ok
[INFO] [stdout] test test_option_nested::verify_called_on_option_nested ... ok
[INFO] [stdout] test test_tagged_enum_variant_context::missing_field_shows_variant_context ... ok
[INFO] [stdout] test test_with_on_map_applies_per_value ... ok
[INFO] [stdout] test test_tagged_enum_variant_context::wrong_type_shows_variant_context ... ok
[INFO] [stdout] test test_tagged_enum_variant_context::unknown_key_still_shows_variant_context ... ok
[INFO] [stdout] test test_option_vec_nested_verify::verify_error_in_option_vec_nested_is_not_swallowed ... ok
[INFO] [stdout] 
[INFO] [stdout] test result: ok. 19 passed; 0 failed; 0 ignored; 0 measured; 0 filtered out; finished in 0.12s
[INFO] [stdout] 
[INFO] [stderr]      Running tests/comp_failures.rs (/opt/rustwide/target/debug/deps/comp_failures-8161c88b705dedbf)
[INFO] [stdout] 
[INFO] [stdout] running 1 test
[INFO] [stderr]    Compiling proc-macro2 v1.0.106
[INFO] [stderr]    Compiling libc v0.2.180
[INFO] [stderr]    Compiling unicode-ident v1.0.22
[INFO] [stderr]    Compiling quote v1.0.44
[INFO] [stderr]    Compiling rustix v1.1.3
[INFO] [stderr]    Compiling serde_core v1.0.228
[INFO] [stderr]    Compiling getrandom v0.3.4
[INFO] [stderr]     Checking bitflags v2.10.0
[INFO] [stderr]     Checking equivalent v1.0.2
[INFO] [stderr]     Checking winnow v0.7.14
[INFO] [stderr]     Checking hashbrown v0.16.1
[INFO] [stderr]     Checking once_cell v1.21.3
[INFO] [stderr]     Checking cfg-if v1.0.4
[INFO] [stderr]    Compiling serde v1.0.228
[INFO] [stderr]     Checking linux-raw-sys v0.11.0
[INFO] [stderr]     Checking toml_writer v1.0.6+spec-1.1.0
[INFO] [stderr]     Checking toml_datetime v0.7.5+spec-1.1.0
[INFO] [stderr]     Checking fastrand v2.3.0
[INFO] [stderr]     Checking unicode-width v0.2.2
[INFO] [stderr]     Checking strsim v0.11.1
[INFO] [stderr]     Checking indexmap v2.13.0
[INFO] [stderr]     Checking similar v2.7.0
[INFO] [stderr]    Compiling syn v2.0.114
[INFO] [stderr]     Checking codesnake v0.2.1
[INFO] [stderr]    Compiling mutants v0.0.4
[INFO] [stderr]     Checking console v0.15.11
[INFO] [stderr]     Checking toml_parser v1.0.6+spec-1.1.0
[INFO] [stderr]     Checking tempfile v3.24.0
[INFO] [stderr]     Checking toml_edit v0.24.0+spec-1.1.0
[INFO] [stderr]     Checking insta v1.46.3
[INFO] [stderr]    Compiling toml-pretty-deser-macros v0.4.0
[INFO] [stderr]     Checking toml-pretty-deser v0.4.0 (/opt/rustwide/workdir)
[INFO] [stderr]     Checking toml-pretty-deser-tests v0.0.0 (/opt/rustwide/target/tests/trybuild/toml-pretty-deser)
[INFO] [stderr]     Finished `dev` profile [unoptimized + debuginfo] target(s) in 23.23s
[INFO] [stderr] 
[INFO] [stderr] 
[INFO] [stderr] test compilation_failure_tests/absorb_remaining_multiple.rs ... ok
[INFO] [stderr] test compilation_failure_tests/absorb_remaining_wrong_key_type.rs ... mismatch
[INFO] [stderr] 
[INFO] [stderr] EXPECTED:
[INFO] [stderr] ┈┈┈┈┈┈┈┈┈┈┈┈┈┈┈┈┈┈┈┈┈┈┈┈┈┈┈┈┈┈┈┈┈┈┈┈┈┈┈┈┈┈┈┈┈┈┈┈┈┈┈┈┈┈┈┈┈┈┈┈
[INFO] [stderr] error[E0277]: the trait bound `for<'k> i32: TryFrom<&'k str>` is not satisfied
[INFO] [stderr]  --> compilation_failure_tests/absorb_remaining_wrong_key_type.rs:5:1
[INFO] [stderr]   |
[INFO] [stderr] 5 | #[tpd]
[INFO] [stderr]   | ^^^^^^ the trait `for<'k> From<&'k str>` is not implemented for `i32`
[INFO] [stderr]   |
[INFO] [stderr]   = help: the following other types implement trait `From<T>`:
[INFO] [stderr]             `i32` implements `From<bool>`
[INFO] [stderr]             `i32` implements `From<i16>`
[INFO] [stderr]             `i32` implements `From<i8>`
[INFO] [stderr]             `i32` implements `From<u16>`
[INFO] [stderr]             `i32` implements `From<u8>`
[INFO] [stderr]   = note: required for `&'k str` to implement `for<'k> Into<i32>`
[INFO] [stderr]   = note: required for `i32` to implement `for<'k> TryFrom<&'k str>`
[INFO] [stderr] note: required by a bound in `TomlHelper::<'a>::absorb_remaining`
[INFO] [stderr]  --> src/table_helper.rs
[INFO] [stderr]   |
[INFO] [stderr]   |     pub fn absorb_remaining<K, T>(&mut self) -> TomlValue<MapAndKeys<K, T>>
[INFO] [stderr]   |            ---------------- required by a bound in this associated function
[INFO] [stderr]   |     where
[INFO] [stderr]   |         K: for<'k> TryFrom<&'k str> + std::hash::Hash + Eq,
[INFO] [stderr]   |            ^^^^^^^^^^^^^^^^^^^^^^^^ required by this bound in `TomlHelper::<'a>::absorb_remaining`
[INFO] [stderr]   = note: this error originates in the attribute macro `tpd` (in Nightly builds, run with -Z macro-backtrace for more info)
[INFO] [stderr] 
[INFO] [stderr] error[E0599]: the method `register_error` exists for struct `TomlValue<MapAndKeys<i32, String>>`, but its trait bounds were not satisfied
[INFO] [stderr]  --> compilation_failure_tests/absorb_remaining_wrong_key_type.rs:5:1
[INFO] [stderr]   |
[INFO] [stderr] 5 | #[tpd]
[INFO] [stderr]   | ^^^^^^
[INFO] [stderr]   |
[INFO] [stderr]  ::: src/map_and_keys.rs
[INFO] [stderr]   |
[INFO] [stderr]   | pub struct MapAndKeys<K, V> {
[INFO] [stderr]   | --------------------------- doesn't satisfy `MapAndKeys<i32, String>: Visitor`
[INFO] [stderr]   |
[INFO] [stderr]   = note: the following trait bounds were not satisfied:
[INFO] [stderr]           `i32: From<&'k str>`
[INFO] [stderr]           which is required by `MapAndKeys<i32, String>: Visitor`
[INFO] [stderr]   = note: this error originates in the attribute macro `tpd` (in Nightly builds, run with -Z macro-backtrace for more info)
[INFO] [stderr] 
[INFO] [stderr] error[E0599]: the method `sync_nested_state` exists for struct `TomlValue<MapAndKeys<i32, String>>`, but its trait bounds were not satisfied
[INFO] [stderr]  --> compilation_failure_tests/absorb_remaining_wrong_key_type.rs:5:1
[INFO] [stderr]   |
[INFO] [stderr] 5 | #[tpd]
[INFO] [stderr]   | ^^^^^^ method cannot be called on `TomlValue<MapAndKeys<i32, String>>` due to unsatisfied trait bounds
[INFO] [stderr]   |
[INFO] [stderr]  ::: src/map_and_keys.rs
[INFO] [stderr]   |
[INFO] [stderr]   | pub struct MapAndKeys<K, V> {
[INFO] [stderr]   | --------------------------- doesn't satisfy `MapAndKeys<i32, String>: Visitor`
[INFO] [stderr]   |
[INFO] [stderr]   = note: the following trait bounds were not satisfied:
[INFO] [stderr]           `i32: From<&'k str>`
[INFO] [stderr]           which is required by `MapAndKeys<i32, String>: Visitor`
[INFO] [stderr]   = note: this error originates in the attribute macro `tpd` (in Nightly builds, run with -Z macro-backtrace for more info)
[INFO] [stderr] 
[INFO] [stderr] error[E0599]: the method `into_concrete` exists for struct `MapAndKeys<i32, String>`, but its trait bounds were not satisfied
[INFO] [stderr]  --> compilation_failure_tests/absorb_remaining_wrong_key_type.rs:5:1
[INFO] [stderr]   |
[INFO] [stderr] 5 | #[tpd]
[INFO] [stderr]   | ^^^^^^ method cannot be called on `MapAndKeys<i32, String>` due to unsatisfied trait bounds
[INFO] [stderr]   |
[INFO] [stderr]  ::: src/map_and_keys.rs
[INFO] [stderr]   |
[INFO] [stderr]   | pub struct MapAndKeys<K, V> {
[INFO] [stderr]   | --------------------------- doesn't satisfy `MapAndKeys<i32, String>: Visitor`
[INFO] [stderr]   |
[INFO] [stderr]   = note: the following trait bounds were not satisfied:
[INFO] [stderr]           `i32: TryFrom<&'k str>`
[INFO] [stderr]           which is required by `MapAndKeys<i32, String>: Visitor`
[INFO] [stderr]           `&'k str: Into<i32>`
[INFO] [stderr]           which is required by `MapAndKeys<i32, String>: Visitor`
[INFO] [stderr]   = note: this error originates in the attribute macro `tpd` (in Nightly builds, run with -Z macro-backtrace for more info)
[INFO] [stderr] 
[INFO] [stderr] error[E0599]: the method `tpd_validate` exists for struct `TomlValue<MapAndKeys<i32, String>>`, but its trait bounds were not satisfied
[INFO] [stderr]  --> compilation_failure_tests/absorb_remaining_wrong_key_type.rs:5:1
[INFO] [stderr]   |
[INFO] [stderr] 5 | #[tpd]
[INFO] [stderr]   | ^^^^^^ method cannot be called on `TomlValue<MapAndKeys<i32, String>>` due to unsatisfied trait bounds
[INFO] [stderr]   |
[INFO] [stderr]  ::: src/map_and_keys.rs
[INFO] [stderr]   |
[INFO] [stderr]   | pub struct MapAndKeys<K, V> {
[INFO] [stderr]   | --------------------------- doesn't satisfy `MapAndKeys<i32, String>: Visitor`
[INFO] [stderr]   |
[INFO] [stderr]   = note: the following trait bounds were not satisfied:
[INFO] [stderr]           `i32: From<&'k str>`
[INFO] [stderr]           which is required by `MapAndKeys<i32, String>: Visitor`
[INFO] [stderr]   = note: this error originates in the attribute macro `tpd` (in Nightly builds, run with -Z macro-backtrace for more info)
[INFO] [stderr] ┈┈┈┈┈┈┈┈┈┈┈┈┈┈┈┈┈┈┈┈┈┈┈┈┈┈┈┈┈┈┈┈┈┈┈┈┈┈┈┈┈┈┈┈┈┈┈┈┈┈┈┈┈┈┈┈┈┈┈┈
[INFO] [stderr] 
[INFO] [stderr] ACTUAL OUTPUT:
[INFO] [stderr] ┈┈┈┈┈┈┈┈┈┈┈┈┈┈┈┈┈┈┈┈┈┈┈┈┈┈┈┈┈┈┈┈┈┈┈┈┈┈┈┈┈┈┈┈┈┈┈┈┈┈┈┈┈┈┈┈┈┈┈┈
[INFO] [stderr] error[E0277]: the trait bound `for<'k> i32: TryFrom<&'k str>` is not satisfied
[INFO] [stderr]  --> compilation_failure_tests/absorb_remaining_wrong_key_type.rs:5:1
[INFO] [stderr]   |
[INFO] [stderr] 5 | #[tpd]
[INFO] [stderr]   | ^^^^^^ the trait `for<'k> From<&'k str>` is not implemented for `i32`
[INFO] [stderr]   |
[INFO] [stderr]   = help: `i32` implements trait `From<T>`:
[INFO] [stderr]             From<bool>
[INFO] [stderr]             From<i16>
[INFO] [stderr]             From<i8>
[INFO] [stderr]             From<u16>
[INFO] [stderr]             From<u8>
[INFO] [stderr]   = note: required for `&'k str` to implement `for<'k> Into<i32>`
[INFO] [stderr]   = note: required for `i32` to implement `for<'k> TryFrom<&'k str>`
[INFO] [stderr] note: required by a bound in `TomlHelper::<'a>::absorb_remaining`
[INFO] [stderr]  --> src/table_helper.rs
[INFO] [stderr]   |
[INFO] [stderr]   |     pub fn absorb_remaining<K, T>(&mut self) -> TomlValue<MapAndKeys<K, T>>
[INFO] [stderr]   |            ---------------- required by a bound in this associated function
[INFO] [stderr]   |     where
[INFO] [stderr]   |         K: for<'k> TryFrom<&'k str> + std::hash::Hash + Eq,
[INFO] [stderr]   |            ^^^^^^^^^^^^^^^^^^^^^^^^ required by this bound in `TomlHelper::<'a>::absorb_remaining`
[INFO] [stderr]   = note: this error originates in the attribute macro `tpd` (in Nightly builds, run with -Z macro-backtrace for more info)
[INFO] [stderr] 
[INFO] [stderr] error[E0599]: the method `register_error` exists for struct `TomlValue<MapAndKeys<i32, String>>`, but its trait bounds were not satisfied
[INFO] [stderr]  --> compilation_failure_tests/absorb_remaining_wrong_key_type.rs:5:1
[INFO] [stderr]   |
[INFO] [stderr] 5 | #[tpd]
[INFO] [stderr]   | ^^^^^^
[INFO] [stderr]   |
[INFO] [stderr]  ::: src/map_and_keys.rs
[INFO] [stderr]   |
[INFO] [stderr]   | pub struct MapAndKeys<K, V> {
[INFO] [stderr]   | --------------------------- doesn't satisfy `MapAndKeys<i32, String>: Visitor`
[INFO] [stderr]   |
[INFO] [stderr]   = note: the following trait bounds were not satisfied:
[INFO] [stderr]           `i32: From<&'k str>`
[INFO] [stderr]           which is required by `MapAndKeys<i32, String>: Visitor`
[INFO] [stderr]   = note: this error originates in the attribute macro `tpd` (in Nightly builds, run with -Z macro-backtrace for more info)
[INFO] [stderr] 
[INFO] [stderr] error[E0599]: the method `sync_nested_state` exists for struct `TomlValue<MapAndKeys<i32, String>>`, but its trait bounds were not satisfied
[INFO] [stderr]  --> compilation_failure_tests/absorb_remaining_wrong_key_type.rs:5:1
[INFO] [stderr]   |
[INFO] [stderr] 5 | #[tpd]
[INFO] [stderr]   | ^^^^^^ method cannot be called on `TomlValue<MapAndKeys<i32, String>>` due to unsatisfied trait bounds
[INFO] [stderr]   |
[INFO] [stderr]  ::: src/map_and_keys.rs
[INFO] [stderr]   |
[INFO] [stderr]   | pub struct MapAndKeys<K, V> {
[INFO] [stderr]   | --------------------------- doesn't satisfy `MapAndKeys<i32, String>: Visitor`
[INFO] [stderr]   |
[INFO] [stderr]   = note: the following trait bounds were not satisfied:
[INFO] [stderr]           `i32: From<&'k str>`
[INFO] [stderr]           which is required by `MapAndKeys<i32, String>: Visitor`
[INFO] [stderr]   = note: this error originates in the attribute macro `tpd` (in Nightly builds, run with -Z macro-backtrace for more info)
[INFO] [stderr] 
[INFO] [stderr] error[E0599]: the method `into_concrete` exists for struct `MapAndKeys<i32, String>`, but its trait bounds were not satisfied
[INFO] [stderr]  --> compilation_failure_tests/absorb_remaining_wrong_key_type.rs:5:1
[INFO] [stderr]   |
[INFO] [stderr] 5 | #[tpd]
[INFO] [stderr]   | ^^^^^^ method cannot be called on `MapAndKeys<i32, String>` due to unsatisfied trait bounds
[INFO] [stderr]   |
[INFO] [stderr]  ::: src/map_and_keys.rs
[INFO] [stderr]   |
[INFO] [stderr]   | pub struct MapAndKeys<K, V> {
[INFO] [stderr]   | --------------------------- doesn't satisfy `MapAndKeys<i32, String>: Visitor`
[INFO] [stderr]   |
[INFO] [stderr]   = note: the following trait bounds were not satisfied:
[INFO] [stderr]           `i32: TryFrom<&'k str>`
[INFO] [stderr]           which is required by `MapAndKeys<i32, String>: Visitor`
[INFO] [stderr]           `&'k str: Into<i32>`
[INFO] [stderr]           which is required by `MapAndKeys<i32, String>: Visitor`
[INFO] [stderr]   = note: this error originates in the attribute macro `tpd` (in Nightly builds, run with -Z macro-backtrace for more info)
[INFO] [stderr] 
[INFO] [stderr] error[E0599]: the method `tpd_validate` exists for struct `TomlValue<MapAndKeys<i32, String>>`, but its trait bounds were not satisfied
[INFO] [stderr]  --> compilation_failure_tests/absorb_remaining_wrong_key_type.rs:5:1
[INFO] [stderr]   |
[INFO] [stderr] 5 | #[tpd]
[INFO] [stderr]   | ^^^^^^ method cannot be called on `TomlValue<MapAndKeys<i32, String>>` due to unsatisfied trait bounds
[INFO] [stderr]   |
[INFO] [stderr]  ::: src/map_and_keys.rs
[INFO] [stderr]   |
[INFO] [stderr]   | pub struct MapAndKeys<K, V> {
[INFO] [stderr]   | --------------------------- doesn't satisfy `MapAndKeys<i32, String>: Visitor`
[INFO] [stderr]   |
[INFO] [stderr]   = note: the following trait bounds were not satisfied:
[INFO] [stderr]           `i32: From<&'k str>`
[INFO] [stderr]           which is required by `MapAndKeys<i32, String>: Visitor`
[INFO] [stderr]   = note: this error originates in the attribute macro `tpd` (in Nightly builds, run with -Z macro-backtrace for more info)
[INFO] [stderr] ┈┈┈┈┈┈┈┈┈┈┈┈┈┈┈┈┈┈┈┈┈┈┈┈┈┈┈┈┈┈┈┈┈┈┈┈┈┈┈┈┈┈┈┈┈┈┈┈┈┈┈┈┈┈┈┈┈┈┈┈
[INFO] [stderr] note: If the actual output is the correct output you can bless it by rerunning
[INFO] [stderr]       your test with the environment variable TRYBUILD=overwrite
[INFO] [stderr] 
[INFO] [stderr] test compilation_failure_tests/absorb_remaining_wrong_type_hashmap.rs ... ok
[INFO] [stderr] test compilation_failure_tests/absorb_remaining_wrong_type_vec.rs ... ok
[INFO] [stderr] test compilation_failure_tests/alias_enum_conflicts_alias.rs ... ok
[INFO] [stderr] test compilation_failure_tests/alias_enum_conflicts_canonical.rs ... ok
[INFO] [stderr] test compilation_failure_tests/alias_enum_duplicate.rs ... ok
[INFO] [stderr] test compilation_failure_tests/alias_enum_same_as_name.rs ... ok
[INFO] [stderr] test compilation_failure_tests/alias_struct_conflicts_alias.rs ... ok
[INFO] [stderr] test compilation_failure_tests/alias_struct_conflicts_canonical.rs ... ok
[INFO] [stderr] test compilation_failure_tests/alias_struct_duplicate.rs ... ok
[INFO] [stderr] test compilation_failure_tests/alias_struct_same_as_name.rs ... ok
[INFO] [stderr] test compilation_failure_tests/nested_and_default.rs ... ok
[INFO] [stderr] test compilation_failure_tests/nested_and_with.rs ... mismatch
[INFO] [stderr] 
[INFO] [stderr] EXPECTED:
[INFO] [stderr] ┈┈┈┈┈┈┈┈┈┈┈┈┈┈┈┈┈┈┈┈┈┈┈┈┈┈┈┈┈┈┈┈┈┈┈┈┈┈┈┈┈┈┈┈┈┈┈┈┈┈┈┈┈┈┈┈┈┈┈┈
[INFO] [stderr] error: field cannot have both #[tpd(nested)] and #[tpd(with = "...")]
[INFO] [stderr]  --> compilation_failure_tests/nested_and_with.rs:7:13
[INFO] [stderr]   |
[INFO] [stderr] 7 |     nested: Inner,
[INFO] [stderr]   |             ^^^^^
[INFO] [stderr] 
[INFO] [stderr] error[E0412]: cannot find type `PartialNestedAndAdapt` in this scope
[INFO] [stderr]   --> compilation_failure_tests/nested_and_with.rs:16:28
[INFO] [stderr]    |
[INFO] [stderr] 16 | impl VerifyIn<TPDRoot> for PartialNestedAndAdapt {}
[INFO] [stderr]    |                            ^^^^^^^^^^^^^^^^^^^^^ not found in this scope
[INFO] [stderr] 
[INFO] [stderr] error[E0433]: failed to resolve: use of undeclared type `NestedAndAdapt`
[INFO] [stderr]   --> compilation_failure_tests/nested_and_with.rs:46:9
[INFO] [stderr]    |
[INFO] [stderr] 46 |         NestedAndAdapt::tpd_from_toml(toml, FieldMatchMode::Exact, VecMode::SingleOk);
[INFO] [stderr]    |         ^^^^^^^^^^^^^^ use of undeclared type `NestedAndAdapt`
[INFO] [stderr] 
[INFO] [stderr] error[E0433]: failed to resolve: use of undeclared type `NestedAndAdapt`
[INFO] [stderr]   --> compilation_failure_tests/nested_and_with.rs:56:9
[INFO] [stderr]    |
[INFO] [stderr] 56 |         NestedAndAdapt::tpd_from_toml(toml, FieldMatchMode::Exact, VecMode::SingleOk);
[INFO] [stderr]    |         ^^^^^^^^^^^^^^ use of undeclared type `NestedAndAdapt`
[INFO] [stderr] ┈┈┈┈┈┈┈┈┈┈┈┈┈┈┈┈┈┈┈┈┈┈┈┈┈┈┈┈┈┈┈┈┈┈┈┈┈┈┈┈┈┈┈┈┈┈┈┈┈┈┈┈┈┈┈┈┈┈┈┈
[INFO] [stderr] 
[INFO] [stderr] ACTUAL OUTPUT:
[INFO] [stderr] ┈┈┈┈┈┈┈┈┈┈┈┈┈┈┈┈┈┈┈┈┈┈┈┈┈┈┈┈┈┈┈┈┈┈┈┈┈┈┈┈┈┈┈┈┈┈┈┈┈┈┈┈┈┈┈┈┈┈┈┈
[INFO] [stderr] error: field cannot have both #[tpd(nested)] and #[tpd(with = "...")]
[INFO] [stderr]  --> compilation_failure_tests/nested_and_with.rs:7:13
[INFO] [stderr]   |
[INFO] [stderr] 7 |     nested: Inner,
[INFO] [stderr]   |             ^^^^^
[INFO] [stderr] ┈┈┈┈┈┈┈┈┈┈┈┈┈┈┈┈┈┈┈┈┈┈┈┈┈┈┈┈┈┈┈┈┈┈┈┈┈┈┈┈┈┈┈┈┈┈┈┈┈┈┈┈┈┈┈┈┈┈┈┈
[INFO] [stderr] note: If the actual output is the correct output you can bless it by rerunning
[INFO] [stderr]       your test with the environment variable TRYBUILD=overwrite
[INFO] [stderr] 
[INFO] [stderr] test compilation_failure_tests/skip.rs ... ok
[INFO] [stderr] test compilation_failure_tests/tagged_enum_multi_fields.rs ... ok
[INFO] [stderr] test compilation_failure_tests/tagged_enum_named.rs ... ok
[INFO] [stderr] test compilation_failure_tests/tagged_enum_no_tag.rs ... ok
[INFO] [stderr] test compilation_failure_tests/tagged_enum_root.rs ... ok
[INFO] [stderr] 
[INFO] [stderr] 
[INFO] [stdout] test comp_failures ... FAILED
[INFO] [stdout] 
[INFO] [stdout] failures:
[INFO] [stdout] 
[INFO] [stdout] ---- comp_failures stdout ----
[INFO] [stdout] 
[INFO] [stdout] thread 'comp_failures' (1575) panicked at /opt/rustwide/cargo-home/registry/src/index.crates.io-1949cf8c6b5b557f/trybuild-1.0.115/src/run.rs:102:13:
[INFO] [stdout] 2 of 19 tests failed
[INFO] [stdout] stack backtrace:
[INFO] [stdout]    0:     0x591ba3394311 - std[70759c8f55707aa4]::backtrace_rs::backtrace::libunwind::trace
[INFO] [stdout]                                at /rustc/dfb0accb7f508ae8be965d8629557221c889dd98/library/std/src/../../backtrace/src/backtrace/libunwind.rs:117:9
[INFO] [stdout]    1:     0x591ba3394311 - std[70759c8f55707aa4]::backtrace_rs::backtrace::trace_unsynchronized::<std[70759c8f55707aa4]::sys::backtrace::_print_fmt::{closure#1}>
[INFO] [stdout]                                at /rustc/dfb0accb7f508ae8be965d8629557221c889dd98/library/std/src/../../backtrace/src/backtrace/mod.rs:66:14
[INFO] [stdout]    2:     0x591ba3394311 - std[70759c8f55707aa4]::sys::backtrace::_print_fmt
[INFO] [stdout]                                at /rustc/dfb0accb7f508ae8be965d8629557221c889dd98/library/std/src/sys/backtrace.rs:74:9
[INFO] [stdout]    3:     0x591ba3394311 - <<std[70759c8f55707aa4]::sys::backtrace::BacktraceLock>::print::DisplayBacktrace as core[df12db4294e9bfd3]::fmt::Display>::fmt
[INFO] [stdout]                                at /rustc/dfb0accb7f508ae8be965d8629557221c889dd98/library/std/src/sys/backtrace.rs:44:26
[INFO] [stdout]    4:     0x591ba33aabca - <core[df12db4294e9bfd3]::fmt::rt::Argument>::fmt
[INFO] [stdout]                                at /rustc/dfb0accb7f508ae8be965d8629557221c889dd98/library/core/src/fmt/rt.rs:152:76
[INFO] [stdout]    5:     0x591ba33aabca - core[df12db4294e9bfd3]::fmt::write
[INFO] [stdout]    6:     0x591ba3398e8c - core[df12db4294e9bfd3]::io::write::default_write_fmt::<alloc[2182bb758b4b3781]::vec::Vec<u8>>
[INFO] [stdout]                                at /rustc/dfb0accb7f508ae8be965d8629557221c889dd98/library/core/src/io/write.rs:402:11
[INFO] [stdout]    7:     0x591ba3398e8c - <alloc[2182bb758b4b3781]::vec::Vec<u8> as core[df12db4294e9bfd3]::io::write::Write>::write_fmt
[INFO] [stdout]                                at /rustc/dfb0accb7f508ae8be965d8629557221c889dd98/library/core/src/io/write.rs:335:13
[INFO] [stdout]    8:     0x591ba336d7f6 - <std[70759c8f55707aa4]::sys::backtrace::BacktraceLock>::print
[INFO] [stdout]                                at /rustc/dfb0accb7f508ae8be965d8629557221c889dd98/library/std/src/sys/backtrace.rs:47:9
[INFO] [stdout]    9:     0x591ba336d7f6 - std[70759c8f55707aa4]::panicking::default_hook::{closure#0}
[INFO] [stdout]                                at /rustc/dfb0accb7f508ae8be965d8629557221c889dd98/library/std/src/panicking.rs:292:27
[INFO] [stdout]   10:     0x591ba338b989 - std[70759c8f55707aa4]::panicking::default_hook
[INFO] [stdout]                                at /rustc/dfb0accb7f508ae8be965d8629557221c889dd98/library/std/src/panicking.rs:316:9
[INFO] [stdout]   11:     0x591ba3324c00 - <alloc[2182bb758b4b3781]::boxed::Box<dyn for<'a, 'b> core[df12db4294e9bfd3]::ops::function::Fn<(&'a std[70759c8f55707aa4]::panic::PanicHookInfo<'b>,), Output = ()> + core[df12db4294e9bfd3]::marker::Send + core[df12db4294e9bfd3]::marker::Sync> as core[df12db4294e9bfd3]::ops::function::Fn<(&std[70759c8f55707aa4]::panic::PanicHookInfo,)>>::call
[INFO] [stdout]                                at /rustc/dfb0accb7f508ae8be965d8629557221c889dd98/library/alloc/src/boxed.rs:2334:9
[INFO] [stdout]   12:     0x591ba3324c00 - test[9d35eded1c95d3be]::test_main_inner::<test[9d35eded1c95d3be]::test_main_static::{closure#0}>::{closure#0}
[INFO] [stdout]                                at /rustc/dfb0accb7f508ae8be965d8629557221c889dd98/library/test/src/lib.rs:155:21
[INFO] [stdout]   13:     0x591ba338bb42 - <alloc[2182bb758b4b3781]::boxed::Box<dyn for<'a, 'b> core[df12db4294e9bfd3]::ops::function::Fn<(&'a std[70759c8f55707aa4]::panic::PanicHookInfo<'b>,), Output = ()> + core[df12db4294e9bfd3]::marker::Send + core[df12db4294e9bfd3]::marker::Sync> as core[df12db4294e9bfd3]::ops::function::Fn<(&std[70759c8f55707aa4]::panic::PanicHookInfo,)>>::call
[INFO] [stdout]                                at /rustc/dfb0accb7f508ae8be965d8629557221c889dd98/library/alloc/src/boxed.rs:2334:9
[INFO] [stdout]   14:     0x591ba338bb42 - std[70759c8f55707aa4]::panicking::panic_with_hook
[INFO] [stdout]                                at /rustc/dfb0accb7f508ae8be965d8629557221c889dd98/library/std/src/panicking.rs:823:13
[INFO] [stdout]   15:     0x591ba336d8a2 - std[70759c8f55707aa4]::panicking::panic_handler::{closure#0}
[INFO] [stdout]                                at /rustc/dfb0accb7f508ae8be965d8629557221c889dd98/library/std/src/panicking.rs:688:13
[INFO] [stdout]   16:     0x591ba3366139 - std[70759c8f55707aa4]::sys::backtrace::__rust_end_short_backtrace::<std[70759c8f55707aa4]::panicking::panic_handler::{closure#0}, !>
[INFO] [stdout]                                at /rustc/dfb0accb7f508ae8be965d8629557221c889dd98/library/std/src/sys/backtrace.rs:182:18
[INFO] [stdout]   17:     0x591ba336e49d - __rustc[8fa7c3cbc660c2b3]::rust_begin_unwind
[INFO] [stdout]                                at /rustc/dfb0accb7f508ae8be965d8629557221c889dd98/library/std/src/panicking.rs:679:5
[INFO] [stdout]   18:     0x591ba33ab3bc - core[df12db4294e9bfd3]::panicking::panic_fmt
[INFO] [stdout]                                at /rustc/dfb0accb7f508ae8be965d8629557221c889dd98/library/core/src/panicking.rs:80:14
[INFO] [stdout]   19:     0x591ba30fe6a4 - <trybuild[c7a12430751b68b3]::Runner>::run
[INFO] [stdout]                                at /opt/rustwide/cargo-home/registry/src/index.crates.io-1949cf8c6b5b557f/trybuild-1.0.115/src/run.rs:102:13
[INFO] [stdout]   20:     0x591ba3109ce8 - <trybuild[c7a12430751b68b3]::TestCases as core[df12db4294e9bfd3]::ops::drop::Drop>::drop
[INFO] [stdout]                                at /opt/rustwide/cargo-home/registry/src/index.crates.io-1949cf8c6b5b557f/trybuild-1.0.115/src/lib.rs:342:38
[INFO] [stdout]   21:     0x591ba30f8367 - core[df12db4294e9bfd3]::ptr::drop_glue::<trybuild[c7a12430751b68b3]::TestCases>
[INFO] [stdout]                                at /rustc/dfb0accb7f508ae8be965d8629557221c889dd98/library/core/src/ptr/mod.rs:847:1
[INFO] [stdout]   22:     0x591ba30f8573 - comp_failures[3a9b9d6bfb6b4872]::comp_failures
[INFO] [stdout]                                at /opt/rustwide/workdir/tests/comp_failures.rs:5:1
[INFO] [stdout]   23:     0x591ba30f84c7 - comp_failures[3a9b9d6bfb6b4872]::comp_failures::{closure#0}
[INFO] [stdout]                                at /opt/rustwide/workdir/tests/comp_failures.rs:2:19
[INFO] [stdout]   24:     0x591ba30f89d6 - <comp_failures[3a9b9d6bfb6b4872]::comp_failures::{closure#0} as core[df12db4294e9bfd3]::ops::function::FnOnce<()>>::call_once
[INFO] [stdout]                                at /rustc/dfb0accb7f508ae8be965d8629557221c889dd98/library/core/src/ops/function.rs:250:5
[INFO] [stdout]   25:     0x591ba3317eeb - <fn() -> core[df12db4294e9bfd3]::result::Result<(), alloc[2182bb758b4b3781]::string::String> as core[df12db4294e9bfd3]::ops::function::FnOnce<()>>::call_once
[INFO] [stdout]                                at /rustc/dfb0accb7f508ae8be965d8629557221c889dd98/library/core/src/ops/function.rs:250:5
[INFO] [stdout]   26:     0x591ba3317eeb - test[9d35eded1c95d3be]::__rust_begin_short_backtrace::<core[df12db4294e9bfd3]::result::Result<(), alloc[2182bb758b4b3781]::string::String>, fn() -> core[df12db4294e9bfd3]::result::Result<(), alloc[2182bb758b4b3781]::string::String>>
[INFO] [stdout]                                at /rustc/dfb0accb7f508ae8be965d8629557221c889dd98/library/test/src/lib.rs:733:18
[INFO] [stdout]   27:     0x591ba3325555 - test[9d35eded1c95d3be]::run_test_in_process::{closure#0}
[INFO] [stdout]                                at /rustc/dfb0accb7f508ae8be965d8629557221c889dd98/library/test/src/lib.rs:756:74
[INFO] [stdout]   28:     0x591ba3325555 - <core[df12db4294e9bfd3]::panic::unwind_safe::AssertUnwindSafe<test[9d35eded1c95d3be]::run_test_in_process::{closure#0}> as core[df12db4294e9bfd3]::ops::function::FnOnce<()>>::call_once
[INFO] [stdout]                                at /rustc/dfb0accb7f508ae8be965d8629557221c889dd98/library/core/src/panic/unwind_safe.rs:275:9
[INFO] [stdout]   29:     0x591ba3325555 - std[70759c8f55707aa4]::panicking::catch_unwind::do_call::<core[df12db4294e9bfd3]::panic::unwind_safe::AssertUnwindSafe<test[9d35eded1c95d3be]::run_test_in_process::{closure#0}>, core[df12db4294e9bfd3]::result::Result<(), alloc[2182bb758b4b3781]::string::String>>
[INFO] [stdout]                                at /rustc/dfb0accb7f508ae8be965d8629557221c889dd98/library/std/src/panicking.rs:576:43
[INFO] [stdout]   30:     0x591ba3325555 - std[70759c8f55707aa4]::panicking::catch_unwind::<core[df12db4294e9bfd3]::result::Result<(), alloc[2182bb758b4b3781]::string::String>, core[df12db4294e9bfd3]::panic::unwind_safe::AssertUnwindSafe<test[9d35eded1c95d3be]::run_test_in_process::{closure#0}>>
[INFO] [stdout]                                at /rustc/dfb0accb7f508ae8be965d8629557221c889dd98/library/std/src/panicking.rs:544:19
[INFO] [stdout]   31:     0x591ba3325555 - std[70759c8f55707aa4]::panic::catch_unwind::<core[df12db4294e9bfd3]::panic::unwind_safe::AssertUnwindSafe<test[9d35eded1c95d3be]::run_test_in_process::{closure#0}>, core[df12db4294e9bfd3]::result::Result<(), alloc[2182bb758b4b3781]::string::String>>
[INFO] [stdout]                                at /rustc/dfb0accb7f508ae8be965d8629557221c889dd98/library/std/src/panic.rs:359:14
[INFO] [stdout]   32:     0x591ba3325555 - test[9d35eded1c95d3be]::run_test_in_process
[INFO] [stdout]                                at /rustc/dfb0accb7f508ae8be965d8629557221c889dd98/library/test/src/lib.rs:756:27
[INFO] [stdout]   33:     0x591ba3325555 - test[9d35eded1c95d3be]::run_test::{closure#0}
[INFO] [stdout]                                at /rustc/dfb0accb7f508ae8be965d8629557221c889dd98/library/test/src/lib.rs:677:43
[INFO] [stdout]   34:     0x591ba331ee14 - test[9d35eded1c95d3be]::run_test::{closure#1}
[INFO] [stdout]                                at /rustc/dfb0accb7f508ae8be965d8629557221c889dd98/library/test/src/lib.rs:707:41
[INFO] [stdout]   35:     0x591ba331ee14 - std[70759c8f55707aa4]::sys::backtrace::__rust_begin_short_backtrace::<test[9d35eded1c95d3be]::run_test::{closure#1}, ()>
[INFO] [stdout]                                at /rustc/dfb0accb7f508ae8be965d8629557221c889dd98/library/std/src/sys/backtrace.rs:166:18
[INFO] [stdout]   36:     0x591ba33286b2 - std[70759c8f55707aa4]::thread::lifecycle::spawn_unchecked::<test[9d35eded1c95d3be]::run_test::{closure#1}, ()>::{closure#1}::{closure#0}
[INFO] [stdout]                                at /rustc/dfb0accb7f508ae8be965d8629557221c889dd98/library/std/src/thread/lifecycle.rs:70:13
[INFO] [stdout]   37:     0x591ba33286b2 - <core[df12db4294e9bfd3]::panic::unwind_safe::AssertUnwindSafe<std[70759c8f55707aa4]::thread::lifecycle::spawn_unchecked<test[9d35eded1c95d3be]::run_test::{closure#1}, ()>::{closure#1}::{closure#0}> as core[df12db4294e9bfd3]::ops::function::FnOnce<()>>::call_once
[INFO] [stdout]                                at /rustc/dfb0accb7f508ae8be965d8629557221c889dd98/library/core/src/panic/unwind_safe.rs:275:9
[INFO] [stdout]   38:     0x591ba33286b2 - std[70759c8f55707aa4]::panicking::catch_unwind::do_call::<core[df12db4294e9bfd3]::panic::unwind_safe::AssertUnwindSafe<std[70759c8f55707aa4]::thread::lifecycle::spawn_unchecked<test[9d35eded1c95d3be]::run_test::{closure#1}, ()>::{closure#1}::{closure#0}>, ()>
[INFO] [stdout]                                at /rustc/dfb0accb7f508ae8be965d8629557221c889dd98/library/std/src/panicking.rs:576:43
[INFO] [stdout]   39:     0x591ba33286b2 - std[70759c8f55707aa4]::panicking::catch_unwind::<(), core[df12db4294e9bfd3]::panic::unwind_safe::AssertUnwindSafe<std[70759c8f55707aa4]::thread::lifecycle::spawn_unchecked<test[9d35eded1c95d3be]::run_test::{closure#1}, ()>::{closure#1}::{closure#0}>>
[INFO] [stdout]                                at /rustc/dfb0accb7f508ae8be965d8629557221c889dd98/library/std/src/panicking.rs:544:19
[INFO] [stdout]   40:     0x591ba33286b2 - std[70759c8f55707aa4]::panic::catch_unwind::<core[df12db4294e9bfd3]::panic::unwind_safe::AssertUnwindSafe<std[70759c8f55707aa4]::thread::lifecycle::spawn_unchecked<test[9d35eded1c95d3be]::run_test::{closure#1}, ()>::{closure#1}::{closure#0}>, ()>
[INFO] [stdout]                                at /rustc/dfb0accb7f508ae8be965d8629557221c889dd98/library/std/src/panic.rs:359:14
[INFO] [stdout]   41:     0x591ba33286b2 - std[70759c8f55707aa4]::thread::lifecycle::spawn_unchecked::<test[9d35eded1c95d3be]::run_test::{closure#1}, ()>::{closure#1}
[INFO] [stdout]                                at /rustc/dfb0accb7f508ae8be965d8629557221c889dd98/library/std/src/thread/lifecycle.rs:68:26
[INFO] [stdout]   42:     0x591ba33286b2 - <std[70759c8f55707aa4]::thread::lifecycle::spawn_unchecked<test[9d35eded1c95d3be]::run_test::{closure#1}, ()>::{closure#1} as core[df12db4294e9bfd3]::ops::function::FnOnce<()>>::call_once::{shim:vtable#0}
[INFO] [stdout]                                at /rustc/dfb0accb7f508ae8be965d8629557221c889dd98/library/core/src/ops/function.rs:250:5
[INFO] [stdout]   43:     0x591ba33935c9 - <alloc[2182bb758b4b3781]::boxed::Box<dyn core[df12db4294e9bfd3]::ops::function::FnOnce<(), Output = ()> + core[df12db4294e9bfd3]::marker::Send> as core[df12db4294e9bfd3]::ops::function::FnOnce<()>>::call_once
[INFO] [stdout]                                at /rustc/dfb0accb7f508ae8be965d8629557221c889dd98/library/alloc/src/boxed.rs:2320:9
[INFO] [stdout]   44:     0x591ba33935c9 - <std[70759c8f55707aa4]::sys::thread::unix::Thread>::new::thread_start
[INFO] [stdout]                                at /rustc/dfb0accb7f508ae8be965d8629557221c889dd98/library/std/src/sys/thread/unix.rs:123:17
[INFO] [stdout]   45:     0x784d45cfedfa - <unknown>
[INFO] [stdout]   46:     0x784d45d923d4 - clone
[INFO] [stdout]   47:                0x0 - <unknown>
[INFO] [stdout] 
[INFO] [stdout] 
[INFO] [stdout] failures:
[INFO] [stdout]     comp_failures
[INFO] [stdout] 
[INFO] [stdout] test result: FAILED. 0 passed; 1 failed; 0 ignored; 0 measured; 0 filtered out; finished in 36.39s
[INFO] [stdout] 
[INFO] [stderr] error: test failed, to rerun pass `--test comp_failures`
[INFO] running `Command { std: "docker" "inspect" "a7cd8b8407a885c58bad53a65057903e2c2263311f02879ba716d591e2025a2b", kill_on_drop: false }`
[INFO] running `Command { std: "docker" "rm" "-f" "a7cd8b8407a885c58bad53a65057903e2c2263311f02879ba716d591e2025a2b", kill_on_drop: false }`
[INFO] [stdout] a7cd8b8407a885c58bad53a65057903e2c2263311f02879ba716d591e2025a2b
