[INFO] fetching crate tokio-dbus-core 0.2.1...
[INFO] testing tokio-dbus-core-0.2.1 against 1.100.0-beta.1 for beta-1.100-2
[INFO] extracting crate tokio-dbus-core 0.2.1 into /workspace/builds/worker-2-tc2/source
[INFO] started tweaking crates.io crate tokio-dbus-core 0.2.1
[INFO] finished tweaking crates.io crate tokio-dbus-core 0.2.1
[INFO] tweaked toml for crates.io crate tokio-dbus-core 0.2.1 written to /workspace/builds/worker-2-tc2/source/Cargo.toml
[INFO] validating manifest of crates.io crate tokio-dbus-core 0.2.1 on toolchain 1.100.0-beta.1
[INFO] running `Command { std: CARGO_HOME="/workspace/cargo-home" RUSTUP_HOME="/workspace/rustup-home" "/workspace/cargo-home/bin/cargo" "+1.100.0-beta.1" "metadata" "--manifest-path" "Cargo.toml" "--no-deps", kill_on_drop: false }`
[INFO] crate crates.io crate tokio-dbus-core 0.2.1 already has a lockfile, it will not be regenerated
[INFO] running `Command { std: CARGO_HOME="/workspace/cargo-home" RUSTUP_HOME="/workspace/rustup-home" "/workspace/cargo-home/bin/cargo" "+1.100.0-beta.1" "fetch" "--manifest-path" "Cargo.toml", kill_on_drop: false }`
[INFO] [stderr] warning: `package.homepage` is redundant with `package.repository`
[INFO] [stderr]   --> Cargo.toml:25:12
[INFO] [stderr]    |
[INFO] [stderr] 25 | homepage = "https://github.com/udoprog/tokio-dbus"
[INFO] [stderr]    |            ^^^^^^^^^^^^^^^^^^^^^^^^^^^^^^^^^^^^^^^
[INFO] [stderr] ...
[INFO] [stderr] 30 | repository = "https://github.com/udoprog/tokio-dbus"
[INFO] [stderr]    |              ---------------------------------------
[INFO] [stderr]    |
[INFO] [stderr]    = note: `cargo::redundant_homepage` is set to `warn` by default
[INFO] [stderr] help: consider removing `package.homepage`
[INFO] [stderr] warning: `tokio-dbus-core` (manifest) generated 1 warning
[INFO] running `Command { std: "docker" "create" "-v" "/var/lib/crater-agent-workspace/builds/worker-2-tc2/source:/opt/rustwide/workdir:ro,Z" "-v" "/var/lib/crater-agent-workspace/builds/worker-2-tc2/target:/opt/rustwide/target:rw,Z" "-v" "/var/lib/crater-agent-workspace/cargo-home:/opt/rustwide/cargo-home:ro,Z" "-v" "/var/lib/crater-agent-workspace/rustup-home:/opt/rustwide/rustup-home:ro,Z" "-m" "1610612736" "--network" "none" "ghcr.io/rust-lang/crates-build-env/linux@sha256:3111399a4047eeb3a02b7a90e478d715f38a8c6669b5c4b49d30a17385265909" "sleep" "infinity", kill_on_drop: false }`
[INFO] [stdout] 8a8bb4bdd4cf20554bf458d4b5683192de870c24af774672716b2a9d40cd6a9e
[INFO] running `Command { std: "docker" "start" "8a8bb4bdd4cf20554bf458d4b5683192de870c24af774672716b2a9d40cd6a9e", kill_on_drop: false }`
[INFO] running `Command { std: "docker" "inspect" "8a8bb4bdd4cf20554bf458d4b5683192de870c24af774672716b2a9d40cd6a9e", kill_on_drop: false }`
[INFO] running `Command { std: "docker" "exec" "-e" "SOURCE_DIR=/opt/rustwide/workdir" "-e" "CARGO_HOME=/opt/rustwide/cargo-home" "-e" "RUSTUP_HOME=/opt/rustwide/rustup-home" "-e" "CARGO_TARGET_DIR=/opt/rustwide/target" "-w" "/opt/rustwide/workdir" "--user" "0:0" "8a8bb4bdd4cf20554bf458d4b5683192de870c24af774672716b2a9d40cd6a9e" "/opt/rustwide/cargo-home/bin/cargo" "+1.100.0-beta.1" "metadata" "--no-deps" "--format-version=1", kill_on_drop: false }`
[INFO] running `Command { std: "docker" "inspect" "8a8bb4bdd4cf20554bf458d4b5683192de870c24af774672716b2a9d40cd6a9e", kill_on_drop: false }`
[INFO] running `Command { std: "docker" "exec" "-e" "SOURCE_DIR=/opt/rustwide/workdir" "-e" "CARGO_HOME=/opt/rustwide/cargo-home" "-e" "RUSTUP_HOME=/opt/rustwide/rustup-home" "-e" "CARGO_TARGET_DIR=/opt/rustwide/target" "-e" "CARGO_INCREMENTAL=0" "-e" "RUST_BACKTRACE=full" "-e" "RUSTFLAGS=--cap-lints=warn" "-e" "RUSTDOCFLAGS=--cap-lints=warn" "-w" "/opt/rustwide/workdir" "--user" "0:0" "8a8bb4bdd4cf20554bf458d4b5683192de870c24af774672716b2a9d40cd6a9e" "/opt/rustwide/cargo-home/bin/cargo" "+1.100.0-beta.1" "build" "--frozen" "--message-format=json", kill_on_drop: false }`
[INFO] [stderr] warning: `package.homepage` is redundant with `package.repository`
[INFO] [stderr]   --> Cargo.toml:25:12
[INFO] [stderr]    |
[INFO] [stderr] 25 | homepage = "https://github.com/udoprog/tokio-dbus"
[INFO] [stderr]    |            ^^^^^^^^^^^^^^^^^^^^^^^^^^^^^^^^^^^^^^^
[INFO] [stderr] ...
[INFO] [stderr] 30 | repository = "https://github.com/udoprog/tokio-dbus"
[INFO] [stderr]    |              ---------------------------------------
[INFO] [stderr]    |
[INFO] [stderr]    = note: `cargo::redundant_homepage` is set to `warn` by default
[INFO] [stderr] help: consider removing `package.homepage`
[INFO] [stderr] warning: `tokio-dbus-core` (manifest) generated 1 warning
[INFO] [stderr]    Compiling tokio-dbus-core v0.2.1 (/opt/rustwide/workdir)
[INFO] [stderr]     Finished `dev` profile [unoptimized + debuginfo] target(s) in 0.29s
[INFO] running `Command { std: "docker" "inspect" "8a8bb4bdd4cf20554bf458d4b5683192de870c24af774672716b2a9d40cd6a9e", kill_on_drop: false }`
[INFO] running `Command { std: "docker" "exec" "-e" "SOURCE_DIR=/opt/rustwide/workdir" "-e" "CARGO_HOME=/opt/rustwide/cargo-home" "-e" "RUSTUP_HOME=/opt/rustwide/rustup-home" "-e" "CARGO_TARGET_DIR=/opt/rustwide/target" "-e" "CARGO_INCREMENTAL=0" "-e" "RUST_BACKTRACE=full" "-e" "RUSTFLAGS=--cap-lints=warn" "-e" "RUSTDOCFLAGS=--cap-lints=warn" "-w" "/opt/rustwide/workdir" "--user" "0:0" "8a8bb4bdd4cf20554bf458d4b5683192de870c24af774672716b2a9d40cd6a9e" "/opt/rustwide/cargo-home/bin/cargo" "+1.100.0-beta.1" "test" "--frozen" "--no-run" "--message-format=json", kill_on_drop: false }`
[INFO] [stderr] warning: `package.homepage` is redundant with `package.repository`
[INFO] [stderr]   --> Cargo.toml:25:12
[INFO] [stderr]    |
[INFO] [stderr] 25 | homepage = "https://github.com/udoprog/tokio-dbus"
[INFO] [stderr]    |            ^^^^^^^^^^^^^^^^^^^^^^^^^^^^^^^^^^^^^^^
[INFO] [stderr] ...
[INFO] [stderr] 30 | repository = "https://github.com/udoprog/tokio-dbus"
[INFO] [stderr]    |              ---------------------------------------
[INFO] [stderr]    |
[INFO] [stderr]    = note: `cargo::redundant_homepage` is set to `warn` by default
[INFO] [stderr] help: consider removing `package.homepage`
[INFO] [stderr] warning: `tokio-dbus-core` (manifest) generated 1 warning
[INFO] [stderr]    Compiling tokio-dbus-core v0.2.1 (/opt/rustwide/workdir)
[INFO] [stderr]     Finished `test` profile [unoptimized + debuginfo] target(s) in 0.88s
[INFO] running `Command { std: "docker" "inspect" "8a8bb4bdd4cf20554bf458d4b5683192de870c24af774672716b2a9d40cd6a9e", kill_on_drop: false }`
[INFO] running `Command { std: "docker" "exec" "-e" "SOURCE_DIR=/opt/rustwide/workdir" "-e" "CARGO_HOME=/opt/rustwide/cargo-home" "-e" "RUSTUP_HOME=/opt/rustwide/rustup-home" "-e" "CARGO_TARGET_DIR=/opt/rustwide/target" "-e" "CARGO_INCREMENTAL=0" "-e" "RUST_BACKTRACE=full" "-e" "RUSTFLAGS=--cap-lints=warn" "-e" "RUSTDOCFLAGS=--cap-lints=warn" "-w" "/opt/rustwide/workdir" "--user" "0:0" "8a8bb4bdd4cf20554bf458d4b5683192de870c24af774672716b2a9d40cd6a9e" "/opt/rustwide/cargo-home/bin/cargo" "+1.100.0-beta.1" "test" "--frozen", kill_on_drop: false }`
[INFO] [stderr] warning: `package.homepage` is redundant with `package.repository`
[INFO] [stderr]   --> Cargo.toml:25:12
[INFO] [stderr]    |
[INFO] [stderr] 25 | homepage = "https://github.com/udoprog/tokio-dbus"
[INFO] [stderr]    |            ^^^^^^^^^^^^^^^^^^^^^^^^^^^^^^^^^^^^^^^
[INFO] [stderr] ...
[INFO] [stderr] 30 | repository = "https://github.com/udoprog/tokio-dbus"
[INFO] [stderr]    |              ---------------------------------------
[INFO] [stderr]    |
[INFO] [stderr]    = note: `cargo::redundant_homepage` is set to `warn` by default
[INFO] [stderr] help: consider removing `package.homepage`
[INFO] [stderr] warning: `tokio-dbus-core` (manifest) generated 1 warning
[INFO] [stderr]     Finished `test` profile [unoptimized + debuginfo] target(s) in 0.03s
[INFO] [stderr]      Running unittests src/lib.rs (/opt/rustwide/target/debug/build/tokio-dbus-core/0d4bb77737dd9eb9/out/tokio_dbus_core-0d4bb77737dd9eb9)
[INFO] [stdout] 
[INFO] [stdout] running 3 tests
[INFO] [stdout] test signature::tests::signature_buf_raw_parts_round_trip ... ok
[INFO] [stdout] test signature::tests::test_iter ... ok
[INFO] [stdout] test signature::tests::signature_tests ... ok
[INFO] [stdout] 
[INFO] [stdout] test result: ok. 3 passed; 0 failed; 0 ignored; 0 measured; 0 filtered out; finished in 0.01s
[INFO] [stdout] 
[INFO] [stderr]    Doc-tests tokio_dbus_core
[INFO] [stdout] 
[INFO] [stdout] running 34 tests
[INFO] [stdout] test src/signature/signature.rs - signature::signature::Signature (line 412) ... FAILED
[INFO] [stdout] test src/signature/signature.rs - signature::signature::Signature (line 480) ... FAILED
[INFO] [stdout] test src/signature/signature.rs - signature::signature::Signature (line 376) ... FAILED
[INFO] [stdout] test src/signature/signature.rs - signature::signature::&'_Signature (line 497) ... FAILED
[INFO] [stdout] test src/signature/signature.rs - signature::signature::&'_Signature (line 463) ... FAILED
[INFO] [stdout] test src/signature/signature.rs - signature::signature::Signature (line 446) ... FAILED
[INFO] [stdout] test src/signature/signature.rs - signature::signature::Signature (line 15) ... FAILED
[INFO] [stdout] test src/proto.rs - proto::Flags (line 110) ... FAILED
[INFO] [stdout] test src/signature/signature.rs - signature::signature::&'_Signature (line 429) ... FAILED
[INFO] [stdout] test src/signature/signature.rs - signature::signature::Signature::EMPTY (line 31) ... FAILED
[INFO] [stdout] test src/signature/signature.rs - signature::signature::Signature (line 514) ... FAILED
[INFO] [stdout] test src/signature/signature.rs - signature::signature::Signature::BOOLEAN (line 102) ... FAILED
[INFO] [stdout] test src/signature/signature.rs - signature::signature::Signature::INT16 (line 134) ... FAILED
[INFO] [stdout] test src/signature/signature.rs - signature::signature::Signature::INT32 (line 166) ... FAILED
[INFO] [stdout] test src/signature/signature.rs - signature::signature::Signature::new_const (line 260) ... FAILED
[INFO] [stdout] test src/signature/signature_buf.rs - signature::signature_buf::SignatureBuf (line 172) ... FAILED
[INFO] [stdout] test src/signature/signature.rs - signature::signature::Signature::OBJECT_PATH (line 58) ... FAILED
[INFO] [stdout] test src/signature/signature.rs - signature::signature::&'_Signature (line 394) ... FAILED
[INFO] [stdout] test src/signature/signature.rs - signature::signature::Signature::INT64 (line 199) ... FAILED
[INFO] [stdout] test src/signature/signature.rs - signature::signature::Signature::STRING (line 73) ... FAILED
[INFO] [stdout] test src/signature/signature.rs - signature::signature::Signature::BYTE (line 118) ... FAILED
[INFO] [stdout] test src/signature/signature.rs - signature::signature::Signature::new_const (line 252) - compile fail ... ok
[INFO] [stdout] test src/signature/signature.rs - signature::signature::Signature::SIGNATURE (line 43) ... FAILED
[INFO] [stdout] test src/signature/signature.rs - signature::signature::Signature (line 335) ... FAILED
[INFO] [stdout] test src/signature/signature.rs - signature::signature::Signature::DOUBLE (line 231) ... FAILED
[INFO] [stdout] test src/signature/signature.rs - signature::signature::Signature::VARIANT (line 87) ... FAILED
[INFO] [stdout] test src/signature/signature_buf.rs - signature::signature_buf::SignatureBuf::empty (line 24) ... FAILED
[INFO] [stdout] test src/signature/signature_buf.rs - signature::signature_buf::SignatureBuf::new_const (line 54) ... FAILED
[INFO] [stdout] test src/signature/signature.rs - signature::signature::Signature::UINT16 (line 150) ... FAILED
[INFO] [stdout] test src/signature/signature_buf.rs - signature::signature_buf::SignatureBuf (line 224) ... FAILED
[INFO] [stdout] test src/signature/signature_buf.rs - signature::signature_buf::SignatureBuf (line 192) ... FAILED
[INFO] [stdout] test src/signature/signature_buf.rs - signature::signature_buf::SignatureBuf::new_const (line 46) - compile fail ... ok
[INFO] [stdout] test src/signature/signature.rs - signature::signature::Signature::UINT32 (line 182) ... FAILED
[INFO] [stdout] test src/signature/signature.rs - signature::signature::Signature::UINT64 (line 215) ... FAILED
[INFO] [stdout] 
[INFO] [stdout] failures:
[INFO] [stdout] 
[INFO] [stdout] ---- src/signature/signature.rs - signature::signature::Signature (line 412) stdout ----
[INFO] [stdout] error[E0432]: unresolved import `tokio_dbus`
[INFO] [stdout]    --> src/signature/signature.rs:413:5
[INFO] [stdout]     |
[INFO] [stdout] 413 | use tokio_dbus::{Signature, SignatureBuf};
[INFO] [stdout]     |     ^^^^^^^^^^ use of unresolved module or unlinked crate `tokio_dbus`
[INFO] [stdout]     |
[INFO] [stdout]     = help: if you wanted to use a crate named `tokio_dbus`, use `cargo add tokio_dbus` to add it to your `Cargo.toml`
[INFO] [stdout] 
[INFO] [stdout] error: aborting due to 1 previous error
[INFO] [stdout] 
[INFO] [stdout] For more information about this error, try `rustc --explain E0432`.
[INFO] [stdout] Couldn't compile the test.
[INFO] [stdout] ---- src/signature/signature.rs - signature::signature::Signature (line 480) stdout ----
[INFO] [stdout] error[E0432]: unresolved import `tokio_dbus`
[INFO] [stdout]    --> src/signature/signature.rs:481:5
[INFO] [stdout]     |
[INFO] [stdout] 481 | use tokio_dbus::{Signature, SignatureBuf};
[INFO] [stdout]     |     ^^^^^^^^^^ use of unresolved module or unlinked crate `tokio_dbus`
[INFO] [stdout]     |
[INFO] [stdout]     = help: if you wanted to use a crate named `tokio_dbus`, use `cargo add tokio_dbus` to add it to your `Cargo.toml`
[INFO] [stdout] 
[INFO] [stdout] error: aborting due to 1 previous error
[INFO] [stdout] 
[INFO] [stdout] For more information about this error, try `rustc --explain E0432`.
[INFO] [stdout] Couldn't compile the test.
[INFO] [stdout] ---- src/signature/signature.rs - signature::signature::Signature (line 376) stdout ----
[INFO] [stdout] error[E0432]: unresolved import `tokio_dbus`
[INFO] [stdout]    --> src/signature/signature.rs:377:5
[INFO] [stdout]     |
[INFO] [stdout] 377 | use tokio_dbus::{Signature, SignatureBuf};
[INFO] [stdout]     |     ^^^^^^^^^^ use of unresolved module or unlinked crate `tokio_dbus`
[INFO] [stdout]     |
[INFO] [stdout]     = help: if you wanted to use a crate named `tokio_dbus`, use `cargo add tokio_dbus` to add it to your `Cargo.toml`
[INFO] [stdout] 
[INFO] [stdout] error[E0433]: cannot find module or crate `tokio_dbus` in this scope
[INFO] [stdout]    --> src/signature/signature.rs:381:9
[INFO] [stdout]     |
[INFO] [stdout] 381 | Ok::<_, tokio_dbus::Error>(())
[INFO] [stdout]     |         ^^^^^^^^^^ use of unresolved module or unlinked crate `tokio_dbus`
[INFO] [stdout]     |
[INFO] [stdout]     = help: if you wanted to use a crate named `tokio_dbus`, use `cargo add tokio_dbus` to add it to your `Cargo.toml`
[INFO] [stdout] 
[INFO] [stdout] error: aborting due to 2 previous errors
[INFO] [stdout] 
[INFO] [stdout] Some errors have detailed explanations: E0432, E0433.
[INFO] [stdout] For more information about an error, try `rustc --explain E0432`.
[INFO] [stdout] Couldn't compile the test.
[INFO] [stdout] ---- src/signature/signature.rs - signature::signature::&'_Signature (line 497) stdout ----
[INFO] [stdout] error[E0432]: unresolved import `tokio_dbus`
[INFO] [stdout]    --> src/signature/signature.rs:498:5
[INFO] [stdout]     |
[INFO] [stdout] 498 | use tokio_dbus::{Signature, SignatureBuf};
[INFO] [stdout]     |     ^^^^^^^^^^ use of unresolved module or unlinked crate `tokio_dbus`
[INFO] [stdout]     |
[INFO] [stdout]     = help: if you wanted to use a crate named `tokio_dbus`, use `cargo add tokio_dbus` to add it to your `Cargo.toml`
[INFO] [stdout] 
[INFO] [stdout] error: aborting due to 1 previous error
[INFO] [stdout] 
[INFO] [stdout] For more information about this error, try `rustc --explain E0432`.
[INFO] [stdout] Couldn't compile the test.
[INFO] [stdout] ---- src/signature/signature.rs - signature::signature::&'_Signature (line 463) stdout ----
[INFO] [stdout] error[E0432]: unresolved import `tokio_dbus`
[INFO] [stdout]    --> src/signature/signature.rs:464:5
[INFO] [stdout]     |
[INFO] [stdout] 464 | use tokio_dbus::{Signature, SignatureBuf};
[INFO] [stdout]     |     ^^^^^^^^^^ use of unresolved module or unlinked crate `tokio_dbus`
[INFO] [stdout]     |
[INFO] [stdout]     = help: if you wanted to use a crate named `tokio_dbus`, use `cargo add tokio_dbus` to add it to your `Cargo.toml`
[INFO] [stdout] 
[INFO] [stdout] error: aborting due to 1 previous error
[INFO] [stdout] 
[INFO] [stdout] For more information about this error, try `rustc --explain E0432`.
[INFO] [stdout] Couldn't compile the test.
[INFO] [stdout] ---- src/signature/signature.rs - signature::signature::Signature (line 446) stdout ----
[INFO] [stdout] error[E0432]: unresolved import `tokio_dbus`
[INFO] [stdout]    --> src/signature/signature.rs:447:5
[INFO] [stdout]     |
[INFO] [stdout] 447 | use tokio_dbus::{Signature, SignatureBuf};
[INFO] [stdout]     |     ^^^^^^^^^^ use of unresolved module or unlinked crate `tokio_dbus`
[INFO] [stdout]     |
[INFO] [stdout]     = help: if you wanted to use a crate named `tokio_dbus`, use `cargo add tokio_dbus` to add it to your `Cargo.toml`
[INFO] [stdout] 
[INFO] [stdout] error: aborting due to 1 previous error
[INFO] [stdout] 
[INFO] [stdout] For more information about this error, try `rustc --explain E0432`.
[INFO] [stdout] Couldn't compile the test.
[INFO] [stdout] ---- src/signature/signature.rs - signature::signature::Signature (line 15) stdout ----
[INFO] [stdout] error[E0432]: unresolved import `tokio_dbus`
[INFO] [stdout]   --> src/signature/signature.rs:16:5
[INFO] [stdout]    |
[INFO] [stdout] 16 | use tokio_dbus::Signature;
[INFO] [stdout]    |     ^^^^^^^^^^ use of unresolved module or unlinked crate `tokio_dbus`
[INFO] [stdout]    |
[INFO] [stdout]    = help: if you wanted to use a crate named `tokio_dbus`, use `cargo add tokio_dbus` to add it to your `Cargo.toml`
[INFO] [stdout] 
[INFO] [stdout] error: aborting due to 1 previous error
[INFO] [stdout] 
[INFO] [stdout] For more information about this error, try `rustc --explain E0432`.
[INFO] [stdout] Couldn't compile the test.
[INFO] [stdout] ---- src/proto.rs - proto::Flags (line 110) stdout ----
[INFO] [stdout] error[E0432]: unresolved import `tokio_dbus`
[INFO] [stdout]    --> src/proto.rs:111:5
[INFO] [stdout]     |
[INFO] [stdout] 111 | use tokio_dbus::Flags;
[INFO] [stdout]     |     ^^^^^^^^^^ use of unresolved module or unlinked crate `tokio_dbus`
[INFO] [stdout]     |
[INFO] [stdout]     = help: if you wanted to use a crate named `tokio_dbus`, use `cargo add tokio_dbus` to add it to your `Cargo.toml`
[INFO] [stdout] 
[INFO] [stdout] error: aborting due to 1 previous error
[INFO] [stdout] 
[INFO] [stdout] For more information about this error, try `rustc --explain E0432`.
[INFO] [stdout] Couldn't compile the test.
[INFO] [stdout] ---- src/signature/signature.rs - signature::signature::&'_Signature (line 429) stdout ----
[INFO] [stdout] error[E0432]: unresolved import `tokio_dbus`
[INFO] [stdout]    --> src/signature/signature.rs:430:5
[INFO] [stdout]     |
[INFO] [stdout] 430 | use tokio_dbus::{Signature, SignatureBuf};
[INFO] [stdout]     |     ^^^^^^^^^^ use of unresolved module or unlinked crate `tokio_dbus`
[INFO] [stdout]     |
[INFO] [stdout]     = help: if you wanted to use a crate named `tokio_dbus`, use `cargo add tokio_dbus` to add it to your `Cargo.toml`
[INFO] [stdout] 
[INFO] [stdout] error: aborting due to 1 previous error
[INFO] [stdout] 
[INFO] [stdout] For more information about this error, try `rustc --explain E0432`.
[INFO] [stdout] Couldn't compile the test.
[INFO] [stdout] ---- src/signature/signature.rs - signature::signature::Signature::EMPTY (line 31) stdout ----
[INFO] [stdout] error[E0432]: unresolved import `tokio_dbus`
[INFO] [stdout]   --> src/signature/signature.rs:32:5
[INFO] [stdout]    |
[INFO] [stdout] 32 | use tokio_dbus::{BodyBuf, Signature};
[INFO] [stdout]    |     ^^^^^^^^^^ use of unresolved module or unlinked crate `tokio_dbus`
[INFO] [stdout]    |
[INFO] [stdout]    = help: if you wanted to use a crate named `tokio_dbus`, use `cargo add tokio_dbus` to add it to your `Cargo.toml`
[INFO] [stdout] 
[INFO] [stdout] error: aborting due to 1 previous error
[INFO] [stdout] 
[INFO] [stdout] For more information about this error, try `rustc --explain E0432`.
[INFO] [stdout] Couldn't compile the test.
[INFO] [stdout] ---- src/signature/signature.rs - signature::signature::Signature (line 514) stdout ----
[INFO] [stdout] error[E0432]: unresolved import `tokio_dbus`
[INFO] [stdout]    --> src/signature/signature.rs:515:5
[INFO] [stdout]     |
[INFO] [stdout] 515 | use tokio_dbus::{Signature, SignatureBuf};
[INFO] [stdout]     |     ^^^^^^^^^^ use of unresolved module or unlinked crate `tokio_dbus`
[INFO] [stdout]     |
[INFO] [stdout]     = help: if you wanted to use a crate named `tokio_dbus`, use `cargo add tokio_dbus` to add it to your `Cargo.toml`
[INFO] [stdout] 
[INFO] [stdout] error: aborting due to 1 previous error
[INFO] [stdout] 
[INFO] [stdout] For more information about this error, try `rustc --explain E0432`.
[INFO] [stdout] Couldn't compile the test.
[INFO] [stdout] ---- src/signature/signature.rs - signature::signature::Signature::BOOLEAN (line 102) stdout ----
[INFO] [stdout] error[E0432]: unresolved import `tokio_dbus`
[INFO] [stdout]    --> src/signature/signature.rs:103:5
[INFO] [stdout]     |
[INFO] [stdout] 103 | use tokio_dbus::{BodyBuf, Signature};
[INFO] [stdout]     |     ^^^^^^^^^^ use of unresolved module or unlinked crate `tokio_dbus`
[INFO] [stdout]     |
[INFO] [stdout]     = help: if you wanted to use a crate named `tokio_dbus`, use `cargo add tokio_dbus` to add it to your `Cargo.toml`
[INFO] [stdout] 
[INFO] [stdout] error[E0433]: cannot find module or crate `tokio_dbus` in this scope
[INFO] [stdout]    --> src/signature/signature.rs:110:9
[INFO] [stdout]     |
[INFO] [stdout] 110 | Ok::<_, tokio_dbus::Error>(())
[INFO] [stdout]     |         ^^^^^^^^^^ use of unresolved module or unlinked crate `tokio_dbus`
[INFO] [stdout]     |
[INFO] [stdout]     = help: if you wanted to use a crate named `tokio_dbus`, use `cargo add tokio_dbus` to add it to your `Cargo.toml`
[INFO] [stdout] 
[INFO] [stdout] error: aborting due to 2 previous errors
[INFO] [stdout] 
[INFO] [stdout] Some errors have detailed explanations: E0432, E0433.
[INFO] [stdout] For more information about an error, try `rustc --explain E0432`.
[INFO] [stdout] Couldn't compile the test.
[INFO] [stdout] ---- src/signature/signature.rs - signature::signature::Signature::INT16 (line 134) stdout ----
[INFO] [stdout] error[E0432]: unresolved import `tokio_dbus`
[INFO] [stdout]    --> src/signature/signature.rs:135:5
[INFO] [stdout]     |
[INFO] [stdout] 135 | use tokio_dbus::{BodyBuf, Signature};
[INFO] [stdout]     |     ^^^^^^^^^^ use of unresolved module or unlinked crate `tokio_dbus`
[INFO] [stdout]     |
[INFO] [stdout]     = help: if you wanted to use a crate named `tokio_dbus`, use `cargo add tokio_dbus` to add it to your `Cargo.toml`
[INFO] [stdout] 
[INFO] [stdout] error[E0433]: cannot find module or crate `tokio_dbus` in this scope
[INFO] [stdout]    --> src/signature/signature.rs:142:9
[INFO] [stdout]     |
[INFO] [stdout] 142 | Ok::<_, tokio_dbus::Error>(())
[INFO] [stdout]     |         ^^^^^^^^^^ use of unresolved module or unlinked crate `tokio_dbus`
[INFO] [stdout]     |
[INFO] [stdout]     = help: if you wanted to use a crate named `tokio_dbus`, use `cargo add tokio_dbus` to add it to your `Cargo.toml`
[INFO] [stdout] 
[INFO] [stdout] error: aborting due to 2 previous errors
[INFO] [stdout] 
[INFO] [stdout] Some errors have detailed explanations: E0432, E0433.
[INFO] [stdout] For more information about an error, try `rustc --explain E0432`.
[INFO] [stdout] Couldn't compile the test.
[INFO] [stdout] ---- src/signature/signature.rs - signature::signature::Signature::INT32 (line 166) stdout ----
[INFO] [stdout] error[E0432]: unresolved import `tokio_dbus`
[INFO] [stdout]    --> src/signature/signature.rs:167:5
[INFO] [stdout]     |
[INFO] [stdout] 167 | use tokio_dbus::{BodyBuf, Signature};
[INFO] [stdout]     |     ^^^^^^^^^^ use of unresolved module or unlinked crate `tokio_dbus`
[INFO] [stdout]     |
[INFO] [stdout]     = help: if you wanted to use a crate named `tokio_dbus`, use `cargo add tokio_dbus` to add it to your `Cargo.toml`
[INFO] [stdout] 
[INFO] [stdout] error[E0433]: cannot find module or crate `tokio_dbus` in this scope
[INFO] [stdout]    --> src/signature/signature.rs:174:9
[INFO] [stdout]     |
[INFO] [stdout] 174 | Ok::<_, tokio_dbus::Error>(())
[INFO] [stdout]     |         ^^^^^^^^^^ use of unresolved module or unlinked crate `tokio_dbus`
[INFO] [stdout]     |
[INFO] [stdout]     = help: if you wanted to use a crate named `tokio_dbus`, use `cargo add tokio_dbus` to add it to your `Cargo.toml`
[INFO] [stdout] 
[INFO] [stdout] error: aborting due to 2 previous errors
[INFO] [stdout] 
[INFO] [stdout] Some errors have detailed explanations: E0432, E0433.
[INFO] [stdout] For more information about an error, try `rustc --explain E0432`.
[INFO] [stdout] Couldn't compile the test.
[INFO] [stdout] ---- src/signature/signature.rs - signature::signature::Signature::new_const (line 260) stdout ----
[INFO] [stdout] error[E0432]: unresolved import `tokio_dbus`
[INFO] [stdout]    --> src/signature/signature.rs:261:5
[INFO] [stdout]     |
[INFO] [stdout] 261 | use tokio_dbus::Signature;
[INFO] [stdout]     |     ^^^^^^^^^^ use of unresolved module or unlinked crate `tokio_dbus`
[INFO] [stdout]     |
[INFO] [stdout]     = help: if you wanted to use a crate named `tokio_dbus`, use `cargo add tokio_dbus` to add it to your `Cargo.toml`
[INFO] [stdout] 
[INFO] [stdout] error: aborting due to 1 previous error
[INFO] [stdout] 
[INFO] [stdout] For more information about this error, try `rustc --explain E0432`.
[INFO] [stdout] Couldn't compile the test.
[INFO] [stdout] ---- src/signature/signature_buf.rs - signature::signature_buf::SignatureBuf (line 172) stdout ----
[INFO] [stdout] error[E0432]: unresolved import `tokio_dbus`
[INFO] [stdout]    --> src/signature/signature_buf.rs:173:5
[INFO] [stdout]     |
[INFO] [stdout] 173 | use tokio_dbus::{Signature, SignatureBuf};
[INFO] [stdout]     |     ^^^^^^^^^^ use of unresolved module or unlinked crate `tokio_dbus`
[INFO] [stdout]     |
[INFO] [stdout]     = help: if you wanted to use a crate named `tokio_dbus`, use `cargo add tokio_dbus` to add it to your `Cargo.toml`
[INFO] [stdout] 
[INFO] [stdout] error[E0433]: cannot find module or crate `tokio_dbus` in this scope
[INFO] [stdout]    --> src/signature/signature_buf.rs:177:9
[INFO] [stdout]     |
[INFO] [stdout] 177 | Ok::<_, tokio_dbus::Error>(())
[INFO] [stdout]     |         ^^^^^^^^^^ use of unresolved module or unlinked crate `tokio_dbus`
[INFO] [stdout]     |
[INFO] [stdout]     = help: if you wanted to use a crate named `tokio_dbus`, use `cargo add tokio_dbus` to add it to your `Cargo.toml`
[INFO] [stdout] 
[INFO] [stdout] error: aborting due to 2 previous errors
[INFO] [stdout] 
[INFO] [stdout] Some errors have detailed explanations: E0432, E0433.
[INFO] [stdout] For more information about an error, try `rustc --explain E0432`.
[INFO] [stdout] Couldn't compile the test.
[INFO] [stdout] ---- src/signature/signature.rs - signature::signature::Signature::OBJECT_PATH (line 58) stdout ----
[INFO] [stdout] error[E0432]: unresolved import `tokio_dbus`
[INFO] [stdout]   --> src/signature/signature.rs:59:5
[INFO] [stdout]    |
[INFO] [stdout] 59 | use tokio_dbus::{BodyBuf, Signature, ObjectPath};
[INFO] [stdout]    |     ^^^^^^^^^^ use of unresolved module or unlinked crate `tokio_dbus`
[INFO] [stdout]    |
[INFO] [stdout]    = help: if you wanted to use a crate named `tokio_dbus`, use `cargo add tokio_dbus` to add it to your `Cargo.toml`
[INFO] [stdout] 
[INFO] [stdout] error[E0433]: cannot find module or crate `tokio_dbus` in this scope
[INFO] [stdout]   --> src/signature/signature.rs:65:9
[INFO] [stdout]    |
[INFO] [stdout] 65 | Ok::<_, tokio_dbus::Error>(())
[INFO] [stdout]    |         ^^^^^^^^^^ use of unresolved module or unlinked crate `tokio_dbus`
[INFO] [stdout]    |
[INFO] [stdout]    = help: if you wanted to use a crate named `tokio_dbus`, use `cargo add tokio_dbus` to add it to your `Cargo.toml`
[INFO] [stdout] 
[INFO] [stdout] error: aborting due to 2 previous errors
[INFO] [stdout] 
[INFO] [stdout] Some errors have detailed explanations: E0432, E0433.
[INFO] [stdout] For more information about an error, try `rustc --explain E0432`.
[INFO] [stdout] Couldn't compile the test.
[INFO] [stdout] ---- src/signature/signature.rs - signature::signature::&'_Signature (line 394) stdout ----
[INFO] [stdout] error[E0432]: unresolved import `tokio_dbus`
[INFO] [stdout]    --> src/signature/signature.rs:395:5
[INFO] [stdout]     |
[INFO] [stdout] 395 | use tokio_dbus::{Signature, SignatureBuf};
[INFO] [stdout]     |     ^^^^^^^^^^ use of unresolved module or unlinked crate `tokio_dbus`
[INFO] [stdout]     |
[INFO] [stdout]     = help: if you wanted to use a crate named `tokio_dbus`, use `cargo add tokio_dbus` to add it to your `Cargo.toml`
[INFO] [stdout] 
[INFO] [stdout] error[E0433]: cannot find module or crate `tokio_dbus` in this scope
[INFO] [stdout]    --> src/signature/signature.rs:399:9
[INFO] [stdout]     |
[INFO] [stdout] 399 | Ok::<_, tokio_dbus::Error>(())
[INFO] [stdout]     |         ^^^^^^^^^^ use of unresolved module or unlinked crate `tokio_dbus`
[INFO] [stdout]     |
[INFO] [stdout]     = help: if you wanted to use a crate named `tokio_dbus`, use `cargo add tokio_dbus` to add it to your `Cargo.toml`
[INFO] [stdout] 
[INFO] [stdout] error: aborting due to 2 previous errors
[INFO] [stdout] 
[INFO] [stdout] Some errors have detailed explanations: E0432, E0433.
[INFO] [stdout] For more information about an error, try `rustc --explain E0432`.
[INFO] [stdout] Couldn't compile the test.
[INFO] [stdout] ---- src/signature/signature.rs - signature::signature::Signature::INT64 (line 199) stdout ----
[INFO] [stdout] error[E0432]: unresolved import `tokio_dbus`
[INFO] [stdout]    --> src/signature/signature.rs:200:5
[INFO] [stdout]     |
[INFO] [stdout] 200 | use tokio_dbus::{BodyBuf, Signature};
[INFO] [stdout]     |     ^^^^^^^^^^ use of unresolved module or unlinked crate `tokio_dbus`
[INFO] [stdout]     |
[INFO] [stdout]     = help: if you wanted to use a crate named `tokio_dbus`, use `cargo add tokio_dbus` to add it to your `Cargo.toml`
[INFO] [stdout] 
[INFO] [stdout] error[E0433]: cannot find module or crate `tokio_dbus` in this scope
[INFO] [stdout]    --> src/signature/signature.rs:207:9
[INFO] [stdout]     |
[INFO] [stdout] 207 | Ok::<_, tokio_dbus::Error>(())
[INFO] [stdout]     |         ^^^^^^^^^^ use of unresolved module or unlinked crate `tokio_dbus`
[INFO] [stdout]     |
[INFO] [stdout]     = help: if you wanted to use a crate named `tokio_dbus`, use `cargo add tokio_dbus` to add it to your `Cargo.toml`
[INFO] [stdout] 
[INFO] [stdout] error: aborting due to 2 previous errors
[INFO] [stdout] 
[INFO] [stdout] Some errors have detailed explanations: E0432, E0433.
[INFO] [stdout] For more information about an error, try `rustc --explain E0432`.
[INFO] [stdout] Couldn't compile the test.
[INFO] [stdout] ---- src/signature/signature.rs - signature::signature::Signature::STRING (line 73) stdout ----
[INFO] [stdout] error[E0432]: unresolved import `tokio_dbus`
[INFO] [stdout]   --> src/signature/signature.rs:74:5
[INFO] [stdout]    |
[INFO] [stdout] 74 | use tokio_dbus::{BodyBuf, Signature};
[INFO] [stdout]    |     ^^^^^^^^^^ use of unresolved module or unlinked crate `tokio_dbus`
[INFO] [stdout]    |
[INFO] [stdout]    = help: if you wanted to use a crate named `tokio_dbus`, use `cargo add tokio_dbus` to add it to your `Cargo.toml`
[INFO] [stdout] 
[INFO] [stdout] error: aborting due to 1 previous error
[INFO] [stdout] 
[INFO] [stdout] For more information about this error, try `rustc --explain E0432`.
[INFO] [stdout] Couldn't compile the test.
[INFO] [stdout] ---- src/signature/signature.rs - signature::signature::Signature::BYTE (line 118) stdout ----
[INFO] [stdout] error[E0432]: unresolved import `tokio_dbus`
[INFO] [stdout]    --> src/signature/signature.rs:119:5
[INFO] [stdout]     |
[INFO] [stdout] 119 | use tokio_dbus::{BodyBuf, Signature};
[INFO] [stdout]     |     ^^^^^^^^^^ use of unresolved module or unlinked crate `tokio_dbus`
[INFO] [stdout]     |
[INFO] [stdout]     = help: if you wanted to use a crate named `tokio_dbus`, use `cargo add tokio_dbus` to add it to your `Cargo.toml`
[INFO] [stdout] 
[INFO] [stdout] error[E0433]: cannot find module or crate `tokio_dbus` in this scope
[INFO] [stdout]    --> src/signature/signature.rs:126:9
[INFO] [stdout]     |
[INFO] [stdout] 126 | Ok::<_, tokio_dbus::Error>(())
[INFO] [stdout]     |         ^^^^^^^^^^ use of unresolved module or unlinked crate `tokio_dbus`
[INFO] [stdout]     |
[INFO] [stdout]     = help: if you wanted to use a crate named `tokio_dbus`, use `cargo add tokio_dbus` to add it to your `Cargo.toml`
[INFO] [stdout] 
[INFO] [stdout] error: aborting due to 2 previous errors
[INFO] [stdout] 
[INFO] [stdout] Some errors have detailed explanations: E0432, E0433.
[INFO] [stdout] For more information about an error, try `rustc --explain E0432`.
[INFO] [stdout] Couldn't compile the test.
[INFO] [stdout] ---- src/signature/signature.rs - signature::signature::Signature::SIGNATURE (line 43) stdout ----
[INFO] [stdout] error[E0432]: unresolved import `tokio_dbus`
[INFO] [stdout]   --> src/signature/signature.rs:44:5
[INFO] [stdout]    |
[INFO] [stdout] 44 | use tokio_dbus::{BodyBuf, Signature};
[INFO] [stdout]    |     ^^^^^^^^^^ use of unresolved module or unlinked crate `tokio_dbus`
[INFO] [stdout]    |
[INFO] [stdout]    = help: if you wanted to use a crate named `tokio_dbus`, use `cargo add tokio_dbus` to add it to your `Cargo.toml`
[INFO] [stdout] 
[INFO] [stdout] error[E0433]: cannot find module or crate `tokio_dbus` in this scope
[INFO] [stdout]   --> src/signature/signature.rs:50:9
[INFO] [stdout]    |
[INFO] [stdout] 50 | Ok::<_, tokio_dbus::Error>(())
[INFO] [stdout]    |         ^^^^^^^^^^ use of unresolved module or unlinked crate `tokio_dbus`
[INFO] [stdout]    |
[INFO] [stdout]    = help: if you wanted to use a crate named `tokio_dbus`, use `cargo add tokio_dbus` to add it to your `Cargo.toml`
[INFO] [stdout] 
[INFO] [stdout] error: aborting due to 2 previous errors
[INFO] [stdout] 
[INFO] [stdout] Some errors have detailed explanations: E0432, E0433.
[INFO] [stdout] For more information about an error, try `rustc --explain E0432`.
[INFO] [stdout] Couldn't compile the test.
[INFO] [stdout] ---- src/signature/signature.rs - signature::signature::Signature (line 335) stdout ----
[INFO] [stdout] error[E0432]: unresolved import `tokio_dbus`
[INFO] [stdout]    --> src/signature/signature.rs:336:5
[INFO] [stdout]     |
[INFO] [stdout] 336 | use tokio_dbus::Signature;
[INFO] [stdout]     |     ^^^^^^^^^^ use of unresolved module or unlinked crate `tokio_dbus`
[INFO] [stdout]     |
[INFO] [stdout]     = help: if you wanted to use a crate named `tokio_dbus`, use `cargo add tokio_dbus` to add it to your `Cargo.toml`
[INFO] [stdout] 
[INFO] [stdout] error[E0433]: cannot find module or crate `tokio_dbus` in this scope
[INFO] [stdout]    --> src/signature/signature.rs:339:9
[INFO] [stdout]     |
[INFO] [stdout] 339 | Ok::<_, tokio_dbus::SignatureError>(())
[INFO] [stdout]     |         ^^^^^^^^^^ use of unresolved module or unlinked crate `tokio_dbus`
[INFO] [stdout]     |
[INFO] [stdout]     = help: if you wanted to use a crate named `tokio_dbus`, use `cargo add tokio_dbus` to add it to your `Cargo.toml`
[INFO] [stdout] 
[INFO] [stdout] error: aborting due to 2 previous errors
[INFO] [stdout] 
[INFO] [stdout] Some errors have detailed explanations: E0432, E0433.
[INFO] [stdout] For more information about an error, try `rustc --explain E0432`.
[INFO] [stdout] Couldn't compile the test.
[INFO] [stdout] ---- src/signature/signature.rs - signature::signature::Signature::DOUBLE (line 231) stdout ----
[INFO] [stdout] error[E0432]: unresolved import `tokio_dbus`
[INFO] [stdout]    --> src/signature/signature.rs:232:5
[INFO] [stdout]     |
[INFO] [stdout] 232 | use tokio_dbus::{BodyBuf, Signature};
[INFO] [stdout]     |     ^^^^^^^^^^ use of unresolved module or unlinked crate `tokio_dbus`
[INFO] [stdout]     |
[INFO] [stdout]     = help: if you wanted to use a crate named `tokio_dbus`, use `cargo add tokio_dbus` to add it to your `Cargo.toml`
[INFO] [stdout] 
[INFO] [stdout] error[E0433]: cannot find module or crate `tokio_dbus` in this scope
[INFO] [stdout]    --> src/signature/signature.rs:239:9
[INFO] [stdout]     |
[INFO] [stdout] 239 | Ok::<_, tokio_dbus::Error>(())
[INFO] [stdout]     |         ^^^^^^^^^^ use of unresolved module or unlinked crate `tokio_dbus`
[INFO] [stdout]     |
[INFO] [stdout]     = help: if you wanted to use a crate named `tokio_dbus`, use `cargo add tokio_dbus` to add it to your `Cargo.toml`
[INFO] [stdout] 
[INFO] [stdout] error: aborting due to 2 previous errors
[INFO] [stdout] 
[INFO] [stdout] Some errors have detailed explanations: E0432, E0433.
[INFO] [stdout] For more information about an error, try `rustc --explain E0432`.
[INFO] [stdout] Couldn't compile the test.
[INFO] [stdout] ---- src/signature/signature.rs - signature::signature::Signature::VARIANT (line 87) stdout ----
[INFO] [stdout] error[E0432]: unresolved import `tokio_dbus`
[INFO] [stdout]   --> src/signature/signature.rs:88:5
[INFO] [stdout]    |
[INFO] [stdout] 88 | use tokio_dbus::{BodyBuf, Signature, Variant};
[INFO] [stdout]    |     ^^^^^^^^^^ use of unresolved module or unlinked crate `tokio_dbus`
[INFO] [stdout]    |
[INFO] [stdout]    = help: if you wanted to use a crate named `tokio_dbus`, use `cargo add tokio_dbus` to add it to your `Cargo.toml`
[INFO] [stdout] 
[INFO] [stdout] error: aborting due to 1 previous error
[INFO] [stdout] 
[INFO] [stdout] For more information about this error, try `rustc --explain E0432`.
[INFO] [stdout] Couldn't compile the test.
[INFO] [stdout] ---- src/signature/signature_buf.rs - signature::signature_buf::SignatureBuf::empty (line 24) stdout ----
[INFO] [stdout] error[E0432]: unresolved import `tokio_dbus`
[INFO] [stdout]   --> src/signature/signature_buf.rs:25:5
[INFO] [stdout]    |
[INFO] [stdout] 25 | use tokio_dbus::SignatureBuf;
[INFO] [stdout]    |     ^^^^^^^^^^ use of unresolved module or unlinked crate `tokio_dbus`
[INFO] [stdout]    |
[INFO] [stdout]    = help: if you wanted to use a crate named `tokio_dbus`, use `cargo add tokio_dbus` to add it to your `Cargo.toml`
[INFO] [stdout] 
[INFO] [stdout] error: aborting due to 1 previous error
[INFO] [stdout] 
[INFO] [stdout] For more information about this error, try `rustc --explain E0432`.
[INFO] [stdout] Couldn't compile the test.
[INFO] [stdout] ---- src/signature/signature_buf.rs - signature::signature_buf::SignatureBuf::new_const (line 54) stdout ----
[INFO] [stdout] error[E0432]: unresolved import `tokio_dbus`
[INFO] [stdout]   --> src/signature/signature_buf.rs:55:5
[INFO] [stdout]    |
[INFO] [stdout] 55 | use tokio_dbus::SignatureBuf;
[INFO] [stdout]    |     ^^^^^^^^^^ use of unresolved module or unlinked crate `tokio_dbus`
[INFO] [stdout]    |
[INFO] [stdout]    = help: if you wanted to use a crate named `tokio_dbus`, use `cargo add tokio_dbus` to add it to your `Cargo.toml`
[INFO] [stdout] 
[INFO] [stdout] error: aborting due to 1 previous error
[INFO] [stdout] 
[INFO] [stdout] For more information about this error, try `rustc --explain E0432`.
[INFO] [stdout] Couldn't compile the test.
[INFO] [stdout] ---- src/signature/signature.rs - signature::signature::Signature::UINT16 (line 150) stdout ----
[INFO] [stdout] error[E0432]: unresolved import `tokio_dbus`
[INFO] [stdout]    --> src/signature/signature.rs:151:5
[INFO] [stdout]     |
[INFO] [stdout] 151 | use tokio_dbus::{BodyBuf, Signature};
[INFO] [stdout]     |     ^^^^^^^^^^ use of unresolved module or unlinked crate `tokio_dbus`
[INFO] [stdout]     |
[INFO] [stdout]     = help: if you wanted to use a crate named `tokio_dbus`, use `cargo add tokio_dbus` to add it to your `Cargo.toml`
[INFO] [stdout] 
[INFO] [stdout] error[E0433]: cannot find module or crate `tokio_dbus` in this scope
[INFO] [stdout]    --> src/signature/signature.rs:158:9
[INFO] [stdout]     |
[INFO] [stdout] 158 | Ok::<_, tokio_dbus::Error>(())
[INFO] [stdout]     |         ^^^^^^^^^^ use of unresolved module or unlinked crate `tokio_dbus`
[INFO] [stdout]     |
[INFO] [stdout]     = help: if you wanted to use a crate named `tokio_dbus`, use `cargo add tokio_dbus` to add it to your `Cargo.toml`
[INFO] [stdout] 
[INFO] [stdout] error: aborting due to 2 previous errors
[INFO] [stdout] 
[INFO] [stdout] Some errors have detailed explanations: E0432, E0433.
[INFO] [stdout] For more information about an error, try `rustc --explain E0432`.
[INFO] [stdout] Couldn't compile the test.
[INFO] [stdout] ---- src/signature/signature_buf.rs - signature::signature_buf::SignatureBuf (line 224) stdout ----
[INFO] [stdout] error[E0432]: unresolved import `tokio_dbus`
[INFO] [stdout]    --> src/signature/signature_buf.rs:225:5
[INFO] [stdout]     |
[INFO] [stdout] 225 | use tokio_dbus::{Signature, SignatureBuf};
[INFO] [stdout]     |     ^^^^^^^^^^ use of unresolved module or unlinked crate `tokio_dbus`
[INFO] [stdout]     |
[INFO] [stdout]     = help: if you wanted to use a crate named `tokio_dbus`, use `cargo add tokio_dbus` to add it to your `Cargo.toml`
[INFO] [stdout] 
[INFO] [stdout] error[E0433]: cannot find module or crate `tokio_dbus` in this scope
[INFO] [stdout]    --> src/signature/signature_buf.rs:229:9
[INFO] [stdout]     |
[INFO] [stdout] 229 | Ok::<_, tokio_dbus::Error>(())
[INFO] [stdout]     |         ^^^^^^^^^^ use of unresolved module or unlinked crate `tokio_dbus`
[INFO] [stdout]     |
[INFO] [stdout]     = help: if you wanted to use a crate named `tokio_dbus`, use `cargo add tokio_dbus` to add it to your `Cargo.toml`
[INFO] [stdout] 
[INFO] [stdout] error: aborting due to 2 previous errors
[INFO] [stdout] 
[INFO] [stdout] Some errors have detailed explanations: E0432, E0433.
[INFO] [stdout] For more information about an error, try `rustc --explain E0432`.
[INFO] [stdout] Couldn't compile the test.
[INFO] [stdout] ---- src/signature/signature_buf.rs - signature::signature_buf::SignatureBuf (line 192) stdout ----
[INFO] [stdout] error[E0432]: unresolved import `tokio_dbus`
[INFO] [stdout]    --> src/signature/signature_buf.rs:193:5
[INFO] [stdout]     |
[INFO] [stdout] 193 | use tokio_dbus::{Signature, SignatureBuf};
[INFO] [stdout]     |     ^^^^^^^^^^ use of unresolved module or unlinked crate `tokio_dbus`
[INFO] [stdout]     |
[INFO] [stdout]     = help: if you wanted to use a crate named `tokio_dbus`, use `cargo add tokio_dbus` to add it to your `Cargo.toml`
[INFO] [stdout] 
[INFO] [stdout] error[E0433]: cannot find module or crate `tokio_dbus` in this scope
[INFO] [stdout]    --> src/signature/signature_buf.rs:197:9
[INFO] [stdout]     |
[INFO] [stdout] 197 | Ok::<_, tokio_dbus::Error>(())
[INFO] [stdout]     |         ^^^^^^^^^^ use of unresolved module or unlinked crate `tokio_dbus`
[INFO] [stdout]     |
[INFO] [stdout]     = help: if you wanted to use a crate named `tokio_dbus`, use `cargo add tokio_dbus` to add it to your `Cargo.toml`
[INFO] [stdout] 
[INFO] [stdout] error: aborting due to 2 previous errors
[INFO] [stdout] 
[INFO] [stdout] Some errors have detailed explanations: E0432, E0433.
[INFO] [stdout] For more information about an error, try `rustc --explain E0432`.
[INFO] [stdout] Couldn't compile the test.
[INFO] [stdout] ---- src/signature/signature.rs - signature::signature::Signature::UINT32 (line 182) stdout ----
[INFO] [stdout] error[E0432]: unresolved import `tokio_dbus`
[INFO] [stdout]    --> src/signature/signature.rs:183:5
[INFO] [stdout]     |
[INFO] [stdout] 183 | use tokio_dbus::{BodyBuf, Signature};
[INFO] [stdout]     |     ^^^^^^^^^^ use of unresolved module or unlinked crate `tokio_dbus`
[INFO] [stdout]     |
[INFO] [stdout]     = help: if you wanted to use a crate named `tokio_dbus`, use `cargo add tokio_dbus` to add it to your `Cargo.toml`
[INFO] [stdout] 
[INFO] [stdout] error[E0433]: cannot find module or crate `tokio_dbus` in this scope
[INFO] [stdout]    --> src/signature/signature.rs:190:9
[INFO] [stdout]     |
[INFO] [stdout] 190 | Ok::<_, tokio_dbus::Error>(())
[INFO] [stdout]     |         ^^^^^^^^^^ use of unresolved module or unlinked crate `tokio_dbus`
[INFO] [stdout]     |
[INFO] [stdout]     = help: if you wanted to use a crate named `tokio_dbus`, use `cargo add tokio_dbus` to add it to your `Cargo.toml`
[INFO] [stdout] 
[INFO] [stdout] error: aborting due to 2 previous errors
[INFO] [stdout] 
[INFO] [stdout] Some errors have detailed explanations: E0432, E0433.
[INFO] [stdout] For more information about an error, try `rustc --explain E0432`.
[INFO] [stdout] Couldn't compile the test.
[INFO] [stdout] ---- src/signature/signature.rs - signature::signature::Signature::UINT64 (line 215) stdout ----
[INFO] [stdout] error[E0432]: unresolved import `tokio_dbus`
[INFO] [stdout]    --> src/signature/signature.rs:216:5
[INFO] [stdout]     |
[INFO] [stdout] 216 | use tokio_dbus::{BodyBuf, Signature};
[INFO] [stdout]     |     ^^^^^^^^^^ use of unresolved module or unlinked crate `tokio_dbus`
[INFO] [stdout]     |
[INFO] [stdout]     = help: if you wanted to use a crate named `tokio_dbus`, use `cargo add tokio_dbus` to add it to your `Cargo.toml`
[INFO] [stdout] 
[INFO] [stdout] error[E0433]: cannot find module or crate `tokio_dbus` in this scope
[INFO] [stdout]    --> src/signature/signature.rs:223:9
[INFO] [stdout]     |
[INFO] [stdout] 223 | Ok::<_, tokio_dbus::Error>(())
[INFO] [stdout]     |         ^^^^^^^^^^ use of unresolved module or unlinked crate `tokio_dbus`
[INFO] [stdout]     |
[INFO] [stdout]     = help: if you wanted to use a crate named `tokio_dbus`, use `cargo add tokio_dbus` to add it to your `Cargo.toml`
[INFO] [stdout] 
[INFO] [stdout] error: aborting due to 2 previous errors
[INFO] [stdout] 
[INFO] [stdout] Some errors have detailed explanations: E0432, E0433.
[INFO] [stdout] For more information about an error, try `rustc --explain E0432`.
[INFO] [stdout] Couldn't compile the test.
[INFO] [stdout] 
[INFO] [stdout] failures:
[INFO] [stdout]     src/proto.rs - proto::Flags (line 110)
[INFO] [stdout]     src/signature/signature.rs - signature::signature::&'_Signature (line 394)
[INFO] [stdout]     src/signature/signature.rs - signature::signature::&'_Signature (line 429)
[INFO] [stdout]     src/signature/signature.rs - signature::signature::&'_Signature (line 463)
[INFO] [stdout]     src/signature/signature.rs - signature::signature::&'_Signature (line 497)
[INFO] [stdout]     src/signature/signature.rs - signature::signature::Signature (line 15)
[INFO] [stdout]     src/signature/signature.rs - signature::signature::Signature (line 335)
[INFO] [stdout]     src/signature/signature.rs - signature::signature::Signature (line 376)
[INFO] [stdout]     src/signature/signature.rs - signature::signature::Signature (line 412)
[INFO] [stdout]     src/signature/signature.rs - signature::signature::Signature (line 446)
[INFO] [stdout]     src/signature/signature.rs - signature::signature::Signature (line 480)
[INFO] [stdout]     src/signature/signature.rs - signature::signature::Signature (line 514)
[INFO] [stdout]     src/signature/signature.rs - signature::signature::Signature::BOOLEAN (line 102)
[INFO] [stdout]     src/signature/signature.rs - signature::signature::Signature::BYTE (line 118)
[INFO] [stdout]     src/signature/signature.rs - signature::signature::Signature::DOUBLE (line 231)
[INFO] [stdout]     src/signature/signature.rs - signature::signature::Signature::EMPTY (line 31)
[INFO] [stdout]     src/signature/signature.rs - signature::signature::Signature::INT16 (line 134)
[INFO] [stdout]     src/signature/signature.rs - signature::signature::Signature::INT32 (line 166)
[INFO] [stdout]     src/signature/signature.rs - signature::signature::Signature::INT64 (line 199)
[INFO] [stdout]     src/signature/signature.rs - signature::signature::Signature::OBJECT_PATH (line 58)
[INFO] [stdout]     src/signature/signature.rs - signature::signature::Signature::SIGNATURE (line 43)
[INFO] [stdout]     src/signature/signature.rs - signature::signature::Signature::STRING (line 73)
[INFO] [stdout]     src/signature/signature.rs - signature::signature::Signature::UINT16 (line 150)
[INFO] [stdout]     src/signature/signature.rs - signature::signature::Signature::UINT32 (line 182)
[INFO] [stdout]     src/signature/signature.rs - signature::signature::Signature::UINT64 (line 215)
[INFO] [stdout]     src/signature/signature.rs - signature::signature::Signature::VARIANT (line 87)
[INFO] [stdout]     src/signature/signature.rs - signature::signature::Signature::new_const (line 260)
[INFO] [stdout]     src/signature/signature_buf.rs - signature::signature_buf::SignatureBuf (line 172)
[INFO] [stdout]     src/signature/signature_buf.rs - signature::signature_buf::SignatureBuf (line 192)
[INFO] [stdout]     src/signature/signature_buf.rs - signature::signature_buf::SignatureBuf (line 224)
[INFO] [stdout]     src/signature/signature_buf.rs - signature::signature_buf::SignatureBuf::empty (line 24)
[INFO] [stdout]     src/signature/signature_buf.rs - signature::signature_buf::SignatureBuf::new_const (line 54)
[INFO] [stdout] 
[INFO] [stdout] test result: FAILED. 2 passed; 32 failed; 0 ignored; 0 measured; 0 filtered out; finished in 0.82s
[INFO] [stdout] 
[INFO] [stdout] all doctests ran in 1.03s; merged doctests compilation took 0.20s
[INFO] [stderr] error: doctest failed, to rerun pass `--doc`
[INFO] running `Command { std: "docker" "inspect" "8a8bb4bdd4cf20554bf458d4b5683192de870c24af774672716b2a9d40cd6a9e", kill_on_drop: false }`
[INFO] running `Command { std: "docker" "rm" "-f" "8a8bb4bdd4cf20554bf458d4b5683192de870c24af774672716b2a9d40cd6a9e", kill_on_drop: false }`
[INFO] [stdout] 8a8bb4bdd4cf20554bf458d4b5683192de870c24af774672716b2a9d40cd6a9e
