[INFO] fetching crate tmp-typst-utils-custom-metadata 0.15.1-custom.metadata...
[INFO] testing tmp-typst-utils-custom-metadata-0.15.1-custom.metadata against 1.99.0-beta.8 for beta-1.100-2
[INFO] extracting crate tmp-typst-utils-custom-metadata 0.15.1-custom.metadata into /workspace/builds/worker-1-tc1/source
[INFO] started tweaking crates.io crate tmp-typst-utils-custom-metadata 0.15.1-custom.metadata
[INFO] finished tweaking crates.io crate tmp-typst-utils-custom-metadata 0.15.1-custom.metadata
[INFO] tweaked toml for crates.io crate tmp-typst-utils-custom-metadata 0.15.1-custom.metadata written to /workspace/builds/worker-1-tc1/source/Cargo.toml
[INFO] validating manifest of crates.io crate tmp-typst-utils-custom-metadata 0.15.1-custom.metadata on toolchain 1.99.0-beta.8
[INFO] running `Command { std: CARGO_HOME="/workspace/cargo-home" RUSTUP_HOME="/workspace/rustup-home" "/workspace/cargo-home/bin/cargo" "+1.99.0-beta.8" "metadata" "--manifest-path" "Cargo.toml" "--no-deps", kill_on_drop: false }`
[INFO] crate crates.io crate tmp-typst-utils-custom-metadata 0.15.1-custom.metadata already has a lockfile, it will not be regenerated
[INFO] running `Command { std: CARGO_HOME="/workspace/cargo-home" RUSTUP_HOME="/workspace/rustup-home" "/workspace/cargo-home/bin/cargo" "+1.99.0-beta.8" "fetch" "--manifest-path" "Cargo.toml", kill_on_drop: false }`
[INFO] [stderr]     Updating crates.io index
[INFO] [stderr]  Downloading crates ...
[INFO] [stderr]   Downloaded thin-vec v0.2.19
[INFO] [stderr]   Downloaded unicode-math-class v0.1.0
[INFO] running `Command { std: "docker" "create" "-v" "/var/lib/crater-agent-workspace/builds/worker-1-tc1/source:/opt/rustwide/workdir:ro,Z" "-v" "/var/lib/crater-agent-workspace/builds/worker-1-tc1/target:/opt/rustwide/target:rw,Z" "-v" "/var/lib/crater-agent-workspace/cargo-home:/opt/rustwide/cargo-home:ro,Z" "-v" "/var/lib/crater-agent-workspace/rustup-home:/opt/rustwide/rustup-home:ro,Z" "-m" "1610612736" "--network" "none" "ghcr.io/rust-lang/crates-build-env/linux@sha256:3111399a4047eeb3a02b7a90e478d715f38a8c6669b5c4b49d30a17385265909" "sleep" "infinity", kill_on_drop: false }`
[INFO] [stdout] 749d8343e32517041d351960e4169b4b61f2ef3625c630deef40619d653b7da3
[INFO] running `Command { std: "docker" "start" "749d8343e32517041d351960e4169b4b61f2ef3625c630deef40619d653b7da3", kill_on_drop: false }`
[INFO] running `Command { std: "docker" "inspect" "749d8343e32517041d351960e4169b4b61f2ef3625c630deef40619d653b7da3", kill_on_drop: false }`
[INFO] running `Command { std: "docker" "exec" "-e" "SOURCE_DIR=/opt/rustwide/workdir" "-e" "CARGO_HOME=/opt/rustwide/cargo-home" "-e" "RUSTUP_HOME=/opt/rustwide/rustup-home" "-e" "CARGO_TARGET_DIR=/opt/rustwide/target" "-w" "/opt/rustwide/workdir" "--user" "0:0" "749d8343e32517041d351960e4169b4b61f2ef3625c630deef40619d653b7da3" "/opt/rustwide/cargo-home/bin/cargo" "+1.99.0-beta.8" "metadata" "--no-deps" "--format-version=1", kill_on_drop: false }`
[INFO] running `Command { std: "docker" "inspect" "749d8343e32517041d351960e4169b4b61f2ef3625c630deef40619d653b7da3", kill_on_drop: false }`
[INFO] running `Command { std: "docker" "exec" "-e" "SOURCE_DIR=/opt/rustwide/workdir" "-e" "CARGO_HOME=/opt/rustwide/cargo-home" "-e" "RUSTUP_HOME=/opt/rustwide/rustup-home" "-e" "CARGO_TARGET_DIR=/opt/rustwide/target" "-e" "CARGO_INCREMENTAL=0" "-e" "RUST_BACKTRACE=full" "-e" "RUSTFLAGS=--cap-lints=warn" "-e" "RUSTDOCFLAGS=--cap-lints=warn" "-w" "/opt/rustwide/workdir" "--user" "0:0" "749d8343e32517041d351960e4169b4b61f2ef3625c630deef40619d653b7da3" "/opt/rustwide/cargo-home/bin/cargo" "+1.99.0-beta.8" "build" "--frozen" "--message-format=json", kill_on_drop: false }`
[INFO] [stderr]    Compiling crossbeam-utils v0.8.22
[INFO] [stderr]    Compiling crossbeam-epoch v0.9.20
[INFO] [stderr]    Compiling crossbeam-deque v0.8.7
[INFO] [stderr]    Compiling rayon-core v1.13.0
[INFO] [stderr]    Compiling portable-atomic v1.14.0
[INFO] [stderr]    Compiling libm v0.2.16
[INFO] [stderr]    Compiling tmp-typst-utils-custom-metadata v0.15.1-custom.metadata (/opt/rustwide/workdir)
[INFO] [stderr]    Compiling either v1.17.0
[INFO] [stderr]    Compiling rustc-hash v2.1.3
[INFO] [stderr]    Compiling smallvec v1.15.2
[INFO] [stderr]    Compiling siphasher v1.0.3
[INFO] [stderr]    Compiling unicode-math-class v0.1.0
[INFO] [stderr]    Compiling thin-vec v0.2.19
[INFO] [stderr]    Compiling semver v1.0.28
[INFO] [stderr]    Compiling rayon v1.12.0
[INFO] [stderr]     Finished `dev` profile [unoptimized + debuginfo] target(s) in 8.92s
[INFO] running `Command { std: "docker" "inspect" "749d8343e32517041d351960e4169b4b61f2ef3625c630deef40619d653b7da3", kill_on_drop: false }`
[INFO] running `Command { std: "docker" "exec" "-e" "SOURCE_DIR=/opt/rustwide/workdir" "-e" "CARGO_HOME=/opt/rustwide/cargo-home" "-e" "RUSTUP_HOME=/opt/rustwide/rustup-home" "-e" "CARGO_TARGET_DIR=/opt/rustwide/target" "-e" "CARGO_INCREMENTAL=0" "-e" "RUST_BACKTRACE=full" "-e" "RUSTFLAGS=--cap-lints=warn" "-e" "RUSTDOCFLAGS=--cap-lints=warn" "-w" "/opt/rustwide/workdir" "--user" "0:0" "749d8343e32517041d351960e4169b4b61f2ef3625c630deef40619d653b7da3" "/opt/rustwide/cargo-home/bin/cargo" "+1.99.0-beta.8" "test" "--frozen" "--no-run" "--message-format=json", kill_on_drop: false }`
[INFO] [stderr]    Compiling tmp-typst-utils-custom-metadata v0.15.1-custom.metadata (/opt/rustwide/workdir)
[INFO] [stderr]     Finished `test` profile [unoptimized + debuginfo] target(s) in 0.67s
[INFO] running `Command { std: "docker" "inspect" "749d8343e32517041d351960e4169b4b61f2ef3625c630deef40619d653b7da3", kill_on_drop: false }`
[INFO] running `Command { std: "docker" "exec" "-e" "SOURCE_DIR=/opt/rustwide/workdir" "-e" "CARGO_HOME=/opt/rustwide/cargo-home" "-e" "RUSTUP_HOME=/opt/rustwide/rustup-home" "-e" "CARGO_TARGET_DIR=/opt/rustwide/target" "-e" "CARGO_INCREMENTAL=0" "-e" "RUST_BACKTRACE=full" "-e" "RUSTFLAGS=--cap-lints=warn" "-e" "RUSTDOCFLAGS=--cap-lints=warn" "-w" "/opt/rustwide/workdir" "--user" "0:0" "749d8343e32517041d351960e4169b4b61f2ef3625c630deef40619d653b7da3" "/opt/rustwide/cargo-home/bin/cargo" "+1.99.0-beta.8" "test" "--frozen", kill_on_drop: false }`
[INFO] [stderr]     Finished `test` profile [unoptimized + debuginfo] target(s) in 0.03s
[INFO] [stderr]      Running unittests src/lib.rs (/opt/rustwide/target/debug/deps/tmp_typst_utils_custom_metadata-b4a39d91d743f133)
[INFO] [stdout] 
[INFO] [stdout] running 17 tests
[INFO] [stdout] test pico::tests::test_exceptions_not_bitcode_encodable ... ok
[INFO] [stdout] test pico::tests::test_exceptions_sorted ... ok
[INFO] [stdout] test bitset::tests::test_bitset ... ok
[INFO] [stdout] test round::tests::test_round_int_with_precision_negative_1 ... ok
[INFO] [stdout] test round::tests::test_round_with_precision_0 ... ok
[INFO] [stdout] test round::tests::test_round_with_precision_1 ... ok
[INFO] [stdout] test round::tests::test_round_int_with_precision_positive ... ok
[INFO] [stdout] test round::tests::test_round_with_precision_2 ... ok
[INFO] [stdout] test round::tests::test_round_int_with_precision_negative_2 ... ok
[INFO] [stdout] test round::tests::test_round_with_precision_negative_1 ... ok
[INFO] [stdout] test round::tests::test_round_with_precision_negative_2 ... ok
[INFO] [stdout] test pico::tests::test_pico_str ... ok
[INFO] [stdout] test tests::test_rdedup ... ok
[INFO] [stdout] test pico::tests::test_exception_find ... ok
[INFO] [stdout] test round::tests::test_round_with_precision_fuzzy ... ok
[INFO] [stdout] test round::tests::test_round_with_precision_fuzzy_negative ... ok
[INFO] [stdout] test duration::tests::test_format_duration ... ok
[INFO] [stdout] 
[INFO] [stdout] test result: ok. 17 passed; 0 failed; 0 ignored; 0 measured; 0 filtered out; finished in 0.00s
[INFO] [stdout] 
[INFO] [stderr]    Doc-tests tmp_typst_utils_custom_metadata
[INFO] [stdout] 
[INFO] [stdout] running 2 tests
[INFO] [stdout] test src/round.rs - round::round_int_with_precision (line 74) ... FAILED
[INFO] [stdout] test src/round.rs - round::round_with_precision (line 18) ... FAILED
[INFO] [stdout] 
[INFO] [stdout] failures:
[INFO] [stdout] 
[INFO] [stdout] ---- src/round.rs - round::round_int_with_precision (line 74) stdout ----
[INFO] [stdout] error[E0432]: unresolved import `typst_utils`
[INFO] [stdout]   --> src/round.rs:75:5
[INFO] [stdout]    |
[INFO] [stdout] 75 | use typst_utils::round_int_with_precision;
[INFO] [stdout]    |     ^^^^^^^^^^^ use of unresolved module or unlinked crate `typst_utils`
[INFO] [stdout]    |
[INFO] [stdout]    = help: if you wanted to use a crate named `typst_utils`, use `cargo add typst_utils` to add it to your `Cargo.toml`
[INFO] [stdout] 
[INFO] [stdout] error: aborting due to 1 previous error
[INFO] [stdout] 
[INFO] [stdout] For more information about this error, try `rustc --explain E0432`.
[INFO] [stdout] Couldn't compile the test.
[INFO] [stdout] ---- src/round.rs - round::round_with_precision (line 18) stdout ----
[INFO] [stdout] error[E0432]: unresolved import `typst_utils`
[INFO] [stdout]   --> src/round.rs:19:5
[INFO] [stdout]    |
[INFO] [stdout] 19 | use typst_utils::round_with_precision;
[INFO] [stdout]    |     ^^^^^^^^^^^ use of unresolved module or unlinked crate `typst_utils`
[INFO] [stdout]    |
[INFO] [stdout]    = help: if you wanted to use a crate named `typst_utils`, use `cargo add typst_utils` to add it to your `Cargo.toml`
[INFO] [stdout] 
[INFO] [stdout] error: aborting due to 1 previous error
[INFO] [stdout] 
[INFO] [stdout] For more information about this error, try `rustc --explain E0432`.
[INFO] [stdout] Couldn't compile the test.
[INFO] [stdout] 
[INFO] [stdout] failures:
[INFO] [stdout]     src/round.rs - round::round_int_with_precision (line 74)
[INFO] [stdout]     src/round.rs - round::round_with_precision (line 18)
[INFO] [stdout] 
[INFO] [stdout] test result: FAILED. 0 passed; 2 failed; 0 ignored; 0 measured; 0 filtered out; finished in 0.13s
[INFO] [stdout] 
[INFO] [stdout] all doctests ran in 0.21s; merged doctests compilation took 0.08s
[INFO] [stderr] error: doctest failed, to rerun pass `--doc`
[INFO] running `Command { std: "docker" "inspect" "749d8343e32517041d351960e4169b4b61f2ef3625c630deef40619d653b7da3", kill_on_drop: false }`
[INFO] running `Command { std: "docker" "rm" "-f" "749d8343e32517041d351960e4169b4b61f2ef3625c630deef40619d653b7da3", kill_on_drop: false }`
[INFO] [stdout] 749d8343e32517041d351960e4169b4b61f2ef3625c630deef40619d653b7da3
