[INFO] fetching crate tjs2dec 0.5.0...
[INFO] testing tjs2dec-0.5.0 against 1.99.0-beta.8 for beta-1.100-2
[INFO] extracting crate tjs2dec 0.5.0 into /workspace/builds/worker-1-tc1/source
[INFO] started tweaking crates.io crate tjs2dec 0.5.0
[INFO] removed 0 missing tests
[INFO] finished tweaking crates.io crate tjs2dec 0.5.0
[INFO] tweaked toml for crates.io crate tjs2dec 0.5.0 written to /workspace/builds/worker-1-tc1/source/Cargo.toml
[INFO] validating manifest of crates.io crate tjs2dec 0.5.0 on toolchain 1.99.0-beta.8
[INFO] running `Command { std: CARGO_HOME="/workspace/cargo-home" RUSTUP_HOME="/workspace/rustup-home" "/workspace/cargo-home/bin/cargo" "+1.99.0-beta.8" "metadata" "--manifest-path" "Cargo.toml" "--no-deps", kill_on_drop: false }`
[INFO] crate crates.io crate tjs2dec 0.5.0 already has a lockfile, it will not be regenerated
[INFO] running `Command { std: CARGO_HOME="/workspace/cargo-home" RUSTUP_HOME="/workspace/rustup-home" "/workspace/cargo-home/bin/cargo" "+1.99.0-beta.8" "fetch" "--manifest-path" "Cargo.toml", kill_on_drop: false }`
[INFO] [stderr]  Downloading crates ...
[INFO] [stderr]   Downloaded clap_derive v4.5.49
[INFO] [stderr]   Downloaded clap v4.5.53
[INFO] [stderr]   Downloaded clap_lex v0.7.6
[INFO] [stderr]   Downloaded clap_builder v4.5.53
[INFO] running `Command { std: "docker" "create" "-v" "/var/lib/crater-agent-workspace/builds/worker-1-tc1/source:/opt/rustwide/workdir:ro,Z" "-v" "/var/lib/crater-agent-workspace/builds/worker-1-tc1/target:/opt/rustwide/target:rw,Z" "-v" "/var/lib/crater-agent-workspace/cargo-home:/opt/rustwide/cargo-home:ro,Z" "-v" "/var/lib/crater-agent-workspace/rustup-home:/opt/rustwide/rustup-home:ro,Z" "-m" "1610612736" "--network" "none" "ghcr.io/rust-lang/crates-build-env/linux@sha256:3111399a4047eeb3a02b7a90e478d715f38a8c6669b5c4b49d30a17385265909" "sleep" "infinity", kill_on_drop: false }`
[INFO] [stdout] dff36bb0e36046d4fd3b9b6e016ae68a91df131ebe53fdcc6d1f8ea1e8e4df97
[INFO] running `Command { std: "docker" "start" "dff36bb0e36046d4fd3b9b6e016ae68a91df131ebe53fdcc6d1f8ea1e8e4df97", kill_on_drop: false }`
[INFO] running `Command { std: "docker" "inspect" "dff36bb0e36046d4fd3b9b6e016ae68a91df131ebe53fdcc6d1f8ea1e8e4df97", kill_on_drop: false }`
[INFO] running `Command { std: "docker" "exec" "-e" "SOURCE_DIR=/opt/rustwide/workdir" "-e" "CARGO_HOME=/opt/rustwide/cargo-home" "-e" "RUSTUP_HOME=/opt/rustwide/rustup-home" "-e" "CARGO_TARGET_DIR=/opt/rustwide/target" "-w" "/opt/rustwide/workdir" "--user" "0:0" "dff36bb0e36046d4fd3b9b6e016ae68a91df131ebe53fdcc6d1f8ea1e8e4df97" "/opt/rustwide/cargo-home/bin/cargo" "+1.99.0-beta.8" "metadata" "--no-deps" "--format-version=1", kill_on_drop: false }`
[INFO] running `Command { std: "docker" "inspect" "dff36bb0e36046d4fd3b9b6e016ae68a91df131ebe53fdcc6d1f8ea1e8e4df97", kill_on_drop: false }`
[INFO] running `Command { std: "docker" "exec" "-e" "SOURCE_DIR=/opt/rustwide/workdir" "-e" "CARGO_HOME=/opt/rustwide/cargo-home" "-e" "RUSTUP_HOME=/opt/rustwide/rustup-home" "-e" "CARGO_TARGET_DIR=/opt/rustwide/target" "-e" "CARGO_INCREMENTAL=0" "-e" "RUST_BACKTRACE=full" "-e" "RUSTFLAGS=--cap-lints=warn" "-e" "RUSTDOCFLAGS=--cap-lints=warn" "-w" "/opt/rustwide/workdir" "--user" "0:0" "dff36bb0e36046d4fd3b9b6e016ae68a91df131ebe53fdcc6d1f8ea1e8e4df97" "/opt/rustwide/cargo-home/bin/cargo" "+1.99.0-beta.8" "build" "--frozen" "--message-format=json", kill_on_drop: false }`
[INFO] [stderr]    Compiling proc-macro2 v1.0.103
[INFO] [stderr]    Compiling unicode-ident v1.0.22
[INFO] [stderr]    Compiling quote v1.0.42
[INFO] [stderr]    Compiling utf8parse v0.2.2
[INFO] [stderr]    Compiling is_terminal_polyfill v1.70.2
[INFO] [stderr]    Compiling colorchoice v1.0.4
[INFO] [stderr]    Compiling anstyle-query v1.1.5
[INFO] [stderr]    Compiling anstyle v1.0.13
[INFO] [stderr]    Compiling anstyle-parse v0.2.7
[INFO] [stderr]    Compiling clap_lex v0.7.6
[INFO] [stderr]    Compiling anyhow v1.0.100
[INFO] [stderr]    Compiling heck v0.5.0
[INFO] [stderr]    Compiling strsim v0.11.1
[INFO] [stderr]    Compiling anstream v0.6.21
[INFO] [stderr]    Compiling clap_builder v4.5.53
[INFO] [stderr]    Compiling syn v2.0.111
[INFO] [stderr]    Compiling clap_derive v4.5.49
[INFO] [stderr]    Compiling clap v4.5.53
[INFO] [stderr]    Compiling tjs2dec v0.5.0 (/opt/rustwide/workdir)
[INFO] [stdout] warning: unused import: `std::fmt`
[INFO] [stdout]  --> src/model.rs:1:5
[INFO] [stdout]   |
[INFO] [stdout] 1 | use std::fmt;
[INFO] [stdout]   |     ^^^^^^^^
[INFO] [stdout]   |
[INFO] [stdout]   = note: `#[warn(unused_imports)]` (part of `#[warn(unused)]`) on by default
[INFO] [stdout] 
[INFO] [stdout] 
[INFO] [stdout] warning: variable does not need to be mutable
[INFO] [stdout]     --> src/decompile/srcgen_high.rs:2679:9
[INFO] [stdout]      |
[INFO] [stdout] 2679 |     let mut record = |map: &mut HashMap<i32, VarId>, v: VarId| {
[INFO] [stdout]      |         ----^^^^^^
[INFO] [stdout]      |         |
[INFO] [stdout]      |         help: remove this `mut`
[INFO] [stdout]      |
[INFO] [stdout]      = note: `#[warn(unused_mut)]` (part of `#[warn(unused)]`) on by default
[INFO] [stdout] 
[INFO] [stdout] 
[INFO] [stdout] warning: unused variable: `cfg`
[INFO] [stdout]   --> src/decompile/srcgen_low.rs:78:56
[INFO] [stdout]    |
[INFO] [stdout] 78 | fn emit_function(out: &mut String, prog: &ExprProgram, cfg: &Cfg, obj: &Tjs2Object) -> Result<()> {
[INFO] [stdout]    |                                                        ^^^ help: if this is intentional, prefix it with an underscore: `_cfg`
[INFO] [stdout]    |
[INFO] [stdout]    = note: `#[warn(unused_variables)]` (part of `#[warn(unused)]`) on by default
[INFO] [stdout] 
[INFO] [stdout] 
[INFO] [stdout] warning: value assigned to `msg` is never read
[INFO] [stdout]    --> src/disasm.rs:61:19
[INFO] [stdout]     |
[INFO] [stdout]  61 |     let mut msg = String::new();
[INFO] [stdout]     |                   ^^^^^^^^^^^^^ this value is reassigned later and never used
[INFO] [stdout] ...
[INFO] [stdout] 330 |     msg = format!("unknown instruction {}", op);
[INFO] [stdout]     |     --- `msg` is overwritten here before the previous value is read
[INFO] [stdout]     |
[INFO] [stdout]     = note: `#[warn(unused_assignments)]` (part of `#[warn(unused)]`) on by default
[INFO] [stdout] 
[INFO] [stdout] 
[INFO] [stdout] warning: value assigned to `size` is never read
[INFO] [stdout]    --> src/disasm.rs:63:27
[INFO] [stdout]     |
[INFO] [stdout]  63 |     let mut size: usize = 1;
[INFO] [stdout]     |                           ^ this value is reassigned later and never used
[INFO] [stdout] ...
[INFO] [stdout] 325 |         size = 1;
[INFO] [stdout]     |         -------- `size` is overwritten here before the previous value is read
[INFO] [stdout] 
[INFO] [stdout] 
[INFO] [stdout] warning: variable does not need to be mutable
[INFO] [stdout]    --> src/disasm.rs:503:9
[INFO] [stdout]     |
[INFO] [stdout] 503 |     let mut size: usize;
[INFO] [stdout]     |         ----^^^^
[INFO] [stdout]     |         |
[INFO] [stdout]     |         help: remove this `mut`
[INFO] [stdout] 
[INFO] [stdout] 
[INFO] [stdout] warning: unused variable: `prefix`
[INFO] [stdout]    --> src/disasm.rs:474:10
[INFO] [stdout]     |
[INFO] [stdout] 474 |     let (prefix, st, member_data_index_opt): (&str, usize, Option<i32>) = match op {
[INFO] [stdout]     |          ^^^^^^ help: if this is intentional, prefix it with an underscore: `_prefix`
[INFO] [stdout] 
[INFO] [stdout] 
[INFO] [stdout] warning: unused variable: `member_data_index_opt`
[INFO] [stdout]    --> src/disasm.rs:474:22
[INFO] [stdout]     |
[INFO] [stdout] 474 |     let (prefix, st, member_data_index_opt): (&str, usize, Option<i32>) = match op {
[INFO] [stdout]     |                      ^^^^^^^^^^^^^^^^^^^^^ help: if this is intentional, prefix it with an underscore: `_member_data_index_opt`
[INFO] [stdout] 
[INFO] [stdout] 
[INFO] [stdout] warning: value assigned to `msg` is never read
[INFO] [stdout]    --> src/disasm.rs:482:19
[INFO] [stdout]     |
[INFO] [stdout] 482 |     let mut msg = String::new();
[INFO] [stdout]     |                   ^^^^^^^^^^^^^ this value is reassigned later and never used
[INFO] [stdout] ...
[INFO] [stdout] 486 |             msg = format!("call %{}, %{}(", code[i + 1], code[i + 2]);
[INFO] [stdout]     |             --- `msg` is overwritten here before the previous value is read
[INFO] [stdout] 
[INFO] [stdout] 
[INFO] [stdout] warning: value assigned to `pc` is never read
[INFO] [stdout]    --> src/emit_exec_tjs.rs:624:22
[INFO] [stdout]     |
[INFO] [stdout] 624 |         let mut pc = 0usize;
[INFO] [stdout]     |                      ^^^^^^ this value is reassigned later and never used
[INFO] [stdout] ...
[INFO] [stdout] 638 |             pc = 2;
[INFO] [stdout]     |             ------ `pc` is overwritten here before the previous value is read
[INFO] [stdout] 
[INFO] [stdout] 
[INFO] [stdout] warning: function `vm_binop` is never used
[INFO] [stdout]   --> src/decompile/srcgen_high.rs:14:4
[INFO] [stdout]    |
[INFO] [stdout] 14 | fn vm_binop(op: &str) -> Option<BinOp> {
[INFO] [stdout]    |    ^^^^^^^^
[INFO] [stdout]    |
[INFO] [stdout]    = note: `#[warn(dead_code)]` (part of `#[warn(unused)]`) on by default
[INFO] [stdout] 
[INFO] [stdout] 
[INFO] [stdout] warning: function `vm_unop` is never used
[INFO] [stdout]   --> src/decompile/srcgen_high.rs:51:4
[INFO] [stdout]    |
[INFO] [stdout] 51 | fn vm_unop(op: &str) -> Option<UnOp> {
[INFO] [stdout]    |    ^^^^^^^
[INFO] [stdout] 
[INFO] [stdout] 
[INFO] [stdout] warning: function `fmt_octet_literal` is never used
[INFO] [stdout]   --> src/decompile/srcgen_high.rs:65:4
[INFO] [stdout]    |
[INFO] [stdout] 65 | fn fmt_octet_literal(bytes: &[u8]) -> String {
[INFO] [stdout]    |    ^^^^^^^^^^^^^^^^^
[INFO] [stdout] 
[INFO] [stdout] 
[INFO] [stdout] warning: function `escape_tjs_string_min` is never used
[INFO] [stdout]   --> src/decompile/srcgen_high.rs:75:4
[INFO] [stdout]    |
[INFO] [stdout] 75 | fn escape_tjs_string_min(s: &str) -> String {
[INFO] [stdout]    |    ^^^^^^^^^^^^^^^^^^^^^
[INFO] [stdout] 
[INFO] [stdout] 
[INFO] [stdout] warning: fields `cfg` and `pdom` are never read
[INFO] [stdout]     --> src/decompile/srcgen_high.rs:3542:5
[INFO] [stdout]      |
[INFO] [stdout] 3541 | struct Structurer<'a> {
[INFO] [stdout]      |        ---------- fields in this struct
[INFO] [stdout] 3542 |     cfg: &'a Cfg,
[INFO] [stdout]      |     ^^^
[INFO] [stdout] ...
[INFO] [stdout] 3559 |     pdom: Vec<HashSet<usize>>,
[INFO] [stdout]      |     ^^^^
[INFO] [stdout] 
[INFO] [stdout] 
[INFO] [stdout] warning: function `fmt_vid_tjs` is never used
[INFO] [stdout]     --> src/decompile/srcgen_high.rs:6094:4
[INFO] [stdout]      |
[INFO] [stdout] 6094 | fn fmt_vid_tjs(vid: VarId) -> String {
[INFO] [stdout]      |    ^^^^^^^^^^^
[INFO] [stdout] 
[INFO] [stdout] 
[INFO] [stdout] warning: function `obj_lhs` is never used
[INFO] [stdout]     --> src/decompile/srcgen_high.rs:6106:4
[INFO] [stdout]      |
[INFO] [stdout] 6106 | fn obj_lhs(index: usize, name: Option<&str>) -> String {
[INFO] [stdout]      |    ^^^^^^^
[INFO] [stdout] 
[INFO] [stdout] 
[INFO] [stdout] warning: field `idom` is never read
[INFO] [stdout]    --> src/decompile/ssa.rs:239:5
[INFO] [stdout]     |
[INFO] [stdout] 238 | struct DomInfo {
[INFO] [stdout]     |        ------- field in this struct
[INFO] [stdout] 239 |     idom: Vec<usize>,
[INFO] [stdout]     |     ^^^^
[INFO] [stdout]     |
[INFO] [stdout]     = note: `DomInfo` has derived impls for the traits `Clone` and `Debug`, but these are intentionally ignored during dead code analysis
[INFO] [stdout] 
[INFO] [stdout] 
[INFO] [stderr]     Finished `dev` profile [unoptimized + debuginfo] target(s) in 26.54s
[INFO] running `Command { std: "docker" "inspect" "dff36bb0e36046d4fd3b9b6e016ae68a91df131ebe53fdcc6d1f8ea1e8e4df97", kill_on_drop: false }`
[INFO] running `Command { std: "docker" "exec" "-e" "SOURCE_DIR=/opt/rustwide/workdir" "-e" "CARGO_HOME=/opt/rustwide/cargo-home" "-e" "RUSTUP_HOME=/opt/rustwide/rustup-home" "-e" "CARGO_TARGET_DIR=/opt/rustwide/target" "-e" "CARGO_INCREMENTAL=0" "-e" "RUST_BACKTRACE=full" "-e" "RUSTFLAGS=--cap-lints=warn" "-e" "RUSTDOCFLAGS=--cap-lints=warn" "-w" "/opt/rustwide/workdir" "--user" "0:0" "dff36bb0e36046d4fd3b9b6e016ae68a91df131ebe53fdcc6d1f8ea1e8e4df97" "/opt/rustwide/cargo-home/bin/cargo" "+1.99.0-beta.8" "test" "--frozen" "--no-run" "--message-format=json", kill_on_drop: false }`
[INFO] [stderr]    Compiling tjs2dec v0.5.0 (/opt/rustwide/workdir)
[INFO] [stdout] warning: unused import: `std::fmt`
[INFO] [stdout]  --> src/model.rs:1:5
[INFO] [stdout]   |
[INFO] [stdout] 1 | use std::fmt;
[INFO] [stdout]   |     ^^^^^^^^
[INFO] [stdout]   |
[INFO] [stdout]   = note: `#[warn(unused_imports)]` (part of `#[warn(unused)]`) on by default
[INFO] [stdout] 
[INFO] [stdout] 
[INFO] [stdout] warning: variable does not need to be mutable
[INFO] [stdout]     --> src/decompile/srcgen_high.rs:2679:9
[INFO] [stdout]      |
[INFO] [stdout] 2679 |     let mut record = |map: &mut HashMap<i32, VarId>, v: VarId| {
[INFO] [stdout]      |         ----^^^^^^
[INFO] [stdout]      |         |
[INFO] [stdout]      |         help: remove this `mut`
[INFO] [stdout]      |
[INFO] [stdout]      = note: `#[warn(unused_mut)]` (part of `#[warn(unused)]`) on by default
[INFO] [stdout] 
[INFO] [stdout] 
[INFO] [stdout] warning: unused variable: `cfg`
[INFO] [stdout]   --> src/decompile/srcgen_low.rs:78:56
[INFO] [stdout]    |
[INFO] [stdout] 78 | fn emit_function(out: &mut String, prog: &ExprProgram, cfg: &Cfg, obj: &Tjs2Object) -> Result<()> {
[INFO] [stdout]    |                                                        ^^^ help: if this is intentional, prefix it with an underscore: `_cfg`
[INFO] [stdout]    |
[INFO] [stdout]    = note: `#[warn(unused_variables)]` (part of `#[warn(unused)]`) on by default
[INFO] [stdout] 
[INFO] [stdout] 
[INFO] [stdout] warning: value assigned to `msg` is never read
[INFO] [stdout]    --> src/disasm.rs:61:19
[INFO] [stdout]     |
[INFO] [stdout]  61 |     let mut msg = String::new();
[INFO] [stdout]     |                   ^^^^^^^^^^^^^ this value is reassigned later and never used
[INFO] [stdout] ...
[INFO] [stdout] 330 |     msg = format!("unknown instruction {}", op);
[INFO] [stdout]     |     --- `msg` is overwritten here before the previous value is read
[INFO] [stdout]     |
[INFO] [stdout]     = note: `#[warn(unused_assignments)]` (part of `#[warn(unused)]`) on by default
[INFO] [stdout] 
[INFO] [stdout] 
[INFO] [stdout] warning: value assigned to `size` is never read
[INFO] [stdout]    --> src/disasm.rs:63:27
[INFO] [stdout]     |
[INFO] [stdout]  63 |     let mut size: usize = 1;
[INFO] [stdout]     |                           ^ this value is reassigned later and never used
[INFO] [stdout] ...
[INFO] [stdout] 325 |         size = 1;
[INFO] [stdout]     |         -------- `size` is overwritten here before the previous value is read
[INFO] [stdout] 
[INFO] [stdout] 
[INFO] [stdout] warning: variable does not need to be mutable
[INFO] [stdout]    --> src/disasm.rs:503:9
[INFO] [stdout]     |
[INFO] [stdout] 503 |     let mut size: usize;
[INFO] [stdout]     |         ----^^^^
[INFO] [stdout]     |         |
[INFO] [stdout]     |         help: remove this `mut`
[INFO] [stdout] 
[INFO] [stdout] 
[INFO] [stdout] warning: unused variable: `prefix`
[INFO] [stdout]    --> src/disasm.rs:474:10
[INFO] [stdout]     |
[INFO] [stdout] 474 |     let (prefix, st, member_data_index_opt): (&str, usize, Option<i32>) = match op {
[INFO] [stdout]     |          ^^^^^^ help: if this is intentional, prefix it with an underscore: `_prefix`
[INFO] [stdout] 
[INFO] [stdout] 
[INFO] [stdout] warning: unused variable: `member_data_index_opt`
[INFO] [stdout]    --> src/disasm.rs:474:22
[INFO] [stdout]     |
[INFO] [stdout] 474 |     let (prefix, st, member_data_index_opt): (&str, usize, Option<i32>) = match op {
[INFO] [stdout]     |                      ^^^^^^^^^^^^^^^^^^^^^ help: if this is intentional, prefix it with an underscore: `_member_data_index_opt`
[INFO] [stdout] 
[INFO] [stdout] 
[INFO] [stdout] warning: value assigned to `msg` is never read
[INFO] [stdout]    --> src/disasm.rs:482:19
[INFO] [stdout]     |
[INFO] [stdout] 482 |     let mut msg = String::new();
[INFO] [stdout]     |                   ^^^^^^^^^^^^^ this value is reassigned later and never used
[INFO] [stdout] ...
[INFO] [stdout] 486 |             msg = format!("call %{}, %{}(", code[i + 1], code[i + 2]);
[INFO] [stdout]     |             --- `msg` is overwritten here before the previous value is read
[INFO] [stdout] 
[INFO] [stdout] 
[INFO] [stdout] warning: value assigned to `pc` is never read
[INFO] [stdout]    --> src/emit_exec_tjs.rs:624:22
[INFO] [stdout]     |
[INFO] [stdout] 624 |         let mut pc = 0usize;
[INFO] [stdout]     |                      ^^^^^^ this value is reassigned later and never used
[INFO] [stdout] ...
[INFO] [stdout] 638 |             pc = 2;
[INFO] [stdout]     |             ------ `pc` is overwritten here before the previous value is read
[INFO] [stdout] 
[INFO] [stdout] 
[INFO] [stdout] warning: function `vm_binop` is never used
[INFO] [stdout]   --> src/decompile/srcgen_high.rs:14:4
[INFO] [stdout]    |
[INFO] [stdout] 14 | fn vm_binop(op: &str) -> Option<BinOp> {
[INFO] [stdout]    |    ^^^^^^^^
[INFO] [stdout]    |
[INFO] [stdout]    = note: `#[warn(dead_code)]` (part of `#[warn(unused)]`) on by default
[INFO] [stdout] 
[INFO] [stdout] 
[INFO] [stdout] warning: function `vm_unop` is never used
[INFO] [stdout]   --> src/decompile/srcgen_high.rs:51:4
[INFO] [stdout]    |
[INFO] [stdout] 51 | fn vm_unop(op: &str) -> Option<UnOp> {
[INFO] [stdout]    |    ^^^^^^^
[INFO] [stdout] 
[INFO] [stdout] 
[INFO] [stdout] warning: function `fmt_octet_literal` is never used
[INFO] [stdout]   --> src/decompile/srcgen_high.rs:65:4
[INFO] [stdout]    |
[INFO] [stdout] 65 | fn fmt_octet_literal(bytes: &[u8]) -> String {
[INFO] [stdout]    |    ^^^^^^^^^^^^^^^^^
[INFO] [stdout] 
[INFO] [stdout] 
[INFO] [stdout] warning: function `escape_tjs_string_min` is never used
[INFO] [stdout]   --> src/decompile/srcgen_high.rs:75:4
[INFO] [stdout]    |
[INFO] [stdout] 75 | fn escape_tjs_string_min(s: &str) -> String {
[INFO] [stdout]    |    ^^^^^^^^^^^^^^^^^^^^^
[INFO] [stdout] 
[INFO] [stdout] 
[INFO] [stdout] warning: fields `cfg` and `pdom` are never read
[INFO] [stdout]     --> src/decompile/srcgen_high.rs:3542:5
[INFO] [stdout]      |
[INFO] [stdout] 3541 | struct Structurer<'a> {
[INFO] [stdout]      |        ---------- fields in this struct
[INFO] [stdout] 3542 |     cfg: &'a Cfg,
[INFO] [stdout]      |     ^^^
[INFO] [stdout] ...
[INFO] [stdout] 3559 |     pdom: Vec<HashSet<usize>>,
[INFO] [stdout]      |     ^^^^
[INFO] [stdout] 
[INFO] [stdout] 
[INFO] [stdout] warning: function `fmt_vid_tjs` is never used
[INFO] [stdout]     --> src/decompile/srcgen_high.rs:6094:4
[INFO] [stdout]      |
[INFO] [stdout] 6094 | fn fmt_vid_tjs(vid: VarId) -> String {
[INFO] [stdout]      |    ^^^^^^^^^^^
[INFO] [stdout] 
[INFO] [stdout] 
[INFO] [stdout] warning: function `obj_lhs` is never used
[INFO] [stdout]     --> src/decompile/srcgen_high.rs:6106:4
[INFO] [stdout]      |
[INFO] [stdout] 6106 | fn obj_lhs(index: usize, name: Option<&str>) -> String {
[INFO] [stdout]      |    ^^^^^^^
[INFO] [stdout] 
[INFO] [stdout] 
[INFO] [stdout] warning: field `idom` is never read
[INFO] [stdout]    --> src/decompile/ssa.rs:239:5
[INFO] [stdout]     |
[INFO] [stdout] 238 | struct DomInfo {
[INFO] [stdout]     |        ------- field in this struct
[INFO] [stdout] 239 |     idom: Vec<usize>,
[INFO] [stdout]     |     ^^^^
[INFO] [stdout]     |
[INFO] [stdout]     = note: `DomInfo` has derived impls for the traits `Clone` and `Debug`, but these are intentionally ignored during dead code analysis
[INFO] [stdout] 
[INFO] [stdout] 
[INFO] [stdout] warning: unused import: `std::fmt`
[INFO] [stdout]  --> src/model.rs:1:5
[INFO] [stdout]   |
[INFO] [stdout] 1 | use std::fmt;
[INFO] [stdout]   |     ^^^^^^^^
[INFO] [stdout]   |
[INFO] [stdout]   = note: `#[warn(unused_imports)]` (part of `#[warn(unused)]`) on by default
[INFO] [stdout] 
[INFO] [stdout] 
[INFO] [stdout] warning: variable does not need to be mutable
[INFO] [stdout]     --> src/decompile/srcgen_high.rs:2679:9
[INFO] [stdout]      |
[INFO] [stdout] 2679 |     let mut record = |map: &mut HashMap<i32, VarId>, v: VarId| {
[INFO] [stdout]      |         ----^^^^^^
[INFO] [stdout]      |         |
[INFO] [stdout]      |         help: remove this `mut`
[INFO] [stdout]      |
[INFO] [stdout]      = note: `#[warn(unused_mut)]` (part of `#[warn(unused)]`) on by default
[INFO] [stdout] 
[INFO] [stdout] 
[INFO] [stdout] warning: unused variable: `cfg`
[INFO] [stdout]   --> src/decompile/srcgen_low.rs:78:56
[INFO] [stdout]    |
[INFO] [stdout] 78 | fn emit_function(out: &mut String, prog: &ExprProgram, cfg: &Cfg, obj: &Tjs2Object) -> Result<()> {
[INFO] [stdout]    |                                                        ^^^ help: if this is intentional, prefix it with an underscore: `_cfg`
[INFO] [stdout]    |
[INFO] [stdout]    = note: `#[warn(unused_variables)]` (part of `#[warn(unused)]`) on by default
[INFO] [stdout] 
[INFO] [stdout] 
[INFO] [stdout] warning: value assigned to `msg` is never read
[INFO] [stdout]    --> src/disasm.rs:61:19
[INFO] [stdout]     |
[INFO] [stdout]  61 |     let mut msg = String::new();
[INFO] [stdout]     |                   ^^^^^^^^^^^^^ this value is reassigned later and never used
[INFO] [stdout] ...
[INFO] [stdout] 330 |     msg = format!("unknown instruction {}", op);
[INFO] [stdout]     |     --- `msg` is overwritten here before the previous value is read
[INFO] [stdout]     |
[INFO] [stdout]     = note: `#[warn(unused_assignments)]` (part of `#[warn(unused)]`) on by default
[INFO] [stdout] 
[INFO] [stdout] 
[INFO] [stdout] warning: value assigned to `size` is never read
[INFO] [stdout]    --> src/disasm.rs:63:27
[INFO] [stdout]     |
[INFO] [stdout]  63 |     let mut size: usize = 1;
[INFO] [stdout]     |                           ^ this value is reassigned later and never used
[INFO] [stdout] ...
[INFO] [stdout] 325 |         size = 1;
[INFO] [stdout]     |         -------- `size` is overwritten here before the previous value is read
[INFO] [stdout] 
[INFO] [stdout] 
[INFO] [stdout] warning: variable does not need to be mutable
[INFO] [stdout]    --> src/disasm.rs:503:9
[INFO] [stdout]     |
[INFO] [stdout] 503 |     let mut size: usize;
[INFO] [stdout]     |         ----^^^^
[INFO] [stdout]     |         |
[INFO] [stdout]     |         help: remove this `mut`
[INFO] [stdout] 
[INFO] [stdout] 
[INFO] [stdout] warning: unused variable: `prefix`
[INFO] [stdout]    --> src/disasm.rs:474:10
[INFO] [stdout]     |
[INFO] [stdout] 474 |     let (prefix, st, member_data_index_opt): (&str, usize, Option<i32>) = match op {
[INFO] [stdout]     |          ^^^^^^ help: if this is intentional, prefix it with an underscore: `_prefix`
[INFO] [stdout] 
[INFO] [stdout] 
[INFO] [stdout] warning: unused variable: `member_data_index_opt`
[INFO] [stdout]    --> src/disasm.rs:474:22
[INFO] [stdout]     |
[INFO] [stdout] 474 |     let (prefix, st, member_data_index_opt): (&str, usize, Option<i32>) = match op {
[INFO] [stdout]     |                      ^^^^^^^^^^^^^^^^^^^^^ help: if this is intentional, prefix it with an underscore: `_member_data_index_opt`
[INFO] [stdout] 
[INFO] [stdout] 
[INFO] [stdout] warning: value assigned to `msg` is never read
[INFO] [stdout]    --> src/disasm.rs:482:19
[INFO] [stdout]     |
[INFO] [stdout] 482 |     let mut msg = String::new();
[INFO] [stdout]     |                   ^^^^^^^^^^^^^ this value is reassigned later and never used
[INFO] [stdout] ...
[INFO] [stdout] 486 |             msg = format!("call %{}, %{}(", code[i + 1], code[i + 2]);
[INFO] [stdout]     |             --- `msg` is overwritten here before the previous value is read
[INFO] [stdout] 
[INFO] [stdout] 
[INFO] [stdout] warning: value assigned to `pc` is never read
[INFO] [stdout]    --> src/emit_exec_tjs.rs:624:22
[INFO] [stdout]     |
[INFO] [stdout] 624 |         let mut pc = 0usize;
[INFO] [stdout]     |                      ^^^^^^ this value is reassigned later and never used
[INFO] [stdout] ...
[INFO] [stdout] 638 |             pc = 2;
[INFO] [stdout]     |             ------ `pc` is overwritten here before the previous value is read
[INFO] [stdout] 
[INFO] [stdout] 
[INFO] [stdout] warning: function `vm_binop` is never used
[INFO] [stdout]   --> src/decompile/srcgen_high.rs:14:4
[INFO] [stdout]    |
[INFO] [stdout] 14 | fn vm_binop(op: &str) -> Option<BinOp> {
[INFO] [stdout]    |    ^^^^^^^^
[INFO] [stdout]    |
[INFO] [stdout]    = note: `#[warn(dead_code)]` (part of `#[warn(unused)]`) on by default
[INFO] [stdout] 
[INFO] [stdout] 
[INFO] [stdout] warning: function `vm_unop` is never used
[INFO] [stdout]   --> src/decompile/srcgen_high.rs:51:4
[INFO] [stdout]    |
[INFO] [stdout] 51 | fn vm_unop(op: &str) -> Option<UnOp> {
[INFO] [stdout]    |    ^^^^^^^
[INFO] [stdout] 
[INFO] [stdout] 
[INFO] [stdout] warning: function `fmt_octet_literal` is never used
[INFO] [stdout]   --> src/decompile/srcgen_high.rs:65:4
[INFO] [stdout]    |
[INFO] [stdout] 65 | fn fmt_octet_literal(bytes: &[u8]) -> String {
[INFO] [stdout]    |    ^^^^^^^^^^^^^^^^^
[INFO] [stdout] 
[INFO] [stdout] 
[INFO] [stdout] warning: function `escape_tjs_string_min` is never used
[INFO] [stdout]   --> src/decompile/srcgen_high.rs:75:4
[INFO] [stdout]    |
[INFO] [stdout] 75 | fn escape_tjs_string_min(s: &str) -> String {
[INFO] [stdout]    |    ^^^^^^^^^^^^^^^^^^^^^
[INFO] [stdout] 
[INFO] [stdout] 
[INFO] [stdout] warning: fields `cfg` and `pdom` are never read
[INFO] [stdout]     --> src/decompile/srcgen_high.rs:3542:5
[INFO] [stdout]      |
[INFO] [stdout] 3541 | struct Structurer<'a> {
[INFO] [stdout]      |        ---------- fields in this struct
[INFO] [stdout] 3542 |     cfg: &'a Cfg,
[INFO] [stdout]      |     ^^^
[INFO] [stdout] ...
[INFO] [stdout] 3559 |     pdom: Vec<HashSet<usize>>,
[INFO] [stdout]      |     ^^^^
[INFO] [stdout] 
[INFO] [stdout] 
[INFO] [stdout] warning: function `fmt_vid_tjs` is never used
[INFO] [stdout]     --> src/decompile/srcgen_high.rs:6094:4
[INFO] [stdout]      |
[INFO] [stdout] 6094 | fn fmt_vid_tjs(vid: VarId) -> String {
[INFO] [stdout]      |    ^^^^^^^^^^^
[INFO] [stdout] 
[INFO] [stdout] 
[INFO] [stdout] warning: function `obj_lhs` is never used
[INFO] [stdout]     --> src/decompile/srcgen_high.rs:6106:4
[INFO] [stdout]      |
[INFO] [stdout] 6106 | fn obj_lhs(index: usize, name: Option<&str>) -> String {
[INFO] [stdout]      |    ^^^^^^^
[INFO] [stdout] 
[INFO] [stdout] 
[INFO] [stdout] warning: field `idom` is never read
[INFO] [stdout]    --> src/decompile/ssa.rs:239:5
[INFO] [stdout]     |
[INFO] [stdout] 238 | struct DomInfo {
[INFO] [stdout]     |        ------- field in this struct
[INFO] [stdout] 239 |     idom: Vec<usize>,
[INFO] [stdout]     |     ^^^^
[INFO] [stdout]     |
[INFO] [stdout]     = note: `DomInfo` has derived impls for the traits `Clone` and `Debug`, but these are intentionally ignored during dead code analysis
[INFO] [stdout] 
[INFO] [stdout] 
[INFO] [stderr]     Finished `test` profile [unoptimized + debuginfo] target(s) in 5.10s
[INFO] running `Command { std: "docker" "inspect" "dff36bb0e36046d4fd3b9b6e016ae68a91df131ebe53fdcc6d1f8ea1e8e4df97", kill_on_drop: false }`
[INFO] running `Command { std: "docker" "exec" "-e" "SOURCE_DIR=/opt/rustwide/workdir" "-e" "CARGO_HOME=/opt/rustwide/cargo-home" "-e" "RUSTUP_HOME=/opt/rustwide/rustup-home" "-e" "CARGO_TARGET_DIR=/opt/rustwide/target" "-e" "CARGO_INCREMENTAL=0" "-e" "RUST_BACKTRACE=full" "-e" "RUSTFLAGS=--cap-lints=warn" "-e" "RUSTDOCFLAGS=--cap-lints=warn" "-w" "/opt/rustwide/workdir" "--user" "0:0" "dff36bb0e36046d4fd3b9b6e016ae68a91df131ebe53fdcc6d1f8ea1e8e4df97" "/opt/rustwide/cargo-home/bin/cargo" "+1.99.0-beta.8" "test" "--frozen", kill_on_drop: false }`
[INFO] [stderr] warning: unused import: `std::fmt`
[INFO] [stderr]  --> src/model.rs:1:5
[INFO] [stderr]   |
[INFO] [stderr] 1 | use std::fmt;
[INFO] [stderr]   |     ^^^^^^^^
[INFO] [stderr]   |
[INFO] [stderr]   = note: `#[warn(unused_imports)]` (part of `#[warn(unused)]`) on by default
[INFO] [stderr] 
[INFO] [stderr] warning: variable does not need to be mutable
[INFO] [stderr]     --> src/decompile/srcgen_high.rs:2679:9
[INFO] [stderr]      |
[INFO] [stderr] 2679 |     let mut record = |map: &mut HashMap<i32, VarId>, v: VarId| {
[INFO] [stderr]      |         ----^^^^^^
[INFO] [stderr]      |         |
[INFO] [stderr]      |         help: remove this `mut`
[INFO] [stderr]      |
[INFO] [stderr]      = note: `#[warn(unused_mut)]` (part of `#[warn(unused)]`) on by default
[INFO] [stderr] 
[INFO] [stderr] warning: unused variable: `cfg`
[INFO] [stderr]   --> src/decompile/srcgen_low.rs:78:56
[INFO] [stderr]    |
[INFO] [stderr] 78 | fn emit_function(out: &mut String, prog: &ExprProgram, cfg: &Cfg, obj: &Tjs2Object) -> Result<()> {
[INFO] [stderr]    |                                                        ^^^ help: if this is intentional, prefix it with an underscore: `_cfg`
[INFO] [stderr]    |
[INFO] [stderr]    = note: `#[warn(unused_variables)]` (part of `#[warn(unused)]`) on by default
[INFO] [stderr] 
[INFO] [stderr] warning: value assigned to `msg` is never read
[INFO] [stderr]    --> src/disasm.rs:61:19
[INFO] [stderr]     |
[INFO] [stderr]  61 |     let mut msg = String::new();
[INFO] [stderr]     |                   ^^^^^^^^^^^^^ this value is reassigned later and never used
[INFO] [stderr] ...
[INFO] [stderr] 330 |     msg = format!("unknown instruction {}", op);
[INFO] [stderr]     |     --- `msg` is overwritten here before the previous value is read
[INFO] [stderr]     |
[INFO] [stderr]     = note: `#[warn(unused_assignments)]` (part of `#[warn(unused)]`) on by default
[INFO] [stderr] 
[INFO] [stderr] warning: value assigned to `size` is never read
[INFO] [stderr]    --> src/disasm.rs:63:27
[INFO] [stderr]     |
[INFO] [stderr]  63 |     let mut size: usize = 1;
[INFO] [stderr]     |                           ^ this value is reassigned later and never used
[INFO] [stderr] ...
[INFO] [stderr] 325 |         size = 1;
[INFO] [stderr]     |         -------- `size` is overwritten here before the previous value is read
[INFO] [stderr] 
[INFO] [stderr] warning: variable does not need to be mutable
[INFO] [stderr]    --> src/disasm.rs:503:9
[INFO] [stderr]     |
[INFO] [stderr] 503 |     let mut size: usize;
[INFO] [stderr]     |         ----^^^^
[INFO] [stderr]     |         |
[INFO] [stderr]     |         help: remove this `mut`
[INFO] [stderr] 
[INFO] [stderr] warning: unused variable: `prefix`
[INFO] [stderr]    --> src/disasm.rs:474:10
[INFO] [stderr]     |
[INFO] [stderr] 474 |     let (prefix, st, member_data_index_opt): (&str, usize, Option<i32>) = match op {
[INFO] [stderr]     |          ^^^^^^ help: if this is intentional, prefix it with an underscore: `_prefix`
[INFO] [stderr] 
[INFO] [stderr] warning: unused variable: `member_data_index_opt`
[INFO] [stderr]    --> src/disasm.rs:474:22
[INFO] [stderr]     |
[INFO] [stderr] 474 |     let (prefix, st, member_data_index_opt): (&str, usize, Option<i32>) = match op {
[INFO] [stderr]     |                      ^^^^^^^^^^^^^^^^^^^^^ help: if this is intentional, prefix it with an underscore: `_member_data_index_opt`
[INFO] [stderr] 
[INFO] [stderr] warning: value assigned to `msg` is never read
[INFO] [stderr]    --> src/disasm.rs:482:19
[INFO] [stderr]     |
[INFO] [stderr] 482 |     let mut msg = String::new();
[INFO] [stderr]     |                   ^^^^^^^^^^^^^ this value is reassigned later and never used
[INFO] [stderr] ...
[INFO] [stderr] 486 |             msg = format!("call %{}, %{}(", code[i + 1], code[i + 2]);
[INFO] [stderr]     |             --- `msg` is overwritten here before the previous value is read
[INFO] [stderr] 
[INFO] [stderr] warning: value assigned to `pc` is never read
[INFO] [stderr]    --> src/emit_exec_tjs.rs:624:22
[INFO] [stderr]     |
[INFO] [stderr] 624 |         let mut pc = 0usize;
[INFO] [stderr]     |                      ^^^^^^ this value is reassigned later and never used
[INFO] [stderr] ...
[INFO] [stderr] 638 |             pc = 2;
[INFO] [stderr]     |             ------ `pc` is overwritten here before the previous value is read
[INFO] [stderr] 
[INFO] [stderr] warning: function `vm_binop` is never used
[INFO] [stderr]   --> src/decompile/srcgen_high.rs:14:4
[INFO] [stderr]    |
[INFO] [stderr] 14 | fn vm_binop(op: &str) -> Option<BinOp> {
[INFO] [stderr]    |    ^^^^^^^^
[INFO] [stderr]    |
[INFO] [stderr]    = note: `#[warn(dead_code)]` (part of `#[warn(unused)]`) on by default
[INFO] [stderr] 
[INFO] [stderr] warning: function `vm_unop` is never used
[INFO] [stderr]   --> src/decompile/srcgen_high.rs:51:4
[INFO] [stderr]    |
[INFO] [stderr] 51 | fn vm_unop(op: &str) -> Option<UnOp> {
[INFO] [stderr]    |    ^^^^^^^
[INFO] [stderr] 
[INFO] [stderr] warning: function `fmt_octet_literal` is never used
[INFO] [stderr]   --> src/decompile/srcgen_high.rs:65:4
[INFO] [stderr]    |
[INFO] [stderr] 65 | fn fmt_octet_literal(bytes: &[u8]) -> String {
[INFO] [stderr]    |    ^^^^^^^^^^^^^^^^^
[INFO] [stderr] 
[INFO] [stderr] warning: function `escape_tjs_string_min` is never used
[INFO] [stderr]   --> src/decompile/srcgen_high.rs:75:4
[INFO] [stderr]    |
[INFO] [stderr] 75 | fn escape_tjs_string_min(s: &str) -> String {
[INFO] [stderr]    |    ^^^^^^^^^^^^^^^^^^^^^
[INFO] [stderr] 
[INFO] [stderr] warning: fields `cfg` and `pdom` are never read
[INFO] [stderr]     --> src/decompile/srcgen_high.rs:3542:5
[INFO] [stderr]      |
[INFO] [stderr] 3541 | struct Structurer<'a> {
[INFO] [stderr]      |        ---------- fields in this struct
[INFO] [stderr] 3542 |     cfg: &'a Cfg,
[INFO] [stderr]      |     ^^^
[INFO] [stderr] ...
[INFO] [stderr] 3559 |     pdom: Vec<HashSet<usize>>,
[INFO] [stderr]      |     ^^^^
[INFO] [stderr] 
[INFO] [stderr] warning: function `fmt_vid_tjs` is never used
[INFO] [stderr]     --> src/decompile/srcgen_high.rs:6094:4
[INFO] [stderr]      |
[INFO] [stderr] 6094 | fn fmt_vid_tjs(vid: VarId) -> String {
[INFO] [stderr]      |    ^^^^^^^^^^^
[INFO] [stderr] 
[INFO] [stderr] warning: function `obj_lhs` is never used
[INFO] [stderr]     --> src/decompile/srcgen_high.rs:6106:4
[INFO] [stderr]      |
[INFO] [stderr] 6106 | fn obj_lhs(index: usize, name: Option<&str>) -> String {
[INFO] [stderr]      |    ^^^^^^^
[INFO] [stderr] 
[INFO] [stderr] warning: field `idom` is never read
[INFO] [stderr]    --> src/decompile/ssa.rs:239:5
[INFO] [stderr]     |
[INFO] [stderr] 238 | struct DomInfo {
[INFO] [stderr]     |        ------- field in this struct
[INFO] [stderr] 239 |     idom: Vec<usize>,
[INFO] [stderr]     |     ^^^^
[INFO] [stderr]     |
[INFO] [stderr]     = note: `DomInfo` has derived impls for the traits `Clone` and `Debug`, but these are intentionally ignored during dead code analysis
[INFO] [stderr] 
[INFO] [stderr] warning: `tjs2dec` (lib) generated 18 warnings (run `cargo fix --lib -p tjs2dec` to apply 6 suggestions)
[INFO] [stderr] warning: `tjs2dec` (lib test) generated 18 warnings (18 duplicates)
[INFO] [stderr]     Finished `test` profile [unoptimized + debuginfo] target(s) in 0.03s
[INFO] [stderr]      Running unittests src/lib.rs (/opt/rustwide/target/debug/deps/tjs2dec-7afe8eac6004d949)
[INFO] [stdout] 
[INFO] [stdout] running 33 tests
[INFO] [stdout] test decompile::decode::tests::ccl_is_three_words ... ok
[INFO] [stdout] test decompile::expr::tests::renders_exact_tjs_nonfinite_literals ... ok
[INFO] [stdout] test decompile::expr::tests::renders_inline_collection_literals ... ok
[INFO] [stdout] test decompile::expr::tests::renders_instanceof_and_incontextof ... ok
[INFO] [stdout] test decompile::expr::tests::renders_tjs_extended_call_arguments ... ok
[INFO] [stdout] test decompile::expr::tests::renders_tjs_vm_unary_operators ... ok
[INFO] [stdout] test decompile::srcgen_high::semantic_optimizer_tests::class_scaffold_is_refused_when_dynamic_eval_is_present ... ok
[INFO] [stdout] test decompile::srcgen_high::semantic_optimizer_tests::class_scaffold_reuses_physical_vm_slots_across_ssa_versions ... ok
[INFO] [stdout] test decompile::expr::tests::renders_integer_division ... ok
[INFO] [stdout] test decompile::srcgen_high::semantic_optimizer_tests::does_not_fold_arm_with_unrelated_observable_statement ... ok
[INFO] [stdout] test decompile::srcgen_high::semantic_optimizer_tests::does_not_fold_dictionary_when_value_effect_precedes_key_effect ... ok
[INFO] [stdout] test decompile::srcgen_high::semantic_optimizer_tests::does_not_fold_branch_across_exception_handler_boundary ... ok
[INFO] [stdout] test decompile::srcgen_high::semantic_optimizer_tests::folds_closed_value_diamond_to_conditional ... ok
[INFO] [stdout] test decompile::srcgen_high::semantic_optimizer_tests::folds_dictionary_builder_with_effectful_key_then_value_producers ... ok
[INFO] [stdout] test decompile::srcgen_high::semantic_optimizer_tests::folds_direct_join_phi_to_lazy_logical_or ... ok
[INFO] [stdout] test decompile::srcgen_high::semantic_optimizer_tests::folds_only_ignoreprop_collection_builder_template ... ok
[INFO] [stdout] test decompile::srcgen_high::semantic_optimizer_tests::folds_shared_failure_ladder_without_eager_predicates ... ok
[INFO] [stdout] test decompile::srcgen_high::semantic_optimizer_tests::folds_shared_observable_value_into_rhs_first_assignment_chain ... ok
[INFO] [stdout] test decompile::srcgen_high::semantic_optimizer_tests::folds_nested_dictionary_when_inner_terminal_is_outer_spis ... ok
[INFO] [stdout] test decompile::srcgen_high::semantic_optimizer_tests::global_value_is_inert_for_dataflow ... ok
[INFO] [stdout] test decompile::srcgen_high::semantic_optimizer_tests::reconstructs_exact_regexp_compiler_template ... ok
[INFO] [stdout] test decompile::ssa::tests::chkins_mutates_value_register_without_touching_flag ... ok
[INFO] [stdout] test decompile::ssa::tests::comparisons_define_flag ... ok
[INFO] [stdout] test decompile::ssa::tests::eval_and_eexp_have_distinct_register_effects ... ok
[INFO] [stdout] test decompile::ssa::tests::srv_and_ret_are_connected_through_result_slot ... ok
[INFO] [stdout] test emit_exec_tjs::emit_literal_tests::compact_emit_removes_only_layout_whitespace ... ok
[INFO] [stdout] test decompile::srcgen_high::semantic_optimizer_tests::rhs_first_store_reconstructs_scope_property_chain ... ok
[INFO] [stdout] test decompile::ssa::tests::setf_and_setnf_read_flag_and_define_register ... ok
[INFO] [stdout] test decompile::srcgen_high::semantic_optimizer_tests::folds_empty_array_and_removes_index_scaffold ... FAILED
[INFO] [stdout] test decompile::srcgen_high::semantic_optimizer_tests::folds_real_class_style_diamond_with_prefix_side_effect_and_dead_phi ... FAILED
[INFO] [stdout] test emit_exec_tjs::emit_literal_tests::real_nonfinite_terms_are_exact_and_fail_closed_for_payload_nan ... ok
[INFO] [stdout] test decompile::srcgen_high::semantic_optimizer_tests::folds_shared_failure_ladder_with_collateral_dead_phis ... FAILED
[INFO] [stdout] test decompile::decode::tests::branches_keep_relative_operand_in_decoder ... ok
[INFO] [stdout] 
[INFO] [stderr] error: test failed, to rerun pass `--lib`
[INFO] [stdout] failures:
[INFO] [stdout] 
[INFO] [stdout] ---- decompile::srcgen_high::semantic_optimizer_tests::folds_empty_array_and_removes_index_scaffold stdout ----
[INFO] [stdout] 
[INFO] [stdout] thread 'decompile::srcgen_high::semantic_optimizer_tests::folds_empty_array_and_removes_index_scaffold' (494) panicked at src/decompile/srcgen_high.rs:7107:47:
[INFO] [stdout] assertion `left == right` failed
[INFO] [stdout]   left: "new (global).Array()"
[INFO] [stdout]  right: "[]"
[INFO] [stdout] stack backtrace:
[INFO] [stdout]    0:     0x5ec072bb8781 - std[70759c8f55707aa4]::backtrace_rs::backtrace::libunwind::trace
[INFO] [stdout]                                at /rustc/dfb0accb7f508ae8be965d8629557221c889dd98/library/std/src/../../backtrace/src/backtrace/libunwind.rs:117:9
[INFO] [stdout]    1:     0x5ec072bb8781 - std[70759c8f55707aa4]::backtrace_rs::backtrace::trace_unsynchronized::<std[70759c8f55707aa4]::sys::backtrace::_print_fmt::{closure#1}>
[INFO] [stdout]                                at /rustc/dfb0accb7f508ae8be965d8629557221c889dd98/library/std/src/../../backtrace/src/backtrace/mod.rs:66:14
[INFO] [stdout]    2:     0x5ec072bb8781 - std[70759c8f55707aa4]::sys::backtrace::_print_fmt
[INFO] [stdout]                                at /rustc/dfb0accb7f508ae8be965d8629557221c889dd98/library/std/src/sys/backtrace.rs:74:9
[INFO] [stdout]    3:     0x5ec072bb8781 - <<std[70759c8f55707aa4]::sys::backtrace::BacktraceLock>::print::DisplayBacktrace as core[df12db4294e9bfd3]::fmt::Display>::fmt
[INFO] [stdout]                                at /rustc/dfb0accb7f508ae8be965d8629557221c889dd98/library/std/src/sys/backtrace.rs:44:26
[INFO] [stdout]    4:     0x5ec072bcda7a - <core[df12db4294e9bfd3]::fmt::rt::Argument>::fmt
[INFO] [stdout]                                at /rustc/dfb0accb7f508ae8be965d8629557221c889dd98/library/core/src/fmt/rt.rs:152:76
[INFO] [stdout]    5:     0x5ec072bcda7a - core[df12db4294e9bfd3]::fmt::write
[INFO] [stdout]    6:     0x5ec072bbd11c - core[df12db4294e9bfd3]::io::write::default_write_fmt::<alloc[2182bb758b4b3781]::vec::Vec<u8>>
[INFO] [stdout]                                at /rustc/dfb0accb7f508ae8be965d8629557221c889dd98/library/core/src/io/write.rs:402:11
[INFO] [stdout]    7:     0x5ec072bbd11c - <alloc[2182bb758b4b3781]::vec::Vec<u8> as core[df12db4294e9bfd3]::io::write::Write>::write_fmt
[INFO] [stdout]                                at /rustc/dfb0accb7f508ae8be965d8629557221c889dd98/library/core/src/io/write.rs:335:13
[INFO] [stdout]    8:     0x5ec072b947f6 - <std[70759c8f55707aa4]::sys::backtrace::BacktraceLock>::print
[INFO] [stdout]                                at /rustc/dfb0accb7f508ae8be965d8629557221c889dd98/library/std/src/sys/backtrace.rs:47:9
[INFO] [stdout]    9:     0x5ec072b947f6 - std[70759c8f55707aa4]::panicking::default_hook::{closure#0}
[INFO] [stdout]                                at /rustc/dfb0accb7f508ae8be965d8629557221c889dd98/library/std/src/panicking.rs:292:27
[INFO] [stdout]   10:     0x5ec072bb0ec9 - std[70759c8f55707aa4]::panicking::default_hook
[INFO] [stdout]                                at /rustc/dfb0accb7f508ae8be965d8629557221c889dd98/library/std/src/panicking.rs:316:9
[INFO] [stdout]   11:     0x5ec072b43f90 - <alloc[2182bb758b4b3781]::boxed::Box<dyn for<'a, 'b> core[df12db4294e9bfd3]::ops::function::Fn<(&'a std[70759c8f55707aa4]::panic::PanicHookInfo<'b>,), Output = ()> + core[df12db4294e9bfd3]::marker::Send + core[df12db4294e9bfd3]::marker::Sync> as core[df12db4294e9bfd3]::ops::function::Fn<(&std[70759c8f55707aa4]::panic::PanicHookInfo,)>>::call
[INFO] [stdout]                                at /rustc/dfb0accb7f508ae8be965d8629557221c889dd98/library/alloc/src/boxed.rs:2334:9
[INFO] [stdout]   12:     0x5ec072b43f90 - test[9d35eded1c95d3be]::test_main_inner::<test[9d35eded1c95d3be]::test_main_static::{closure#0}>::{closure#0}
[INFO] [stdout]                                at /rustc/dfb0accb7f508ae8be965d8629557221c889dd98/library/test/src/lib.rs:155:21
[INFO] [stdout]   13:     0x5ec072bb1082 - <alloc[2182bb758b4b3781]::boxed::Box<dyn for<'a, 'b> core[df12db4294e9bfd3]::ops::function::Fn<(&'a std[70759c8f55707aa4]::panic::PanicHookInfo<'b>,), Output = ()> + core[df12db4294e9bfd3]::marker::Send + core[df12db4294e9bfd3]::marker::Sync> as core[df12db4294e9bfd3]::ops::function::Fn<(&std[70759c8f55707aa4]::panic::PanicHookInfo,)>>::call
[INFO] [stdout]                                at /rustc/dfb0accb7f508ae8be965d8629557221c889dd98/library/alloc/src/boxed.rs:2334:9
[INFO] [stdout]   14:     0x5ec072bb1082 - std[70759c8f55707aa4]::panicking::panic_with_hook
[INFO] [stdout]                                at /rustc/dfb0accb7f508ae8be965d8629557221c889dd98/library/std/src/panicking.rs:823:13
[INFO] [stdout]   15:     0x5ec072b948a2 - std[70759c8f55707aa4]::panicking::panic_handler::{closure#0}
[INFO] [stdout]                                at /rustc/dfb0accb7f508ae8be965d8629557221c889dd98/library/std/src/panicking.rs:688:13
[INFO] [stdout]   16:     0x5ec072b8d099 - std[70759c8f55707aa4]::sys::backtrace::__rust_end_short_backtrace::<std[70759c8f55707aa4]::panicking::panic_handler::{closure#0}, !>
[INFO] [stdout]                                at /rustc/dfb0accb7f508ae8be965d8629557221c889dd98/library/std/src/sys/backtrace.rs:182:18
[INFO] [stdout]   17:     0x5ec072b955ad - __rustc[8fa7c3cbc660c2b3]::rust_begin_unwind
[INFO] [stdout]                                at /rustc/dfb0accb7f508ae8be965d8629557221c889dd98/library/std/src/panicking.rs:679:5
[INFO] [stdout]   18:     0x5ec072bce22c - core[df12db4294e9bfd3]::panicking::panic_fmt
[INFO] [stdout]                                at /rustc/dfb0accb7f508ae8be965d8629557221c889dd98/library/core/src/panicking.rs:80:14
[INFO] [stdout]   19:     0x5ec072bce0c3 - core[df12db4294e9bfd3]::panicking::assert_failed_inner
[INFO] [stdout]                                at /rustc/dfb0accb7f508ae8be965d8629557221c889dd98/library/core/src/panicking.rs:452:17
[INFO] [stdout]   20:     0x5ec072b11603 - core[df12db4294e9bfd3]::panicking::assert_failed::<alloc[2182bb758b4b3781]::string::String, &str>
[INFO] [stdout]                                at /rustc/dfb0accb7f508ae8be965d8629557221c889dd98/library/core/src/panicking.rs:407:5
[INFO] [stdout]   21:     0x5ec072acd27f - tjs2dec[fe1d2d3f0792d490]::decompile::srcgen_high::semantic_optimizer_tests::folds_empty_array_and_removes_index_scaffold
[INFO] [stdout]                                at /opt/rustwide/workdir/src/decompile/srcgen_high.rs:7107:47
[INFO] [stdout]   22:     0x5ec072ac5d57 - tjs2dec[fe1d2d3f0792d490]::decompile::srcgen_high::semantic_optimizer_tests::folds_empty_array_and_removes_index_scaffold::{closure#0}
[INFO] [stdout]                                at /opt/rustwide/workdir/src/decompile/srcgen_high.rs:7084:54
[INFO] [stdout]   23:     0x5ec072b1b986 - <tjs2dec[fe1d2d3f0792d490]::decompile::srcgen_high::semantic_optimizer_tests::folds_empty_array_and_removes_index_scaffold::{closure#0} as core[df12db4294e9bfd3]::ops::function::FnOnce<()>>::call_once
[INFO] [stdout]                                at /rustc/dfb0accb7f508ae8be965d8629557221c889dd98/library/core/src/ops/function.rs:250:5
[INFO] [stdout]   24:     0x5ec072b3727b - <fn() -> core[df12db4294e9bfd3]::result::Result<(), alloc[2182bb758b4b3781]::string::String> as core[df12db4294e9bfd3]::ops::function::FnOnce<()>>::call_once
[INFO] [stdout]                                at /rustc/dfb0accb7f508ae8be965d8629557221c889dd98/library/core/src/ops/function.rs:250:5
[INFO] [stdout]   25:     0x5ec072b3727b - test[9d35eded1c95d3be]::__rust_begin_short_backtrace::<core[df12db4294e9bfd3]::result::Result<(), alloc[2182bb758b4b3781]::string::String>, fn() -> core[df12db4294e9bfd3]::result::Result<(), alloc[2182bb758b4b3781]::string::String>>
[INFO] [stdout]                                at /rustc/dfb0accb7f508ae8be965d8629557221c889dd98/library/test/src/lib.rs:733:18
[INFO] [stdout]   26:     0x5ec072b448e5 - test[9d35eded1c95d3be]::run_test_in_process::{closure#0}
[INFO] [stdout]                                at /rustc/dfb0accb7f508ae8be965d8629557221c889dd98/library/test/src/lib.rs:756:74
[INFO] [stdout]   27:     0x5ec072b448e5 - <core[df12db4294e9bfd3]::panic::unwind_safe::AssertUnwindSafe<test[9d35eded1c95d3be]::run_test_in_process::{closure#0}> as core[df12db4294e9bfd3]::ops::function::FnOnce<()>>::call_once
[INFO] [stdout]                                at /rustc/dfb0accb7f508ae8be965d8629557221c889dd98/library/core/src/panic/unwind_safe.rs:275:9
[INFO] [stdout]   28:     0x5ec072b448e5 - std[70759c8f55707aa4]::panicking::catch_unwind::do_call::<core[df12db4294e9bfd3]::panic::unwind_safe::AssertUnwindSafe<test[9d35eded1c95d3be]::run_test_in_process::{closure#0}>, core[df12db4294e9bfd3]::result::Result<(), alloc[2182bb758b4b3781]::string::String>>
[INFO] [stdout]                                at /rustc/dfb0accb7f508ae8be965d8629557221c889dd98/library/std/src/panicking.rs:576:43
[INFO] [stdout]   29:     0x5ec072b448e5 - std[70759c8f55707aa4]::panicking::catch_unwind::<core[df12db4294e9bfd3]::result::Result<(), alloc[2182bb758b4b3781]::string::String>, core[df12db4294e9bfd3]::panic::unwind_safe::AssertUnwindSafe<test[9d35eded1c95d3be]::run_test_in_process::{closure#0}>>
[INFO] [stdout]                                at /rustc/dfb0accb7f508ae8be965d8629557221c889dd98/library/std/src/panicking.rs:544:19
[INFO] [stdout]   30:     0x5ec072b448e5 - std[70759c8f55707aa4]::panic::catch_unwind::<core[df12db4294e9bfd3]::panic::unwind_safe::AssertUnwindSafe<test[9d35eded1c95d3be]::run_test_in_process::{closure#0}>, core[df12db4294e9bfd3]::result::Result<(), alloc[2182bb758b4b3781]::string::String>>
[INFO] [stdout]                                at /rustc/dfb0accb7f508ae8be965d8629557221c889dd98/library/std/src/panic.rs:359:14
[INFO] [stdout]   31:     0x5ec072b448e5 - test[9d35eded1c95d3be]::run_test_in_process
[INFO] [stdout]                                at /rustc/dfb0accb7f508ae8be965d8629557221c889dd98/library/test/src/lib.rs:756:27
[INFO] [stdout]   32:     0x5ec072b448e5 - test[9d35eded1c95d3be]::run_test::{closure#0}
[INFO] [stdout]                                at /rustc/dfb0accb7f508ae8be965d8629557221c889dd98/library/test/src/lib.rs:677:43
[INFO] [stdout]   33:     0x5ec072b3e1a4 - test[9d35eded1c95d3be]::run_test::{closure#1}
[INFO] [stdout]                                at /rustc/dfb0accb7f508ae8be965d8629557221c889dd98/library/test/src/lib.rs:707:41
[INFO] [stdout]   34:     0x5ec072b3e1a4 - std[70759c8f55707aa4]::sys::backtrace::__rust_begin_short_backtrace::<test[9d35eded1c95d3be]::run_test::{closure#1}, ()>
[INFO] [stdout]                                at /rustc/dfb0accb7f508ae8be965d8629557221c889dd98/library/std/src/sys/backtrace.rs:166:18
[INFO] [stdout]   35:     0x5ec072b47a42 - std[70759c8f55707aa4]::thread::lifecycle::spawn_unchecked::<test[9d35eded1c95d3be]::run_test::{closure#1}, ()>::{closure#1}::{closure#0}
[INFO] [stdout]                                at /rustc/dfb0accb7f508ae8be965d8629557221c889dd98/library/std/src/thread/lifecycle.rs:70:13
[INFO] [stdout]   36:     0x5ec072b47a42 - <core[df12db4294e9bfd3]::panic::unwind_safe::AssertUnwindSafe<std[70759c8f55707aa4]::thread::lifecycle::spawn_unchecked<test[9d35eded1c95d3be]::run_test::{closure#1}, ()>::{closure#1}::{closure#0}> as core[df12db4294e9bfd3]::ops::function::FnOnce<()>>::call_once
[INFO] [stdout]                                at /rustc/dfb0accb7f508ae8be965d8629557221c889dd98/library/core/src/panic/unwind_safe.rs:275:9
[INFO] [stdout]   37:     0x5ec072b47a42 - std[70759c8f55707aa4]::panicking::catch_unwind::do_call::<core[df12db4294e9bfd3]::panic::unwind_safe::AssertUnwindSafe<std[70759c8f55707aa4]::thread::lifecycle::spawn_unchecked<test[9d35eded1c95d3be]::run_test::{closure#1}, ()>::{closure#1}::{closure#0}>, ()>
[INFO] [stdout]                                at /rustc/dfb0accb7f508ae8be965d8629557221c889dd98/library/std/src/panicking.rs:576:43
[INFO] [stdout]   38:     0x5ec072b47a42 - std[70759c8f55707aa4]::panicking::catch_unwind::<(), core[df12db4294e9bfd3]::panic::unwind_safe::AssertUnwindSafe<std[70759c8f55707aa4]::thread::lifecycle::spawn_unchecked<test[9d35eded1c95d3be]::run_test::{closure#1}, ()>::{closure#1}::{closure#0}>>
[INFO] [stdout]                                at /rustc/dfb0accb7f508ae8be965d8629557221c889dd98/library/std/src/panicking.rs:544:19
[INFO] [stdout]   39:     0x5ec072b47a42 - std[70759c8f55707aa4]::panic::catch_unwind::<core[df12db4294e9bfd3]::panic::unwind_safe::AssertUnwindSafe<std[70759c8f55707aa4]::thread::lifecycle::spawn_unchecked<test[9d35eded1c95d3be]::run_test::{closure#1}, ()>::{closure#1}::{closure#0}>, ()>
[INFO] [stdout]                                at /rustc/dfb0accb7f508ae8be965d8629557221c889dd98/library/std/src/panic.rs:359:14
[INFO] [stdout]   40:     0x5ec072b47a42 - std[70759c8f55707aa4]::thread::lifecycle::spawn_unchecked::<test[9d35eded1c95d3be]::run_test::{closure#1}, ()>::{closure#1}
[INFO] [stdout]                                at /rustc/dfb0accb7f508ae8be965d8629557221c889dd98/library/std/src/thread/lifecycle.rs:68:26
[INFO] [stdout]   41:     0x5ec072b47a42 - <std[70759c8f55707aa4]::thread::lifecycle::spawn_unchecked<test[9d35eded1c95d3be]::run_test::{closure#1}, ()>::{closure#1} as core[df12db4294e9bfd3]::ops::function::FnOnce<()>>::call_once::{shim:vtable#0}
[INFO] [stdout]                                at /rustc/dfb0accb7f508ae8be965d8629557221c889dd98/library/core/src/ops/function.rs:250:5
[INFO] [stdout]   42:     0x5ec072bb8059 - <alloc[2182bb758b4b3781]::boxed::Box<dyn core[df12db4294e9bfd3]::ops::function::FnOnce<(), Output = ()> + core[df12db4294e9bfd3]::marker::Send> as core[df12db4294e9bfd3]::ops::function::FnOnce<()>>::call_once
[INFO] [stdout]                                at /rustc/dfb0accb7f508ae8be965d8629557221c889dd98/library/alloc/src/boxed.rs:2320:9
[INFO] [stdout]   43:     0x5ec072bb8059 - <std[70759c8f55707aa4]::sys::thread::unix::Thread>::new::thread_start
[INFO] [stdout]                                at /rustc/dfb0accb7f508ae8be965d8629557221c889dd98/library/std/src/sys/thread/unix.rs:123:17
[INFO] [stdout]   44:     0x70910b1c5dfa - <unknown>
[INFO] [stdout]   45:     0x70910b2593d4 - clone
[INFO] [stdout]   46:                0x0 - <unknown>
[INFO] [stdout] 
[INFO] [stdout] ---- decompile::srcgen_high::semantic_optimizer_tests::folds_real_class_style_diamond_with_prefix_side_effect_and_dead_phi stdout ----
[INFO] [stdout] 
[INFO] [stdout] thread 'decompile::srcgen_high::semantic_optimizer_tests::folds_real_class_style_diamond_with_prefix_side_effect_and_dead_phi' (497) panicked at src/decompile/srcgen_high.rs:6729:9:
[INFO] [stdout] assertion failed: prog.blocks.iter().all(|b| b.phi.is_empty())
[INFO] [stdout] stack backtrace:
[INFO] [stdout]    0:     0x5ec072bb8781 - std[70759c8f55707aa4]::backtrace_rs::backtrace::libunwind::trace
[INFO] [stdout]                                at /rustc/dfb0accb7f508ae8be965d8629557221c889dd98/library/std/src/../../backtrace/src/backtrace/libunwind.rs:117:9
[INFO] [stdout]    1:     0x5ec072bb8781 - std[70759c8f55707aa4]::backtrace_rs::backtrace::trace_unsynchronized::<std[70759c8f55707aa4]::sys::backtrace::_print_fmt::{closure#1}>
[INFO] [stdout]                                at /rustc/dfb0accb7f508ae8be965d8629557221c889dd98/library/std/src/../../backtrace/src/backtrace/mod.rs:66:14
[INFO] [stdout]    2:     0x5ec072bb8781 - std[70759c8f55707aa4]::sys::backtrace::_print_fmt
[INFO] [stdout]                                at /rustc/dfb0accb7f508ae8be965d8629557221c889dd98/library/std/src/sys/backtrace.rs:74:9
[INFO] [stdout]    3:     0x5ec072bb8781 - <<std[70759c8f55707aa4]::sys::backtrace::BacktraceLock>::print::DisplayBacktrace as core[df12db4294e9bfd3]::fmt::Display>::fmt
[INFO] [stdout]                                at /rustc/dfb0accb7f508ae8be965d8629557221c889dd98/library/std/src/sys/backtrace.rs:44:26
[INFO] [stdout]    4:     0x5ec072bcda7a - <core[df12db4294e9bfd3]::fmt::rt::Argument>::fmt
[INFO] [stdout]                                at /rustc/dfb0accb7f508ae8be965d8629557221c889dd98/library/core/src/fmt/rt.rs:152:76
[INFO] [stdout]    5:     0x5ec072bcda7a - core[df12db4294e9bfd3]::fmt::write
[INFO] [stdout]    6:     0x5ec072bbd11c - core[df12db4294e9bfd3]::io::write::default_write_fmt::<alloc[2182bb758b4b3781]::vec::Vec<u8>>
[INFO] [stdout]                                at /rustc/dfb0accb7f508ae8be965d8629557221c889dd98/library/core/src/io/write.rs:402:11
[INFO] [stdout]    7:     0x5ec072bbd11c - <alloc[2182bb758b4b3781]::vec::Vec<u8> as core[df12db4294e9bfd3]::io::write::Write>::write_fmt
[INFO] [stdout]                                at /rustc/dfb0accb7f508ae8be965d8629557221c889dd98/library/core/src/io/write.rs:335:13
[INFO] [stdout]    8:     0x5ec072b947f6 - <std[70759c8f55707aa4]::sys::backtrace::BacktraceLock>::print
[INFO] [stdout]                                at /rustc/dfb0accb7f508ae8be965d8629557221c889dd98/library/std/src/sys/backtrace.rs:47:9
[INFO] [stdout]    9:     0x5ec072b947f6 - std[70759c8f55707aa4]::panicking::default_hook::{closure#0}
[INFO] [stdout]                                at /rustc/dfb0accb7f508ae8be965d8629557221c889dd98/library/std/src/panicking.rs:292:27
[INFO] [stdout]   10:     0x5ec072bb0ec9 - std[70759c8f55707aa4]::panicking::default_hook
[INFO] [stdout]                                at /rustc/dfb0accb7f508ae8be965d8629557221c889dd98/library/std/src/panicking.rs:316:9
[INFO] [stdout]   11:     0x5ec072b43f90 - <alloc[2182bb758b4b3781]::boxed::Box<dyn for<'a, 'b> core[df12db4294e9bfd3]::ops::function::Fn<(&'a std[70759c8f55707aa4]::panic::PanicHookInfo<'b>,), Output = ()> + core[df12db4294e9bfd3]::marker::Send + core[df12db4294e9bfd3]::marker::Sync> as core[df12db4294e9bfd3]::ops::function::Fn<(&std[70759c8f55707aa4]::panic::PanicHookInfo,)>>::call
[INFO] [stdout]                                at /rustc/dfb0accb7f508ae8be965d8629557221c889dd98/library/alloc/src/boxed.rs:2334:9
[INFO] [stdout]   12:     0x5ec072b43f90 - test[9d35eded1c95d3be]::test_main_inner::<test[9d35eded1c95d3be]::test_main_static::{closure#0}>::{closure#0}
[INFO] [stdout]                                at /rustc/dfb0accb7f508ae8be965d8629557221c889dd98/library/test/src/lib.rs:155:21
[INFO] [stdout]   13:     0x5ec072bb1082 - <alloc[2182bb758b4b3781]::boxed::Box<dyn for<'a, 'b> core[df12db4294e9bfd3]::ops::function::Fn<(&'a std[70759c8f55707aa4]::panic::PanicHookInfo<'b>,), Output = ()> + core[df12db4294e9bfd3]::marker::Send + core[df12db4294e9bfd3]::marker::Sync> as core[df12db4294e9bfd3]::ops::function::Fn<(&std[70759c8f55707aa4]::panic::PanicHookInfo,)>>::call
[INFO] [stdout]                                at /rustc/dfb0accb7f508ae8be965d8629557221c889dd98/library/alloc/src/boxed.rs:2334:9
[INFO] [stdout]   14:     0x5ec072bb1082 - std[70759c8f55707aa4]::panicking::panic_with_hook
[INFO] [stdout]                                at /rustc/dfb0accb7f508ae8be965d8629557221c889dd98/library/std/src/panicking.rs:823:13
[INFO] [stdout]   15:     0x5ec072b948d4 - std[70759c8f55707aa4]::panicking::panic_handler::{closure#0}
[INFO] [stdout]                                at /rustc/dfb0accb7f508ae8be965d8629557221c889dd98/library/std/src/panicking.rs:681:13
[INFO] [stdout]   16:     0x5ec072b8d099 - std[70759c8f55707aa4]::sys::backtrace::__rust_end_short_backtrace::<std[70759c8f55707aa4]::panicking::panic_handler::{closure#0}, !>
[INFO] [stdout]                                at /rustc/dfb0accb7f508ae8be965d8629557221c889dd98/library/std/src/sys/backtrace.rs:182:18
[INFO] [stdout]   17:     0x5ec072b955ad - __rustc[8fa7c3cbc660c2b3]::rust_begin_unwind
[INFO] [stdout]                                at /rustc/dfb0accb7f508ae8be965d8629557221c889dd98/library/std/src/panicking.rs:679:5
[INFO] [stdout]   18:     0x5ec072bce22c - core[df12db4294e9bfd3]::panicking::panic_fmt
[INFO] [stdout]                                at /rustc/dfb0accb7f508ae8be965d8629557221c889dd98/library/core/src/panicking.rs:80:14
[INFO] [stdout]   19:     0x5ec072bce1f2 - core[df12db4294e9bfd3]::panicking::panic
[INFO] [stdout]                                at /rustc/dfb0accb7f508ae8be965d8629557221c889dd98/library/core/src/panicking.rs:150:5
[INFO] [stdout]   20:     0x5ec072ae1667 - tjs2dec[fe1d2d3f0792d490]::decompile::srcgen_high::semantic_optimizer_tests::folds_real_class_style_diamond_with_prefix_side_effect_and_dead_phi
[INFO] [stdout]                                at /opt/rustwide/workdir/src/decompile/srcgen_high.rs:6729:9
[INFO] [stdout]   21:     0x5ec072ac5fc7 - tjs2dec[fe1d2d3f0792d490]::decompile::srcgen_high::semantic_optimizer_tests::folds_real_class_style_diamond_with_prefix_side_effect_and_dead_phi::{closure#0}
[INFO] [stdout]                                at /opt/rustwide/workdir/src/decompile/srcgen_high.rs:6640:77
[INFO] [stdout]   22:     0x5ec072b1bb26 - <tjs2dec[fe1d2d3f0792d490]::decompile::srcgen_high::semantic_optimizer_tests::folds_real_class_style_diamond_with_prefix_side_effect_and_dead_phi::{closure#0} as core[df12db4294e9bfd3]::ops::function::FnOnce<()>>::call_once
[INFO] [stdout]                                at /rustc/dfb0accb7f508ae8be965d8629557221c889dd98/library/core/src/ops/function.rs:250:5
[INFO] [stdout]   23:     0x5ec072b3727b - <fn() -> core[df12db4294e9bfd3]::result::Result<(), alloc[2182bb758b4b3781]::string::String> as core[df12db4294e9bfd3]::ops::function::FnOnce<()>>::call_once
[INFO] [stdout]                                at /rustc/dfb0accb7f508ae8be965d8629557221c889dd98/library/core/src/ops/function.rs:250:5
[INFO] [stdout]   24:     0x5ec072b3727b - test[9d35eded1c95d3be]::__rust_begin_short_backtrace::<core[df12db4294e9bfd3]::result::Result<(), alloc[2182bb758b4b3781]::string::String>, fn() -> core[df12db4294e9bfd3]::result::Result<(), alloc[2182bb758b4b3781]::string::String>>
[INFO] [stdout]                                at /rustc/dfb0accb7f508ae8be965d8629557221c889dd98/library/test/src/lib.rs:733:18
[INFO] [stdout]   25:     0x5ec072b448e5 - test[9d35eded1c95d3be]::run_test_in_process::{closure#0}
[INFO] [stdout]                                at /rustc/dfb0accb7f508ae8be965d8629557221c889dd98/library/test/src/lib.rs:756:74
[INFO] [stdout]   26:     0x5ec072b448e5 - <core[df12db4294e9bfd3]::panic::unwind_safe::AssertUnwindSafe<test[9d35eded1c95d3be]::run_test_in_process::{closure#0}> as core[df12db4294e9bfd3]::ops::function::FnOnce<()>>::call_once
[INFO] [stdout]                                at /rustc/dfb0accb7f508ae8be965d8629557221c889dd98/library/core/src/panic/unwind_safe.rs:275:9
[INFO] [stdout]   27:     0x5ec072b448e5 - std[70759c8f55707aa4]::panicking::catch_unwind::do_call::<core[df12db4294e9bfd3]::panic::unwind_safe::AssertUnwindSafe<test[9d35eded1c95d3be]::run_test_in_process::{closure#0}>, core[df12db4294e9bfd3]::result::Result<(), alloc[2182bb758b4b3781]::string::String>>
[INFO] [stdout]                                at /rustc/dfb0accb7f508ae8be965d8629557221c889dd98/library/std/src/panicking.rs:576:43
[INFO] [stdout]   28:     0x5ec072b448e5 - std[70759c8f55707aa4]::panicking::catch_unwind::<core[df12db4294e9bfd3]::result::Result<(), alloc[2182bb758b4b3781]::string::String>, core[df12db4294e9bfd3]::panic::unwind_safe::AssertUnwindSafe<test[9d35eded1c95d3be]::run_test_in_process::{closure#0}>>
[INFO] [stdout]                                at /rustc/dfb0accb7f508ae8be965d8629557221c889dd98/library/std/src/panicking.rs:544:19
[INFO] [stdout]   29:     0x5ec072b448e5 - std[70759c8f55707aa4]::panic::catch_unwind::<core[df12db4294e9bfd3]::panic::unwind_safe::AssertUnwindSafe<test[9d35eded1c95d3be]::run_test_in_process::{closure#0}>, core[df12db4294e9bfd3]::result::Result<(), alloc[2182bb758b4b3781]::string::String>>
[INFO] [stdout]                                at /rustc/dfb0accb7f508ae8be965d8629557221c889dd98/library/std/src/panic.rs:359:14
[INFO] [stdout]   30:     0x5ec072b448e5 - test[9d35eded1c95d3be]::run_test_in_process
[INFO] [stdout]                                at /rustc/dfb0accb7f508ae8be965d8629557221c889dd98/library/test/src/lib.rs:756:27
[INFO] [stdout]   31:     0x5ec072b448e5 - test[9d35eded1c95d3be]::run_test::{closure#0}
[INFO] [stdout]                                at /rustc/dfb0accb7f508ae8be965d8629557221c889dd98/library/test/src/lib.rs:677:43
[INFO] [stdout]   32:     0x5ec072b3e1a4 - test[9d35eded1c95d3be]::run_test::{closure#1}
[INFO] [stdout]                                at /rustc/dfb0accb7f508ae8be965d8629557221c889dd98/library/test/src/lib.rs:707:41
[INFO] [stdout]   33:     0x5ec072b3e1a4 - std[70759c8f55707aa4]::sys::backtrace::__rust_begin_short_backtrace::<test[9d35eded1c95d3be]::run_test::{closure#1}, ()>
[INFO] [stdout]                                at /rustc/dfb0accb7f508ae8be965d8629557221c889dd98/library/std/src/sys/backtrace.rs:166:18
[INFO] [stdout]   34:     0x5ec072b47a42 - std[70759c8f55707aa4]::thread::lifecycle::spawn_unchecked::<test[9d35eded1c95d3be]::run_test::{closure#1}, ()>::{closure#1}::{closure#0}
[INFO] [stdout]                                at /rustc/dfb0accb7f508ae8be965d8629557221c889dd98/library/std/src/thread/lifecycle.rs:70:13
[INFO] [stdout]   35:     0x5ec072b47a42 - <core[df12db4294e9bfd3]::panic::unwind_safe::AssertUnwindSafe<std[70759c8f55707aa4]::thread::lifecycle::spawn_unchecked<test[9d35eded1c95d3be]::run_test::{closure#1}, ()>::{closure#1}::{closure#0}> as core[df12db4294e9bfd3]::ops::function::FnOnce<()>>::call_once
[INFO] [stdout]                                at /rustc/dfb0accb7f508ae8be965d8629557221c889dd98/library/core/src/panic/unwind_safe.rs:275:9
[INFO] [stdout]   36:     0x5ec072b47a42 - std[70759c8f55707aa4]::panicking::catch_unwind::do_call::<core[df12db4294e9bfd3]::panic::unwind_safe::AssertUnwindSafe<std[70759c8f55707aa4]::thread::lifecycle::spawn_unchecked<test[9d35eded1c95d3be]::run_test::{closure#1}, ()>::{closure#1}::{closure#0}>, ()>
[INFO] [stdout]                                at /rustc/dfb0accb7f508ae8be965d8629557221c889dd98/library/std/src/panicking.rs:576:43
[INFO] [stdout]   37:     0x5ec072b47a42 - std[70759c8f55707aa4]::panicking::catch_unwind::<(), core[df12db4294e9bfd3]::panic::unwind_safe::AssertUnwindSafe<std[70759c8f55707aa4]::thread::lifecycle::spawn_unchecked<test[9d35eded1c95d3be]::run_test::{closure#1}, ()>::{closure#1}::{closure#0}>>
[INFO] [stdout]                                at /rustc/dfb0accb7f508ae8be965d8629557221c889dd98/library/std/src/panicking.rs:544:19
[INFO] [stdout]   38:     0x5ec072b47a42 - std[70759c8f55707aa4]::panic::catch_unwind::<core[df12db4294e9bfd3]::panic::unwind_safe::AssertUnwindSafe<std[70759c8f55707aa4]::thread::lifecycle::spawn_unchecked<test[9d35eded1c95d3be]::run_test::{closure#1}, ()>::{closure#1}::{closure#0}>, ()>
[INFO] [stdout]                                at /rustc/dfb0accb7f508ae8be965d8629557221c889dd98/library/std/src/panic.rs:359:14
[INFO] [stdout]   39:     0x5ec072b47a42 - std[70759c8f55707aa4]::thread::lifecycle::spawn_unchecked::<test[9d35eded1c95d3be]::run_test::{closure#1}, ()>::{closure#1}
[INFO] [stdout]                                at /rustc/dfb0accb7f508ae8be965d8629557221c889dd98/library/std/src/thread/lifecycle.rs:68:26
[INFO] [stdout]   40:     0x5ec072b47a42 - <std[70759c8f55707aa4]::thread::lifecycle::spawn_unchecked<test[9d35eded1c95d3be]::run_test::{closure#1}, ()>::{closure#1} as core[df12db4294e9bfd3]::ops::function::FnOnce<()>>::call_once::{shim:vtable#0}
[INFO] [stdout]                                at /rustc/dfb0accb7f508ae8be965d8629557221c889dd98/library/core/src/ops/function.rs:250:5
[INFO] [stdout]   41:     0x5ec072bb8059 - <alloc[2182bb758b4b3781]::boxed::Box<dyn core[df12db4294e9bfd3]::ops::function::FnOnce<(), Output = ()> + core[df12db4294e9bfd3]::marker::Send> as core[df12db4294e9bfd3]::ops::function::FnOnce<()>>::call_once
[INFO] [stdout]                                at /rustc/dfb0accb7f508ae8be965d8629557221c889dd98/library/alloc/src/boxed.rs:2320:9
[INFO] [stdout]   42:     0x5ec072bb8059 - <std[70759c8f55707aa4]::sys::thread::unix::Thread>::new::thread_start
[INFO] [stdout]                                at /rustc/dfb0accb7f508ae8be965d8629557221c889dd98/library/std/src/sys/thread/unix.rs:123:17
[INFO] [stdout]   43:     0x70910b1c5dfa - <unknown>
[INFO] [stdout]   44:     0x70910b2593d4 - clone
[INFO] [stdout]   45:                0x0 - <unknown>
[INFO] [stdout] 
[INFO] [stdout] ---- decompile::srcgen_high::semantic_optimizer_tests::folds_shared_failure_ladder_with_collateral_dead_phis stdout ----
[INFO] [stdout] 
[INFO] [stdout] thread 'decompile::srcgen_high::semantic_optimizer_tests::folds_shared_failure_ladder_with_collateral_dead_phis' (498) panicked at src/decompile/srcgen_high.rs:6834:9:
[INFO] [stdout] assertion failed: prog.blocks.iter().all(|b| b.phi.is_empty())
[INFO] [stdout] stack backtrace:
[INFO] [stdout]    0:     0x5ec072bb8781 - std[70759c8f55707aa4]::backtrace_rs::backtrace::libunwind::trace
[INFO] [stdout]                                at /rustc/dfb0accb7f508ae8be965d8629557221c889dd98/library/std/src/../../backtrace/src/backtrace/libunwind.rs:117:9
[INFO] [stdout]    1:     0x5ec072bb8781 - std[70759c8f55707aa4]::backtrace_rs::backtrace::trace_unsynchronized::<std[70759c8f55707aa4]::sys::backtrace::_print_fmt::{closure#1}>
[INFO] [stdout]                                at /rustc/dfb0accb7f508ae8be965d8629557221c889dd98/library/std/src/../../backtrace/src/backtrace/mod.rs:66:14
[INFO] [stdout]    2:     0x5ec072bb8781 - std[70759c8f55707aa4]::sys::backtrace::_print_fmt
[INFO] [stdout]                                at /rustc/dfb0accb7f508ae8be965d8629557221c889dd98/library/std/src/sys/backtrace.rs:74:9
[INFO] [stdout]    3:     0x5ec072bb8781 - <<std[70759c8f55707aa4]::sys::backtrace::BacktraceLock>::print::DisplayBacktrace as core[df12db4294e9bfd3]::fmt::Display>::fmt
[INFO] [stdout]                                at /rustc/dfb0accb7f508ae8be965d8629557221c889dd98/library/std/src/sys/backtrace.rs:44:26
[INFO] [stdout]    4:     0x5ec072bcda7a - <core[df12db4294e9bfd3]::fmt::rt::Argument>::fmt
[INFO] [stdout]                                at /rustc/dfb0accb7f508ae8be965d8629557221c889dd98/library/core/src/fmt/rt.rs:152:76
[INFO] [stdout]    5:     0x5ec072bcda7a - core[df12db4294e9bfd3]::fmt::write
[INFO] [stdout]    6:     0x5ec072bbd11c - core[df12db4294e9bfd3]::io::write::default_write_fmt::<alloc[2182bb758b4b3781]::vec::Vec<u8>>
[INFO] [stdout]                                at /rustc/dfb0accb7f508ae8be965d8629557221c889dd98/library/core/src/io/write.rs:402:11
[INFO] [stdout]    7:     0x5ec072bbd11c - <alloc[2182bb758b4b3781]::vec::Vec<u8> as core[df12db4294e9bfd3]::io::write::Write>::write_fmt
[INFO] [stdout]                                at /rustc/dfb0accb7f508ae8be965d8629557221c889dd98/library/core/src/io/write.rs:335:13
[INFO] [stdout]    8:     0x5ec072b947f6 - <std[70759c8f55707aa4]::sys::backtrace::BacktraceLock>::print
[INFO] [stdout]                                at /rustc/dfb0accb7f508ae8be965d8629557221c889dd98/library/std/src/sys/backtrace.rs:47:9
[INFO] [stdout]    9:     0x5ec072b947f6 - std[70759c8f55707aa4]::panicking::default_hook::{closure#0}
[INFO] [stdout]                                at /rustc/dfb0accb7f508ae8be965d8629557221c889dd98/library/std/src/panicking.rs:292:27
[INFO] [stdout]   10:     0x5ec072bb0ec9 - std[70759c8f55707aa4]::panicking::default_hook
[INFO] [stdout]                                at /rustc/dfb0accb7f508ae8be965d8629557221c889dd98/library/std/src/panicking.rs:316:9
[INFO] [stdout]   11:     0x5ec072b43f90 - <alloc[2182bb758b4b3781]::boxed::Box<dyn for<'a, 'b> core[df12db4294e9bfd3]::ops::function::Fn<(&'a std[70759c8f55707aa4]::panic::PanicHookInfo<'b>,), Output = ()> + core[df12db4294e9bfd3]::marker::Send + core[df12db4294e9bfd3]::marker::Sync> as core[df12db4294e9bfd3]::ops::function::Fn<(&std[70759c8f55707aa4]::panic::PanicHookInfo,)>>::call
[INFO] [stdout]                                at /rustc/dfb0accb7f508ae8be965d8629557221c889dd98/library/alloc/src/boxed.rs:2334:9
[INFO] [stdout]   12:     0x5ec072b43f90 - test[9d35eded1c95d3be]::test_main_inner::<test[9d35eded1c95d3be]::test_main_static::{closure#0}>::{closure#0}
[INFO] [stdout]                                at /rustc/dfb0accb7f508ae8be965d8629557221c889dd98/library/test/src/lib.rs:155:21
[INFO] [stdout]   13:     0x5ec072bb1082 - <alloc[2182bb758b4b3781]::boxed::Box<dyn for<'a, 'b> core[df12db4294e9bfd3]::ops::function::Fn<(&'a std[70759c8f55707aa4]::panic::PanicHookInfo<'b>,), Output = ()> + core[df12db4294e9bfd3]::marker::Send + core[df12db4294e9bfd3]::marker::Sync> as core[df12db4294e9bfd3]::ops::function::Fn<(&std[70759c8f55707aa4]::panic::PanicHookInfo,)>>::call
[INFO] [stdout]                                at /rustc/dfb0accb7f508ae8be965d8629557221c889dd98/library/alloc/src/boxed.rs:2334:9
[INFO] [stdout]   14:     0x5ec072bb1082 - std[70759c8f55707aa4]::panicking::panic_with_hook
[INFO] [stdout]                                at /rustc/dfb0accb7f508ae8be965d8629557221c889dd98/library/std/src/panicking.rs:823:13
[INFO] [stdout]   15:     0x5ec072b948d4 - std[70759c8f55707aa4]::panicking::panic_handler::{closure#0}
[INFO] [stdout]                                at /rustc/dfb0accb7f508ae8be965d8629557221c889dd98/library/std/src/panicking.rs:681:13
[INFO] [stdout]   16:     0x5ec072b8d099 - std[70759c8f55707aa4]::sys::backtrace::__rust_end_short_backtrace::<std[70759c8f55707aa4]::panicking::panic_handler::{closure#0}, !>
[INFO] [stdout]                                at /rustc/dfb0accb7f508ae8be965d8629557221c889dd98/library/std/src/sys/backtrace.rs:182:18
[INFO] [stdout]   17:     0x5ec072b955ad - __rustc[8fa7c3cbc660c2b3]::rust_begin_unwind
[INFO] [stdout]                                at /rustc/dfb0accb7f508ae8be965d8629557221c889dd98/library/std/src/panicking.rs:679:5
[INFO] [stdout]   18:     0x5ec072bce22c - core[df12db4294e9bfd3]::panicking::panic_fmt
[INFO] [stdout]                                at /rustc/dfb0accb7f508ae8be965d8629557221c889dd98/library/core/src/panicking.rs:80:14
[INFO] [stdout]   19:     0x5ec072bce1f2 - core[df12db4294e9bfd3]::panicking::panic
[INFO] [stdout]                                at /rustc/dfb0accb7f508ae8be965d8629557221c889dd98/library/core/src/panicking.rs:150:5
[INFO] [stdout]   20:     0x5ec072ad70d1 - tjs2dec[fe1d2d3f0792d490]::decompile::srcgen_high::semantic_optimizer_tests::folds_shared_failure_ladder_with_collateral_dead_phis
[INFO] [stdout]                                at /opt/rustwide/workdir/src/decompile/srcgen_high.rs:6834:9
[INFO] [stdout]   21:     0x5ec072ac5e47 - tjs2dec[fe1d2d3f0792d490]::decompile::srcgen_high::semantic_optimizer_tests::folds_shared_failure_ladder_with_collateral_dead_phis::{closure#0}
[INFO] [stdout]                                at /opt/rustwide/workdir/src/decompile/srcgen_high.rs:6746:63
[INFO] [stdout]   22:     0x5ec072b1ba26 - <tjs2dec[fe1d2d3f0792d490]::decompile::srcgen_high::semantic_optimizer_tests::folds_shared_failure_ladder_with_collateral_dead_phis::{closure#0} as core[df12db4294e9bfd3]::ops::function::FnOnce<()>>::call_once
[INFO] [stdout]                                at /rustc/dfb0accb7f508ae8be965d8629557221c889dd98/library/core/src/ops/function.rs:250:5
[INFO] [stdout]   23:     0x5ec072b3727b - <fn() -> core[df12db4294e9bfd3]::result::Result<(), alloc[2182bb758b4b3781]::string::String> as core[df12db4294e9bfd3]::ops::function::FnOnce<()>>::call_once
[INFO] [stdout]                                at /rustc/dfb0accb7f508ae8be965d8629557221c889dd98/library/core/src/ops/function.rs:250:5
[INFO] [stdout]   24:     0x5ec072b3727b - test[9d35eded1c95d3be]::__rust_begin_short_backtrace::<core[df12db4294e9bfd3]::result::Result<(), alloc[2182bb758b4b3781]::string::String>, fn() -> core[df12db4294e9bfd3]::result::Result<(), alloc[2182bb758b4b3781]::string::String>>
[INFO] [stdout]                                at /rustc/dfb0accb7f508ae8be965d8629557221c889dd98/library/test/src/lib.rs:733:18
[INFO] [stdout]   25:     0x5ec072b448e5 - test[9d35eded1c95d3be]::run_test_in_process::{closure#0}
[INFO] [stdout]                                at /rustc/dfb0accb7f508ae8be965d8629557221c889dd98/library/test/src/lib.rs:756:74
[INFO] [stdout]   26:     0x5ec072b448e5 - <core[df12db4294e9bfd3]::panic::unwind_safe::AssertUnwindSafe<test[9d35eded1c95d3be]::run_test_in_process::{closure#0}> as core[df12db4294e9bfd3]::ops::function::FnOnce<()>>::call_once
[INFO] [stdout]                                at /rustc/dfb0accb7f508ae8be965d8629557221c889dd98/library/core/src/panic/unwind_safe.rs:275:9
[INFO] [stdout]   27:     0x5ec072b448e5 - std[70759c8f55707aa4]::panicking::catch_unwind::do_call::<core[df12db4294e9bfd3]::panic::unwind_safe::AssertUnwindSafe<test[9d35eded1c95d3be]::run_test_in_process::{closure#0}>, core[df12db4294e9bfd3]::result::Result<(), alloc[2182bb758b4b3781]::string::String>>
[INFO] [stdout]                                at /rustc/dfb0accb7f508ae8be965d8629557221c889dd98/library/std/src/panicking.rs:576:43
[INFO] [stdout]   28:     0x5ec072b448e5 - std[70759c8f55707aa4]::panicking::catch_unwind::<core[df12db4294e9bfd3]::result::Result<(), alloc[2182bb758b4b3781]::string::String>, core[df12db4294e9bfd3]::panic::unwind_safe::AssertUnwindSafe<test[9d35eded1c95d3be]::run_test_in_process::{closure#0}>>
[INFO] [stdout]                                at /rustc/dfb0accb7f508ae8be965d8629557221c889dd98/library/std/src/panicking.rs:544:19
[INFO] [stdout]   29:     0x5ec072b448e5 - std[70759c8f55707aa4]::panic::catch_unwind::<core[df12db4294e9bfd3]::panic::unwind_safe::AssertUnwindSafe<test[9d35eded1c95d3be]::run_test_in_process::{closure#0}>, core[df12db4294e9bfd3]::result::Result<(), alloc[2182bb758b4b3781]::string::String>>
[INFO] [stdout]                                at /rustc/dfb0accb7f508ae8be965d8629557221c889dd98/library/std/src/panic.rs:359:14
[INFO] [stdout]   30:     0x5ec072b448e5 - test[9d35eded1c95d3be]::run_test_in_process
[INFO] [stdout]                                at /rustc/dfb0accb7f508ae8be965d8629557221c889dd98/library/test/src/lib.rs:756:27
[INFO] [stdout]   31:     0x5ec072b448e5 - test[9d35eded1c95d3be]::run_test::{closure#0}
[INFO] [stdout]                                at /rustc/dfb0accb7f508ae8be965d8629557221c889dd98/library/test/src/lib.rs:677:43
[INFO] [stdout]   32:     0x5ec072b3e1a4 - test[9d35eded1c95d3be]::run_test::{closure#1}
[INFO] [stdout]                                at /rustc/dfb0accb7f508ae8be965d8629557221c889dd98/library/test/src/lib.rs:707:41
[INFO] [stdout]   33:     0x5ec072b3e1a4 - std[70759c8f55707aa4]::sys::backtrace::__rust_begin_short_backtrace::<test[9d35eded1c95d3be]::run_test::{closure#1}, ()>
[INFO] [stdout]                                at /rustc/dfb0accb7f508ae8be965d8629557221c889dd98/library/std/src/sys/backtrace.rs:166:18
[INFO] [stdout]   34:     0x5ec072b47a42 - std[70759c8f55707aa4]::thread::lifecycle::spawn_unchecked::<test[9d35eded1c95d3be]::run_test::{closure#1}, ()>::{closure#1}::{closure#0}
[INFO] [stdout]                                at /rustc/dfb0accb7f508ae8be965d8629557221c889dd98/library/std/src/thread/lifecycle.rs:70:13
[INFO] [stdout]   35:     0x5ec072b47a42 - <core[df12db4294e9bfd3]::panic::unwind_safe::AssertUnwindSafe<std[70759c8f55707aa4]::thread::lifecycle::spawn_unchecked<test[9d35eded1c95d3be]::run_test::{closure#1}, ()>::{closure#1}::{closure#0}> as core[df12db4294e9bfd3]::ops::function::FnOnce<()>>::call_once
[INFO] [stdout]                                at /rustc/dfb0accb7f508ae8be965d8629557221c889dd98/library/core/src/panic/unwind_safe.rs:275:9
[INFO] [stdout]   36:     0x5ec072b47a42 - std[70759c8f55707aa4]::panicking::catch_unwind::do_call::<core[df12db4294e9bfd3]::panic::unwind_safe::AssertUnwindSafe<std[70759c8f55707aa4]::thread::lifecycle::spawn_unchecked<test[9d35eded1c95d3be]::run_test::{closure#1}, ()>::{closure#1}::{closure#0}>, ()>
[INFO] [stdout]                                at /rustc/dfb0accb7f508ae8be965d8629557221c889dd98/library/std/src/panicking.rs:576:43
[INFO] [stdout]   37:     0x5ec072b47a42 - std[70759c8f55707aa4]::panicking::catch_unwind::<(), core[df12db4294e9bfd3]::panic::unwind_safe::AssertUnwindSafe<std[70759c8f55707aa4]::thread::lifecycle::spawn_unchecked<test[9d35eded1c95d3be]::run_test::{closure#1}, ()>::{closure#1}::{closure#0}>>
[INFO] [stdout]                                at /rustc/dfb0accb7f508ae8be965d8629557221c889dd98/library/std/src/panicking.rs:544:19
[INFO] [stdout]   38:     0x5ec072b47a42 - std[70759c8f55707aa4]::panic::catch_unwind::<core[df12db4294e9bfd3]::panic::unwind_safe::AssertUnwindSafe<std[70759c8f55707aa4]::thread::lifecycle::spawn_unchecked<test[9d35eded1c95d3be]::run_test::{closure#1}, ()>::{closure#1}::{closure#0}>, ()>
[INFO] [stdout]                                at /rustc/dfb0accb7f508ae8be965d8629557221c889dd98/library/std/src/panic.rs:359:14
[INFO] [stdout]   39:     0x5ec072b47a42 - std[70759c8f55707aa4]::thread::lifecycle::spawn_unchecked::<test[9d35eded1c95d3be]::run_test::{closure#1}, ()>::{closure#1}
[INFO] [stdout]                                at /rustc/dfb0accb7f508ae8be965d8629557221c889dd98/library/std/src/thread/lifecycle.rs:68:26
[INFO] [stdout]   40:     0x5ec072b47a42 - <std[70759c8f55707aa4]::thread::lifecycle::spawn_unchecked<test[9d35eded1c95d3be]::run_test::{closure#1}, ()>::{closure#1} as core[df12db4294e9bfd3]::ops::function::FnOnce<()>>::call_once::{shim:vtable#0}
[INFO] [stdout]                                at /rustc/dfb0accb7f508ae8be965d8629557221c889dd98/library/core/src/ops/function.rs:250:5
[INFO] [stdout]   41:     0x5ec072bb8059 - <alloc[2182bb758b4b3781]::boxed::Box<dyn core[df12db4294e9bfd3]::ops::function::FnOnce<(), Output = ()> + core[df12db4294e9bfd3]::marker::Send> as core[df12db4294e9bfd3]::ops::function::FnOnce<()>>::call_once
[INFO] [stdout]                                at /rustc/dfb0accb7f508ae8be965d8629557221c889dd98/library/alloc/src/boxed.rs:2320:9
[INFO] [stdout]   42:     0x5ec072bb8059 - <std[70759c8f55707aa4]::sys::thread::unix::Thread>::new::thread_start
[INFO] [stdout]                                at /rustc/dfb0accb7f508ae8be965d8629557221c889dd98/library/std/src/sys/thread/unix.rs:123:17
[INFO] [stdout]   43:     0x70910b1c5dfa - <unknown>
[INFO] [stdout]   44:     0x70910b2593d4 - clone
[INFO] [stdout]   45:                0x0 - <unknown>
[INFO] [stdout] 
[INFO] [stdout] 
[INFO] [stdout] failures:
[INFO] [stdout]     decompile::srcgen_high::semantic_optimizer_tests::folds_empty_array_and_removes_index_scaffold
[INFO] [stdout]     decompile::srcgen_high::semantic_optimizer_tests::folds_real_class_style_diamond_with_prefix_side_effect_and_dead_phi
[INFO] [stdout]     decompile::srcgen_high::semantic_optimizer_tests::folds_shared_failure_ladder_with_collateral_dead_phis
[INFO] [stdout] 
[INFO] [stdout] test result: FAILED. 30 passed; 3 failed; 0 ignored; 0 measured; 0 filtered out; finished in 0.20s
[INFO] [stdout] 
[INFO] running `Command { std: "docker" "inspect" "dff36bb0e36046d4fd3b9b6e016ae68a91df131ebe53fdcc6d1f8ea1e8e4df97", kill_on_drop: false }`
[INFO] running `Command { std: "docker" "rm" "-f" "dff36bb0e36046d4fd3b9b6e016ae68a91df131ebe53fdcc6d1f8ea1e8e4df97", kill_on_drop: false }`
[INFO] [stdout] dff36bb0e36046d4fd3b9b6e016ae68a91df131ebe53fdcc6d1f8ea1e8e4df97
