[INFO] fetching crate tirea-state-derive 0.5.0...
[INFO] testing tirea-state-derive-0.5.0 against 1.99.0-beta.8 for beta-1.100-2
[INFO] extracting crate tirea-state-derive 0.5.0 into /workspace/builds/worker-4-tc1/source
[INFO] started tweaking crates.io crate tirea-state-derive 0.5.0
[INFO] removed 0 missing tests
[INFO] finished tweaking crates.io crate tirea-state-derive 0.5.0
[INFO] tweaked toml for crates.io crate tirea-state-derive 0.5.0 written to /workspace/builds/worker-4-tc1/source/Cargo.toml
[INFO] validating manifest of crates.io crate tirea-state-derive 0.5.0 on toolchain 1.99.0-beta.8
[INFO] running `Command { std: CARGO_HOME="/workspace/cargo-home" RUSTUP_HOME="/workspace/rustup-home" "/workspace/cargo-home/bin/cargo" "+1.99.0-beta.8" "metadata" "--manifest-path" "Cargo.toml" "--no-deps", kill_on_drop: false }`
[INFO] crate crates.io crate tirea-state-derive 0.5.0 already has a lockfile, it will not be regenerated
[INFO] running `Command { std: CARGO_HOME="/workspace/cargo-home" RUSTUP_HOME="/workspace/rustup-home" "/workspace/cargo-home/bin/cargo" "+1.99.0-beta.8" "fetch" "--manifest-path" "Cargo.toml", kill_on_drop: false }`
[INFO] [stderr]  Downloading crates ...
[INFO] [stderr]   Downloaded trybuild v1.0.116
[INFO] running `Command { std: "docker" "create" "-v" "/var/lib/crater-agent-workspace/builds/worker-4-tc1/source:/opt/rustwide/workdir:ro,Z" "-v" "/var/lib/crater-agent-workspace/builds/worker-4-tc1/target:/opt/rustwide/target:rw,Z" "-v" "/var/lib/crater-agent-workspace/cargo-home:/opt/rustwide/cargo-home:ro,Z" "-v" "/var/lib/crater-agent-workspace/rustup-home:/opt/rustwide/rustup-home:ro,Z" "-m" "1610612736" "--network" "none" "ghcr.io/rust-lang/crates-build-env/linux@sha256:3111399a4047eeb3a02b7a90e478d715f38a8c6669b5c4b49d30a17385265909" "sleep" "infinity", kill_on_drop: false }`
[INFO] [stdout] a93ca1872f3bab9a5bad5384e9529092ba5aec3ce97b18f958157760c083a2e1
[INFO] running `Command { std: "docker" "start" "a93ca1872f3bab9a5bad5384e9529092ba5aec3ce97b18f958157760c083a2e1", kill_on_drop: false }`
[INFO] running `Command { std: "docker" "inspect" "a93ca1872f3bab9a5bad5384e9529092ba5aec3ce97b18f958157760c083a2e1", kill_on_drop: false }`
[INFO] running `Command { std: "docker" "exec" "-e" "SOURCE_DIR=/opt/rustwide/workdir" "-e" "CARGO_HOME=/opt/rustwide/cargo-home" "-e" "RUSTUP_HOME=/opt/rustwide/rustup-home" "-e" "CARGO_TARGET_DIR=/opt/rustwide/target" "-w" "/opt/rustwide/workdir" "--user" "0:0" "a93ca1872f3bab9a5bad5384e9529092ba5aec3ce97b18f958157760c083a2e1" "/opt/rustwide/cargo-home/bin/cargo" "+1.99.0-beta.8" "metadata" "--no-deps" "--format-version=1", kill_on_drop: false }`
[INFO] running `Command { std: "docker" "inspect" "a93ca1872f3bab9a5bad5384e9529092ba5aec3ce97b18f958157760c083a2e1", kill_on_drop: false }`
[INFO] running `Command { std: "docker" "exec" "-e" "SOURCE_DIR=/opt/rustwide/workdir" "-e" "CARGO_HOME=/opt/rustwide/cargo-home" "-e" "RUSTUP_HOME=/opt/rustwide/rustup-home" "-e" "CARGO_TARGET_DIR=/opt/rustwide/target" "-e" "CARGO_INCREMENTAL=0" "-e" "RUST_BACKTRACE=full" "-e" "RUSTFLAGS=--cap-lints=warn" "-e" "RUSTDOCFLAGS=--cap-lints=warn" "-w" "/opt/rustwide/workdir" "--user" "0:0" "a93ca1872f3bab9a5bad5384e9529092ba5aec3ce97b18f958157760c083a2e1" "/opt/rustwide/cargo-home/bin/cargo" "+1.99.0-beta.8" "build" "--frozen" "--message-format=json", kill_on_drop: false }`
[INFO] [stderr]    Compiling proc-macro2 v1.0.106
[INFO] [stderr]    Compiling quote v1.0.45
[INFO] [stderr]    Compiling fnv v1.0.7
[INFO] [stderr]    Compiling syn v2.0.117
[INFO] [stderr]    Compiling darling_core v0.20.11
[INFO] [stderr]    Compiling darling_macro v0.20.11
[INFO] [stderr]    Compiling darling v0.20.11
[INFO] [stderr]    Compiling tirea-state-derive v0.5.0 (/opt/rustwide/workdir)
[INFO] [stderr]     Finished `dev` profile [unoptimized + debuginfo] target(s) in 7.65s
[INFO] running `Command { std: "docker" "inspect" "a93ca1872f3bab9a5bad5384e9529092ba5aec3ce97b18f958157760c083a2e1", kill_on_drop: false }`
[INFO] running `Command { std: "docker" "exec" "-e" "SOURCE_DIR=/opt/rustwide/workdir" "-e" "CARGO_HOME=/opt/rustwide/cargo-home" "-e" "RUSTUP_HOME=/opt/rustwide/rustup-home" "-e" "CARGO_TARGET_DIR=/opt/rustwide/target" "-e" "CARGO_INCREMENTAL=0" "-e" "RUST_BACKTRACE=full" "-e" "RUSTFLAGS=--cap-lints=warn" "-e" "RUSTDOCFLAGS=--cap-lints=warn" "-w" "/opt/rustwide/workdir" "--user" "0:0" "a93ca1872f3bab9a5bad5384e9529092ba5aec3ce97b18f958157760c083a2e1" "/opt/rustwide/cargo-home/bin/cargo" "+1.99.0-beta.8" "test" "--frozen" "--no-run" "--message-format=json", kill_on_drop: false }`
[INFO] [stderr]    Compiling proc-macro2 v1.0.106
[INFO] [stderr]    Compiling unicode-ident v1.0.24
[INFO] [stderr]    Compiling serde_core v1.0.228
[INFO] [stderr]    Compiling zmij v1.0.21
[INFO] [stderr]    Compiling strsim v0.11.1
[INFO] [stderr]    Compiling ident_case v1.0.1
[INFO] [stderr]    Compiling target-triple v1.0.0
[INFO] [stderr]    Compiling winnow v0.7.15
[INFO] [stderr]    Compiling memchr v2.8.0
[INFO] [stderr]    Compiling quote v1.0.45
[INFO] [stderr]    Compiling termcolor v1.4.1
[INFO] [stderr]    Compiling syn v2.0.117
[INFO] [stderr]    Compiling toml_parser v1.0.9+spec-1.1.0
[INFO] [stderr]    Compiling serde_spanned v1.0.4
[INFO] [stderr]    Compiling toml_datetime v1.0.0+spec-1.1.0
[INFO] [stderr]    Compiling serde_json v1.0.149
[INFO] [stderr]    Compiling toml v1.0.6+spec-1.1.0
[INFO] [stderr]    Compiling darling_core v0.20.11
[INFO] [stderr]    Compiling serde_derive v1.0.228
[INFO] [stderr]    Compiling darling_macro v0.20.11
[INFO] [stderr]    Compiling darling v0.20.11
[INFO] [stderr]    Compiling tirea-state-derive v0.5.0 (/opt/rustwide/workdir)
[INFO] [stderr]    Compiling serde v1.0.228
[INFO] [stderr]    Compiling trybuild v1.0.116
[INFO] [stderr]     Finished `test` profile [unoptimized + debuginfo] target(s) in 15.46s
[INFO] running `Command { std: "docker" "inspect" "a93ca1872f3bab9a5bad5384e9529092ba5aec3ce97b18f958157760c083a2e1", kill_on_drop: false }`
[INFO] running `Command { std: "docker" "exec" "-e" "SOURCE_DIR=/opt/rustwide/workdir" "-e" "CARGO_HOME=/opt/rustwide/cargo-home" "-e" "RUSTUP_HOME=/opt/rustwide/rustup-home" "-e" "CARGO_TARGET_DIR=/opt/rustwide/target" "-e" "CARGO_INCREMENTAL=0" "-e" "RUST_BACKTRACE=full" "-e" "RUSTFLAGS=--cap-lints=warn" "-e" "RUSTDOCFLAGS=--cap-lints=warn" "-w" "/opt/rustwide/workdir" "--user" "0:0" "a93ca1872f3bab9a5bad5384e9529092ba5aec3ce97b18f958157760c083a2e1" "/opt/rustwide/cargo-home/bin/cargo" "+1.99.0-beta.8" "test" "--frozen", kill_on_drop: false }`
[INFO] [stdout] 
[INFO] [stderr]     Finished `test` profile [unoptimized + debuginfo] target(s) in 0.05s
[INFO] [stdout] running 12 tests
[INFO] [stderr]      Running unittests src/lib.rs (/opt/rustwide/target/debug/deps/tirea_state_derive-dd1bc6ec1e3f2b59)
[INFO] [stdout] test parse::tests::test_parse_action_attribute ... ok
[INFO] [stdout] test parse::tests::test_parse_scope_defaults_to_none ... ok
[INFO] [stdout] test field_kind::tests::test_vec_type ... ok
[INFO] [stdout] test field_kind::tests::test_nested_attr ... ok
[INFO] [stdout] test field_kind::tests::test_lattice_attr ... ok
[INFO] [stdout] test parse::tests::test_parse_basic_struct ... ok
[INFO] [stdout] test field_kind::tests::test_primitive_types ... ok
[INFO] [stdout] test field_kind::tests::test_lattice_on_container_stays_container ... ok
[INFO] [stdout] test parse::tests::test_parse_scope_attribute ... ok
[INFO] [stdout] test field_kind::tests::test_map_type ... ok
[INFO] [stdout] test parse::tests::test_parse_with_attributes ... ok
[INFO] [stderr]      Running tests/compile_fail.rs (/opt/rustwide/target/debug/deps/compile_fail-bee2b1b17a9625d2)
[INFO] [stdout] test field_kind::tests::test_option_type ... ok
[INFO] [stdout] 
[INFO] [stdout] test result: ok. 12 passed; 0 failed; 0 ignored; 0 measured; 0 filtered out; finished in 0.08s
[INFO] [stdout] 
[INFO] [stdout] 
[INFO] [stdout] running 2 tests
[INFO] [stderr]    Compiling proc-macro2 v1.0.106
[INFO] [stderr]    Compiling quote v1.0.45
[INFO] [stderr]    Compiling unicode-ident v1.0.24
[INFO] [stderr]    Compiling ident_case v1.0.1
[INFO] [stderr]    Compiling fnv v1.0.7
[INFO] [stderr]    Compiling strsim v0.11.1
[INFO] [stderr]    Compiling serde_core v1.0.228
[INFO] [stderr]    Compiling zmij v1.0.21
[INFO] [stderr]    Compiling serde v1.0.228
[INFO] [stderr]    Compiling serde_json v1.0.149
[INFO] [stderr]     Checking memchr v2.8.0
[INFO] [stderr]     Checking itoa v1.0.17
[INFO] [stderr]     Checking syn v2.0.117
[INFO] [stderr]     Checking darling_core v0.20.11
[INFO] [stderr]    Compiling serde_derive v1.0.228
[INFO] [stderr]    Compiling darling_macro v0.20.11
[INFO] [stderr]    Compiling darling v0.20.11
[INFO] [stderr]    Compiling tirea-state-derive v0.5.0 (/opt/rustwide/workdir)
[INFO] [stderr]     Checking tirea-state-derive-tests v0.0.0 (/opt/rustwide/target/tests/trybuild/tirea-state-derive)
[INFO] [stderr]     Finished `dev` profile [unoptimized + debuginfo] target(s) in 15.25s
[INFO] [stderr] 
[INFO] [stderr] 
[INFO] [stderr] test tests/ui/lattice_and_flatten.rs ... mismatch
[INFO] [stderr] 
[INFO] [stderr] EXPECTED:
[INFO] [stderr] ┈┈┈┈┈┈┈┈┈┈┈┈┈┈┈┈┈┈┈┈┈┈┈┈┈┈┈┈┈┈┈┈┈┈┈┈┈┈┈┈┈┈┈┈┈┈┈┈┈┈┈┈┈┈┈┈┈┈┈┈
[INFO] [stderr] error: #[tirea(lattice)] and #[tirea(flatten)] cannot be used together.
[INFO] [stderr]  --> tests/ui/lattice_and_flatten.rs:7:5
[INFO] [stderr]   |
[INFO] [stderr] 7 |     field: GCounter,
[INFO] [stderr]   |     ^^^^^
[INFO] [stderr] 
[INFO] [stderr] error[E0277]: `GCounter` doesn't implement `Debug`
[INFO] [stderr]  --> tests/ui/lattice_and_flatten.rs:7:5
[INFO] [stderr]   |
[INFO] [stderr] 4 | #[derive(Debug, Clone, PartialEq, Serialize, Deserialize, State)]
[INFO] [stderr]   |          ----- in this derive macro expansion
[INFO] [stderr] ...
[INFO] [stderr] 7 |     field: GCounter,
[INFO] [stderr]   |     ^^^^^^^^^^^^^^^ the trait `Debug` is not implemented for `GCounter`
[INFO] [stderr]   |
[INFO] [stderr]   = note: add `#[derive(Debug)]` to `GCounter` or manually `impl Debug for GCounter`
[INFO] [stderr] help: consider annotating `GCounter` with `#[derive(Debug)]`
[INFO] [stderr]   |
[INFO] [stderr] 10+ #[derive(Debug)]
[INFO] [stderr] 11| struct GCounter;
[INFO] [stderr]   |
[INFO] [stderr] 
[INFO] [stderr] error[E0277]: the trait bound `GCounter: Clone` is not satisfied
[INFO] [stderr]  --> tests/ui/lattice_and_flatten.rs:7:5
[INFO] [stderr]   |
[INFO] [stderr] 4 | #[derive(Debug, Clone, PartialEq, Serialize, Deserialize, State)]
[INFO] [stderr]   |                 ----- in this derive macro expansion
[INFO] [stderr] ...
[INFO] [stderr] 7 |     field: GCounter,
[INFO] [stderr]   |     ^^^^^^^^^^^^^^^ the trait `Clone` is not implemented for `GCounter`
[INFO] [stderr]   |
[INFO] [stderr] help: consider annotating `GCounter` with `#[derive(Clone)]`
[INFO] [stderr]   |
[INFO] [stderr] 10+ #[derive(Clone)]
[INFO] [stderr] 11| struct GCounter;
[INFO] [stderr]   |
[INFO] [stderr] 
[INFO] [stderr] error[E0369]: binary operation `==` cannot be applied to type `GCounter`
[INFO] [stderr]   --> tests/ui/lattice_and_flatten.rs:7:5
[INFO] [stderr]    |
[INFO] [stderr]  4 | #[derive(Debug, Clone, PartialEq, Serialize, Deserialize, State)]
[INFO] [stderr]    |                        --------- in this derive macro expansion
[INFO] [stderr] ...
[INFO] [stderr]  7 |     field: GCounter,
[INFO] [stderr]    |     ^^^^^^^^^^^^^^^
[INFO] [stderr]    |
[INFO] [stderr] note: an implementation of `PartialEq` might be missing for `GCounter`
[INFO] [stderr]   --> tests/ui/lattice_and_flatten.rs:10:1
[INFO] [stderr]    |
[INFO] [stderr] 10 | struct GCounter;
[INFO] [stderr]    | ^^^^^^^^^^^^^^^ must implement `PartialEq`
[INFO] [stderr] help: consider annotating `GCounter` with `#[derive(PartialEq)]`
[INFO] [stderr]    |
[INFO] [stderr] 10 + #[derive(PartialEq)]
[INFO] [stderr] 11 | struct GCounter;
[INFO] [stderr]    |
[INFO] [stderr] 
[INFO] [stderr] error[E0277]: the trait bound `GCounter: serde::Serialize` is not satisfied
[INFO] [stderr]   --> tests/ui/lattice_and_flatten.rs:4:35
[INFO] [stderr]    |
[INFO] [stderr]  4 | #[derive(Debug, Clone, PartialEq, Serialize, Deserialize, State)]
[INFO] [stderr]    |                                   ^^^^^^^^^ unsatisfied trait bound
[INFO] [stderr]  5 | struct Bad {
[INFO] [stderr]  6 |     #[tirea(lattice, flatten)]
[INFO] [stderr]    |     - required by a bound introduced by this call
[INFO] [stderr]    |
[INFO] [stderr] help: the trait `Serialize` is not implemented for `GCounter`
[INFO] [stderr]   --> tests/ui/lattice_and_flatten.rs:10:1
[INFO] [stderr]    |
[INFO] [stderr] 10 | struct GCounter;
[INFO] [stderr]    | ^^^^^^^^^^^^^^^
[INFO] [stderr]    = note: for local types consider adding `#[derive(serde::Serialize)]` to your `GCounter` type
[INFO] [stderr]    = note: for types from other crates check whether the crate offers a `serde` feature flag
[INFO] [stderr]    = help: the following other types implement trait `Serialize`:
[INFO] [stderr]              &'a T
[INFO] [stderr]              &'a mut T
[INFO] [stderr]              ()
[INFO] [stderr]              (T,)
[INFO] [stderr]              (T0, T1)
[INFO] [stderr]              (T0, T1, T2)
[INFO] [stderr]              (T0, T1, T2, T3)
[INFO] [stderr]              (T0, T1, T2, T3, T4)
[INFO] [stderr]            and $N others
[INFO] [stderr] note: required by a bound in `_::_serde::ser::SerializeStruct::serialize_field`
[INFO] [stderr]   --> $CARGO/serde_core-$VERSION/src/ser/mod.rs
[INFO] [stderr]    |
[INFO] [stderr]    |     fn serialize_field<T>(&mut self, key: &'static str, value: &T) -> Result<(), Self::Error>
[INFO] [stderr]    |        --------------- required by a bound in this associated function
[INFO] [stderr]    |     where
[INFO] [stderr]    |         T: ?Sized + Serialize;
[INFO] [stderr]    |                     ^^^^^^^^^ required by this bound in `SerializeStruct::serialize_field`
[INFO] [stderr]    = note: this error originates in the derive macro `Serialize` (in Nightly builds, run with -Z macro-backtrace for more info)
[INFO] [stderr] 
[INFO] [stderr] error[E0277]: the trait bound `GCounter: serde::Deserialize<'de>` is not satisfied
[INFO] [stderr]   --> tests/ui/lattice_and_flatten.rs:7:12
[INFO] [stderr]    |
[INFO] [stderr]  7 |     field: GCounter,
[INFO] [stderr]    |            ^^^^^^^^ unsatisfied trait bound
[INFO] [stderr]    |
[INFO] [stderr] help: the trait `Deserialize<'_>` is not implemented for `GCounter`
[INFO] [stderr]   --> tests/ui/lattice_and_flatten.rs:10:1
[INFO] [stderr]    |
[INFO] [stderr] 10 | struct GCounter;
[INFO] [stderr]    | ^^^^^^^^^^^^^^^
[INFO] [stderr]    = note: for local types consider adding `#[derive(serde::Deserialize)]` to your `GCounter` type
[INFO] [stderr]    = note: for types from other crates check whether the crate offers a `serde` feature flag
[INFO] [stderr]    = help: the following other types implement trait `Deserialize<'de>`:
[INFO] [stderr]              &'a Path
[INFO] [stderr]              &'a [u8]
[INFO] [stderr]              &'a str
[INFO] [stderr]              ()
[INFO] [stderr]              (T,)
[INFO] [stderr]              (T0, T1)
[INFO] [stderr]              (T0, T1, T2)
[INFO] [stderr]              (T0, T1, T2, T3)
[INFO] [stderr]            and $N others
[INFO] [stderr] note: required by a bound in `next_element`
[INFO] [stderr]   --> $CARGO/serde_core-$VERSION/src/de/mod.rs
[INFO] [stderr]    |
[INFO] [stderr]    |     fn next_element<T>(&mut self) -> Result<Option<T>, Self::Error>
[INFO] [stderr]    |        ------------ required by a bound in this associated function
[INFO] [stderr]    |     where
[INFO] [stderr]    |         T: Deserialize<'de>,
[INFO] [stderr]    |            ^^^^^^^^^^^^^^^^ required by this bound in `SeqAccess::next_element`
[INFO] [stderr] 
[INFO] [stderr] error[E0277]: the trait bound `GCounter: serde::Deserialize<'de>` is not satisfied
[INFO] [stderr]   --> tests/ui/lattice_and_flatten.rs:7:12
[INFO] [stderr]    |
[INFO] [stderr]  7 |     field: GCounter,
[INFO] [stderr]    |            ^^^^^^^^ unsatisfied trait bound
[INFO] [stderr]    |
[INFO] [stderr] help: the trait `Deserialize<'_>` is not implemented for `GCounter`
[INFO] [stderr]   --> tests/ui/lattice_and_flatten.rs:10:1
[INFO] [stderr]    |
[INFO] [stderr] 10 | struct GCounter;
[INFO] [stderr]    | ^^^^^^^^^^^^^^^
[INFO] [stderr]    = note: for local types consider adding `#[derive(serde::Deserialize)]` to your `GCounter` type
[INFO] [stderr]    = note: for types from other crates check whether the crate offers a `serde` feature flag
[INFO] [stderr]    = help: the following other types implement trait `Deserialize<'de>`:
[INFO] [stderr]              &'a Path
[INFO] [stderr]              &'a [u8]
[INFO] [stderr]              &'a str
[INFO] [stderr]              ()
[INFO] [stderr]              (T,)
[INFO] [stderr]              (T0, T1)
[INFO] [stderr]              (T0, T1, T2)
[INFO] [stderr]              (T0, T1, T2, T3)
[INFO] [stderr]            and $N others
[INFO] [stderr] note: required by a bound in `next_value`
[INFO] [stderr]   --> $CARGO/serde_core-$VERSION/src/de/mod.rs
[INFO] [stderr]    |
[INFO] [stderr]    |     fn next_value<V>(&mut self) -> Result<V, Self::Error>
[INFO] [stderr]    |        ---------- required by a bound in this associated function
[INFO] [stderr]    |     where
[INFO] [stderr]    |         V: Deserialize<'de>,
[INFO] [stderr]    |            ^^^^^^^^^^^^^^^^ required by this bound in `MapAccess::next_value`
[INFO] [stderr] 
[INFO] [stderr] error[E0277]: the trait bound `GCounter: serde::Deserialize<'de>` is not satisfied
[INFO] [stderr]   --> tests/ui/lattice_and_flatten.rs:4:46
[INFO] [stderr]    |
[INFO] [stderr]  4 | #[derive(Debug, Clone, PartialEq, Serialize, Deserialize, State)]
[INFO] [stderr]    |                                              ^^^^^^^^^^^ unsatisfied trait bound
[INFO] [stderr]    |
[INFO] [stderr] help: the trait `Deserialize<'_>` is not implemented for `GCounter`
[INFO] [stderr]   --> tests/ui/lattice_and_flatten.rs:10:1
[INFO] [stderr]    |
[INFO] [stderr] 10 | struct GCounter;
[INFO] [stderr]    | ^^^^^^^^^^^^^^^
[INFO] [stderr]    = note: for local types consider adding `#[derive(serde::Deserialize)]` to your `GCounter` type
[INFO] [stderr]    = note: for types from other crates check whether the crate offers a `serde` feature flag
[INFO] [stderr]    = help: the following other types implement trait `Deserialize<'de>`:
[INFO] [stderr]              &'a Path
[INFO] [stderr]              &'a [u8]
[INFO] [stderr]              &'a str
[INFO] [stderr]              ()
[INFO] [stderr]              (T,)
[INFO] [stderr]              (T0, T1)
[INFO] [stderr]              (T0, T1, T2)
[INFO] [stderr]              (T0, T1, T2, T3)
[INFO] [stderr]            and $N others
[INFO] [stderr] note: required by a bound in `_::_serde::__private228::de::missing_field`
[INFO] [stderr]   --> $CARGO/serde-$VERSION/src/private/de.rs
[INFO] [stderr]    |
[INFO] [stderr]    | pub fn missing_field<'de, V, E>(field: &'static str) -> Result<V, E>
[INFO] [stderr]    |        ------------- required by a bound in this function
[INFO] [stderr]    | where
[INFO] [stderr]    |     V: Deserialize<'de>,
[INFO] [stderr]    |        ^^^^^^^^^^^^^^^^ required by this bound in `missing_field`
[INFO] [stderr]    = note: this error originates in the derive macro `Deserialize` (in Nightly builds, run with -Z macro-backtrace for more info)
[INFO] [stderr] ┈┈┈┈┈┈┈┈┈┈┈┈┈┈┈┈┈┈┈┈┈┈┈┈┈┈┈┈┈┈┈┈┈┈┈┈┈┈┈┈┈┈┈┈┈┈┈┈┈┈┈┈┈┈┈┈┈┈┈┈
[INFO] [stderr] 
[INFO] [stderr] ACTUAL OUTPUT:
[INFO] [stderr] ┈┈┈┈┈┈┈┈┈┈┈┈┈┈┈┈┈┈┈┈┈┈┈┈┈┈┈┈┈┈┈┈┈┈┈┈┈┈┈┈┈┈┈┈┈┈┈┈┈┈┈┈┈┈┈┈┈┈┈┈
[INFO] [stderr] error: #[tirea(lattice)] and #[tirea(flatten)] cannot be used together.
[INFO] [stderr]  --> tests/ui/lattice_and_flatten.rs:7:5
[INFO] [stderr]   |
[INFO] [stderr] 7 |     field: GCounter,
[INFO] [stderr]   |     ^^^^^
[INFO] [stderr] 
[INFO] [stderr] error[E0277]: `GCounter` doesn't implement `Debug`
[INFO] [stderr]   --> tests/ui/lattice_and_flatten.rs:7:5
[INFO] [stderr]    |
[INFO] [stderr]  4 | #[derive(Debug, Clone, PartialEq, Serialize, Deserialize, State)]
[INFO] [stderr]    |          ----- in this derive macro expansion
[INFO] [stderr] ...
[INFO] [stderr]  7 |     field: GCounter,
[INFO] [stderr]    |     ^^^^^^^^^^^^^^^ the trait `Debug` is not implemented for `GCounter`
[INFO] [stderr]    |
[INFO] [stderr] help: consider annotating `GCounter` with `#[derive(Debug)]`
[INFO] [stderr]    |
[INFO] [stderr] 10 + #[derive(Debug)]
[INFO] [stderr] 11 | struct GCounter;
[INFO] [stderr]    |
[INFO] [stderr] 
[INFO] [stderr] error[E0277]: the trait bound `GCounter: Clone` is not satisfied
[INFO] [stderr]   --> tests/ui/lattice_and_flatten.rs:7:5
[INFO] [stderr]    |
[INFO] [stderr]  4 | #[derive(Debug, Clone, PartialEq, Serialize, Deserialize, State)]
[INFO] [stderr]    |                 ----- in this derive macro expansion
[INFO] [stderr] ...
[INFO] [stderr]  7 |     field: GCounter,
[INFO] [stderr]    |     ^^^^^^^^^^^^^^^ the trait `Clone` is not implemented for `GCounter`
[INFO] [stderr]    |
[INFO] [stderr] help: consider annotating `GCounter` with `#[derive(Clone)]`
[INFO] [stderr]    |
[INFO] [stderr] 10 + #[derive(Clone)]
[INFO] [stderr] 11 | struct GCounter;
[INFO] [stderr]    |
[INFO] [stderr] 
[INFO] [stderr] error[E0369]: binary operation `==` cannot be applied to type `GCounter`
[INFO] [stderr]   --> tests/ui/lattice_and_flatten.rs:7:5
[INFO] [stderr]    |
[INFO] [stderr]  4 | #[derive(Debug, Clone, PartialEq, Serialize, Deserialize, State)]
[INFO] [stderr]    |                        --------- in this derive macro expansion
[INFO] [stderr] ...
[INFO] [stderr]  7 |     field: GCounter,
[INFO] [stderr]    |     ^^^^^^^^^^^^^^^
[INFO] [stderr]    |
[INFO] [stderr] note: an implementation of `PartialEq` might be missing for `GCounter`
[INFO] [stderr]   --> tests/ui/lattice_and_flatten.rs:10:1
[INFO] [stderr]    |
[INFO] [stderr] 10 | struct GCounter;
[INFO] [stderr]    | ^^^^^^^^^^^^^^^ must implement `PartialEq`
[INFO] [stderr] help: consider annotating `GCounter` with `#[derive(PartialEq)]`
[INFO] [stderr]    |
[INFO] [stderr] 10 + #[derive(PartialEq)]
[INFO] [stderr] 11 | struct GCounter;
[INFO] [stderr]    |
[INFO] [stderr] 
[INFO] [stderr] error[E0277]: the trait bound `GCounter: serde::Serialize` is not satisfied
[INFO] [stderr]   --> tests/ui/lattice_and_flatten.rs:4:35
[INFO] [stderr]    |
[INFO] [stderr]  4 | #[derive(Debug, Clone, PartialEq, Serialize, Deserialize, State)]
[INFO] [stderr]    |                                   ^^^^^^^^^ unsatisfied trait bound
[INFO] [stderr]  5 | struct Bad {
[INFO] [stderr]  6 |     #[tirea(lattice, flatten)]
[INFO] [stderr]    |     - required by a bound introduced by this call
[INFO] [stderr]    |
[INFO] [stderr] help: the trait `Serialize` is not implemented for `GCounter`
[INFO] [stderr]   --> tests/ui/lattice_and_flatten.rs:10:1
[INFO] [stderr]    |
[INFO] [stderr] 10 | struct GCounter;
[INFO] [stderr]    | ^^^^^^^^^^^^^^^
[INFO] [stderr]    = note: for local types consider adding `#[derive(serde::Serialize)]` to your `GCounter` type
[INFO] [stderr]    = note: for types from other crates check whether the crate offers a `serde` feature flag
[INFO] [stderr]    = help: the following other types implement trait `Serialize`:
[INFO] [stderr]              &'a T
[INFO] [stderr]              &'a mut T
[INFO] [stderr]              ()
[INFO] [stderr]              (T,)
[INFO] [stderr]              (T0, T1)
[INFO] [stderr]              (T0, T1, T2)
[INFO] [stderr]              (T0, T1, T2, T3)
[INFO] [stderr]              (T0, T1, T2, T3, T4)
[INFO] [stderr]            and $N others
[INFO] [stderr] note: required by a bound in `_::_serde::ser::SerializeStruct::serialize_field`
[INFO] [stderr]   --> $CARGO/serde_core-$VERSION/src/ser/mod.rs
[INFO] [stderr]    |
[INFO] [stderr]    |     fn serialize_field<T>(&mut self, key: &'static str, value: &T) -> Result<(), Self::Error>
[INFO] [stderr]    |        --------------- required by a bound in this associated function
[INFO] [stderr]    |     where
[INFO] [stderr]    |         T: ?Sized + Serialize;
[INFO] [stderr]    |                     ^^^^^^^^^ required by this bound in `SerializeStruct::serialize_field`
[INFO] [stderr]    = note: this error originates in the derive macro `Serialize` (in Nightly builds, run with -Z macro-backtrace for more info)
[INFO] [stderr] 
[INFO] [stderr] error[E0277]: the trait bound `GCounter: serde::Deserialize<'de>` is not satisfied
[INFO] [stderr]   --> tests/ui/lattice_and_flatten.rs:7:12
[INFO] [stderr]    |
[INFO] [stderr]  7 |     field: GCounter,
[INFO] [stderr]    |            ^^^^^^^^ unsatisfied trait bound
[INFO] [stderr]    |
[INFO] [stderr] help: the trait `Deserialize<'_>` is not implemented for `GCounter`
[INFO] [stderr]   --> tests/ui/lattice_and_flatten.rs:10:1
[INFO] [stderr]    |
[INFO] [stderr] 10 | struct GCounter;
[INFO] [stderr]    | ^^^^^^^^^^^^^^^
[INFO] [stderr]    = note: for local types consider adding `#[derive(serde::Deserialize)]` to your `GCounter` type
[INFO] [stderr]    = note: for types from other crates check whether the crate offers a `serde` feature flag
[INFO] [stderr]    = help: the following other types implement trait `Deserialize<'de>`:
[INFO] [stderr]              &'a Path
[INFO] [stderr]              &'a [u8]
[INFO] [stderr]              &'a str
[INFO] [stderr]              ()
[INFO] [stderr]              (T,)
[INFO] [stderr]              (T0, T1)
[INFO] [stderr]              (T0, T1, T2)
[INFO] [stderr]              (T0, T1, T2, T3)
[INFO] [stderr]            and $N others
[INFO] [stderr] note: required by a bound in `next_element`
[INFO] [stderr]   --> $CARGO/serde_core-$VERSION/src/de/mod.rs
[INFO] [stderr]    |
[INFO] [stderr]    |     fn next_element<T>(&mut self) -> Result<Option<T>, Self::Error>
[INFO] [stderr]    |        ------------ required by a bound in this associated function
[INFO] [stderr]    |     where
[INFO] [stderr]    |         T: Deserialize<'de>,
[INFO] [stderr]    |            ^^^^^^^^^^^^^^^^ required by this bound in `SeqAccess::next_element`
[INFO] [stderr] 
[INFO] [stderr] error[E0277]: the trait bound `GCounter: serde::Deserialize<'de>` is not satisfied
[INFO] [stderr]   --> tests/ui/lattice_and_flatten.rs:7:12
[INFO] [stderr]    |
[INFO] [stderr]  7 |     field: GCounter,
[INFO] [stderr]    |            ^^^^^^^^ unsatisfied trait bound
[INFO] [stderr]    |
[INFO] [stderr] help: the trait `Deserialize<'_>` is not implemented for `GCounter`
[INFO] [stderr]   --> tests/ui/lattice_and_flatten.rs:10:1
[INFO] [stderr]    |
[INFO] [stderr] 10 | struct GCounter;
[INFO] [stderr]    | ^^^^^^^^^^^^^^^
[INFO] [stderr]    = note: for local types consider adding `#[derive(serde::Deserialize)]` to your `GCounter` type
[INFO] [stderr]    = note: for types from other crates check whether the crate offers a `serde` feature flag
[INFO] [stderr]    = help: the following other types implement trait `Deserialize<'de>`:
[INFO] [stderr]              &'a Path
[INFO] [stderr]              &'a [u8]
[INFO] [stderr]              &'a str
[INFO] [stderr]              ()
[INFO] [stderr]              (T,)
[INFO] [stderr]              (T0, T1)
[INFO] [stderr]              (T0, T1, T2)
[INFO] [stderr]              (T0, T1, T2, T3)
[INFO] [stderr]            and $N others
[INFO] [stderr] note: required by a bound in `next_value`
[INFO] [stderr]   --> $CARGO/serde_core-$VERSION/src/de/mod.rs
[INFO] [stderr]    |
[INFO] [stderr]    |     fn next_value<V>(&mut self) -> Result<V, Self::Error>
[INFO] [stderr]    |        ---------- required by a bound in this associated function
[INFO] [stderr]    |     where
[INFO] [stderr]    |         V: Deserialize<'de>,
[INFO] [stderr]    |            ^^^^^^^^^^^^^^^^ required by this bound in `MapAccess::next_value`
[INFO] [stderr] 
[INFO] [stderr] error[E0277]: the trait bound `GCounter: serde::Deserialize<'de>` is not satisfied
[INFO] [stderr]   --> tests/ui/lattice_and_flatten.rs:4:46
[INFO] [stderr]    |
[INFO] [stderr]  4 | #[derive(Debug, Clone, PartialEq, Serialize, Deserialize, State)]
[INFO] [stderr]    |                                              ^^^^^^^^^^^ unsatisfied trait bound
[INFO] [stderr]    |
[INFO] [stderr] help: the trait `Deserialize<'_>` is not implemented for `GCounter`
[INFO] [stderr]   --> tests/ui/lattice_and_flatten.rs:10:1
[INFO] [stderr]    |
[INFO] [stderr] 10 | struct GCounter;
[INFO] [stderr]    | ^^^^^^^^^^^^^^^
[INFO] [stderr]    = note: for local types consider adding `#[derive(serde::Deserialize)]` to your `GCounter` type
[INFO] [stderr]    = note: for types from other crates check whether the crate offers a `serde` feature flag
[INFO] [stderr]    = help: the following other types implement trait `Deserialize<'de>`:
[INFO] [stderr]              &'a Path
[INFO] [stderr]              &'a [u8]
[INFO] [stderr]              &'a str
[INFO] [stderr]              ()
[INFO] [stderr]              (T,)
[INFO] [stderr]              (T0, T1)
[INFO] [stderr]              (T0, T1, T2)
[INFO] [stderr]              (T0, T1, T2, T3)
[INFO] [stderr]            and $N others
[INFO] [stderr] note: required by a bound in `_::_serde::__private228::de::missing_field`
[INFO] [stderr]   --> $CARGO/serde-$VERSION/src/private/de.rs
[INFO] [stderr]    |
[INFO] [stderr]    | pub fn missing_field<'de, V, E>(field: &'static str) -> Result<V, E>
[INFO] [stderr]    |        ------------- required by a bound in this function
[INFO] [stderr]    | where
[INFO] [stderr]    |     V: Deserialize<'de>,
[INFO] [stderr]    |        ^^^^^^^^^^^^^^^^ required by this bound in `missing_field`
[INFO] [stderr]    = note: this error originates in the derive macro `Deserialize` (in Nightly builds, run with -Z macro-backtrace for more info)
[INFO] [stderr] ┈┈┈┈┈┈┈┈┈┈┈┈┈┈┈┈┈┈┈┈┈┈┈┈┈┈┈┈┈┈┈┈┈┈┈┈┈┈┈┈┈┈┈┈┈┈┈┈┈┈┈┈┈┈┈┈┈┈┈┈
[INFO] [stderr] note: If the actual output is the correct output you can bless it by rerunning
[INFO] [stderr]       your test with the environment variable TRYBUILD=overwrite
[INFO] [stderr] 
[INFO] [stderr] test tests/ui/lattice_and_nested.rs ... mismatch
[INFO] [stderr] 
[INFO] [stderr] EXPECTED:
[INFO] [stderr] ┈┈┈┈┈┈┈┈┈┈┈┈┈┈┈┈┈┈┈┈┈┈┈┈┈┈┈┈┈┈┈┈┈┈┈┈┈┈┈┈┈┈┈┈┈┈┈┈┈┈┈┈┈┈┈┈┈┈┈┈
[INFO] [stderr] error: #[tirea(lattice)] and #[tirea(nested)] cannot be used together.
[INFO] [stderr]  --> tests/ui/lattice_and_nested.rs:7:5
[INFO] [stderr]   |
[INFO] [stderr] 7 |     field: GCounter,
[INFO] [stderr]   |     ^^^^^
[INFO] [stderr] 
[INFO] [stderr] error[E0277]: `GCounter` doesn't implement `Debug`
[INFO] [stderr]  --> tests/ui/lattice_and_nested.rs:7:5
[INFO] [stderr]   |
[INFO] [stderr] 4 | #[derive(Debug, Clone, PartialEq, Serialize, Deserialize, State)]
[INFO] [stderr]   |          ----- in this derive macro expansion
[INFO] [stderr] ...
[INFO] [stderr] 7 |     field: GCounter,
[INFO] [stderr]   |     ^^^^^^^^^^^^^^^ the trait `Debug` is not implemented for `GCounter`
[INFO] [stderr]   |
[INFO] [stderr]   = note: add `#[derive(Debug)]` to `GCounter` or manually `impl Debug for GCounter`
[INFO] [stderr] help: consider annotating `GCounter` with `#[derive(Debug)]`
[INFO] [stderr]   |
[INFO] [stderr] 10+ #[derive(Debug)]
[INFO] [stderr] 11| struct GCounter;
[INFO] [stderr]   |
[INFO] [stderr] 
[INFO] [stderr] error[E0277]: the trait bound `GCounter: Clone` is not satisfied
[INFO] [stderr]  --> tests/ui/lattice_and_nested.rs:7:5
[INFO] [stderr]   |
[INFO] [stderr] 4 | #[derive(Debug, Clone, PartialEq, Serialize, Deserialize, State)]
[INFO] [stderr]   |                 ----- in this derive macro expansion
[INFO] [stderr] ...
[INFO] [stderr] 7 |     field: GCounter,
[INFO] [stderr]   |     ^^^^^^^^^^^^^^^ the trait `Clone` is not implemented for `GCounter`
[INFO] [stderr]   |
[INFO] [stderr] help: consider annotating `GCounter` with `#[derive(Clone)]`
[INFO] [stderr]   |
[INFO] [stderr] 10+ #[derive(Clone)]
[INFO] [stderr] 11| struct GCounter;
[INFO] [stderr]   |
[INFO] [stderr] 
[INFO] [stderr] error[E0369]: binary operation `==` cannot be applied to type `GCounter`
[INFO] [stderr]   --> tests/ui/lattice_and_nested.rs:7:5
[INFO] [stderr]    |
[INFO] [stderr]  4 | #[derive(Debug, Clone, PartialEq, Serialize, Deserialize, State)]
[INFO] [stderr]    |                        --------- in this derive macro expansion
[INFO] [stderr] ...
[INFO] [stderr]  7 |     field: GCounter,
[INFO] [stderr]    |     ^^^^^^^^^^^^^^^
[INFO] [stderr]    |
[INFO] [stderr] note: an implementation of `PartialEq` might be missing for `GCounter`
[INFO] [stderr]   --> tests/ui/lattice_and_nested.rs:10:1
[INFO] [stderr]    |
[INFO] [stderr] 10 | struct GCounter;
[INFO] [stderr]    | ^^^^^^^^^^^^^^^ must implement `PartialEq`
[INFO] [stderr] help: consider annotating `GCounter` with `#[derive(PartialEq)]`
[INFO] [stderr]    |
[INFO] [stderr] 10 + #[derive(PartialEq)]
[INFO] [stderr] 11 | struct GCounter;
[INFO] [stderr]    |
[INFO] [stderr] 
[INFO] [stderr] error[E0277]: the trait bound `GCounter: serde::Serialize` is not satisfied
[INFO] [stderr]   --> tests/ui/lattice_and_nested.rs:4:35
[INFO] [stderr]    |
[INFO] [stderr]  4 | #[derive(Debug, Clone, PartialEq, Serialize, Deserialize, State)]
[INFO] [stderr]    |                                   ^^^^^^^^^ unsatisfied trait bound
[INFO] [stderr]  5 | struct Bad {
[INFO] [stderr]  6 |     #[tirea(lattice, nested)]
[INFO] [stderr]    |     - required by a bound introduced by this call
[INFO] [stderr]    |
[INFO] [stderr] help: the trait `Serialize` is not implemented for `GCounter`
[INFO] [stderr]   --> tests/ui/lattice_and_nested.rs:10:1
[INFO] [stderr]    |
[INFO] [stderr] 10 | struct GCounter;
[INFO] [stderr]    | ^^^^^^^^^^^^^^^
[INFO] [stderr]    = note: for local types consider adding `#[derive(serde::Serialize)]` to your `GCounter` type
[INFO] [stderr]    = note: for types from other crates check whether the crate offers a `serde` feature flag
[INFO] [stderr]    = help: the following other types implement trait `Serialize`:
[INFO] [stderr]              &'a T
[INFO] [stderr]              &'a mut T
[INFO] [stderr]              ()
[INFO] [stderr]              (T,)
[INFO] [stderr]              (T0, T1)
[INFO] [stderr]              (T0, T1, T2)
[INFO] [stderr]              (T0, T1, T2, T3)
[INFO] [stderr]              (T0, T1, T2, T3, T4)
[INFO] [stderr]            and $N others
[INFO] [stderr] note: required by a bound in `_::_serde::ser::SerializeStruct::serialize_field`
[INFO] [stderr]   --> $CARGO/serde_core-$VERSION/src/ser/mod.rs
[INFO] [stderr]    |
[INFO] [stderr]    |     fn serialize_field<T>(&mut self, key: &'static str, value: &T) -> Result<(), Self::Error>
[INFO] [stderr]    |        --------------- required by a bound in this associated function
[INFO] [stderr]    |     where
[INFO] [stderr]    |         T: ?Sized + Serialize;
[INFO] [stderr]    |                     ^^^^^^^^^ required by this bound in `SerializeStruct::serialize_field`
[INFO] [stderr]    = note: this error originates in the derive macro `Serialize` (in Nightly builds, run with -Z macro-backtrace for more info)
[INFO] [stderr] 
[INFO] [stderr] error[E0277]: the trait bound `GCounter: serde::Deserialize<'de>` is not satisfied
[INFO] [stderr]   --> tests/ui/lattice_and_nested.rs:7:12
[INFO] [stderr]    |
[INFO] [stderr]  7 |     field: GCounter,
[INFO] [stderr]    |            ^^^^^^^^ unsatisfied trait bound
[INFO] [stderr]    |
[INFO] [stderr] help: the trait `Deserialize<'_>` is not implemented for `GCounter`
[INFO] [stderr]   --> tests/ui/lattice_and_nested.rs:10:1
[INFO] [stderr]    |
[INFO] [stderr] 10 | struct GCounter;
[INFO] [stderr]    | ^^^^^^^^^^^^^^^
[INFO] [stderr]    = note: for local types consider adding `#[derive(serde::Deserialize)]` to your `GCounter` type
[INFO] [stderr]    = note: for types from other crates check whether the crate offers a `serde` feature flag
[INFO] [stderr]    = help: the following other types implement trait `Deserialize<'de>`:
[INFO] [stderr]              &'a Path
[INFO] [stderr]              &'a [u8]
[INFO] [stderr]              &'a str
[INFO] [stderr]              ()
[INFO] [stderr]              (T,)
[INFO] [stderr]              (T0, T1)
[INFO] [stderr]              (T0, T1, T2)
[INFO] [stderr]              (T0, T1, T2, T3)
[INFO] [stderr]            and $N others
[INFO] [stderr] note: required by a bound in `next_element`
[INFO] [stderr]   --> $CARGO/serde_core-$VERSION/src/de/mod.rs
[INFO] [stderr]    |
[INFO] [stderr]    |     fn next_element<T>(&mut self) -> Result<Option<T>, Self::Error>
[INFO] [stderr]    |        ------------ required by a bound in this associated function
[INFO] [stderr]    |     where
[INFO] [stderr]    |         T: Deserialize<'de>,
[INFO] [stderr]    |            ^^^^^^^^^^^^^^^^ required by this bound in `SeqAccess::next_element`
[INFO] [stderr] 
[INFO] [stderr] error[E0277]: the trait bound `GCounter: serde::Deserialize<'de>` is not satisfied
[INFO] [stderr]   --> tests/ui/lattice_and_nested.rs:7:12
[INFO] [stderr]    |
[INFO] [stderr]  7 |     field: GCounter,
[INFO] [stderr]    |            ^^^^^^^^ unsatisfied trait bound
[INFO] [stderr]    |
[INFO] [stderr] help: the trait `Deserialize<'_>` is not implemented for `GCounter`
[INFO] [stderr]   --> tests/ui/lattice_and_nested.rs:10:1
[INFO] [stderr]    |
[INFO] [stderr] 10 | struct GCounter;
[INFO] [stderr]    | ^^^^^^^^^^^^^^^
[INFO] [stderr]    = note: for local types consider adding `#[derive(serde::Deserialize)]` to your `GCounter` type
[INFO] [stderr]    = note: for types from other crates check whether the crate offers a `serde` feature flag
[INFO] [stderr]    = help: the following other types implement trait `Deserialize<'de>`:
[INFO] [stderr]              &'a Path
[INFO] [stderr]              &'a [u8]
[INFO] [stderr]              &'a str
[INFO] [stderr]              ()
[INFO] [stderr]              (T,)
[INFO] [stderr]              (T0, T1)
[INFO] [stderr]              (T0, T1, T2)
[INFO] [stderr]              (T0, T1, T2, T3)
[INFO] [stderr]            and $N others
[INFO] [stderr] note: required by a bound in `next_value`
[INFO] [stderr]   --> $CARGO/serde_core-$VERSION/src/de/mod.rs
[INFO] [stderr]    |
[INFO] [stderr]    |     fn next_value<V>(&mut self) -> Result<V, Self::Error>
[INFO] [stderr]    |        ---------- required by a bound in this associated function
[INFO] [stderr]    |     where
[INFO] [stderr]    |         V: Deserialize<'de>,
[INFO] [stderr]    |            ^^^^^^^^^^^^^^^^ required by this bound in `MapAccess::next_value`
[INFO] [stderr] 
[INFO] [stderr] error[E0277]: the trait bound `GCounter: serde::Deserialize<'de>` is not satisfied
[INFO] [stderr]   --> tests/ui/lattice_and_nested.rs:4:46
[INFO] [stderr]    |
[INFO] [stderr]  4 | #[derive(Debug, Clone, PartialEq, Serialize, Deserialize, State)]
[INFO] [stderr]    |                                              ^^^^^^^^^^^ unsatisfied trait bound
[INFO] [stderr]    |
[INFO] [stderr] help: the trait `Deserialize<'_>` is not implemented for `GCounter`
[INFO] [stderr]   --> tests/ui/lattice_and_nested.rs:10:1
[INFO] [stderr]    |
[INFO] [stderr] 10 | struct GCounter;
[INFO] [stderr]    | ^^^^^^^^^^^^^^^
[INFO] [stderr]    = note: for local types consider adding `#[derive(serde::Deserialize)]` to your `GCounter` type
[INFO] [stderr]    = note: for types from other crates check whether the crate offers a `serde` feature flag
[INFO] [stderr]    = help: the following other types implement trait `Deserialize<'de>`:
[INFO] [stderr]              &'a Path
[INFO] [stderr]              &'a [u8]
[INFO] [stderr]              &'a str
[INFO] [stderr]              ()
[INFO] [stderr]              (T,)
[INFO] [stderr]              (T0, T1)
[INFO] [stderr]              (T0, T1, T2)
[INFO] [stderr]              (T0, T1, T2, T3)
[INFO] [stderr]            and $N others
[INFO] [stderr] note: required by a bound in `_::_serde::__private228::de::missing_field`
[INFO] [stderr]   --> $CARGO/serde-$VERSION/src/private/de.rs
[INFO] [stderr]    |
[INFO] [stderr]    | pub fn missing_field<'de, V, E>(field: &'static str) -> Result<V, E>
[INFO] [stderr]    |        ------------- required by a bound in this function
[INFO] [stderr]    | where
[INFO] [stderr]    |     V: Deserialize<'de>,
[INFO] [stderr]    |        ^^^^^^^^^^^^^^^^ required by this bound in `missing_field`
[INFO] [stderr]    = note: this error originates in the derive macro `Deserialize` (in Nightly builds, run with -Z macro-backtrace for more info)
[INFO] [stderr] ┈┈┈┈┈┈┈┈┈┈┈┈┈┈┈┈┈┈┈┈┈┈┈┈┈┈┈┈┈┈┈┈┈┈┈┈┈┈┈┈┈┈┈┈┈┈┈┈┈┈┈┈┈┈┈┈┈┈┈┈
[INFO] [stderr] 
[INFO] [stderr] ACTUAL OUTPUT:
[INFO] [stderr] ┈┈┈┈┈┈┈┈┈┈┈┈┈┈┈┈┈┈┈┈┈┈┈┈┈┈┈┈┈┈┈┈┈┈┈┈┈┈┈┈┈┈┈┈┈┈┈┈┈┈┈┈┈┈┈┈┈┈┈┈
[INFO] [stderr] error: #[tirea(lattice)] and #[tirea(nested)] cannot be used together.
[INFO] [stderr]  --> tests/ui/lattice_and_nested.rs:7:5
[INFO] [stderr]   |
[INFO] [stderr] 7 |     field: GCounter,
[INFO] [stderr]   |     ^^^^^
[INFO] [stderr] 
[INFO] [stderr] error[E0277]: `GCounter` doesn't implement `Debug`
[INFO] [stderr]   --> tests/ui/lattice_and_nested.rs:7:5
[INFO] [stderr]    |
[INFO] [stderr]  4 | #[derive(Debug, Clone, PartialEq, Serialize, Deserialize, State)]
[INFO] [stderr]    |          ----- in this derive macro expansion
[INFO] [stderr] ...
[INFO] [stderr]  7 |     field: GCounter,
[INFO] [stderr]    |     ^^^^^^^^^^^^^^^ the trait `Debug` is not implemented for `GCounter`
[INFO] [stderr]    |
[INFO] [stderr] help: consider annotating `GCounter` with `#[derive(Debug)]`
[INFO] [stderr]    |
[INFO] [stderr] 10 + #[derive(Debug)]
[INFO] [stderr] 11 | struct GCounter;
[INFO] [stderr]    |
[INFO] [stderr] 
[INFO] [stderr] error[E0277]: the trait bound `GCounter: Clone` is not satisfied
[INFO] [stderr]   --> tests/ui/lattice_and_nested.rs:7:5
[INFO] [stderr]    |
[INFO] [stderr]  4 | #[derive(Debug, Clone, PartialEq, Serialize, Deserialize, State)]
[INFO] [stderr]    |                 ----- in this derive macro expansion
[INFO] [stderr] ...
[INFO] [stderr]  7 |     field: GCounter,
[INFO] [stderr]    |     ^^^^^^^^^^^^^^^ the trait `Clone` is not implemented for `GCounter`
[INFO] [stderr]    |
[INFO] [stderr] help: consider annotating `GCounter` with `#[derive(Clone)]`
[INFO] [stderr]    |
[INFO] [stderr] 10 + #[derive(Clone)]
[INFO] [stderr] 11 | struct GCounter;
[INFO] [stderr]    |
[INFO] [stderr] 
[INFO] [stderr] error[E0369]: binary operation `==` cannot be applied to type `GCounter`
[INFO] [stderr]   --> tests/ui/lattice_and_nested.rs:7:5
[INFO] [stderr]    |
[INFO] [stderr]  4 | #[derive(Debug, Clone, PartialEq, Serialize, Deserialize, State)]
[INFO] [stderr]    |                        --------- in this derive macro expansion
[INFO] [stderr] ...
[INFO] [stderr]  7 |     field: GCounter,
[INFO] [stderr]    |     ^^^^^^^^^^^^^^^
[INFO] [stderr]    |
[INFO] [stderr] note: an implementation of `PartialEq` might be missing for `GCounter`
[INFO] [stderr]   --> tests/ui/lattice_and_nested.rs:10:1
[INFO] [stderr]    |
[INFO] [stderr] 10 | struct GCounter;
[INFO] [stderr]    | ^^^^^^^^^^^^^^^ must implement `PartialEq`
[INFO] [stderr] help: consider annotating `GCounter` with `#[derive(PartialEq)]`
[INFO] [stderr]    |
[INFO] [stderr] 10 + #[derive(PartialEq)]
[INFO] [stderr] 11 | struct GCounter;
[INFO] [stderr]    |
[INFO] [stderr] 
[INFO] [stderr] error[E0277]: the trait bound `GCounter: serde::Serialize` is not satisfied
[INFO] [stderr]   --> tests/ui/lattice_and_nested.rs:4:35
[INFO] [stderr]    |
[INFO] [stderr]  4 | #[derive(Debug, Clone, PartialEq, Serialize, Deserialize, State)]
[INFO] [stderr]    |                                   ^^^^^^^^^ unsatisfied trait bound
[INFO] [stderr]  5 | struct Bad {
[INFO] [stderr]  6 |     #[tirea(lattice, nested)]
[INFO] [stderr]    |     - required by a bound introduced by this call
[INFO] [stderr]    |
[INFO] [stderr] help: the trait `Serialize` is not implemented for `GCounter`
[INFO] [stderr]   --> tests/ui/lattice_and_nested.rs:10:1
[INFO] [stderr]    |
[INFO] [stderr] 10 | struct GCounter;
[INFO] [stderr]    | ^^^^^^^^^^^^^^^
[INFO] [stderr]    = note: for local types consider adding `#[derive(serde::Serialize)]` to your `GCounter` type
[INFO] [stderr]    = note: for types from other crates check whether the crate offers a `serde` feature flag
[INFO] [stderr]    = help: the following other types implement trait `Serialize`:
[INFO] [stderr]              &'a T
[INFO] [stderr]              &'a mut T
[INFO] [stderr]              ()
[INFO] [stderr]              (T,)
[INFO] [stderr]              (T0, T1)
[INFO] [stderr]              (T0, T1, T2)
[INFO] [stderr]              (T0, T1, T2, T3)
[INFO] [stderr]              (T0, T1, T2, T3, T4)
[INFO] [stderr]            and $N others
[INFO] [stderr] note: required by a bound in `_::_serde::ser::SerializeStruct::serialize_field`
[INFO] [stderr]   --> $CARGO/serde_core-$VERSION/src/ser/mod.rs
[INFO] [stderr]    |
[INFO] [stderr]    |     fn serialize_field<T>(&mut self, key: &'static str, value: &T) -> Result<(), Self::Error>
[INFO] [stderr]    |        --------------- required by a bound in this associated function
[INFO] [stderr]    |     where
[INFO] [stderr]    |         T: ?Sized + Serialize;
[INFO] [stderr]    |                     ^^^^^^^^^ required by this bound in `SerializeStruct::serialize_field`
[INFO] [stderr]    = note: this error originates in the derive macro `Serialize` (in Nightly builds, run with -Z macro-backtrace for more info)
[INFO] [stderr] 
[INFO] [stderr] error[E0277]: the trait bound `GCounter: serde::Deserialize<'de>` is not satisfied
[INFO] [stderr]   --> tests/ui/lattice_and_nested.rs:7:12
[INFO] [stderr]    |
[INFO] [stderr]  7 |     field: GCounter,
[INFO] [stderr]    |            ^^^^^^^^ unsatisfied trait bound
[INFO] [stderr]    |
[INFO] [stderr] help: the trait `Deserialize<'_>` is not implemented for `GCounter`
[INFO] [stderr]   --> tests/ui/lattice_and_nested.rs:10:1
[INFO] [stderr]    |
[INFO] [stderr] 10 | struct GCounter;
[INFO] [stderr]    | ^^^^^^^^^^^^^^^
[INFO] [stderr]    = note: for local types consider adding `#[derive(serde::Deserialize)]` to your `GCounter` type
[INFO] [stderr]    = note: for types from other crates check whether the crate offers a `serde` feature flag
[INFO] [stderr]    = help: the following other types implement trait `Deserialize<'de>`:
[INFO] [stderr]              &'a Path
[INFO] [stderr]              &'a [u8]
[INFO] [stderr]              &'a str
[INFO] [stderr]              ()
[INFO] [stderr]              (T,)
[INFO] [stderr]              (T0, T1)
[INFO] [stderr]              (T0, T1, T2)
[INFO] [stderr]              (T0, T1, T2, T3)
[INFO] [stderr]            and $N others
[INFO] [stderr] note: required by a bound in `next_element`
[INFO] [stderr]   --> $CARGO/serde_core-$VERSION/src/de/mod.rs
[INFO] [stderr]    |
[INFO] [stderr]    |     fn next_element<T>(&mut self) -> Result<Option<T>, Self::Error>
[INFO] [stderr]    |        ------------ required by a bound in this associated function
[INFO] [stderr]    |     where
[INFO] [stderr]    |         T: Deserialize<'de>,
[INFO] [stderr]    |            ^^^^^^^^^^^^^^^^ required by this bound in `SeqAccess::next_element`
[INFO] [stderr] 
[INFO] [stderr] error[E0277]: the trait bound `GCounter: serde::Deserialize<'de>` is not satisfied
[INFO] [stderr]   --> tests/ui/lattice_and_nested.rs:7:12
[INFO] [stderr]    |
[INFO] [stderr]  7 |     field: GCounter,
[INFO] [stderr]    |            ^^^^^^^^ unsatisfied trait bound
[INFO] [stderr]    |
[INFO] [stderr] help: the trait `Deserialize<'_>` is not implemented for `GCounter`
[INFO] [stderr]   --> tests/ui/lattice_and_nested.rs:10:1
[INFO] [stderr]    |
[INFO] [stderr] 10 | struct GCounter;
[INFO] [stderr]    | ^^^^^^^^^^^^^^^
[INFO] [stderr]    = note: for local types consider adding `#[derive(serde::Deserialize)]` to your `GCounter` type
[INFO] [stderr]    = note: for types from other crates check whether the crate offers a `serde` feature flag
[INFO] [stderr]    = help: the following other types implement trait `Deserialize<'de>`:
[INFO] [stderr]              &'a Path
[INFO] [stderr]              &'a [u8]
[INFO] [stderr]              &'a str
[INFO] [stderr]              ()
[INFO] [stderr]              (T,)
[INFO] [stderr]              (T0, T1)
[INFO] [stderr]              (T0, T1, T2)
[INFO] [stderr]              (T0, T1, T2, T3)
[INFO] [stderr]            and $N others
[INFO] [stderr] note: required by a bound in `next_value`
[INFO] [stderr]   --> $CARGO/serde_core-$VERSION/src/de/mod.rs
[INFO] [stderr]    |
[INFO] [stderr]    |     fn next_value<V>(&mut self) -> Result<V, Self::Error>
[INFO] [stderr]    |        ---------- required by a bound in this associated function
[INFO] [stderr]    |     where
[INFO] [stderr]    |         V: Deserialize<'de>,
[INFO] [stderr]    |            ^^^^^^^^^^^^^^^^ required by this bound in `MapAccess::next_value`
[INFO] [stderr] 
[INFO] [stderr] error[E0277]: the trait bound `GCounter: serde::Deserialize<'de>` is not satisfied
[INFO] [stderr]   --> tests/ui/lattice_and_nested.rs:4:46
[INFO] [stderr]    |
[INFO] [stderr]  4 | #[derive(Debug, Clone, PartialEq, Serialize, Deserialize, State)]
[INFO] [stderr]    |                                              ^^^^^^^^^^^ unsatisfied trait bound
[INFO] [stderr]    |
[INFO] [stderr] help: the trait `Deserialize<'_>` is not implemented for `GCounter`
[INFO] [stderr]   --> tests/ui/lattice_and_nested.rs:10:1
[INFO] [stderr]    |
[INFO] [stderr] 10 | struct GCounter;
[INFO] [stderr]    | ^^^^^^^^^^^^^^^
[INFO] [stderr]    = note: for local types consider adding `#[derive(serde::Deserialize)]` to your `GCounter` type
[INFO] [stderr]    = note: for types from other crates check whether the crate offers a `serde` feature flag
[INFO] [stderr]    = help: the following other types implement trait `Deserialize<'de>`:
[INFO] [stderr]              &'a Path
[INFO] [stderr]              &'a [u8]
[INFO] [stderr]              &'a str
[INFO] [stderr]              ()
[INFO] [stderr]              (T,)
[INFO] [stderr]              (T0, T1)
[INFO] [stderr]              (T0, T1, T2)
[INFO] [stderr]              (T0, T1, T2, T3)
[INFO] [stderr]            and $N others
[INFO] [stderr] note: required by a bound in `_::_serde::__private228::de::missing_field`
[INFO] [stderr]   --> $CARGO/serde-$VERSION/src/private/de.rs
[INFO] [stderr]    |
[INFO] [stderr]    | pub fn missing_field<'de, V, E>(field: &'static str) -> Result<V, E>
[INFO] [stderr]    |        ------------- required by a bound in this function
[INFO] [stderr]    | where
[INFO] [stderr]    |     V: Deserialize<'de>,
[INFO] [stderr]    |        ^^^^^^^^^^^^^^^^ required by this bound in `missing_field`
[INFO] [stderr]    = note: this error originates in the derive macro `Deserialize` (in Nightly builds, run with -Z macro-backtrace for more info)
[INFO] [stderr] ┈┈┈┈┈┈┈┈┈┈┈┈┈┈┈┈┈┈┈┈┈┈┈┈┈┈┈┈┈┈┈┈┈┈┈┈┈┈┈┈┈┈┈┈┈┈┈┈┈┈┈┈┈┈┈┈┈┈┈┈
[INFO] [stderr] note: If the actual output is the correct output you can bless it by rerunning
[INFO] [stderr]       your test with the environment variable TRYBUILD=overwrite
[INFO] [stderr] 
[INFO] [stderr] test tests/ui/lattice_on_map.rs ... mismatch
[INFO] [stderr] 
[INFO] [stderr] EXPECTED:
[INFO] [stderr] ┈┈┈┈┈┈┈┈┈┈┈┈┈┈┈┈┈┈┈┈┈┈┈┈┈┈┈┈┈┈┈┈┈┈┈┈┈┈┈┈┈┈┈┈┈┈┈┈┈┈┈┈┈┈┈┈┈┈┈┈
[INFO] [stderr] error: #[tirea(lattice)] is not supported on Option, Vec, or Map fields.
[INFO] [stderr]  --> tests/ui/lattice_on_map.rs:9:12
[INFO] [stderr]   |
[INFO] [stderr] 9 |     field: BTreeMap<String, GCounter>,
[INFO] [stderr]   |            ^^^^^^^^^^^^^^^^^^^^^^^^^^
[INFO] [stderr] 
[INFO] [stderr] error[E0277]: `GCounter` doesn't implement `Debug`
[INFO] [stderr]  --> tests/ui/lattice_on_map.rs:9:5
[INFO] [stderr]   |
[INFO] [stderr] 6 | #[derive(Debug, Clone, PartialEq, Serialize, Deserialize, State)]
[INFO] [stderr]   |          ----- in this derive macro expansion
[INFO] [stderr] ...
[INFO] [stderr] 9 |     field: BTreeMap<String, GCounter>,
[INFO] [stderr]   |     ^^^^^^^^^^^^^^^^^^^^^^^^^^^^^^^^^ the trait `Debug` is not implemented for `GCounter`
[INFO] [stderr]   |
[INFO] [stderr]   = note: add `#[derive(Debug)]` to `GCounter` or manually `impl Debug for GCounter`
[INFO] [stderr] help: the trait `Debug` is implemented for `BTreeMap<K, V, A>`
[INFO] [stderr]  --> $RUST/alloc/src/collections/btree/map.rs
[INFO] [stderr] help: consider annotating `GCounter` with `#[derive(Debug)]`
[INFO] [stderr]   |
[INFO] [stderr] 12+ #[derive(Debug)]
[INFO] [stderr] 13| struct GCounter;
[INFO] [stderr]   |
[INFO] [stderr] 
[INFO] [stderr] error[E0277]: the trait bound `GCounter: Clone` is not satisfied
[INFO] [stderr]  --> tests/ui/lattice_on_map.rs:9:5
[INFO] [stderr]   |
[INFO] [stderr] 6 | #[derive(Debug, Clone, PartialEq, Serialize, Deserialize, State)]
[INFO] [stderr]   |                 ----- in this derive macro expansion
[INFO] [stderr] ...
[INFO] [stderr] 9 |     field: BTreeMap<String, GCounter>,
[INFO] [stderr]   |     ^^^^^^^^^^^^^^^^^^^^^^^^^^^^^^^^^ the trait `Clone` is not implemented for `GCounter`
[INFO] [stderr]   |
[INFO] [stderr]   = note: required for `BTreeMap<std::string::String, GCounter>` to implement `Clone`
[INFO] [stderr] help: consider annotating `GCounter` with `#[derive(Clone)]`
[INFO] [stderr]   |
[INFO] [stderr] 12+ #[derive(Clone)]
[INFO] [stderr] 13| struct GCounter;
[INFO] [stderr]   |
[INFO] [stderr] 
[INFO] [stderr] error[E0369]: binary operation `==` cannot be applied to type `BTreeMap<std::string::String, GCounter>`
[INFO] [stderr]   --> tests/ui/lattice_on_map.rs:9:5
[INFO] [stderr]    |
[INFO] [stderr]  6 | #[derive(Debug, Clone, PartialEq, Serialize, Deserialize, State)]
[INFO] [stderr]    |                        --------- in this derive macro expansion
[INFO] [stderr] ...
[INFO] [stderr]  9 |     field: BTreeMap<String, GCounter>,
[INFO] [stderr]    |     ^^^^^^^^^^^^^^^^^^^^^^^^^^^^^^^^^
[INFO] [stderr]    |
[INFO] [stderr] note: an implementation of `PartialEq` might be missing for `GCounter`
[INFO] [stderr]   --> tests/ui/lattice_on_map.rs:12:1
[INFO] [stderr]    |
[INFO] [stderr] 12 | struct GCounter;
[INFO] [stderr]    | ^^^^^^^^^^^^^^^ must implement `PartialEq`
[INFO] [stderr] help: consider annotating `GCounter` with `#[derive(PartialEq)]`
[INFO] [stderr]    |
[INFO] [stderr] 12 + #[derive(PartialEq)]
[INFO] [stderr] 13 | struct GCounter;
[INFO] [stderr]    |
[INFO] [stderr] 
[INFO] [stderr] error[E0277]: the trait bound `GCounter: serde::Serialize` is not satisfied
[INFO] [stderr]   --> tests/ui/lattice_on_map.rs:6:35
[INFO] [stderr]    |
[INFO] [stderr]  6 | #[derive(Debug, Clone, PartialEq, Serialize, Deserialize, State)]
[INFO] [stderr]    |                                   ^^^^^^^^^ unsatisfied trait bound
[INFO] [stderr]  7 | struct Bad {
[INFO] [stderr]  8 |     #[tirea(lattice)]
[INFO] [stderr]    |     - required by a bound introduced by this call
[INFO] [stderr]    |
[INFO] [stderr] help: the trait `Serialize` is not implemented for `GCounter`
[INFO] [stderr]   --> tests/ui/lattice_on_map.rs:12:1
[INFO] [stderr]    |
[INFO] [stderr] 12 | struct GCounter;
[INFO] [stderr]    | ^^^^^^^^^^^^^^^
[INFO] [stderr]    = note: for local types consider adding `#[derive(serde::Serialize)]` to your `GCounter` type
[INFO] [stderr]    = note: for types from other crates check whether the crate offers a `serde` feature flag
[INFO] [stderr]    = help: the following other types implement trait `Serialize`:
[INFO] [stderr]              &'a T
[INFO] [stderr]              &'a mut T
[INFO] [stderr]              ()
[INFO] [stderr]              (T,)
[INFO] [stderr]              (T0, T1)
[INFO] [stderr]              (T0, T1, T2)
[INFO] [stderr]              (T0, T1, T2, T3)
[INFO] [stderr]              (T0, T1, T2, T3, T4)
[INFO] [stderr]            and $N others
[INFO] [stderr]    = note: required for `BTreeMap<std::string::String, GCounter>` to implement `Serialize`
[INFO] [stderr] note: required by a bound in `_::_serde::ser::SerializeStruct::serialize_field`
[INFO] [stderr]   --> $CARGO/serde_core-$VERSION/src/ser/mod.rs
[INFO] [stderr]    |
[INFO] [stderr]    |     fn serialize_field<T>(&mut self, key: &'static str, value: &T) -> Result<(), Self::Error>
[INFO] [stderr]    |        --------------- required by a bound in this associated function
[INFO] [stderr]    |     where
[INFO] [stderr]    |         T: ?Sized + Serialize;
[INFO] [stderr]    |                     ^^^^^^^^^ required by this bound in `SerializeStruct::serialize_field`
[INFO] [stderr]    = note: this error originates in the derive macro `Serialize` (in Nightly builds, run with -Z macro-backtrace for more info)
[INFO] [stderr] 
[INFO] [stderr] error[E0277]: the trait bound `GCounter: serde::Deserialize<'de>` is not satisfied
[INFO] [stderr]   --> tests/ui/lattice_on_map.rs:9:12
[INFO] [stderr]    |
[INFO] [stderr]  9 |     field: BTreeMap<String, GCounter>,
[INFO] [stderr]    |            ^^^^^^^^^^^^^^^^^^^^^^^^^^ unsatisfied trait bound
[INFO] [stderr]    |
[INFO] [stderr] help: the trait `Deserialize<'_>` is not implemented for `GCounter`
[INFO] [stderr]   --> tests/ui/lattice_on_map.rs:12:1
[INFO] [stderr]    |
[INFO] [stderr] 12 | struct GCounter;
[INFO] [stderr]    | ^^^^^^^^^^^^^^^
[INFO] [stderr]    = note: for local types consider adding `#[derive(serde::Deserialize)]` to your `GCounter` type
[INFO] [stderr]    = note: for types from other crates check whether the crate offers a `serde` feature flag
[INFO] [stderr]    = help: the following other types implement trait `Deserialize<'de>`:
[INFO] [stderr]              &'a Path
[INFO] [stderr]              &'a [u8]
[INFO] [stderr]              &'a str
[INFO] [stderr]              ()
[INFO] [stderr]              (T,)
[INFO] [stderr]              (T0, T1)
[INFO] [stderr]              (T0, T1, T2)
[INFO] [stderr]              (T0, T1, T2, T3)
[INFO] [stderr]            and $N others
[INFO] [stderr]    = note: required for `BTreeMap<std::string::String, GCounter>` to implement `Deserialize<'_>`
[INFO] [stderr] note: required by a bound in `next_element`
[INFO] [stderr]   --> $CARGO/serde_core-$VERSION/src/de/mod.rs
[INFO] [stderr]    |
[INFO] [stderr]    |     fn next_element<T>(&mut self) -> Result<Option<T>, Self::Error>
[INFO] [stderr]    |        ------------ required by a bound in this associated function
[INFO] [stderr]    |     where
[INFO] [stderr]    |         T: Deserialize<'de>,
[INFO] [stderr]    |            ^^^^^^^^^^^^^^^^ required by this bound in `SeqAccess::next_element`
[INFO] [stderr] 
[INFO] [stderr] error[E0277]: the trait bound `GCounter: serde::Deserialize<'de>` is not satisfied
[INFO] [stderr]   --> tests/ui/lattice_on_map.rs:9:12
[INFO] [stderr]    |
[INFO] [stderr]  9 |     field: BTreeMap<String, GCounter>,
[INFO] [stderr]    |            ^^^^^^^^^^^^^^^^^^^^^^^^^^ unsatisfied trait bound
[INFO] [stderr]    |
[INFO] [stderr] help: the trait `Deserialize<'_>` is not implemented for `GCounter`
[INFO] [stderr]   --> tests/ui/lattice_on_map.rs:12:1
[INFO] [stderr]    |
[INFO] [stderr] 12 | struct GCounter;
[INFO] [stderr]    | ^^^^^^^^^^^^^^^
[INFO] [stderr]    = note: for local types consider adding `#[derive(serde::Deserialize)]` to your `GCounter` type
[INFO] [stderr]    = note: for types from other crates check whether the crate offers a `serde` feature flag
[INFO] [stderr]    = help: the following other types implement trait `Deserialize<'de>`:
[INFO] [stderr]              &'a Path
[INFO] [stderr]              &'a [u8]
[INFO] [stderr]              &'a str
[INFO] [stderr]              ()
[INFO] [stderr]              (T,)
[INFO] [stderr]              (T0, T1)
[INFO] [stderr]              (T0, T1, T2)
[INFO] [stderr]              (T0, T1, T2, T3)
[INFO] [stderr]            and $N others
[INFO] [stderr]    = note: required for `BTreeMap<std::string::String, GCounter>` to implement `Deserialize<'_>`
[INFO] [stderr] note: required by a bound in `next_value`
[INFO] [stderr]   --> $CARGO/serde_core-$VERSION/src/de/mod.rs
[INFO] [stderr]    |
[INFO] [stderr]    |     fn next_value<V>(&mut self) -> Result<V, Self::Error>
[INFO] [stderr]    |        ---------- required by a bound in this associated function
[INFO] [stderr]    |     where
[INFO] [stderr]    |         V: Deserialize<'de>,
[INFO] [stderr]    |            ^^^^^^^^^^^^^^^^ required by this bound in `MapAccess::next_value`
[INFO] [stderr] 
[INFO] [stderr] error[E0277]: the trait bound `GCounter: serde::Deserialize<'de>` is not satisfied
[INFO] [stderr]   --> tests/ui/lattice_on_map.rs:6:46
[INFO] [stderr]    |
[INFO] [stderr]  6 | #[derive(Debug, Clone, PartialEq, Serialize, Deserialize, State)]
[INFO] [stderr]    |                                              ^^^^^^^^^^^ unsatisfied trait bound
[INFO] [stderr]    |
[INFO] [stderr] help: the trait `Deserialize<'_>` is not implemented for `GCounter`
[INFO] [stderr]   --> tests/ui/lattice_on_map.rs:12:1
[INFO] [stderr]    |
[INFO] [stderr] 12 | struct GCounter;
[INFO] [stderr]    | ^^^^^^^^^^^^^^^
[INFO] [stderr]    = note: for local types consider adding `#[derive(serde::Deserialize)]` to your `GCounter` type
[INFO] [stderr]    = note: for types from other crates check whether the crate offers a `serde` feature flag
[INFO] [stderr]    = help: the following other types implement trait `Deserialize<'de>`:
[INFO] [stderr]              &'a Path
[INFO] [stderr]              &'a [u8]
[INFO] [stderr]              &'a str
[INFO] [stderr]              ()
[INFO] [stderr]              (T,)
[INFO] [stderr]              (T0, T1)
[INFO] [stderr]              (T0, T1, T2)
[INFO] [stderr]              (T0, T1, T2, T3)
[INFO] [stderr]            and $N others
[INFO] [stderr]    = note: required for `BTreeMap<std::string::String, GCounter>` to implement `Deserialize<'_>`
[INFO] [stderr] note: required by a bound in `_::_serde::__private228::de::missing_field`
[INFO] [stderr]   --> $CARGO/serde-$VERSION/src/private/de.rs
[INFO] [stderr]    |
[INFO] [stderr]    | pub fn missing_field<'de, V, E>(field: &'static str) -> Result<V, E>
[INFO] [stderr]    |        ------------- required by a bound in this function
[INFO] [stderr]    | where
[INFO] [stderr]    |     V: Deserialize<'de>,
[INFO] [stderr]    |        ^^^^^^^^^^^^^^^^ required by this bound in `missing_field`
[INFO] [stderr]    = note: this error originates in the derive macro `Deserialize` (in Nightly builds, run with -Z macro-backtrace for more info)
[INFO] [stderr] ┈┈┈┈┈┈┈┈┈┈┈┈┈┈┈┈┈┈┈┈┈┈┈┈┈┈┈┈┈┈┈┈┈┈┈┈┈┈┈┈┈┈┈┈┈┈┈┈┈┈┈┈┈┈┈┈┈┈┈┈
[INFO] [stderr] 
[INFO] [stderr] ACTUAL OUTPUT:
[INFO] [stderr] ┈┈┈┈┈┈┈┈┈┈┈┈┈┈┈┈┈┈┈┈┈┈┈┈┈┈┈┈┈┈┈┈┈┈┈┈┈┈┈┈┈┈┈┈┈┈┈┈┈┈┈┈┈┈┈┈┈┈┈┈
[INFO] [stderr] error: #[tirea(lattice)] is not supported on Option, Vec, or Map fields.
[INFO] [stderr]  --> tests/ui/lattice_on_map.rs:9:12
[INFO] [stderr]   |
[INFO] [stderr] 9 |     field: BTreeMap<String, GCounter>,
[INFO] [stderr]   |            ^^^^^^^^^^^^^^^^^^^^^^^^^^
[INFO] [stderr] 
[INFO] [stderr] error[E0277]: `GCounter` doesn't implement `Debug`
[INFO] [stderr]   --> tests/ui/lattice_on_map.rs:9:5
[INFO] [stderr]    |
[INFO] [stderr]  6 | #[derive(Debug, Clone, PartialEq, Serialize, Deserialize, State)]
[INFO] [stderr]    |          ----- in this derive macro expansion
[INFO] [stderr] ...
[INFO] [stderr]  9 |     field: BTreeMap<String, GCounter>,
[INFO] [stderr]    |     ^^^^^^^^^^^^^^^^^^^^^^^^^^^^^^^^^ the trait `Debug` is not implemented for `GCounter`
[INFO] [stderr]    |
[INFO] [stderr] help: the trait `Debug` is implemented for `BTreeMap<K, V, A>`
[INFO] [stderr]   --> $RUST/alloc/src/collections/btree/map.rs
[INFO] [stderr] help: consider annotating `GCounter` with `#[derive(Debug)]`
[INFO] [stderr]    |
[INFO] [stderr] 12 + #[derive(Debug)]
[INFO] [stderr] 13 | struct GCounter;
[INFO] [stderr]    |
[INFO] [stderr] 
[INFO] [stderr] error[E0277]: the trait bound `GCounter: Clone` is not satisfied
[INFO] [stderr]   --> tests/ui/lattice_on_map.rs:9:5
[INFO] [stderr]    |
[INFO] [stderr]  6 | #[derive(Debug, Clone, PartialEq, Serialize, Deserialize, State)]
[INFO] [stderr]    |                 ----- in this derive macro expansion
[INFO] [stderr] ...
[INFO] [stderr]  9 |     field: BTreeMap<String, GCounter>,
[INFO] [stderr]    |     ^^^^^^^^^^^^^^^^^^^^^^^^^^^^^^^^^ the trait `Clone` is not implemented for `GCounter`
[INFO] [stderr]    |
[INFO] [stderr]    = note: required for `BTreeMap<String, GCounter>` to implement `Clone`
[INFO] [stderr] help: consider annotating `GCounter` with `#[derive(Clone)]`
[INFO] [stderr]    |
[INFO] [stderr] 12 + #[derive(Clone)]
[INFO] [stderr] 13 | struct GCounter;
[INFO] [stderr]    |
[INFO] [stderr] 
[INFO] [stderr] error[E0369]: binary operation `==` cannot be applied to type `BTreeMap<String, GCounter>`
[INFO] [stderr]   --> tests/ui/lattice_on_map.rs:9:5
[INFO] [stderr]    |
[INFO] [stderr]  6 | #[derive(Debug, Clone, PartialEq, Serialize, Deserialize, State)]
[INFO] [stderr]    |                        --------- in this derive macro expansion
[INFO] [stderr] ...
[INFO] [stderr]  9 |     field: BTreeMap<String, GCounter>,
[INFO] [stderr]    |     ^^^^^^^^^^^^^^^^^^^^^^^^^^^^^^^^^
[INFO] [stderr]    |
[INFO] [stderr] note: an implementation of `PartialEq` might be missing for `GCounter`
[INFO] [stderr]   --> tests/ui/lattice_on_map.rs:12:1
[INFO] [stderr]    |
[INFO] [stderr] 12 | struct GCounter;
[INFO] [stderr]    | ^^^^^^^^^^^^^^^ must implement `PartialEq`
[INFO] [stderr] help: consider annotating `GCounter` with `#[derive(PartialEq)]`
[INFO] [stderr]    |
[INFO] [stderr] 12 + #[derive(PartialEq)]
[INFO] [stderr] 13 | struct GCounter;
[INFO] [stderr]    |
[INFO] [stderr] 
[INFO] [stderr] error[E0277]: the trait bound `GCounter: serde::Serialize` is not satisfied
[INFO] [stderr]   --> tests/ui/lattice_on_map.rs:6:35
[INFO] [stderr]    |
[INFO] [stderr]  6 | #[derive(Debug, Clone, PartialEq, Serialize, Deserialize, State)]
[INFO] [stderr]    |                                   ^^^^^^^^^ unsatisfied trait bound
[INFO] [stderr]  7 | struct Bad {
[INFO] [stderr]  8 |     #[tirea(lattice)]
[INFO] [stderr]    |     - required by a bound introduced by this call
[INFO] [stderr]    |
[INFO] [stderr] help: the trait `Serialize` is not implemented for `GCounter`
[INFO] [stderr]   --> tests/ui/lattice_on_map.rs:12:1
[INFO] [stderr]    |
[INFO] [stderr] 12 | struct GCounter;
[INFO] [stderr]    | ^^^^^^^^^^^^^^^
[INFO] [stderr]    = note: for local types consider adding `#[derive(serde::Serialize)]` to your `GCounter` type
[INFO] [stderr]    = note: for types from other crates check whether the crate offers a `serde` feature flag
[INFO] [stderr]    = help: the following other types implement trait `Serialize`:
[INFO] [stderr]              &'a T
[INFO] [stderr]              &'a mut T
[INFO] [stderr]              ()
[INFO] [stderr]              (T,)
[INFO] [stderr]              (T0, T1)
[INFO] [stderr]              (T0, T1, T2)
[INFO] [stderr]              (T0, T1, T2, T3)
[INFO] [stderr]              (T0, T1, T2, T3, T4)
[INFO] [stderr]            and $N others
[INFO] [stderr]    = note: required for `BTreeMap<String, GCounter>` to implement `Serialize`
[INFO] [stderr] note: required by a bound in `_::_serde::ser::SerializeStruct::serialize_field`
[INFO] [stderr]   --> $CARGO/serde_core-$VERSION/src/ser/mod.rs
[INFO] [stderr]    |
[INFO] [stderr]    |     fn serialize_field<T>(&mut self, key: &'static str, value: &T) -> Result<(), Self::Error>
[INFO] [stderr]    |        --------------- required by a bound in this associated function
[INFO] [stderr]    |     where
[INFO] [stderr]    |         T: ?Sized + Serialize;
[INFO] [stderr]    |                     ^^^^^^^^^ required by this bound in `SerializeStruct::serialize_field`
[INFO] [stderr]    = note: this error originates in the derive macro `Serialize` (in Nightly builds, run with -Z macro-backtrace for more info)
[INFO] [stderr] 
[INFO] [stderr] error[E0277]: the trait bound `GCounter: serde::Deserialize<'de>` is not satisfied
[INFO] [stderr]   --> tests/ui/lattice_on_map.rs:9:12
[INFO] [stderr]    |
[INFO] [stderr]  9 |     field: BTreeMap<String, GCounter>,
[INFO] [stderr]    |            ^^^^^^^^^^^^^^^^^^^^^^^^^^ unsatisfied trait bound
[INFO] [stderr]    |
[INFO] [stderr] help: the trait `Deserialize<'_>` is not implemented for `GCounter`
[INFO] [stderr]   --> tests/ui/lattice_on_map.rs:12:1
[INFO] [stderr]    |
[INFO] [stderr] 12 | struct GCounter;
[INFO] [stderr]    | ^^^^^^^^^^^^^^^
[INFO] [stderr]    = note: for local types consider adding `#[derive(serde::Deserialize)]` to your `GCounter` type
[INFO] [stderr]    = note: for types from other crates check whether the crate offers a `serde` feature flag
[INFO] [stderr]    = help: the following other types implement trait `Deserialize<'de>`:
[INFO] [stderr]              &'a Path
[INFO] [stderr]              &'a [u8]
[INFO] [stderr]              &'a str
[INFO] [stderr]              ()
[INFO] [stderr]              (T,)
[INFO] [stderr]              (T0, T1)
[INFO] [stderr]              (T0, T1, T2)
[INFO] [stderr]              (T0, T1, T2, T3)
[INFO] [stderr]            and $N others
[INFO] [stderr]    = note: required for `BTreeMap<String, GCounter>` to implement `Deserialize<'_>`
[INFO] [stderr] note: required by a bound in `next_element`
[INFO] [stderr]   --> $CARGO/serde_core-$VERSION/src/de/mod.rs
[INFO] [stderr]    |
[INFO] [stderr]    |     fn next_element<T>(&mut self) -> Result<Option<T>, Self::Error>
[INFO] [stderr]    |        ------------ required by a bound in this associated function
[INFO] [stderr]    |     where
[INFO] [stderr]    |         T: Deserialize<'de>,
[INFO] [stderr]    |            ^^^^^^^^^^^^^^^^ required by this bound in `SeqAccess::next_element`
[INFO] [stderr] 
[INFO] [stderr] error[E0277]: the trait bound `GCounter: serde::Deserialize<'de>` is not satisfied
[INFO] [stderr]   --> tests/ui/lattice_on_map.rs:9:12
[INFO] [stderr]    |
[INFO] [stderr]  9 |     field: BTreeMap<String, GCounter>,
[INFO] [stderr]    |            ^^^^^^^^^^^^^^^^^^^^^^^^^^ unsatisfied trait bound
[INFO] [stderr]    |
[INFO] [stderr] help: the trait `Deserialize<'_>` is not implemented for `GCounter`
[INFO] [stderr]   --> tests/ui/lattice_on_map.rs:12:1
[INFO] [stderr]    |
[INFO] [stderr] 12 | struct GCounter;
[INFO] [stderr]    | ^^^^^^^^^^^^^^^
[INFO] [stderr]    = note: for local types consider adding `#[derive(serde::Deserialize)]` to your `GCounter` type
[INFO] [stderr]    = note: for types from other crates check whether the crate offers a `serde` feature flag
[INFO] [stderr]    = help: the following other types implement trait `Deserialize<'de>`:
[INFO] [stderr]              &'a Path
[INFO] [stderr]              &'a [u8]
[INFO] [stderr]              &'a str
[INFO] [stderr]              ()
[INFO] [stderr]              (T,)
[INFO] [stderr]              (T0, T1)
[INFO] [stderr]              (T0, T1, T2)
[INFO] [stderr]              (T0, T1, T2, T3)
[INFO] [stderr]            and $N others
[INFO] [stderr]    = note: required for `BTreeMap<String, GCounter>` to implement `Deserialize<'_>`
[INFO] [stderr] note: required by a bound in `next_value`
[INFO] [stderr]   --> $CARGO/serde_core-$VERSION/src/de/mod.rs
[INFO] [stderr]    |
[INFO] [stderr]    |     fn next_value<V>(&mut self) -> Result<V, Self::Error>
[INFO] [stderr]    |        ---------- required by a bound in this associated function
[INFO] [stderr]    |     where
[INFO] [stderr]    |         V: Deserialize<'de>,
[INFO] [stderr]    |            ^^^^^^^^^^^^^^^^ required by this bound in `MapAccess::next_value`
[INFO] [stderr] 
[INFO] [stderr] error[E0277]: the trait bound `GCounter: serde::Deserialize<'de>` is not satisfied
[INFO] [stderr]   --> tests/ui/lattice_on_map.rs:6:46
[INFO] [stderr]    |
[INFO] [stderr]  6 | #[derive(Debug, Clone, PartialEq, Serialize, Deserialize, State)]
[INFO] [stderr]    |                                              ^^^^^^^^^^^ unsatisfied trait bound
[INFO] [stderr]    |
[INFO] [stderr] help: the trait `Deserialize<'_>` is not implemented for `GCounter`
[INFO] [stderr]   --> tests/ui/lattice_on_map.rs:12:1
[INFO] [stderr]    |
[INFO] [stderr] 12 | struct GCounter;
[INFO] [stderr]    | ^^^^^^^^^^^^^^^
[INFO] [stderr]    = note: for local types consider adding `#[derive(serde::Deserialize)]` to your `GCounter` type
[INFO] [stderr]    = note: for types from other crates check whether the crate offers a `serde` feature flag
[INFO] [stderr]    = help: the following other types implement trait `Deserialize<'de>`:
[INFO] [stderr]              &'a Path
[INFO] [stderr]              &'a [u8]
[INFO] [stderr]              &'a str
[INFO] [stderr]              ()
[INFO] [stderr]              (T,)
[INFO] [stderr]              (T0, T1)
[INFO] [stderr]              (T0, T1, T2)
[INFO] [stderr]              (T0, T1, T2, T3)
[INFO] [stderr]            and $N others
[INFO] [stderr]    = note: required for `BTreeMap<String, GCounter>` to implement `Deserialize<'_>`
[INFO] [stderr] note: required by a bound in `_::_serde::__private228::de::missing_field`
[INFO] [stderr]   --> $CARGO/serde-$VERSION/src/private/de.rs
[INFO] [stderr]    |
[INFO] [stderr]    | pub fn missing_field<'de, V, E>(field: &'static str) -> Result<V, E>
[INFO] [stderr]    |        ------------- required by a bound in this function
[INFO] [stderr]    | where
[INFO] [stderr]    |     V: Deserialize<'de>,
[INFO] [stderr]    |        ^^^^^^^^^^^^^^^^ required by this bound in `missing_field`
[INFO] [stderr]    = note: this error originates in the derive macro `Deserialize` (in Nightly builds, run with -Z macro-backtrace for more info)
[INFO] [stderr] ┈┈┈┈┈┈┈┈┈┈┈┈┈┈┈┈┈┈┈┈┈┈┈┈┈┈┈┈┈┈┈┈┈┈┈┈┈┈┈┈┈┈┈┈┈┈┈┈┈┈┈┈┈┈┈┈┈┈┈┈
[INFO] [stderr] note: If the actual output is the correct output you can bless it by rerunning
[INFO] [stderr]       your test with the environment variable TRYBUILD=overwrite
[INFO] [stderr] 
[INFO] [stderr] test tests/ui/lattice_on_option.rs ... mismatch
[INFO] [stderr] 
[INFO] [stderr] EXPECTED:
[INFO] [stderr] ┈┈┈┈┈┈┈┈┈┈┈┈┈┈┈┈┈┈┈┈┈┈┈┈┈┈┈┈┈┈┈┈┈┈┈┈┈┈┈┈┈┈┈┈┈┈┈┈┈┈┈┈┈┈┈┈┈┈┈┈
[INFO] [stderr] error: #[tirea(lattice)] is not supported on Option, Vec, or Map fields.
[INFO] [stderr]  --> tests/ui/lattice_on_option.rs:7:12
[INFO] [stderr]   |
[INFO] [stderr] 7 |     field: Option<GCounter>,
[INFO] [stderr]   |            ^^^^^^^^^^^^^^^^
[INFO] [stderr] 
[INFO] [stderr] error[E0277]: `GCounter` doesn't implement `Debug`
[INFO] [stderr]  --> tests/ui/lattice_on_option.rs:7:5
[INFO] [stderr]   |
[INFO] [stderr] 4 | #[derive(Debug, Clone, PartialEq, Serialize, Deserialize, State)]
[INFO] [stderr]   |          ----- in this derive macro expansion
[INFO] [stderr] ...
[INFO] [stderr] 7 |     field: Option<GCounter>,
[INFO] [stderr]   |     ^^^^^^^^^^^^^^^^^^^^^^^ the trait `Debug` is not implemented for `GCounter`
[INFO] [stderr]   |
[INFO] [stderr]   = note: add `#[derive(Debug)]` to `GCounter` or manually `impl Debug for GCounter`
[INFO] [stderr] help: the trait `Debug` is implemented for `std::option::Option<T>`
[INFO] [stderr]  --> $RUST/core/src/option.rs
[INFO] [stderr] help: consider annotating `GCounter` with `#[derive(Debug)]`
[INFO] [stderr]   |
[INFO] [stderr] 10+ #[derive(Debug)]
[INFO] [stderr] 11| struct GCounter;
[INFO] [stderr]   |
[INFO] [stderr] 
[INFO] [stderr] error[E0277]: the trait bound `GCounter: Clone` is not satisfied
[INFO] [stderr]  --> tests/ui/lattice_on_option.rs:7:5
[INFO] [stderr]   |
[INFO] [stderr] 4 | #[derive(Debug, Clone, PartialEq, Serialize, Deserialize, State)]
[INFO] [stderr]   |                 ----- in this derive macro expansion
[INFO] [stderr] ...
[INFO] [stderr] 7 |     field: Option<GCounter>,
[INFO] [stderr]   |     ^^^^^^^^^^^^^^^^^^^^^^^ the trait `Clone` is not implemented for `GCounter`
[INFO] [stderr]   |
[INFO] [stderr]   = note: required for `std::option::Option<GCounter>` to implement `Clone`
[INFO] [stderr] help: consider annotating `GCounter` with `#[derive(Clone)]`
[INFO] [stderr]   |
[INFO] [stderr] 10+ #[derive(Clone)]
[INFO] [stderr] 11| struct GCounter;
[INFO] [stderr]   |
[INFO] [stderr] 
[INFO] [stderr] error[E0369]: binary operation `==` cannot be applied to type `std::option::Option<GCounter>`
[INFO] [stderr]   --> tests/ui/lattice_on_option.rs:7:5
[INFO] [stderr]    |
[INFO] [stderr]  4 | #[derive(Debug, Clone, PartialEq, Serialize, Deserialize, State)]
[INFO] [stderr]    |                        --------- in this derive macro expansion
[INFO] [stderr] ...
[INFO] [stderr]  7 |     field: Option<GCounter>,
[INFO] [stderr]    |     ^^^^^^^^^^^^^^^^^^^^^^^
[INFO] [stderr]    |
[INFO] [stderr] note: an implementation of `PartialEq` might be missing for `GCounter`
[INFO] [stderr]   --> tests/ui/lattice_on_option.rs:10:1
[INFO] [stderr]    |
[INFO] [stderr] 10 | struct GCounter;
[INFO] [stderr]    | ^^^^^^^^^^^^^^^ must implement `PartialEq`
[INFO] [stderr] help: consider annotating `GCounter` with `#[derive(PartialEq)]`
[INFO] [stderr]    |
[INFO] [stderr] 10 + #[derive(PartialEq)]
[INFO] [stderr] 11 | struct GCounter;
[INFO] [stderr]    |
[INFO] [stderr] 
[INFO] [stderr] error[E0277]: the trait bound `GCounter: serde::Serialize` is not satisfied
[INFO] [stderr]   --> tests/ui/lattice_on_option.rs:4:35
[INFO] [stderr]    |
[INFO] [stderr]  4 | #[derive(Debug, Clone, PartialEq, Serialize, Deserialize, State)]
[INFO] [stderr]    |                                   ^^^^^^^^^ unsatisfied trait bound
[INFO] [stderr]  5 | struct Bad {
[INFO] [stderr]  6 |     #[tirea(lattice)]
[INFO] [stderr]    |     - required by a bound introduced by this call
[INFO] [stderr]    |
[INFO] [stderr] help: the trait `Serialize` is not implemented for `GCounter`
[INFO] [stderr]   --> tests/ui/lattice_on_option.rs:10:1
[INFO] [stderr]    |
[INFO] [stderr] 10 | struct GCounter;
[INFO] [stderr]    | ^^^^^^^^^^^^^^^
[INFO] [stderr]    = note: for local types consider adding `#[derive(serde::Serialize)]` to your `GCounter` type
[INFO] [stderr]    = note: for types from other crates check whether the crate offers a `serde` feature flag
[INFO] [stderr]    = help: the following other types implement trait `Serialize`:
[INFO] [stderr]              &'a T
[INFO] [stderr]              &'a mut T
[INFO] [stderr]              ()
[INFO] [stderr]              (T,)
[INFO] [stderr]              (T0, T1)
[INFO] [stderr]              (T0, T1, T2)
[INFO] [stderr]              (T0, T1, T2, T3)
[INFO] [stderr]              (T0, T1, T2, T3, T4)
[INFO] [stderr]            and $N others
[INFO] [stderr]    = note: required for `std::option::Option<GCounter>` to implement `Serialize`
[INFO] [stderr] note: required by a bound in `_::_serde::ser::SerializeStruct::serialize_field`
[INFO] [stderr]   --> $CARGO/serde_core-$VERSION/src/ser/mod.rs
[INFO] [stderr]    |
[INFO] [stderr]    |     fn serialize_field<T>(&mut self, key: &'static str, value: &T) -> Result<(), Self::Error>
[INFO] [stderr]    |        --------------- required by a bound in this associated function
[INFO] [stderr]    |     where
[INFO] [stderr]    |         T: ?Sized + Serialize;
[INFO] [stderr]    |                     ^^^^^^^^^ required by this bound in `SerializeStruct::serialize_field`
[INFO] [stderr]    = note: this error originates in the derive macro `Serialize` (in Nightly builds, run with -Z macro-backtrace for more info)
[INFO] [stderr] 
[INFO] [stderr] error[E0277]: the trait bound `GCounter: serde::Deserialize<'de>` is not satisfied
[INFO] [stderr]   --> tests/ui/lattice_on_option.rs:7:12
[INFO] [stderr]    |
[INFO] [stderr]  7 |     field: Option<GCounter>,
[INFO] [stderr]    |            ^^^^^^^^^^^^^^^^ unsatisfied trait bound
[INFO] [stderr]    |
[INFO] [stderr] help: the trait `Deserialize<'_>` is not implemented for `GCounter`
[INFO] [stderr]   --> tests/ui/lattice_on_option.rs:10:1
[INFO] [stderr]    |
[INFO] [stderr] 10 | struct GCounter;
[INFO] [stderr]    | ^^^^^^^^^^^^^^^
[INFO] [stderr]    = note: for local types consider adding `#[derive(serde::Deserialize)]` to your `GCounter` type
[INFO] [stderr]    = note: for types from other crates check whether the crate offers a `serde` feature flag
[INFO] [stderr]    = help: the following other types implement trait `Deserialize<'de>`:
[INFO] [stderr]              &'a Path
[INFO] [stderr]              &'a [u8]
[INFO] [stderr]              &'a str
[INFO] [stderr]              ()
[INFO] [stderr]              (T,)
[INFO] [stderr]              (T0, T1)
[INFO] [stderr]              (T0, T1, T2)
[INFO] [stderr]              (T0, T1, T2, T3)
[INFO] [stderr]            and $N others
[INFO] [stderr]    = note: required for `std::option::Option<GCounter>` to implement `Deserialize<'_>`
[INFO] [stderr] note: required by a bound in `next_element`
[INFO] [stderr]   --> $CARGO/serde_core-$VERSION/src/de/mod.rs
[INFO] [stderr]    |
[INFO] [stderr]    |     fn next_element<T>(&mut self) -> Result<Option<T>, Self::Error>
[INFO] [stderr]    |        ------------ required by a bound in this associated function
[INFO] [stderr]    |     where
[INFO] [stderr]    |         T: Deserialize<'de>,
[INFO] [stderr]    |            ^^^^^^^^^^^^^^^^ required by this bound in `SeqAccess::next_element`
[INFO] [stderr] 
[INFO] [stderr] error[E0277]: the trait bound `GCounter: serde::Deserialize<'de>` is not satisfied
[INFO] [stderr]   --> tests/ui/lattice_on_option.rs:7:12
[INFO] [stderr]    |
[INFO] [stderr]  7 |     field: Option<GCounter>,
[INFO] [stderr]    |            ^^^^^^^^^^^^^^^^ unsatisfied trait bound
[INFO] [stderr]    |
[INFO] [stderr] help: the trait `Deserialize<'_>` is not implemented for `GCounter`
[INFO] [stderr]   --> tests/ui/lattice_on_option.rs:10:1
[INFO] [stderr]    |
[INFO] [stderr] 10 | struct GCounter;
[INFO] [stderr]    | ^^^^^^^^^^^^^^^
[INFO] [stderr]    = note: for local types consider adding `#[derive(serde::Deserialize)]` to your `GCounter` type
[INFO] [stderr]    = note: for types from other crates check whether the crate offers a `serde` feature flag
[INFO] [stderr]    = help: the following other types implement trait `Deserialize<'de>`:
[INFO] [stderr]              &'a Path
[INFO] [stderr]              &'a [u8]
[INFO] [stderr]              &'a str
[INFO] [stderr]              ()
[INFO] [stderr]              (T,)
[INFO] [stderr]              (T0, T1)
[INFO] [stderr]              (T0, T1, T2)
[INFO] [stderr]              (T0, T1, T2, T3)
[INFO] [stderr]            and $N others
[INFO] [stderr]    = note: required for `std::option::Option<GCounter>` to implement `Deserialize<'_>`
[INFO] [stderr] note: required by a bound in `next_value`
[INFO] [stderr]   --> $CARGO/serde_core-$VERSION/src/de/mod.rs
[INFO] [stderr]    |
[INFO] [stderr]    |     fn next_value<V>(&mut self) -> Result<V, Self::Error>
[INFO] [stderr]    |        ---------- required by a bound in this associated function
[INFO] [stderr]    |     where
[INFO] [stderr]    |         V: Deserialize<'de>,
[INFO] [stderr]    |            ^^^^^^^^^^^^^^^^ required by this bound in `MapAccess::next_value`
[INFO] [stderr] 
[INFO] [stderr] error[E0277]: the trait bound `GCounter: serde::Deserialize<'de>` is not satisfied
[INFO] [stderr]   --> tests/ui/lattice_on_option.rs:4:46
[INFO] [stderr]    |
[INFO] [stderr]  4 | #[derive(Debug, Clone, PartialEq, Serialize, Deserialize, State)]
[INFO] [stderr]    |                                              ^^^^^^^^^^^ unsatisfied trait bound
[INFO] [stderr]    |
[INFO] [stderr] help: the trait `Deserialize<'_>` is not implemented for `GCounter`
[INFO] [stderr]   --> tests/ui/lattice_on_option.rs:10:1
[INFO] [stderr]    |
[INFO] [stderr] 10 | struct GCounter;
[INFO] [stderr]    | ^^^^^^^^^^^^^^^
[INFO] [stderr]    = note: for local types consider adding `#[derive(serde::Deserialize)]` to your `GCounter` type
[INFO] [stderr]    = note: for types from other crates check whether the crate offers a `serde` feature flag
[INFO] [stderr]    = help: the following other types implement trait `Deserialize<'de>`:
[INFO] [stderr]              &'a Path
[INFO] [stderr]              &'a [u8]
[INFO] [stderr]              &'a str
[INFO] [stderr]              ()
[INFO] [stderr]              (T,)
[INFO] [stderr]              (T0, T1)
[INFO] [stderr]              (T0, T1, T2)
[INFO] [stderr]              (T0, T1, T2, T3)
[INFO] [stderr]            and $N others
[INFO] [stderr]    = note: required for `std::option::Option<GCounter>` to implement `Deserialize<'_>`
[INFO] [stderr] note: required by a bound in `_::_serde::__private228::de::missing_field`
[INFO] [stderr]   --> $CARGO/serde-$VERSION/src/private/de.rs
[INFO] [stderr]    |
[INFO] [stderr]    | pub fn missing_field<'de, V, E>(field: &'static str) -> Result<V, E>
[INFO] [stderr]    |        ------------- required by a bound in this function
[INFO] [stderr]    | where
[INFO] [stderr]    |     V: Deserialize<'de>,
[INFO] [stderr]    |        ^^^^^^^^^^^^^^^^ required by this bound in `missing_field`
[INFO] [stderr]    = note: this error originates in the derive macro `Deserialize` (in Nightly builds, run with -Z macro-backtrace for more info)
[INFO] [stderr] ┈┈┈┈┈┈┈┈┈┈┈┈┈┈┈┈┈┈┈┈┈┈┈┈┈┈┈┈┈┈┈┈┈┈┈┈┈┈┈┈┈┈┈┈┈┈┈┈┈┈┈┈┈┈┈┈┈┈┈┈
[INFO] [stderr] 
[INFO] [stderr] ACTUAL OUTPUT:
[INFO] [stderr] ┈┈┈┈┈┈┈┈┈┈┈┈┈┈┈┈┈┈┈┈┈┈┈┈┈┈┈┈┈┈┈┈┈┈┈┈┈┈┈┈┈┈┈┈┈┈┈┈┈┈┈┈┈┈┈┈┈┈┈┈
[INFO] [stderr] error: #[tirea(lattice)] is not supported on Option, Vec, or Map fields.
[INFO] [stderr]  --> tests/ui/lattice_on_option.rs:7:12
[INFO] [stderr]   |
[INFO] [stderr] 7 |     field: Option<GCounter>,
[INFO] [stderr]   |            ^^^^^^^^^^^^^^^^
[INFO] [stderr] 
[INFO] [stderr] error[E0277]: `GCounter` doesn't implement `Debug`
[INFO] [stderr]   --> tests/ui/lattice_on_option.rs:7:5
[INFO] [stderr]    |
[INFO] [stderr]  4 | #[derive(Debug, Clone, PartialEq, Serialize, Deserialize, State)]
[INFO] [stderr]    |          ----- in this derive macro expansion
[INFO] [stderr] ...
[INFO] [stderr]  7 |     field: Option<GCounter>,
[INFO] [stderr]    |     ^^^^^^^^^^^^^^^^^^^^^^^ the trait `Debug` is not implemented for `GCounter`
[INFO] [stderr]    |
[INFO] [stderr] help: the trait `Debug` is implemented for `std::option::Option<T>`
[INFO] [stderr]   --> $RUST/core/src/option.rs
[INFO] [stderr] help: consider annotating `GCounter` with `#[derive(Debug)]`
[INFO] [stderr]    |
[INFO] [stderr] 10 + #[derive(Debug)]
[INFO] [stderr] 11 | struct GCounter;
[INFO] [stderr]    |
[INFO] [stderr] 
[INFO] [stderr] error[E0277]: the trait bound `GCounter: Clone` is not satisfied
[INFO] [stderr]   --> tests/ui/lattice_on_option.rs:7:5
[INFO] [stderr]    |
[INFO] [stderr]  4 | #[derive(Debug, Clone, PartialEq, Serialize, Deserialize, State)]
[INFO] [stderr]    |                 ----- in this derive macro expansion
[INFO] [stderr] ...
[INFO] [stderr]  7 |     field: Option<GCounter>,
[INFO] [stderr]    |     ^^^^^^^^^^^^^^^^^^^^^^^ the trait `Clone` is not implemented for `GCounter`
[INFO] [stderr]    |
[INFO] [stderr]    = note: required for `std::option::Option<GCounter>` to implement `Clone`
[INFO] [stderr] help: consider annotating `GCounter` with `#[derive(Clone)]`
[INFO] [stderr]    |
[INFO] [stderr] 10 + #[derive(Clone)]
[INFO] [stderr] 11 | struct GCounter;
[INFO] [stderr]    |
[INFO] [stderr] 
[INFO] [stderr] error[E0369]: binary operation `==` cannot be applied to type `std::option::Option<GCounter>`
[INFO] [stderr]   --> tests/ui/lattice_on_option.rs:7:5
[INFO] [stderr]    |
[INFO] [stderr]  4 | #[derive(Debug, Clone, PartialEq, Serialize, Deserialize, State)]
[INFO] [stderr]    |                        --------- in this derive macro expansion
[INFO] [stderr] ...
[INFO] [stderr]  7 |     field: Option<GCounter>,
[INFO] [stderr]    |     ^^^^^^^^^^^^^^^^^^^^^^^
[INFO] [stderr]    |
[INFO] [stderr] note: an implementation of `PartialEq` might be missing for `GCounter`
[INFO] [stderr]   --> tests/ui/lattice_on_option.rs:10:1
[INFO] [stderr]    |
[INFO] [stderr] 10 | struct GCounter;
[INFO] [stderr]    | ^^^^^^^^^^^^^^^ must implement `PartialEq`
[INFO] [stderr] help: consider annotating `GCounter` with `#[derive(PartialEq)]`
[INFO] [stderr]    |
[INFO] [stderr] 10 + #[derive(PartialEq)]
[INFO] [stderr] 11 | struct GCounter;
[INFO] [stderr]    |
[INFO] [stderr] 
[INFO] [stderr] error[E0277]: the trait bound `GCounter: serde::Serialize` is not satisfied
[INFO] [stderr]   --> tests/ui/lattice_on_option.rs:4:35
[INFO] [stderr]    |
[INFO] [stderr]  4 | #[derive(Debug, Clone, PartialEq, Serialize, Deserialize, State)]
[INFO] [stderr]    |                                   ^^^^^^^^^ unsatisfied trait bound
[INFO] [stderr]  5 | struct Bad {
[INFO] [stderr]  6 |     #[tirea(lattice)]
[INFO] [stderr]    |     - required by a bound introduced by this call
[INFO] [stderr]    |
[INFO] [stderr] help: the trait `Serialize` is not implemented for `GCounter`
[INFO] [stderr]   --> tests/ui/lattice_on_option.rs:10:1
[INFO] [stderr]    |
[INFO] [stderr] 10 | struct GCounter;
[INFO] [stderr]    | ^^^^^^^^^^^^^^^
[INFO] [stderr]    = note: for local types consider adding `#[derive(serde::Serialize)]` to your `GCounter` type
[INFO] [stderr]    = note: for types from other crates check whether the crate offers a `serde` feature flag
[INFO] [stderr]    = help: the following other types implement trait `Serialize`:
[INFO] [stderr]              &'a T
[INFO] [stderr]              &'a mut T
[INFO] [stderr]              ()
[INFO] [stderr]              (T,)
[INFO] [stderr]              (T0, T1)
[INFO] [stderr]              (T0, T1, T2)
[INFO] [stderr]              (T0, T1, T2, T3)
[INFO] [stderr]              (T0, T1, T2, T3, T4)
[INFO] [stderr]            and $N others
[INFO] [stderr]    = note: required for `std::option::Option<GCounter>` to implement `Serialize`
[INFO] [stderr] note: required by a bound in `_::_serde::ser::SerializeStruct::serialize_field`
[INFO] [stderr]   --> $CARGO/serde_core-$VERSION/src/ser/mod.rs
[INFO] [stderr]    |
[INFO] [stderr]    |     fn serialize_field<T>(&mut self, key: &'static str, value: &T) -> Result<(), Self::Error>
[INFO] [stderr]    |        --------------- required by a bound in this associated function
[INFO] [stderr]    |     where
[INFO] [stderr]    |         T: ?Sized + Serialize;
[INFO] [stderr]    |                     ^^^^^^^^^ required by this bound in `SerializeStruct::serialize_field`
[INFO] [stderr]    = note: this error originates in the derive macro `Serialize` (in Nightly builds, run with -Z macro-backtrace for more info)
[INFO] [stderr] 
[INFO] [stderr] error[E0277]: the trait bound `GCounter: serde::Deserialize<'de>` is not satisfied
[INFO] [stderr]   --> tests/ui/lattice_on_option.rs:7:12
[INFO] [stderr]    |
[INFO] [stderr]  7 |     field: Option<GCounter>,
[INFO] [stderr]    |            ^^^^^^^^^^^^^^^^ unsatisfied trait bound
[INFO] [stderr]    |
[INFO] [stderr] help: the trait `Deserialize<'_>` is not implemented for `GCounter`
[INFO] [stderr]   --> tests/ui/lattice_on_option.rs:10:1
[INFO] [stderr]    |
[INFO] [stderr] 10 | struct GCounter;
[INFO] [stderr]    | ^^^^^^^^^^^^^^^
[INFO] [stderr]    = note: for local types consider adding `#[derive(serde::Deserialize)]` to your `GCounter` type
[INFO] [stderr]    = note: for types from other crates check whether the crate offers a `serde` feature flag
[INFO] [stderr]    = help: the following other types implement trait `Deserialize<'de>`:
[INFO] [stderr]              &'a Path
[INFO] [stderr]              &'a [u8]
[INFO] [stderr]              &'a str
[INFO] [stderr]              ()
[INFO] [stderr]              (T,)
[INFO] [stderr]              (T0, T1)
[INFO] [stderr]              (T0, T1, T2)
[INFO] [stderr]              (T0, T1, T2, T3)
[INFO] [stderr]            and $N others
[INFO] [stderr]    = note: required for `std::option::Option<GCounter>` to implement `Deserialize<'_>`
[INFO] [stderr] note: required by a bound in `next_element`
[INFO] [stderr]   --> $CARGO/serde_core-$VERSION/src/de/mod.rs
[INFO] [stderr]    |
[INFO] [stderr]    |     fn next_element<T>(&mut self) -> Result<Option<T>, Self::Error>
[INFO] [stderr]    |        ------------ required by a bound in this associated function
[INFO] [stderr]    |     where
[INFO] [stderr]    |         T: Deserialize<'de>,
[INFO] [stderr]    |            ^^^^^^^^^^^^^^^^ required by this bound in `SeqAccess::next_element`
[INFO] [stderr] 
[INFO] [stderr] error[E0277]: the trait bound `GCounter: serde::Deserialize<'de>` is not satisfied
[INFO] [stderr]   --> tests/ui/lattice_on_option.rs:7:12
[INFO] [stderr]    |
[INFO] [stderr]  7 |     field: Option<GCounter>,
[INFO] [stderr]    |            ^^^^^^^^^^^^^^^^ unsatisfied trait bound
[INFO] [stderr]    |
[INFO] [stderr] help: the trait `Deserialize<'_>` is not implemented for `GCounter`
[INFO] [stderr]   --> tests/ui/lattice_on_option.rs:10:1
[INFO] [stderr]    |
[INFO] [stderr] 10 | struct GCounter;
[INFO] [stderr]    | ^^^^^^^^^^^^^^^
[INFO] [stderr]    = note: for local types consider adding `#[derive(serde::Deserialize)]` to your `GCounter` type
[INFO] [stderr]    = note: for types from other crates check whether the crate offers a `serde` feature flag
[INFO] [stderr]    = help: the following other types implement trait `Deserialize<'de>`:
[INFO] [stderr]              &'a Path
[INFO] [stderr]              &'a [u8]
[INFO] [stderr]              &'a str
[INFO] [stderr]              ()
[INFO] [stderr]              (T,)
[INFO] [stderr]              (T0, T1)
[INFO] [stderr]              (T0, T1, T2)
[INFO] [stderr]              (T0, T1, T2, T3)
[INFO] [stderr]            and $N others
[INFO] [stderr]    = note: required for `std::option::Option<GCounter>` to implement `Deserialize<'_>`
[INFO] [stderr] note: required by a bound in `next_value`
[INFO] [stderr]   --> $CARGO/serde_core-$VERSION/src/de/mod.rs
[INFO] [stderr]    |
[INFO] [stderr]    |     fn next_value<V>(&mut self) -> Result<V, Self::Error>
[INFO] [stderr]    |        ---------- required by a bound in this associated function
[INFO] [stderr]    |     where
[INFO] [stderr]    |         V: Deserialize<'de>,
[INFO] [stderr]    |            ^^^^^^^^^^^^^^^^ required by this bound in `MapAccess::next_value`
[INFO] [stderr] 
[INFO] [stderr] error[E0277]: the trait bound `GCounter: serde::Deserialize<'de>` is not satisfied
[INFO] [stderr]   --> tests/ui/lattice_on_option.rs:4:46
[INFO] [stderr]    |
[INFO] [stderr]  4 | #[derive(Debug, Clone, PartialEq, Serialize, Deserialize, State)]
[INFO] [stderr]    |                                              ^^^^^^^^^^^ unsatisfied trait bound
[INFO] [stderr]    |
[INFO] [stderr] help: the trait `Deserialize<'_>` is not implemented for `GCounter`
[INFO] [stderr]   --> tests/ui/lattice_on_option.rs:10:1
[INFO] [stderr]    |
[INFO] [stderr] 10 | struct GCounter;
[INFO] [stderr]    | ^^^^^^^^^^^^^^^
[INFO] [stderr]    = note: for local types consider adding `#[derive(serde::Deserialize)]` to your `GCounter` type
[INFO] [stderr]    = note: for types from other crates check whether the crate offers a `serde` feature flag
[INFO] [stderr]    = help: the following other types implement trait `Deserialize<'de>`:
[INFO] [stderr]              &'a Path
[INFO] [stderr]              &'a [u8]
[INFO] [stderr]              &'a str
[INFO] [stderr]              ()
[INFO] [stderr]              (T,)
[INFO] [stderr]              (T0, T1)
[INFO] [stderr]              (T0, T1, T2)
[INFO] [stderr]              (T0, T1, T2, T3)
[INFO] [stderr]            and $N others
[INFO] [stderr]    = note: required for `std::option::Option<GCounter>` to implement `Deserialize<'_>`
[INFO] [stderr] note: required by a bound in `_::_serde::__private228::de::missing_field`
[INFO] [stderr]   --> $CARGO/serde-$VERSION/src/private/de.rs
[INFO] [stderr]    |
[INFO] [stderr]    | pub fn missing_field<'de, V, E>(field: &'static str) -> Result<V, E>
[INFO] [stderr]    |        ------------- required by a bound in this function
[INFO] [stderr]    | where
[INFO] [stderr]    |     V: Deserialize<'de>,
[INFO] [stderr]    |        ^^^^^^^^^^^^^^^^ required by this bound in `missing_field`
[INFO] [stderr]    = note: this error originates in the derive macro `Deserialize` (in Nightly builds, run with -Z macro-backtrace for more info)
[INFO] [stderr] ┈┈┈┈┈┈┈┈┈┈┈┈┈┈┈┈┈┈┈┈┈┈┈┈┈┈┈┈┈┈┈┈┈┈┈┈┈┈┈┈┈┈┈┈┈┈┈┈┈┈┈┈┈┈┈┈┈┈┈┈
[INFO] [stderr] note: If the actual output is the correct output you can bless it by rerunning
[INFO] [stderr]       your test with the environment variable TRYBUILD=overwrite
[INFO] [stderr] 
[INFO] [stderr] test tests/ui/lattice_on_vec.rs ... mismatch
[INFO] [stderr] 
[INFO] [stderr] EXPECTED:
[INFO] [stderr] ┈┈┈┈┈┈┈┈┈┈┈┈┈┈┈┈┈┈┈┈┈┈┈┈┈┈┈┈┈┈┈┈┈┈┈┈┈┈┈┈┈┈┈┈┈┈┈┈┈┈┈┈┈┈┈┈┈┈┈┈
[INFO] [stderr] error: #[tirea(lattice)] is not supported on Option, Vec, or Map fields.
[INFO] [stderr]  --> tests/ui/lattice_on_vec.rs:7:12
[INFO] [stderr]   |
[INFO] [stderr] 7 |     field: Vec<GCounter>,
[INFO] [stderr]   |            ^^^^^^^^^^^^^
[INFO] [stderr] 
[INFO] [stderr] error[E0277]: `GCounter` doesn't implement `Debug`
[INFO] [stderr]  --> tests/ui/lattice_on_vec.rs:7:5
[INFO] [stderr]   |
[INFO] [stderr] 4 | #[derive(Debug, Clone, PartialEq, Serialize, Deserialize, State)]
[INFO] [stderr]   |          ----- in this derive macro expansion
[INFO] [stderr] ...
[INFO] [stderr] 7 |     field: Vec<GCounter>,
[INFO] [stderr]   |     ^^^^^^^^^^^^^^^^^^^^ the trait `Debug` is not implemented for `GCounter`
[INFO] [stderr]   |
[INFO] [stderr]   = note: add `#[derive(Debug)]` to `GCounter` or manually `impl Debug for GCounter`
[INFO] [stderr] help: the trait `Debug` is implemented for `Vec<T, A>`
[INFO] [stderr]  --> $RUST/alloc/src/vec/mod.rs
[INFO] [stderr] help: consider annotating `GCounter` with `#[derive(Debug)]`
[INFO] [stderr]   |
[INFO] [stderr] 10+ #[derive(Debug)]
[INFO] [stderr] 11| struct GCounter;
[INFO] [stderr]   |
[INFO] [stderr] 
[INFO] [stderr] error[E0277]: the trait bound `GCounter: Clone` is not satisfied
[INFO] [stderr]  --> tests/ui/lattice_on_vec.rs:7:5
[INFO] [stderr]   |
[INFO] [stderr] 4 | #[derive(Debug, Clone, PartialEq, Serialize, Deserialize, State)]
[INFO] [stderr]   |                 ----- in this derive macro expansion
[INFO] [stderr] ...
[INFO] [stderr] 7 |     field: Vec<GCounter>,
[INFO] [stderr]   |     ^^^^^^^^^^^^^^^^^^^^ the trait `Clone` is not implemented for `GCounter`
[INFO] [stderr]   |
[INFO] [stderr]   = note: required for `Vec<GCounter>` to implement `Clone`
[INFO] [stderr] help: consider annotating `GCounter` with `#[derive(Clone)]`
[INFO] [stderr]   |
[INFO] [stderr] 10+ #[derive(Clone)]
[INFO] [stderr] 11| struct GCounter;
[INFO] [stderr]   |
[INFO] [stderr] 
[INFO] [stderr] error[E0369]: binary operation `==` cannot be applied to type `Vec<GCounter>`
[INFO] [stderr]   --> tests/ui/lattice_on_vec.rs:7:5
[INFO] [stderr]    |
[INFO] [stderr]  4 | #[derive(Debug, Clone, PartialEq, Serialize, Deserialize, State)]
[INFO] [stderr]    |                        --------- in this derive macro expansion
[INFO] [stderr] ...
[INFO] [stderr]  7 |     field: Vec<GCounter>,
[INFO] [stderr]    |     ^^^^^^^^^^^^^^^^^^^^
[INFO] [stderr]    |
[INFO] [stderr] note: an implementation of `PartialEq` might be missing for `GCounter`
[INFO] [stderr]   --> tests/ui/lattice_on_vec.rs:10:1
[INFO] [stderr]    |
[INFO] [stderr] 10 | struct GCounter;
[INFO] [stderr]    | ^^^^^^^^^^^^^^^ must implement `PartialEq`
[INFO] [stderr] help: consider annotating `GCounter` with `#[derive(PartialEq)]`
[INFO] [stderr]    |
[INFO] [stderr] 10 + #[derive(PartialEq)]
[INFO] [stderr] 11 | struct GCounter;
[INFO] [stderr]    |
[INFO] [stderr] 
[INFO] [stderr] error[E0277]: the trait bound `GCounter: serde::Serialize` is not satisfied
[INFO] [stderr]   --> tests/ui/lattice_on_vec.rs:4:35
[INFO] [stderr]    |
[INFO] [stderr]  4 | #[derive(Debug, Clone, PartialEq, Serialize, Deserialize, State)]
[INFO] [stderr]    |                                   ^^^^^^^^^ unsatisfied trait bound
[INFO] [stderr]  5 | struct Bad {
[INFO] [stderr]  6 |     #[tirea(lattice)]
[INFO] [stderr]    |     - required by a bound introduced by this call
[INFO] [stderr]    |
[INFO] [stderr] help: the trait `Serialize` is not implemented for `GCounter`
[INFO] [stderr]   --> tests/ui/lattice_on_vec.rs:10:1
[INFO] [stderr]    |
[INFO] [stderr] 10 | struct GCounter;
[INFO] [stderr]    | ^^^^^^^^^^^^^^^
[INFO] [stderr]    = note: for local types consider adding `#[derive(serde::Serialize)]` to your `GCounter` type
[INFO] [stderr]    = note: for types from other crates check whether the crate offers a `serde` feature flag
[INFO] [stderr]    = help: the following other types implement trait `Serialize`:
[INFO] [stderr]              &'a T
[INFO] [stderr]              &'a mut T
[INFO] [stderr]              ()
[INFO] [stderr]              (T,)
[INFO] [stderr]              (T0, T1)
[INFO] [stderr]              (T0, T1, T2)
[INFO] [stderr]              (T0, T1, T2, T3)
[INFO] [stderr]              (T0, T1, T2, T3, T4)
[INFO] [stderr]            and $N others
[INFO] [stderr]    = note: required for `Vec<GCounter>` to implement `Serialize`
[INFO] [stderr] note: required by a bound in `_::_serde::ser::SerializeStruct::serialize_field`
[INFO] [stderr]   --> $CARGO/serde_core-$VERSION/src/ser/mod.rs
[INFO] [stderr]    |
[INFO] [stderr]    |     fn serialize_field<T>(&mut self, key: &'static str, value: &T) -> Result<(), Self::Error>
[INFO] [stderr]    |        --------------- required by a bound in this associated function
[INFO] [stderr]    |     where
[INFO] [stderr]    |         T: ?Sized + Serialize;
[INFO] [stderr]    |                     ^^^^^^^^^ required by this bound in `SerializeStruct::serialize_field`
[INFO] [stderr]    = note: this error originates in the derive macro `Serialize` (in Nightly builds, run with -Z macro-backtrace for more info)
[INFO] [stderr] 
[INFO] [stderr] error[E0277]: the trait bound `GCounter: serde::Deserialize<'de>` is not satisfied
[INFO] [stderr]   --> tests/ui/lattice_on_vec.rs:7:12
[INFO] [stderr]    |
[INFO] [stderr]  7 |     field: Vec<GCounter>,
[INFO] [stderr]    |            ^^^^^^^^^^^^^ unsatisfied trait bound
[INFO] [stderr]    |
[INFO] [stderr] help: the trait `Deserialize<'_>` is not implemented for `GCounter`
[INFO] [stderr]   --> tests/ui/lattice_on_vec.rs:10:1
[INFO] [stderr]    |
[INFO] [stderr] 10 | struct GCounter;
[INFO] [stderr]    | ^^^^^^^^^^^^^^^
[INFO] [stderr]    = note: for local types consider adding `#[derive(serde::Deserialize)]` to your `GCounter` type
[INFO] [stderr]    = note: for types from other crates check whether the crate offers a `serde` feature flag
[INFO] [stderr]    = help: the following other types implement trait `Deserialize<'de>`:
[INFO] [stderr]              &'a Path
[INFO] [stderr]              &'a [u8]
[INFO] [stderr]              &'a str
[INFO] [stderr]              ()
[INFO] [stderr]              (T,)
[INFO] [stderr]              (T0, T1)
[INFO] [stderr]              (T0, T1, T2)
[INFO] [stderr]              (T0, T1, T2, T3)
[INFO] [stderr]            and $N others
[INFO] [stderr]    = note: required for `Vec<GCounter>` to implement `Deserialize<'_>`
[INFO] [stderr] note: required by a bound in `next_element`
[INFO] [stderr]   --> $CARGO/serde_core-$VERSION/src/de/mod.rs
[INFO] [stderr]    |
[INFO] [stderr]    |     fn next_element<T>(&mut self) -> Result<Option<T>, Self::Error>
[INFO] [stderr]    |        ------------ required by a bound in this associated function
[INFO] [stderr]    |     where
[INFO] [stderr]    |         T: Deserialize<'de>,
[INFO] [stderr]    |            ^^^^^^^^^^^^^^^^ required by this bound in `SeqAccess::next_element`
[INFO] [stderr] 
[INFO] [stderr] error[E0277]: the trait bound `GCounter: serde::Deserialize<'de>` is not satisfied
[INFO] [stderr]   --> tests/ui/lattice_on_vec.rs:7:12
[INFO] [stderr]    |
[INFO] [stderr]  7 |     field: Vec<GCounter>,
[INFO] [stderr]    |            ^^^^^^^^^^^^^ unsatisfied trait bound
[INFO] [stderr]    |
[INFO] [stderr] help: the trait `Deserialize<'_>` is not implemented for `GCounter`
[INFO] [stderr]   --> tests/ui/lattice_on_vec.rs:10:1
[INFO] [stderr]    |
[INFO] [stderr] 10 | struct GCounter;
[INFO] [stderr]    | ^^^^^^^^^^^^^^^
[INFO] [stderr]    = note: for local types consider adding `#[derive(serde::Deserialize)]` to your `GCounter` type
[INFO] [stderr]    = note: for types from other crates check whether the crate offers a `serde` feature flag
[INFO] [stderr]    = help: the following other types implement trait `Deserialize<'de>`:
[INFO] [stderr]              &'a Path
[INFO] [stderr]              &'a [u8]
[INFO] [stderr]              &'a str
[INFO] [stderr]              ()
[INFO] [stderr]              (T,)
[INFO] [stderr]              (T0, T1)
[INFO] [stderr]              (T0, T1, T2)
[INFO] [stderr]              (T0, T1, T2, T3)
[INFO] [stderr]            and $N others
[INFO] [stderr]    = note: required for `Vec<GCounter>` to implement `Deserialize<'_>`
[INFO] [stderr] note: required by a bound in `next_value`
[INFO] [stderr]   --> $CARGO/serde_core-$VERSION/src/de/mod.rs
[INFO] [stderr]    |
[INFO] [stderr]    |     fn next_value<V>(&mut self) -> Result<V, Self::Error>
[INFO] [stderr]    |        ---------- required by a bound in this associated function
[INFO] [stderr]    |     where
[INFO] [stderr]    |         V: Deserialize<'de>,
[INFO] [stderr]    |            ^^^^^^^^^^^^^^^^ required by this bound in `MapAccess::next_value`
[INFO] [stderr] 
[INFO] [stderr] error[E0277]: the trait bound `GCounter: serde::Deserialize<'de>` is not satisfied
[INFO] [stderr]   --> tests/ui/lattice_on_vec.rs:4:46
[INFO] [stderr]    |
[INFO] [stderr]  4 | #[derive(Debug, Clone, PartialEq, Serialize, Deserialize, State)]
[INFO] [stderr]    |                                              ^^^^^^^^^^^ unsatisfied trait bound
[INFO] [stderr]    |
[INFO] [stderr] help: the trait `Deserialize<'_>` is not implemented for `GCounter`
[INFO] [stderr]   --> tests/ui/lattice_on_vec.rs:10:1
[INFO] [stderr]    |
[INFO] [stderr] 10 | struct GCounter;
[INFO] [stderr]    | ^^^^^^^^^^^^^^^
[INFO] [stderr]    = note: for local types consider adding `#[derive(serde::Deserialize)]` to your `GCounter` type
[INFO] [stderr]    = note: for types from other crates check whether the crate offers a `serde` feature flag
[INFO] [stderr]    = help: the following other types implement trait `Deserialize<'de>`:
[INFO] [stderr]              &'a Path
[INFO] [stderr]              &'a [u8]
[INFO] [stderr]              &'a str
[INFO] [stderr]              ()
[INFO] [stderr]              (T,)
[INFO] [stderr]              (T0, T1)
[INFO] [stderr]              (T0, T1, T2)
[INFO] [stderr]              (T0, T1, T2, T3)
[INFO] [stderr]            and $N others
[INFO] [stderr]    = note: required for `Vec<GCounter>` to implement `Deserialize<'_>`
[INFO] [stderr] note: required by a bound in `_::_serde::__private228::de::missing_field`
[INFO] [stderr]   --> $CARGO/serde-$VERSION/src/private/de.rs
[INFO] [stderr]    |
[INFO] [stderr]    | pub fn missing_field<'de, V, E>(field: &'static str) -> Result<V, E>
[INFO] [stderr]    |        ------------- required by a bound in this function
[INFO] [stderr]    | where
[INFO] [stderr]    |     V: Deserialize<'de>,
[INFO] [stderr]    |        ^^^^^^^^^^^^^^^^ required by this bound in `missing_field`
[INFO] [stderr]    = note: this error originates in the derive macro `Deserialize` (in Nightly builds, run with -Z macro-backtrace for more info)
[INFO] [stderr] ┈┈┈┈┈┈┈┈┈┈┈┈┈┈┈┈┈┈┈┈┈┈┈┈┈┈┈┈┈┈┈┈┈┈┈┈┈┈┈┈┈┈┈┈┈┈┈┈┈┈┈┈┈┈┈┈┈┈┈┈
[INFO] [stderr] 
[INFO] [stderr] ACTUAL OUTPUT:
[INFO] [stderr] ┈┈┈┈┈┈┈┈┈┈┈┈┈┈┈┈┈┈┈┈┈┈┈┈┈┈┈┈┈┈┈┈┈┈┈┈┈┈┈┈┈┈┈┈┈┈┈┈┈┈┈┈┈┈┈┈┈┈┈┈
[INFO] [stderr] error: #[tirea(lattice)] is not supported on Option, Vec, or Map fields.
[INFO] [stderr]  --> tests/ui/lattice_on_vec.rs:7:12
[INFO] [stderr]   |
[INFO] [stderr] 7 |     field: Vec<GCounter>,
[INFO] [stderr]   |            ^^^^^^^^^^^^^
[INFO] [stderr] 
[INFO] [stderr] error[E0277]: `GCounter` doesn't implement `Debug`
[INFO] [stderr]   --> tests/ui/lattice_on_vec.rs:7:5
[INFO] [stderr]    |
[INFO] [stderr]  4 | #[derive(Debug, Clone, PartialEq, Serialize, Deserialize, State)]
[INFO] [stderr]    |          ----- in this derive macro expansion
[INFO] [stderr] ...
[INFO] [stderr]  7 |     field: Vec<GCounter>,
[INFO] [stderr]    |     ^^^^^^^^^^^^^^^^^^^^ the trait `Debug` is not implemented for `GCounter`
[INFO] [stderr]    |
[INFO] [stderr] help: the trait `Debug` is implemented for `Vec<T, A>`
[INFO] [stderr]   --> $RUST/alloc/src/vec/mod.rs
[INFO] [stderr] help: consider annotating `GCounter` with `#[derive(Debug)]`
[INFO] [stderr]    |
[INFO] [stderr] 10 + #[derive(Debug)]
[INFO] [stderr] 11 | struct GCounter;
[INFO] [stderr]    |
[INFO] [stderr] 
[INFO] [stderr] error[E0277]: the trait bound `GCounter: Clone` is not satisfied
[INFO] [stderr]   --> tests/ui/lattice_on_vec.rs:7:5
[INFO] [stderr]    |
[INFO] [stderr]  4 | #[derive(Debug, Clone, PartialEq, Serialize, Deserialize, State)]
[INFO] [stderr]    |                 ----- in this derive macro expansion
[INFO] [stderr] ...
[INFO] [stderr]  7 |     field: Vec<GCounter>,
[INFO] [stderr]    |     ^^^^^^^^^^^^^^^^^^^^ the trait `Clone` is not implemented for `GCounter`
[INFO] [stderr]    |
[INFO] [stderr]    = note: required for `Vec<GCounter>` to implement `Clone`
[INFO] [stderr] help: consider annotating `GCounter` with `#[derive(Clone)]`
[INFO] [stderr]    |
[INFO] [stderr] 10 + #[derive(Clone)]
[INFO] [stderr] 11 | struct GCounter;
[INFO] [stderr]    |
[INFO] [stderr] 
[INFO] [stderr] error[E0369]: binary operation `==` cannot be applied to type `Vec<GCounter>`
[INFO] [stderr]   --> tests/ui/lattice_on_vec.rs:7:5
[INFO] [stderr]    |
[INFO] [stderr]  4 | #[derive(Debug, Clone, PartialEq, Serialize, Deserialize, State)]
[INFO] [stderr]    |                        --------- in this derive macro expansion
[INFO] [stderr] ...
[INFO] [stderr]  7 |     field: Vec<GCounter>,
[INFO] [stderr]    |     ^^^^^^^^^^^^^^^^^^^^
[INFO] [stderr]    |
[INFO] [stderr] note: an implementation of `PartialEq` might be missing for `GCounter`
[INFO] [stderr]   --> tests/ui/lattice_on_vec.rs:10:1
[INFO] [stderr]    |
[INFO] [stderr] 10 | struct GCounter;
[INFO] [stderr]    | ^^^^^^^^^^^^^^^ must implement `PartialEq`
[INFO] [stderr] help: consider annotating `GCounter` with `#[derive(PartialEq)]`
[INFO] [stderr]    |
[INFO] [stderr] 10 + #[derive(PartialEq)]
[INFO] [stderr] 11 | struct GCounter;
[INFO] [stderr]    |
[INFO] [stderr] 
[INFO] [stderr] error[E0277]: the trait bound `GCounter: serde::Serialize` is not satisfied
[INFO] [stderr]   --> tests/ui/lattice_on_vec.rs:4:35
[INFO] [stderr]    |
[INFO] [stderr]  4 | #[derive(Debug, Clone, PartialEq, Serialize, Deserialize, State)]
[INFO] [stderr]    |                                   ^^^^^^^^^ unsatisfied trait bound
[INFO] [stderr]  5 | struct Bad {
[INFO] [stderr]  6 |     #[tirea(lattice)]
[INFO] [stderr]    |     - required by a bound introduced by this call
[INFO] [stderr]    |
[INFO] [stderr] help: the trait `Serialize` is not implemented for `GCounter`
[INFO] [stderr]   --> tests/ui/lattice_on_vec.rs:10:1
[INFO] [stderr]    |
[INFO] [stderr] 10 | struct GCounter;
[INFO] [stderr]    | ^^^^^^^^^^^^^^^
[INFO] [stderr]    = note: for local types consider adding `#[derive(serde::Serialize)]` to your `GCounter` type
[INFO] [stderr]    = note: for types from other crates check whether the crate offers a `serde` feature flag
[INFO] [stderr]    = help: the following other types implement trait `Serialize`:
[INFO] [stderr]              &'a T
[INFO] [stderr]              &'a mut T
[INFO] [stderr]              ()
[INFO] [stderr]              (T,)
[INFO] [stderr]              (T0, T1)
[INFO] [stderr]              (T0, T1, T2)
[INFO] [stderr]              (T0, T1, T2, T3)
[INFO] [stderr]              (T0, T1, T2, T3, T4)
[INFO] [stderr]            and $N others
[INFO] [stderr]    = note: required for `Vec<GCounter>` to implement `Serialize`
[INFO] [stderr] note: required by a bound in `_::_serde::ser::SerializeStruct::serialize_field`
[INFO] [stderr]   --> $CARGO/serde_core-$VERSION/src/ser/mod.rs
[INFO] [stderr]    |
[INFO] [stderr]    |     fn serialize_field<T>(&mut self, key: &'static str, value: &T) -> Result<(), Self::Error>
[INFO] [stderr]    |        --------------- required by a bound in this associated function
[INFO] [stderr]    |     where
[INFO] [stderr]    |         T: ?Sized + Serialize;
[INFO] [stderr]    |                     ^^^^^^^^^ required by this bound in `SerializeStruct::serialize_field`
[INFO] [stderr]    = note: this error originates in the derive macro `Serialize` (in Nightly builds, run with -Z macro-backtrace for more info)
[INFO] [stderr] 
[INFO] [stderr] error[E0277]: the trait bound `GCounter: serde::Deserialize<'de>` is not satisfied
[INFO] [stderr]   --> tests/ui/lattice_on_vec.rs:7:12
[INFO] [stderr]    |
[INFO] [stderr]  7 |     field: Vec<GCounter>,
[INFO] [stderr]    |            ^^^^^^^^^^^^^ unsatisfied trait bound
[INFO] [stderr]    |
[INFO] [stderr] help: the trait `Deserialize<'_>` is not implemented for `GCounter`
[INFO] [stderr]   --> tests/ui/lattice_on_vec.rs:10:1
[INFO] [stderr]    |
[INFO] [stderr] 10 | struct GCounter;
[INFO] [stderr]    | ^^^^^^^^^^^^^^^
[INFO] [stderr]    = note: for local types consider adding `#[derive(serde::Deserialize)]` to your `GCounter` type
[INFO] [stderr]    = note: for types from other crates check whether the crate offers a `serde` feature flag
[INFO] [stderr]    = help: the following other types implement trait `Deserialize<'de>`:
[INFO] [stderr]              &'a Path
[INFO] [stderr]              &'a [u8]
[INFO] [stderr]              &'a str
[INFO] [stderr]              ()
[INFO] [stderr]              (T,)
[INFO] [stderr]              (T0, T1)
[INFO] [stderr]              (T0, T1, T2)
[INFO] [stderr]              (T0, T1, T2, T3)
[INFO] [stderr]            and $N others
[INFO] [stderr]    = note: required for `Vec<GCounter>` to implement `Deserialize<'_>`
[INFO] [stderr] note: required by a bound in `next_element`
[INFO] [stderr]   --> $CARGO/serde_core-$VERSION/src/de/mod.rs
[INFO] [stderr]    |
[INFO] [stderr]    |     fn next_element<T>(&mut self) -> Result<Option<T>, Self::Error>
[INFO] [stderr]    |        ------------ required by a bound in this associated function
[INFO] [stderr]    |     where
[INFO] [stderr]    |         T: Deserialize<'de>,
[INFO] [stderr]    |            ^^^^^^^^^^^^^^^^ required by this bound in `SeqAccess::next_element`
[INFO] [stderr] 
[INFO] [stderr] error[E0277]: the trait bound `GCounter: serde::Deserialize<'de>` is not satisfied
[INFO] [stderr]   --> tests/ui/lattice_on_vec.rs:7:12
[INFO] [stderr]    |
[INFO] [stderr]  7 |     field: Vec<GCounter>,
[INFO] [stderr]    |            ^^^^^^^^^^^^^ unsatisfied trait bound
[INFO] [stderr]    |
[INFO] [stderr] help: the trait `Deserialize<'_>` is not implemented for `GCounter`
[INFO] [stderr]   --> tests/ui/lattice_on_vec.rs:10:1
[INFO] [stderr]    |
[INFO] [stderr] 10 | struct GCounter;
[INFO] [stderr]    | ^^^^^^^^^^^^^^^
[INFO] [stderr]    = note: for local types consider adding `#[derive(serde::Deserialize)]` to your `GCounter` type
[INFO] [stderr]    = note: for types from other crates check whether the crate offers a `serde` feature flag
[INFO] [stderr]    = help: the following other types implement trait `Deserialize<'de>`:
[INFO] [stderr]              &'a Path
[INFO] [stderr]              &'a [u8]
[INFO] [stderr]              &'a str
[INFO] [stderr]              ()
[INFO] [stderr]              (T,)
[INFO] [stderr]              (T0, T1)
[INFO] [stderr]              (T0, T1, T2)
[INFO] [stderr]              (T0, T1, T2, T3)
[INFO] [stderr]            and $N others
[INFO] [stderr]    = note: required for `Vec<GCounter>` to implement `Deserialize<'_>`
[INFO] [stderr] note: required by a bound in `next_value`
[INFO] [stderr]   --> $CARGO/serde_core-$VERSION/src/de/mod.rs
[INFO] [stderr]    |
[INFO] [stderr]    |     fn next_value<V>(&mut self) -> Result<V, Self::Error>
[INFO] [stderr]    |        ---------- required by a bound in this associated function
[INFO] [stderr]    |     where
[INFO] [stderr]    |         V: Deserialize<'de>,
[INFO] [stderr]    |            ^^^^^^^^^^^^^^^^ required by this bound in `MapAccess::next_value`
[INFO] [stderr] 
[INFO] [stderr] error[E0277]: the trait bound `GCounter: serde::Deserialize<'de>` is not satisfied
[INFO] [stderr]   --> tests/ui/lattice_on_vec.rs:4:46
[INFO] [stderr]    |
[INFO] [stderr]  4 | #[derive(Debug, Clone, PartialEq, Serialize, Deserialize, State)]
[INFO] [stderr]    |                                              ^^^^^^^^^^^ unsatisfied trait bound
[INFO] [stderr]    |
[INFO] [stderr] help: the trait `Deserialize<'_>` is not implemented for `GCounter`
[INFO] [stderr]   --> tests/ui/lattice_on_vec.rs:10:1
[INFO] [stderr]    |
[INFO] [stderr] 10 | struct GCounter;
[INFO] [stderr]    | ^^^^^^^^^^^^^^^
[INFO] [stderr]    = note: for local types consider adding `#[derive(serde::Deserialize)]` to your `GCounter` type
[INFO] [stderr]    = note: for types from other crates check whether the crate offers a `serde` feature flag
[INFO] [stderr]    = help: the following other types implement trait `Deserialize<'de>`:
[INFO] [stderr]              &'a Path
[INFO] [stderr]              &'a [u8]
[INFO] [stderr]              &'a str
[INFO] [stderr]              ()
[INFO] [stderr]              (T,)
[INFO] [stderr]              (T0, T1)
[INFO] [stderr]              (T0, T1, T2)
[INFO] [stderr]              (T0, T1, T2, T3)
[INFO] [stderr]            and $N others
[INFO] [stderr]    = note: required for `Vec<GCounter>` to implement `Deserialize<'_>`
[INFO] [stderr] note: required by a bound in `_::_serde::__private228::de::missing_field`
[INFO] [stderr]   --> $CARGO/serde-$VERSION/src/private/de.rs
[INFO] [stderr]    |
[INFO] [stderr]    | pub fn missing_field<'de, V, E>(field: &'static str) -> Result<V, E>
[INFO] [stderr]    |        ------------- required by a bound in this function
[INFO] [stderr]    | where
[INFO] [stderr]    |     V: Deserialize<'de>,
[INFO] [stderr]    |        ^^^^^^^^^^^^^^^^ required by this bound in `missing_field`
[INFO] [stderr]    = note: this error originates in the derive macro `Deserialize` (in Nightly builds, run with -Z macro-backtrace for more info)
[INFO] [stderr] ┈┈┈┈┈┈┈┈┈┈┈┈┈┈┈┈┈┈┈┈┈┈┈┈┈┈┈┈┈┈┈┈┈┈┈┈┈┈┈┈┈┈┈┈┈┈┈┈┈┈┈┈┈┈┈┈┈┈┈┈
[INFO] [stderr] note: If the actual output is the correct output you can bless it by rerunning
[INFO] [stderr]       your test with the environment variable TRYBUILD=overwrite
[INFO] [stderr] 
[INFO] [stderr] 
[INFO] [stderr] 
[INFO] [stdout] test lattice_compile_errors ... FAILED
[INFO] [stderr]     Checking tirea-state-derive-tests v0.0.0 (/opt/rustwide/target/tests/trybuild/tirea-state-derive)
[INFO] [stderr]     Finished `dev` profile [unoptimized + debuginfo] target(s) in 0.06s
[INFO] [stderr] 
[INFO] [stderr] 
[INFO] [stderr] test tests/ui/derive_lattice_enum.rs ... ok
[INFO] [stderr] test tests/ui/derive_lattice_tuple_struct.rs ... ok
[INFO] [stderr] test tests/ui/derive_lattice_unit_struct.rs ... ok
[INFO] [stderr] 
[INFO] [stderr] 
[INFO] [stdout] test derive_lattice_compile_errors ... ok
[INFO] [stdout] 
[INFO] [stdout] failures:
[INFO] [stdout] 
[INFO] [stdout] ---- lattice_compile_errors stdout ----
[INFO] [stdout] 
[INFO] [stdout] thread 'lattice_compile_errors' (791) panicked at /opt/rustwide/cargo-home/registry/src/index.crates.io-1949cf8c6b5b557f/trybuild-1.0.116/src/run.rs:102:13:
[INFO] [stdout] 5 of 5 tests failed
[INFO] [stdout] stack backtrace:
[INFO] [stdout]    0:     0x58f8a689bd21 - std[70759c8f55707aa4]::backtrace_rs::backtrace::libunwind::trace
[INFO] [stdout]                                at /rustc/dfb0accb7f508ae8be965d8629557221c889dd98/library/std/src/../../backtrace/src/backtrace/libunwind.rs:117:9
[INFO] [stdout]    1:     0x58f8a689bd21 - std[70759c8f55707aa4]::backtrace_rs::backtrace::trace_unsynchronized::<std[70759c8f55707aa4]::sys::backtrace::_print_fmt::{closure#1}>
[INFO] [stdout]                                at /rustc/dfb0accb7f508ae8be965d8629557221c889dd98/library/std/src/../../backtrace/src/backtrace/mod.rs:66:14
[INFO] [stdout]    2:     0x58f8a689bd21 - std[70759c8f55707aa4]::sys::backtrace::_print_fmt
[INFO] [stdout]                                at /rustc/dfb0accb7f508ae8be965d8629557221c889dd98/library/std/src/sys/backtrace.rs:74:9
[INFO] [stdout]    3:     0x58f8a689bd21 - <<std[70759c8f55707aa4]::sys::backtrace::BacktraceLock>::print::DisplayBacktrace as core[df12db4294e9bfd3]::fmt::Display>::fmt
[INFO] [stdout]                                at /rustc/dfb0accb7f508ae8be965d8629557221c889dd98/library/std/src/sys/backtrace.rs:44:26
[INFO] [stdout]    4:     0x58f8a68b25da - <core[df12db4294e9bfd3]::fmt::rt::Argument>::fmt
[INFO] [stdout]                                at /rustc/dfb0accb7f508ae8be965d8629557221c889dd98/library/core/src/fmt/rt.rs:152:76
[INFO] [stdout]    5:     0x58f8a68b25da - core[df12db4294e9bfd3]::fmt::write
[INFO] [stdout]    6:     0x58f8a68a089c - core[df12db4294e9bfd3]::io::write::default_write_fmt::<alloc[2182bb758b4b3781]::vec::Vec<u8>>
[INFO] [stdout]                                at /rustc/dfb0accb7f508ae8be965d8629557221c889dd98/library/core/src/io/write.rs:402:11
[INFO] [stdout]    7:     0x58f8a68a089c - <alloc[2182bb758b4b3781]::vec::Vec<u8> as core[df12db4294e9bfd3]::io::write::Write>::write_fmt
[INFO] [stdout]                                at /rustc/dfb0accb7f508ae8be965d8629557221c889dd98/library/core/src/io/write.rs:335:13
[INFO] [stdout]    8:     0x58f8a6875206 - <std[70759c8f55707aa4]::sys::backtrace::BacktraceLock>::print
[INFO] [stdout]                                at /rustc/dfb0accb7f508ae8be965d8629557221c889dd98/library/std/src/sys/backtrace.rs:47:9
[INFO] [stdout]    9:     0x58f8a6875206 - std[70759c8f55707aa4]::panicking::default_hook::{closure#0}
[INFO] [stdout]                                at /rustc/dfb0accb7f508ae8be965d8629557221c889dd98/library/std/src/panicking.rs:292:27
[INFO] [stdout]   10:     0x58f8a6893399 - std[70759c8f55707aa4]::panicking::default_hook
[INFO] [stdout]                                at /rustc/dfb0accb7f508ae8be965d8629557221c889dd98/library/std/src/panicking.rs:316:9
[INFO] [stdout]   11:     0x58f8a682c610 - <alloc[2182bb758b4b3781]::boxed::Box<dyn for<'a, 'b> core[df12db4294e9bfd3]::ops::function::Fn<(&'a std[70759c8f55707aa4]::panic::PanicHookInfo<'b>,), Output = ()> + core[df12db4294e9bfd3]::marker::Send + core[df12db4294e9bfd3]::marker::Sync> as core[df12db4294e9bfd3]::ops::function::Fn<(&std[70759c8f55707aa4]::panic::PanicHookInfo,)>>::call
[INFO] [stdout]                                at /rustc/dfb0accb7f508ae8be965d8629557221c889dd98/library/alloc/src/boxed.rs:2334:9
[INFO] [stdout]   12:     0x58f8a682c610 - test[9d35eded1c95d3be]::test_main_inner::<test[9d35eded1c95d3be]::test_main_static::{closure#0}>::{closure#0}
[INFO] [stdout]                                at /rustc/dfb0accb7f508ae8be965d8629557221c889dd98/library/test/src/lib.rs:155:21
[INFO] [stdout]   13:     0x58f8a6893552 - <alloc[2182bb758b4b3781]::boxed::Box<dyn for<'a, 'b> core[df12db4294e9bfd3]::ops::function::Fn<(&'a std[70759c8f55707aa4]::panic::PanicHookInfo<'b>,), Output = ()> + core[df12db4294e9bfd3]::marker::Send + core[df12db4294e9bfd3]::marker::Sync> as core[df12db4294e9bfd3]::ops::function::Fn<(&std[70759c8f55707aa4]::panic::PanicHookInfo,)>>::call
[INFO] [stdout]                                at /rustc/dfb0accb7f508ae8be965d8629557221c889dd98/library/alloc/src/boxed.rs:2334:9
[INFO] [stdout]   14:     0x58f8a6893552 - std[70759c8f55707aa4]::panicking::panic_with_hook
[INFO] [stdout]                                at /rustc/dfb0accb7f508ae8be965d8629557221c889dd98/library/std/src/panicking.rs:823:13
[INFO] [stdout]   15:     0x58f8a68752b2 - std[70759c8f55707aa4]::panicking::panic_handler::{closure#0}
[INFO] [stdout]                                at /rustc/dfb0accb7f508ae8be965d8629557221c889dd98/library/std/src/panicking.rs:688:13
[INFO] [stdout]   16:     0x58f8a686db49 - std[70759c8f55707aa4]::sys::backtrace::__rust_end_short_backtrace::<std[70759c8f55707aa4]::panicking::panic_handler::{closure#0}, !>
[INFO] [stdout]                                at /rustc/dfb0accb7f508ae8be965d8629557221c889dd98/library/std/src/sys/backtrace.rs:182:18
[INFO] [stdout]   17:     0x58f8a6875ead - __rustc[8fa7c3cbc660c2b3]::rust_begin_unwind
[INFO] [stdout]                                at /rustc/dfb0accb7f508ae8be965d8629557221c889dd98/library/std/src/panicking.rs:679:5
[INFO] [stdout]   18:     0x58f8a68b2dcc - core[df12db4294e9bfd3]::panicking::panic_fmt
[INFO] [stdout]                                at /rustc/dfb0accb7f508ae8be965d8629557221c889dd98/library/core/src/panicking.rs:80:14
[INFO] [stdout]   19:     0x58f8a66d50c4 - <trybuild[81ba1a155fa5a910]::Runner>::run
[INFO] [stdout]                                at /opt/rustwide/cargo-home/registry/src/index.crates.io-1949cf8c6b5b557f/trybuild-1.0.116/src/run.rs:102:13
[INFO] [stdout]   20:     0x58f8a66e0a48 - <trybuild[81ba1a155fa5a910]::TestCases as core[df12db4294e9bfd3]::ops::drop::Drop>::drop
[INFO] [stdout]                                at /opt/rustwide/cargo-home/registry/src/index.crates.io-1949cf8c6b5b557f/trybuild-1.0.116/src/lib.rs:342:38
[INFO] [stdout]   21:     0x58f8a6600047 - core[df12db4294e9bfd3]::ptr::drop_glue::<trybuild[81ba1a155fa5a910]::TestCases>
[INFO] [stdout]                                at /rustc/dfb0accb7f508ae8be965d8629557221c889dd98/library/core/src/ptr/mod.rs:847:1
[INFO] [stdout]   22:     0x58f8a6600283 - compile_fail[b94de04243897f6f]::lattice_compile_errors
[INFO] [stdout]                                at /opt/rustwide/workdir/tests/compile_fail.rs:7:1
[INFO] [stdout]   23:     0x58f8a66001a7 - compile_fail[b94de04243897f6f]::lattice_compile_errors::{closure#0}
[INFO] [stdout]                                at /opt/rustwide/workdir/tests/compile_fail.rs:4:28
[INFO] [stdout]   24:     0x58f8a6600756 - <compile_fail[b94de04243897f6f]::lattice_compile_errors::{closure#0} as core[df12db4294e9bfd3]::ops::function::FnOnce<()>>::call_once
[INFO] [stdout]                                at /rustc/dfb0accb7f508ae8be965d8629557221c889dd98/library/core/src/ops/function.rs:250:5
[INFO] [stdout]   25:     0x58f8a681f8fb - <fn() -> core[df12db4294e9bfd3]::result::Result<(), alloc[2182bb758b4b3781]::string::String> as core[df12db4294e9bfd3]::ops::function::FnOnce<()>>::call_once
[INFO] [stdout]                                at /rustc/dfb0accb7f508ae8be965d8629557221c889dd98/library/core/src/ops/function.rs:250:5
[INFO] [stdout]   26:     0x58f8a681f8fb - test[9d35eded1c95d3be]::__rust_begin_short_backtrace::<core[df12db4294e9bfd3]::result::Result<(), alloc[2182bb758b4b3781]::string::String>, fn() -> core[df12db4294e9bfd3]::result::Result<(), alloc[2182bb758b4b3781]::string::String>>
[INFO] [stdout]                                at /rustc/dfb0accb7f508ae8be965d8629557221c889dd98/library/test/src/lib.rs:733:18
[INFO] [stdout]   27:     0x58f8a682cf65 - test[9d35eded1c95d3be]::run_test_in_process::{closure#0}
[INFO] [stdout]                                at /rustc/dfb0accb7f508ae8be965d8629557221c889dd98/library/test/src/lib.rs:756:74
[INFO] [stdout]   28:     0x58f8a682cf65 - <core[df12db4294e9bfd3]::panic::unwind_safe::AssertUnwindSafe<test[9d35eded1c95d3be]::run_test_in_process::{closure#0}> as core[df12db4294e9bfd3]::ops::function::FnOnce<()>>::call_once
[INFO] [stdout]                                at /rustc/dfb0accb7f508ae8be965d8629557221c889dd98/library/core/src/panic/unwind_safe.rs:275:9
[INFO] [stdout]   29:     0x58f8a682cf65 - std[70759c8f55707aa4]::panicking::catch_unwind::do_call::<core[df12db4294e9bfd3]::panic::unwind_safe::AssertUnwindSafe<test[9d35eded1c95d3be]::run_test_in_process::{closure#0}>, core[df12db4294e9bfd3]::result::Result<(), alloc[2182bb758b4b3781]::string::String>>
[INFO] [stdout]                                at /rustc/dfb0accb7f508ae8be965d8629557221c889dd98/library/std/src/panicking.rs:576:43
[INFO] [stdout]   30:     0x58f8a682cf65 - std[70759c8f55707aa4]::panicking::catch_unwind::<core[df12db4294e9bfd3]::result::Result<(), alloc[2182bb758b4b3781]::string::String>, core[df12db4294e9bfd3]::panic::unwind_safe::AssertUnwindSafe<test[9d35eded1c95d3be]::run_test_in_process::{closure#0}>>
[INFO] [stdout]                                at /rustc/dfb0accb7f508ae8be965d8629557221c889dd98/library/std/src/panicking.rs:544:19
[INFO] [stdout]   31:     0x58f8a682cf65 - std[70759c8f55707aa4]::panic::catch_unwind::<core[df12db4294e9bfd3]::panic::unwind_safe::AssertUnwindSafe<test[9d35eded1c95d3be]::run_test_in_process::{closure#0}>, core[df12db4294e9bfd3]::result::Result<(), alloc[2182bb758b4b3781]::string::String>>
[INFO] [stdout]                                at /rustc/dfb0accb7f508ae8be965d8629557221c889dd98/library/std/src/panic.rs:359:14
[INFO] [stdout]   32:     0x58f8a682cf65 - test[9d35eded1c95d3be]::run_test_in_process
[INFO] [stdout]                                at /rustc/dfb0accb7f508ae8be965d8629557221c889dd98/library/test/src/lib.rs:756:27
[INFO] [stdout]   33:     0x58f8a682cf65 - test[9d35eded1c95d3be]::run_test::{closure#0}
[INFO] [stdout]                                at /rustc/dfb0accb7f508ae8be965d8629557221c889dd98/library/test/src/lib.rs:677:43
[INFO] [stdout]   34:     0x58f8a6826824 - test[9d35eded1c95d3be]::run_test::{closure#1}
[INFO] [stdout]                                at /rustc/dfb0accb7f508ae8be965d8629557221c889dd98/library/test/src/lib.rs:707:41
[INFO] [stdout]   35:     0x58f8a6826824 - std[70759c8f55707aa4]::sys::backtrace::__rust_begin_short_backtrace::<test[9d35eded1c95d3be]::run_test::{closure#1}, ()>
[INFO] [stdout]                                at /rustc/dfb0accb7f508ae8be965d8629557221c889dd98/library/std/src/sys/backtrace.rs:166:18
[INFO] [stdout]   36:     0x58f8a68300c2 - std[70759c8f55707aa4]::thread::lifecycle::spawn_unchecked::<test[9d35eded1c95d3be]::run_test::{closure#1}, ()>::{closure#1}::{closure#0}
[INFO] [stdout]                                at /rustc/dfb0accb7f508ae8be965d8629557221c889dd98/library/std/src/thread/lifecycle.rs:70:13
[INFO] [stdout]   37:     0x58f8a68300c2 - <core[df12db4294e9bfd3]::panic::unwind_safe::AssertUnwindSafe<std[70759c8f55707aa4]::thread::lifecycle::spawn_unchecked<test[9d35eded1c95d3be]::run_test::{closure#1}, ()>::{closure#1}::{closure#0}> as core[df12db4294e9bfd3]::ops::function::FnOnce<()>>::call_once
[INFO] [stdout]                                at /rustc/dfb0accb7f508ae8be965d8629557221c889dd98/library/core/src/panic/unwind_safe.rs:275:9
[INFO] [stdout]   38:     0x58f8a68300c2 - std[70759c8f55707aa4]::panicking::catch_unwind::do_call::<core[df12db4294e9bfd3]::panic::unwind_safe::AssertUnwindSafe<std[70759c8f55707aa4]::thread::lifecycle::spawn_unchecked<test[9d35eded1c95d3be]::run_test::{closure#1}, ()>::{closure#1}::{closure#0}>, ()>
[INFO] [stdout]                                at /rustc/dfb0accb7f508ae8be965d8629557221c889dd98/library/std/src/panicking.rs:576:43
[INFO] [stdout]   39:     0x58f8a68300c2 - std[70759c8f55707aa4]::panicking::catch_unwind::<(), core[df12db4294e9bfd3]::panic::unwind_safe::AssertUnwindSafe<std[70759c8f55707aa4]::thread::lifecycle::spawn_unchecked<test[9d35eded1c95d3be]::run_test::{closure#1}, ()>::{closure#1}::{closure#0}>>
[INFO] [stdout]                                at /rustc/dfb0accb7f508ae8be965d8629557221c889dd98/library/std/src/panicking.rs:544:19
[INFO] [stdout]   40:     0x58f8a68300c2 - std[70759c8f55707aa4]::panic::catch_unwind::<core[df12db4294e9bfd3]::panic::unwind_safe::AssertUnwindSafe<std[70759c8f55707aa4]::thread::lifecycle::spawn_unchecked<test[9d35eded1c95d3be]::run_test::{closure#1}, ()>::{closure#1}::{closure#0}>, ()>
[INFO] [stdout]                                at /rustc/dfb0accb7f508ae8be965d8629557221c889dd98/library/std/src/panic.rs:359:14
[INFO] [stdout]   41:     0x58f8a68300c2 - std[70759c8f55707aa4]::thread::lifecycle::spawn_unchecked::<test[9d35eded1c95d3be]::run_test::{closure#1}, ()>::{closure#1}
[INFO] [stdout]                                at /rustc/dfb0accb7f508ae8be965d8629557221c889dd98/library/std/src/thread/lifecycle.rs:68:26
[INFO] [stdout]   42:     0x58f8a68300c2 - <std[70759c8f55707aa4]::thread::lifecycle::spawn_unchecked<test[9d35eded1c95d3be]::run_test::{closure#1}, ()>::{closure#1} as core[df12db4294e9bfd3]::ops::function::FnOnce<()>>::call_once::{shim:vtable#0}
[INFO] [stdout]                                at /rustc/dfb0accb7f508ae8be965d8629557221c889dd98/library/core/src/ops/function.rs:250:5
[INFO] [stdout]   43:     0x58f8a689afd9 - <alloc[2182bb758b4b3781]::boxed::Box<dyn core[df12db4294e9bfd3]::ops::function::FnOnce<(), Output = ()> + core[df12db4294e9bfd3]::marker::Send> as core[df12db4294e9bfd3]::ops::function::FnOnce<()>>::call_once
[INFO] [stdout]                                at /rustc/dfb0accb7f508ae8be965d8629557221c889dd98/library/alloc/src/boxed.rs:2320:9
[INFO] [stdout]   44:     0x58f8a689afd9 - <std[70759c8f55707aa4]::sys::thread::unix::Thread>::new::thread_start
[INFO] [stdout]                                at /rustc/dfb0accb7f508ae8be965d8629557221c889dd98/library/std/src/sys/thread/unix.rs:123:17
[INFO] [stdout]   45:     0x780f9e0b0dfa - <unknown>
[INFO] [stdout]   46:     0x780f9e1443d4 - clone
[INFO] [stdout]   47:                0x0 - <unknown>
[INFO] [stdout] 
[INFO] [stdout] 
[INFO] [stdout] failures:
[INFO] [stdout]     lattice_compile_errors
[INFO] [stdout] 
[INFO] [stdout] test result: FAILED. 1 passed; 1 failed; 0 ignored; 0 measured; 0 filtered out; finished in 22.07s
[INFO] [stdout] 
[INFO] [stderr] error: test failed, to rerun pass `--test compile_fail`
[INFO] running `Command { std: "docker" "inspect" "a93ca1872f3bab9a5bad5384e9529092ba5aec3ce97b18f958157760c083a2e1", kill_on_drop: false }`
[INFO] running `Command { std: "docker" "rm" "-f" "a93ca1872f3bab9a5bad5384e9529092ba5aec3ce97b18f958157760c083a2e1", kill_on_drop: false }`
[INFO] [stdout] a93ca1872f3bab9a5bad5384e9529092ba5aec3ce97b18f958157760c083a2e1
