[INFO] fetching crate tilvisan 0.2.0...
[INFO] testing tilvisan-0.2.0 against 1.100.0-beta.1 for beta-1.100-2
[INFO] extracting crate tilvisan 0.2.0 into /workspace/builds/worker-0-tc2/source
[INFO] started tweaking crates.io crate tilvisan 0.2.0
[INFO] removed 0 missing tests
[INFO] finished tweaking crates.io crate tilvisan 0.2.0
[INFO] tweaked toml for crates.io crate tilvisan 0.2.0 written to /workspace/builds/worker-0-tc2/source/Cargo.toml
[INFO] validating manifest of crates.io crate tilvisan 0.2.0 on toolchain 1.100.0-beta.1
[INFO] running `Command { std: CARGO_HOME="/workspace/cargo-home" RUSTUP_HOME="/workspace/rustup-home" "/workspace/cargo-home/bin/cargo" "+1.100.0-beta.1" "metadata" "--manifest-path" "Cargo.toml" "--no-deps", kill_on_drop: false }`
[INFO] crate crates.io crate tilvisan 0.2.0 already has a lockfile, it will not be regenerated
[INFO] running `Command { std: CARGO_HOME="/workspace/cargo-home" RUSTUP_HOME="/workspace/rustup-home" "/workspace/cargo-home/bin/cargo" "+1.100.0-beta.1" "fetch" "--manifest-path" "Cargo.toml", kill_on_drop: false }`
[INFO] [stderr] warning: `package.homepage` is redundant with `package.repository`
[INFO] [stderr]   --> Cargo.toml:65:12
[INFO] [stderr]    |
[INFO] [stderr] 65 | homepage = "https://github.com/simoncozens/tilvisan"
[INFO] [stderr]    |            ^^^^^^^^^^^^^^^^^^^^^^^^^^^^^^^^^^^^^^^^^
[INFO] [stderr] ...
[INFO] [stderr] 69 | repository = "https://github.com/simoncozens/tilvisan"
[INFO] [stderr]    |              -----------------------------------------
[INFO] [stderr]    |
[INFO] [stderr]    = note: `cargo::redundant_homepage` is set to `warn` by default
[INFO] [stderr] help: consider removing `package.homepage`
[INFO] [stderr] warning: `tilvisan` (manifest) generated 1 warning
[INFO] running `Command { std: "docker" "create" "-v" "/var/lib/crater-agent-workspace/builds/worker-0-tc2/source:/opt/rustwide/workdir:ro,Z" "-v" "/var/lib/crater-agent-workspace/builds/worker-0-tc2/target:/opt/rustwide/target:rw,Z" "-v" "/var/lib/crater-agent-workspace/cargo-home:/opt/rustwide/cargo-home:ro,Z" "-v" "/var/lib/crater-agent-workspace/rustup-home:/opt/rustwide/rustup-home:ro,Z" "-m" "1610612736" "--network" "none" "ghcr.io/rust-lang/crates-build-env/linux@sha256:3111399a4047eeb3a02b7a90e478d715f38a8c6669b5c4b49d30a17385265909" "sleep" "infinity", kill_on_drop: false }`
[INFO] [stdout] 9138d2190ebfb98a8c73c9edda5038591c6f37fbc80a4cb92e763dc1e951a716
[INFO] running `Command { std: "docker" "start" "9138d2190ebfb98a8c73c9edda5038591c6f37fbc80a4cb92e763dc1e951a716", kill_on_drop: false }`
[INFO] running `Command { std: "docker" "inspect" "9138d2190ebfb98a8c73c9edda5038591c6f37fbc80a4cb92e763dc1e951a716", kill_on_drop: false }`
[INFO] running `Command { std: "docker" "exec" "-e" "SOURCE_DIR=/opt/rustwide/workdir" "-e" "CARGO_HOME=/opt/rustwide/cargo-home" "-e" "RUSTUP_HOME=/opt/rustwide/rustup-home" "-e" "CARGO_TARGET_DIR=/opt/rustwide/target" "-w" "/opt/rustwide/workdir" "--user" "0:0" "9138d2190ebfb98a8c73c9edda5038591c6f37fbc80a4cb92e763dc1e951a716" "/opt/rustwide/cargo-home/bin/cargo" "+1.100.0-beta.1" "metadata" "--no-deps" "--format-version=1", kill_on_drop: false }`
[INFO] running `Command { std: "docker" "inspect" "9138d2190ebfb98a8c73c9edda5038591c6f37fbc80a4cb92e763dc1e951a716", kill_on_drop: false }`
[INFO] running `Command { std: "docker" "exec" "-e" "SOURCE_DIR=/opt/rustwide/workdir" "-e" "CARGO_HOME=/opt/rustwide/cargo-home" "-e" "RUSTUP_HOME=/opt/rustwide/rustup-home" "-e" "CARGO_TARGET_DIR=/opt/rustwide/target" "-e" "CARGO_INCREMENTAL=0" "-e" "RUST_BACKTRACE=full" "-e" "RUSTFLAGS=--cap-lints=warn" "-e" "RUSTDOCFLAGS=--cap-lints=warn" "-w" "/opt/rustwide/workdir" "--user" "0:0" "9138d2190ebfb98a8c73c9edda5038591c6f37fbc80a4cb92e763dc1e951a716" "/opt/rustwide/cargo-home/bin/cargo" "+1.100.0-beta.1" "build" "--frozen" "--message-format=json", kill_on_drop: false }`
[INFO] [stderr] warning: `package.homepage` is redundant with `package.repository`
[INFO] [stderr]   --> Cargo.toml:65:12
[INFO] [stderr]    |
[INFO] [stderr] 65 | homepage = "https://github.com/simoncozens/tilvisan"
[INFO] [stderr]    |            ^^^^^^^^^^^^^^^^^^^^^^^^^^^^^^^^^^^^^^^^^
[INFO] [stderr] ...
[INFO] [stderr] 69 | repository = "https://github.com/simoncozens/tilvisan"
[INFO] [stderr]    |              -----------------------------------------
[INFO] [stderr]    |
[INFO] [stderr]    = note: `cargo::redundant_homepage` is set to `warn` by default
[INFO] [stderr] help: consider removing `package.homepage`
[INFO] [stderr] warning: `tilvisan` (manifest) generated 1 warning
[INFO] [stderr]    Compiling proc-macro2 v1.0.106
[INFO] [stderr]    Compiling regex-syntax v0.8.11
[INFO] [stderr]    Compiling anstyle-query v1.1.5
[INFO] [stderr]    Compiling is_terminal_polyfill v1.70.2
[INFO] [stderr]    Compiling anstyle v1.0.14
[INFO] [stderr]    Compiling colorchoice v1.0.5
[INFO] [stderr]    Compiling once_cell v1.21.4
[INFO] [stderr]    Compiling lazy_static v1.5.0
[INFO] [stderr]    Compiling fnv v1.0.7
[INFO] [stderr]    Compiling beef v0.5.2
[INFO] [stderr]    Compiling aho-corasick v1.1.4
[INFO] [stderr]    Compiling anstyle-parse v1.0.0
[INFO] [stderr]    Compiling log v0.4.32
[INFO] [stderr]    Compiling polycool v0.4.0
[INFO] [stderr]    Compiling clap_lex v1.1.0
[INFO] [stderr]    Compiling paste v1.0.15
[INFO] [stderr]    Compiling smallvec v1.15.1
[INFO] [stderr]    Compiling indexmap v2.14.0
[INFO] [stderr]    Compiling jiff v0.2.28
[INFO] [stderr]    Compiling anstream v1.0.0
[INFO] [stderr]    Compiling kurbo v0.13.1
[INFO] [stderr]    Compiling clap_builder v4.6.0
[INFO] [stderr]    Compiling quote v1.0.45
[INFO] [stderr]    Compiling syn v2.0.117
[INFO] [stderr]    Compiling regex-automata v0.4.14
[INFO] [stderr]    Compiling logos-codegen v0.14.4
[INFO] [stderr]    Compiling regex v1.12.4
[INFO] [stderr]    Compiling bytemuck_derive v1.10.2
[INFO] [stderr]    Compiling thiserror-impl v2.0.18
[INFO] [stderr]    Compiling clap_derive v4.6.1
[INFO] [stderr]    Compiling env_filter v1.0.1
[INFO] [stderr]    Compiling env_logger v0.11.10
[INFO] [stderr]    Compiling logos-derive v0.14.4
[INFO] [stderr]    Compiling logos v0.14.4
[INFO] [stderr]    Compiling bytemuck v1.25.0
[INFO] [stderr]    Compiling font-types v0.12.2
[INFO] [stderr]    Compiling thiserror v2.0.18
[INFO] [stderr]    Compiling clap v4.6.1
[INFO] [stderr]    Compiling read-fonts v0.42.1
[INFO] [stderr]    Compiling skrifa v0.45.1
[INFO] [stderr]    Compiling write-fonts v0.51.0
[INFO] [stderr]    Compiling tilvisan v0.2.0 (/opt/rustwide/workdir)
[INFO] [stderr] warning: unused dependency `paste`
[INFO] [stderr]   --> Cargo.toml:27:15
[INFO] [stderr]    |
[INFO] [stderr] 27 | [dependencies.paste]
[INFO] [stderr]    |               ^^^^^^
[INFO] [stderr]    |
[INFO] [stderr]    = note: `cargo::unused_dependencies` is set to `warn` by default
[INFO] [stderr] help: consider removing the dependency on `paste`
[INFO] [stderr] warning: `tilvisan` (manifest) generated 1 warning
[INFO] [stderr]     Finished `dev` profile [unoptimized + debuginfo] target(s) in 54.95s
[INFO] running `Command { std: "docker" "inspect" "9138d2190ebfb98a8c73c9edda5038591c6f37fbc80a4cb92e763dc1e951a716", kill_on_drop: false }`
[INFO] running `Command { std: "docker" "exec" "-e" "SOURCE_DIR=/opt/rustwide/workdir" "-e" "CARGO_HOME=/opt/rustwide/cargo-home" "-e" "RUSTUP_HOME=/opt/rustwide/rustup-home" "-e" "CARGO_TARGET_DIR=/opt/rustwide/target" "-e" "CARGO_INCREMENTAL=0" "-e" "RUST_BACKTRACE=full" "-e" "RUSTFLAGS=--cap-lints=warn" "-e" "RUSTDOCFLAGS=--cap-lints=warn" "-w" "/opt/rustwide/workdir" "--user" "0:0" "9138d2190ebfb98a8c73c9edda5038591c6f37fbc80a4cb92e763dc1e951a716" "/opt/rustwide/cargo-home/bin/cargo" "+1.100.0-beta.1" "test" "--frozen" "--no-run" "--message-format=json", kill_on_drop: false }`
[INFO] [stderr] warning: `package.homepage` is redundant with `package.repository`
[INFO] [stderr]   --> Cargo.toml:65:12
[INFO] [stderr]    |
[INFO] [stderr] 65 | homepage = "https://github.com/simoncozens/tilvisan"
[INFO] [stderr]    |            ^^^^^^^^^^^^^^^^^^^^^^^^^^^^^^^^^^^^^^^^^
[INFO] [stderr] ...
[INFO] [stderr] 69 | repository = "https://github.com/simoncozens/tilvisan"
[INFO] [stderr]    |              -----------------------------------------
[INFO] [stderr]    |
[INFO] [stderr]    = note: `cargo::redundant_homepage` is set to `warn` by default
[INFO] [stderr] help: consider removing `package.homepage`
[INFO] [stderr] warning: `tilvisan` (manifest) generated 1 warning
[INFO] [stderr]    Compiling escape8259 v0.5.3
[INFO] [stderr]    Compiling glob v0.3.3
[INFO] [stderr]    Compiling similar v2.7.0
[INFO] [stderr]    Compiling libtest-mimic v0.8.2
[INFO] [stderr]    Compiling tilvisan v0.2.0 (/opt/rustwide/workdir)
[INFO] [stderr] warning: unused dependency `paste`
[INFO] [stderr]   --> Cargo.toml:27:15
[INFO] [stderr]    |
[INFO] [stderr] 27 | [dependencies.paste]
[INFO] [stderr]    |               ^^^^^^
[INFO] [stderr]    |
[INFO] [stderr]    = note: `cargo::unused_dependencies` is set to `warn` by default
[INFO] [stderr] help: consider removing the dependency on `paste`
[INFO] [stderr] warning: `tilvisan` (manifest) generated 1 warning
[INFO] [stderr]     Finished `test` profile [unoptimized + debuginfo] target(s) in 5.29s
[INFO] running `Command { std: "docker" "inspect" "9138d2190ebfb98a8c73c9edda5038591c6f37fbc80a4cb92e763dc1e951a716", kill_on_drop: false }`
[INFO] running `Command { std: "docker" "exec" "-e" "SOURCE_DIR=/opt/rustwide/workdir" "-e" "CARGO_HOME=/opt/rustwide/cargo-home" "-e" "RUSTUP_HOME=/opt/rustwide/rustup-home" "-e" "CARGO_TARGET_DIR=/opt/rustwide/target" "-e" "CARGO_INCREMENTAL=0" "-e" "RUST_BACKTRACE=full" "-e" "RUSTFLAGS=--cap-lints=warn" "-e" "RUSTDOCFLAGS=--cap-lints=warn" "-w" "/opt/rustwide/workdir" "--user" "0:0" "9138d2190ebfb98a8c73c9edda5038591c6f37fbc80a4cb92e763dc1e951a716" "/opt/rustwide/cargo-home/bin/cargo" "+1.100.0-beta.1" "test" "--frozen", kill_on_drop: false }`
[INFO] [stderr] warning: `package.homepage` is redundant with `package.repository`
[INFO] [stderr]   --> Cargo.toml:65:12
[INFO] [stderr]    |
[INFO] [stderr] 65 | homepage = "https://github.com/simoncozens/tilvisan"
[INFO] [stderr]    |            ^^^^^^^^^^^^^^^^^^^^^^^^^^^^^^^^^^^^^^^^^
[INFO] [stderr] ...
[INFO] [stderr] 69 | repository = "https://github.com/simoncozens/tilvisan"
[INFO] [stderr]    |              -----------------------------------------
[INFO] [stderr]    |
[INFO] [stderr]    = note: `cargo::redundant_homepage` is set to `warn` by default
[INFO] [stderr] help: consider removing `package.homepage`
[INFO] [stderr] warning: `tilvisan` (manifest) generated 1 warning
[INFO] [stderr] warning: unused dependency `paste`
[INFO] [stderr]   --> Cargo.toml:27:15
[INFO] [stderr]    |
[INFO] [stderr] 27 | [dependencies.paste]
[INFO] [stderr]    |               ^^^^^^
[INFO] [stderr]    |
[INFO] [stderr]    = note: `cargo::unused_dependencies` is set to `warn` by default
[INFO] [stderr] help: consider removing the dependency on `paste`
[INFO] [stderr] warning: `tilvisan` (manifest) generated 1 warning
[INFO] [stderr]     Finished `test` profile [unoptimized + debuginfo] target(s) in 0.11s
[INFO] [stderr]      Running unittests src/lib.rs (/opt/rustwide/target/debug/build/tilvisan/01920ffbabb19a0f/out/tilvisan-01920ffbabb19a0f)
[INFO] [stdout] 
[INFO] [stdout] running 21 tests
[INFO] [stdout] test control::tests::parses_delta_entry ... ok
[INFO] [stdout] test control::tests::canonicalizes_number_set_like_numberset_show ... ok
[INFO] [stdout] test control::tests::handles_comments_separators_and_continuations ... ok
[INFO] [stdout] test control::tests::parses_segment_direction_with_offsets ... ok
[INFO] [stdout] test control::tests::parses_width_adjust_with_wildcard ... ok
[INFO] [stdout] test control::tests::parses_plain_number_set_syntax ... ok
[INFO] [stdout] test features::tests::known_features_are_valid ... ok
[INFO] [stdout] test features::tests::unknown_features_are_rejected ... ok
[INFO] [stdout] test intset::tests::from_exprs_merges_adjacent ... ok
[INFO] [stdout] test control::tests::reports_unexpected_token ... ok
[INFO] [stdout] test intset::tests::from_exprs_rejects_overlap_or_non_ascending ... ok
[INFO] [stdout] test intset::tests::contains_and_iter_values_work ... ok
[INFO] [stdout] test intset::tests::respects_bounded_forms ... ok
[INFO] [stdout] test intset::tests::out_of_range_is_rejected ... ok
[INFO] [stdout] test control::tests::parses_style_adjust ... ok
[INFO] [stdout] test control::tests::rejects_invalid_font_index ... ok
[INFO] [stdout] test control::tests::rejects_invalid_ppem_value ... ok
[INFO] [stdout] test control::tests::rejects_overlapping_glyph_ranges ... ok
[INFO] [stdout] test control::tests::validates_delta_entry_semantics ... ok
[INFO] [stdout] test control_index::tests::applies_style_coverage_last_wins ... ok
[INFO] [stdout] test control::tests::rejects_too_many_widths ... ok
[INFO] [stdout] 
[INFO] [stdout] test result: ok. 21 passed; 0 failed; 0 ignored; 0 measured; 0 filtered out; finished in 0.02s
[INFO] [stdout] 
[INFO] [stderr]      Running unittests src/main.rs (/opt/rustwide/target/debug/build/tilvisan/c24973a117365b7c/out/tilvisan-c24973a117365b7c)
[INFO] [stdout] 
[INFO] [stdout] running 0 tests
[INFO] [stdout] 
[INFO] [stdout] test result: ok. 0 passed; 0 failed; 0 ignored; 0 measured; 0 filtered out; finished in 0.00s
[INFO] [stdout] 
[INFO] [stderr]      Running tests/integration_test.rs (/opt/rustwide/target/debug/build/tilvisan/25691a83743fbd57/out/integration_test-25691a83743fbd57)
[INFO] [stdout] Found 4 font files to test.
[INFO] [stdout] 
[INFO] [stdout] running 4 tests
[INFO] [stderr] 
[INFO] [stderr] thread '<unnamed>' (944) panicked at tests/integration_test.rs:28:45:
[INFO] [stderr] called `Result::unwrap()` on an `Err` value: Os { code: 30, kind: ReadOnlyFilesystem, message: "Read-only file system" }
[INFO] [stderr] stack backtrace:
[INFO] [stderr]    0:     0x5ceac26c57b1 - std[617be2ca0a6fd877]::backtrace_rs::backtrace::libunwind::trace
[INFO] [stderr]                                at /rustc/e3feeb59cd1bdd011a2bfcc0747b55125d9b8527/library/std/src/../../backtrace/src/backtrace/libunwind.rs:117:9
[INFO] [stderr]    1:     0x5ceac26c57b1 - std[617be2ca0a6fd877]::backtrace_rs::backtrace::trace_unsynchronized::<std[617be2ca0a6fd877]::sys::backtrace::_print_fmt::{closure#1}>
[INFO] [stderr]                                at /rustc/e3feeb59cd1bdd011a2bfcc0747b55125d9b8527/library/std/src/../../backtrace/src/backtrace/mod.rs:66:14
[INFO] [stderr]    2:     0x5ceac26c57b1 - std[617be2ca0a6fd877]::sys::backtrace::_print_fmt
[INFO] [stderr]                                at /rustc/e3feeb59cd1bdd011a2bfcc0747b55125d9b8527/library/std/src/sys/backtrace.rs:74:9
[INFO] [stderr]    3:     0x5ceac26c57b1 - <<std[617be2ca0a6fd877]::sys::backtrace::BacktraceLock>::print::DisplayBacktrace as core[a373ad73a504971]::fmt::Display>::fmt
[INFO] [stderr]                                at /rustc/e3feeb59cd1bdd011a2bfcc0747b55125d9b8527/library/std/src/sys/backtrace.rs:44:26
[INFO] [stderr]    4:     0x5ceac26dd0da - <core[a373ad73a504971]::fmt::rt::Argument>::fmt
[INFO] [stderr]                                at /rustc/e3feeb59cd1bdd011a2bfcc0747b55125d9b8527/library/core/src/fmt/rt.rs:152:76
[INFO] [stderr]    5:     0x5ceac26dd0da - core[a373ad73a504971]::fmt::write
[INFO] [stderr]    6:     0x5ceac26cb9bc - core[a373ad73a504971]::io::write::default_write_fmt::<std[617be2ca0a6fd877]::sys::stdio::unix::Stderr>
[INFO] [stderr]                                at /rustc/e3feeb59cd1bdd011a2bfcc0747b55125d9b8527/library/core/src/io/write.rs:402:11
[INFO] [stderr]    7:     0x5ceac26cb9bc - <std[617be2ca0a6fd877]::sys::stdio::unix::Stderr as core[a373ad73a504971]::io::write::Write>::write_fmt
[INFO] [stderr]                                at /rustc/e3feeb59cd1bdd011a2bfcc0747b55125d9b8527/library/core/src/io/write.rs:335:13
[INFO] [stderr]    8:     0x5ceac26a1cd6 - <std[617be2ca0a6fd877]::sys::backtrace::BacktraceLock>::print
[INFO] [stderr]                                at /rustc/e3feeb59cd1bdd011a2bfcc0747b55125d9b8527/library/std/src/sys/backtrace.rs:47:9
[INFO] [stderr]    9:     0x5ceac26a1cd6 - std[617be2ca0a6fd877]::panicking::default_hook::{closure#0}
[INFO] [stderr]                                at /rustc/e3feeb59cd1bdd011a2bfcc0747b55125d9b8527/library/std/src/panicking.rs:289:27
[INFO] [stderr]   10:     0x5ceac26bd531 - std[617be2ca0a6fd877]::panicking::default_hook
[INFO] [stderr]                                at /rustc/e3feeb59cd1bdd011a2bfcc0747b55125d9b8527/library/std/src/panicking.rs:316:9
[INFO] [stderr]   11:     0x5ceac26bd85b - std[617be2ca0a6fd877]::panicking::panic_with_hook
[INFO] [stderr]                                at /rustc/e3feeb59cd1bdd011a2bfcc0747b55125d9b8527/library/std/src/panicking.rs:811:13
[INFO] [stderr]   12:     0x5ceac26a1d82 - std[617be2ca0a6fd877]::panicking::panic_handler::{closure#0}
[INFO] [stderr]                                at /rustc/e3feeb59cd1bdd011a2bfcc0747b55125d9b8527/library/std/src/panicking.rs:685:13
[INFO] [stderr]   13:     0x5ceac269a699 - std[617be2ca0a6fd877]::sys::backtrace::__rust_end_short_backtrace::<std[617be2ca0a6fd877]::panicking::panic_handler::{closure#0}, !>
[INFO] [stderr]                                at /rustc/e3feeb59cd1bdd011a2bfcc0747b55125d9b8527/library/std/src/sys/backtrace.rs:182:18
[INFO] [stderr]   14:     0x5ceac26a29fd - __rustc[ea4f61d10b84890b]::rust_begin_unwind
[INFO] [stderr]                                at /rustc/e3feeb59cd1bdd011a2bfcc0747b55125d9b8527/library/std/src/panicking.rs:676:5
[INFO] [stderr]   15:     0x5ceac26dd8fc - core[a373ad73a504971]::panicking::panic_fmt
[INFO] [stderr]                                at /rustc/e3feeb59cd1bdd011a2bfcc0747b55125d9b8527/library/core/src/panicking.rs:80:14
[INFO] [stderr]   16:     0x5ceac26dd622 - core[a373ad73a504971]::result::unwrap_failed
[INFO] [stderr]                                at /rustc/e3feeb59cd1bdd011a2bfcc0747b55125d9b8527/library/core/src/result.rs:1870:5
[INFO] [stderr]   17:     0x5ceac209ad63 - <core[a373ad73a504971]::result::Result<(), core[a373ad73a504971]::io::error::Error>>::unwrap
[INFO] [stderr]                                at /rustc/e3feeb59cd1bdd011a2bfcc0747b55125d9b8527/library/core/src/result.rs:1232:23
[INFO] [stderr]   18:     0x5ceac209ad63 - integration_test[ebd9988dc50e660f]::main::{closure#0}
[INFO] [stderr]                                at /opt/rustwide/workdir/tests/integration_test.rs:28:45
[INFO] [stderr]   19:     0x5ceac209a80b - <libtest_mimic[1f448eb2ef4f850c]::Trial>::test::<integration_test[ebd9988dc50e660f]::main::{closure#0}, alloc[2e1b2a31b91974c5]::string::String>::{closure#0}
[INFO] [stderr]                                at /opt/rustwide/cargo-home/registry/src/index.crates.io-1949cf8c6b5b557f/libtest-mimic-0.8.2/src/lib.rs:139:39
[INFO] [stderr]   20:     0x5ceac209a6f9 - <libtest_mimic[1f448eb2ef4f850c]::Trial>::ignorable_test::<<libtest_mimic[1f448eb2ef4f850c]::Trial>::test<integration_test[ebd9988dc50e660f]::main::{closure#0}, alloc[2e1b2a31b91974c5]::string::String>::{closure#0}, alloc[2e1b2a31b91974c5]::string::String>::{closure#0}
[INFO] [stderr]                                at /opt/rustwide/cargo-home/registry/src/index.crates.io-1949cf8c6b5b557f/libtest-mimic-0.8.2/src/lib.rs:153:49
[INFO] [stderr]   21:     0x5ceac2094136 - <<libtest_mimic[1f448eb2ef4f850c]::Trial>::ignorable_test<<libtest_mimic[1f448eb2ef4f850c]::Trial>::test<integration_test[ebd9988dc50e660f]::main::{closure#0}, alloc[2e1b2a31b91974c5]::string::String>::{closure#0}, alloc[2e1b2a31b91974c5]::string::String>::{closure#0} as core[a373ad73a504971]::ops::function::FnOnce<(bool,)>>::call_once::{shim:vtable#0}
[INFO] [stderr]                                at /rustc/e3feeb59cd1bdd011a2bfcc0747b55125d9b8527/library/core/src/ops/function.rs:250:5
[INFO] [stderr]   22:     0x5ceac258656d - <alloc[2e1b2a31b91974c5]::boxed::Box<dyn core[a373ad73a504971]::ops::function::FnOnce<(bool,), Output = libtest_mimic[1f448eb2ef4f850c]::Outcome> + core[a373ad73a504971]::marker::Send> as core[a373ad73a504971]::ops::function::FnOnce<(bool,)>>::call_once
[INFO] [stderr]                                at /rustc/e3feeb59cd1bdd011a2bfcc0747b55125d9b8527/library/alloc/src/boxed.rs:2314:9
[INFO] [stderr]   23:     0x5ceac259a4c0 - libtest_mimic[1f448eb2ef4f850c]::run_single::{closure#0}
[INFO] [stderr]                                at /opt/rustwide/cargo-home/registry/src/index.crates.io-1949cf8c6b5b557f/libtest-mimic-0.8.2/src/lib.rs:619:43
[INFO] [stderr]   24:     0x5ceac2585cf0 - <core[a373ad73a504971]::panic::unwind_safe::AssertUnwindSafe<libtest_mimic[1f448eb2ef4f850c]::run_single::{closure#0}> as core[a373ad73a504971]::ops::function::FnOnce<()>>::call_once
[INFO] [stderr]                                at /rustc/e3feeb59cd1bdd011a2bfcc0747b55125d9b8527/library/core/src/panic/unwind_safe.rs:275:9
[INFO] [stderr]   25:     0x5ceac257c367 - std[617be2ca0a6fd877]::panicking::catch_unwind::do_call::<core[a373ad73a504971]::panic::unwind_safe::AssertUnwindSafe<libtest_mimic[1f448eb2ef4f850c]::run_single::{closure#0}>, libtest_mimic[1f448eb2ef4f850c]::Outcome>
[INFO] [stderr]                                at /rustc/e3feeb59cd1bdd011a2bfcc0747b55125d9b8527/library/std/src/panicking.rs:573:43
[INFO] [stderr]   26:     0x5ceac2592cdb - __rust_try
[INFO] [stderr]   27:     0x5ceac258da9d - std[617be2ca0a6fd877]::panicking::catch_unwind::<libtest_mimic[1f448eb2ef4f850c]::Outcome, core[a373ad73a504971]::panic::unwind_safe::AssertUnwindSafe<libtest_mimic[1f448eb2ef4f850c]::run_single::{closure#0}>>
[INFO] [stderr]                                at /rustc/e3feeb59cd1bdd011a2bfcc0747b55125d9b8527/library/std/src/panicking.rs:541:19
[INFO] [stderr]   28:     0x5ceac258da9d - std[617be2ca0a6fd877]::panic::catch_unwind::<core[a373ad73a504971]::panic::unwind_safe::AssertUnwindSafe<libtest_mimic[1f448eb2ef4f850c]::run_single::{closure#0}>, libtest_mimic[1f448eb2ef4f850c]::Outcome>
[INFO] [stderr]                                at /rustc/e3feeb59cd1bdd011a2bfcc0747b55125d9b8527/library/std/src/panic.rs:359:14
[INFO] [stderr]   29:     0x5ceac259b020 - libtest_mimic[1f448eb2ef4f850c]::run_single
[INFO] [stderr]                                at /opt/rustwide/cargo-home/registry/src/index.crates.io-1949cf8c6b5b557f/libtest-mimic-0.8.2/src/lib.rs:619:5
[INFO] [stderr]   30:     0x5ceac259a281 - libtest_mimic[1f448eb2ef4f850c]::run::{closure#3}::{closure#0}
[INFO] [stderr]                                at /opt/rustwide/cargo-home/registry/src/index.crates.io-1949cf8c6b5b557f/libtest-mimic-0.8.2/src/lib.rs:574:43
[INFO] [stderr]   31:     0x5ceac259d8a6 - std[617be2ca0a6fd877]::sys::backtrace::__rust_begin_short_backtrace::<libtest_mimic[1f448eb2ef4f850c]::run::{closure#3}::{closure#0}, ()>
[INFO] [stderr]                                at /rustc/e3feeb59cd1bdd011a2bfcc0747b55125d9b8527/library/std/src/sys/backtrace.rs:166:18
[INFO] [stderr]   32:     0x5ceac2599fa5 - std[617be2ca0a6fd877]::thread::lifecycle::spawn_unchecked::<libtest_mimic[1f448eb2ef4f850c]::run::{closure#3}::{closure#0}, ()>::{closure#1}::{closure#0}
[INFO] [stderr]                                at /rustc/e3feeb59cd1bdd011a2bfcc0747b55125d9b8527/library/std/src/thread/lifecycle.rs:70:13
[INFO] [stderr]   33:     0x5ceac2585cb1 - <core[a373ad73a504971]::panic::unwind_safe::AssertUnwindSafe<std[617be2ca0a6fd877]::thread::lifecycle::spawn_unchecked<libtest_mimic[1f448eb2ef4f850c]::run::{closure#3}::{closure#0}, ()>::{closure#1}::{closure#0}> as core[a373ad73a504971]::ops::function::FnOnce<()>>::call_once
[INFO] [stderr]                                at /rustc/e3feeb59cd1bdd011a2bfcc0747b55125d9b8527/library/core/src/panic/unwind_safe.rs:275:9
[INFO] [stderr]   34:     0x5ceac257c326 - std[617be2ca0a6fd877]::panicking::catch_unwind::do_call::<core[a373ad73a504971]::panic::unwind_safe::AssertUnwindSafe<std[617be2ca0a6fd877]::thread::lifecycle::spawn_unchecked<libtest_mimic[1f448eb2ef4f850c]::run::{closure#3}::{closure#0}, ()>::{closure#1}::{closure#0}>, ()>
[INFO] [stderr]                                at /rustc/e3feeb59cd1bdd011a2bfcc0747b55125d9b8527/library/std/src/panicking.rs:573:43
[INFO] [stderr]   35:     0x5ceac259cecb - __rust_try
[INFO] [stderr]   36:     0x5ceac2599c77 - std[617be2ca0a6fd877]::panicking::catch_unwind::<(), core[a373ad73a504971]::panic::unwind_safe::AssertUnwindSafe<std[617be2ca0a6fd877]::thread::lifecycle::spawn_unchecked<libtest_mimic[1f448eb2ef4f850c]::run::{closure#3}::{closure#0}, ()>::{closure#1}::{closure#0}>>
[INFO] [stderr]                                at /rustc/e3feeb59cd1bdd011a2bfcc0747b55125d9b8527/library/std/src/panicking.rs:541:19
[INFO] [stderr]   37:     0x5ceac2599c77 - std[617be2ca0a6fd877]::panic::catch_unwind::<core[a373ad73a504971]::panic::unwind_safe::AssertUnwindSafe<std[617be2ca0a6fd877]::thread::lifecycle::spawn_unchecked<libtest_mimic[1f448eb2ef4f850c]::run::{closure#3}::{closure#0}, ()>::{closure#1}::{closure#0}>, ()>
[INFO] [stderr]                                at /rustc/e3feeb59cd1bdd011a2bfcc0747b55125d9b8527/library/std/src/panic.rs:359:14
[INFO] [stderr]   38:     0x5ceac2599c77 - std[617be2ca0a6fd877]::thread::lifecycle::spawn_unchecked::<libtest_mimic[1f448eb2ef4f850c]::run::{closure#3}::{closure#0}, ()>::{closure#1}
[INFO] [stderr]                                at /rustc/e3feeb59cd1bdd011a2bfcc0747b55125d9b8527/library/std/src/thread/lifecycle.rs:68:26
[INFO] [stdout] test BriemHand-Regular ... FAILED
[INFO] [stderr]   39:     0x5ceac2588f2f - <std[617be2ca0a6fd877]::thread::lifecycle::spawn_unchecked<libtest_mimic[1f448eb2ef4f850c]::run::{closure#3}::{closure#0}, ()>::{closure#1} as core[a373ad73a504971]::ops::function::FnOnce<()>>::call_once::{shim:vtable#0}
[INFO] [stderr]                                at /rustc/e3feeb59cd1bdd011a2bfcc0747b55125d9b8527/library/core/src/ops/function.rs:250:5
[INFO] [stderr]   40:     0x5ceac26c483f - <alloc[2e1b2a31b91974c5]::boxed::Box<dyn core[a373ad73a504971]::ops::function::FnOnce<(), Output = ()> + core[a373ad73a504971]::marker::Send> as core[a373ad73a504971]::ops::function::FnOnce<()>>::call_once
[INFO] [stderr]                                at /rustc/e3feeb59cd1bdd011a2bfcc0747b55125d9b8527/library/alloc/src/boxed.rs:2314:9
[INFO] [stderr]   41:     0x5ceac26c483f - <std[617be2ca0a6fd877]::sys::thread::unix::Thread>::new::thread_start
[INFO] [stderr]                                at /rustc/e3feeb59cd1bdd011a2bfcc0747b55125d9b8527/library/std/src/sys/thread/unix.rs:127:17
[INFO] [stderr]   42:     0x7579a0796dfa - <unknown>
[INFO] [stderr]   43:     0x7579a082a3d4 - clone
[INFO] [stderr]   44:                0x0 - <unknown>
[INFO] [stderr] 
[INFO] [stderr] thread '<unnamed>' (932) panicked at tests/integration_test.rs:28:45:
[INFO] [stderr] called `Result::unwrap()` on an `Err` value: Os { code: 30, kind: ReadOnlyFilesystem, message: "Read-only file system" }
[INFO] [stderr] stack backtrace:
[INFO] [stderr]    0:     0x5ceac26c57b1 - std[617be2ca0a6fd877]::backtrace_rs::backtrace::libunwind::trace
[INFO] [stderr]                                at /rustc/e3feeb59cd1bdd011a2bfcc0747b55125d9b8527/library/std/src/../../backtrace/src/backtrace/libunwind.rs:117:9
[INFO] [stderr]    1:     0x5ceac26c57b1 - std[617be2ca0a6fd877]::backtrace_rs::backtrace::trace_unsynchronized::<std[617be2ca0a6fd877]::sys::backtrace::_print_fmt::{closure#1}>
[INFO] [stderr]                                at /rustc/e3feeb59cd1bdd011a2bfcc0747b55125d9b8527/library/std/src/../../backtrace/src/backtrace/mod.rs:66:14
[INFO] [stderr]    2:     0x5ceac26c57b1 - std[617be2ca0a6fd877]::sys::backtrace::_print_fmt
[INFO] [stderr]                                at /rustc/e3feeb59cd1bdd011a2bfcc0747b55125d9b8527/library/std/src/sys/backtrace.rs:74:9
[INFO] [stderr]    3:     0x5ceac26c57b1 - <<std[617be2ca0a6fd877]::sys::backtrace::BacktraceLock>::print::DisplayBacktrace as core[a373ad73a504971]::fmt::Display>::fmt
[INFO] [stderr]                                at /rustc/e3feeb59cd1bdd011a2bfcc0747b55125d9b8527/library/std/src/sys/backtrace.rs:44:26
[INFO] [stderr]    4:     0x5ceac26dd0da - <core[a373ad73a504971]::fmt::rt::Argument>::fmt
[INFO] [stderr]                                at /rustc/e3feeb59cd1bdd011a2bfcc0747b55125d9b8527/library/core/src/fmt/rt.rs:152:76
[INFO] [stderr]    5:     0x5ceac26dd0da - core[a373ad73a504971]::fmt::write
[INFO] [stderr]    6:     0x5ceac26cb9bc - core[a373ad73a504971]::io::write::default_write_fmt::<std[617be2ca0a6fd877]::sys::stdio::unix::Stderr>
[INFO] [stderr]                                at /rustc/e3feeb59cd1bdd011a2bfcc0747b55125d9b8527/library/core/src/io/write.rs:402:11
[INFO] [stderr]    7:     0x5ceac26cb9bc - <std[617be2ca0a6fd877]::sys::stdio::unix::Stderr as core[a373ad73a504971]::io::write::Write>::write_fmt
[INFO] [stderr]                                at /rustc/e3feeb59cd1bdd011a2bfcc0747b55125d9b8527/library/core/src/io/write.rs:335:13
[INFO] [stderr]    8:     0x5ceac26a1cd6 - <std[617be2ca0a6fd877]::sys::backtrace::BacktraceLock>::print
[INFO] [stderr]                                at /rustc/e3feeb59cd1bdd011a2bfcc0747b55125d9b8527/library/std/src/sys/backtrace.rs:47:9
[INFO] [stderr]    9:     0x5ceac26a1cd6 - std[617be2ca0a6fd877]::panicking::default_hook::{closure#0}
[INFO] [stderr]                                at /rustc/e3feeb59cd1bdd011a2bfcc0747b55125d9b8527/library/std/src/panicking.rs:289:27
[INFO] [stderr]   10:     0x5ceac26bd531 - std[617be2ca0a6fd877]::panicking::default_hook
[INFO] [stderr]                                at /rustc/e3feeb59cd1bdd011a2bfcc0747b55125d9b8527/library/std/src/panicking.rs:316:9
[INFO] [stderr]   11:     0x5ceac26bd85b - std[617be2ca0a6fd877]::panicking::panic_with_hook
[INFO] [stderr]                                at /rustc/e3feeb59cd1bdd011a2bfcc0747b55125d9b8527/library/std/src/panicking.rs:811:13
[INFO] [stderr]   12:     0x5ceac26a1d82 - std[617be2ca0a6fd877]::panicking::panic_handler::{closure#0}
[INFO] [stderr]                                at /rustc/e3feeb59cd1bdd011a2bfcc0747b55125d9b8527/library/std/src/panicking.rs:685:13
[INFO] [stderr]   13:     0x5ceac269a699 - std[617be2ca0a6fd877]::sys::backtrace::__rust_end_short_backtrace::<std[617be2ca0a6fd877]::panicking::panic_handler::{closure#0}, !>
[INFO] [stderr]                                at /rustc/e3feeb59cd1bdd011a2bfcc0747b55125d9b8527/library/std/src/sys/backtrace.rs:182:18
[INFO] [stderr]   14:     0x5ceac26a29fd - __rustc[ea4f61d10b84890b]::rust_begin_unwind
[INFO] [stderr]                                at /rustc/e3feeb59cd1bdd011a2bfcc0747b55125d9b8527/library/std/src/panicking.rs:676:5
[INFO] [stderr]   15:     0x5ceac26dd8fc - core[a373ad73a504971]::panicking::panic_fmt
[INFO] [stderr]                                at /rustc/e3feeb59cd1bdd011a2bfcc0747b55125d9b8527/library/core/src/panicking.rs:80:14
[INFO] [stderr]   16:     0x5ceac26dd622 - core[a373ad73a504971]::result::unwrap_failed
[INFO] [stderr]                                at /rustc/e3feeb59cd1bdd011a2bfcc0747b55125d9b8527/library/core/src/result.rs:1870:5
[INFO] [stderr]   17:     0x5ceac209ad63 - <core[a373ad73a504971]::result::Result<(), core[a373ad73a504971]::io::error::Error>>::unwrap
[INFO] [stderr]                                at /rustc/e3feeb59cd1bdd011a2bfcc0747b55125d9b8527/library/core/src/result.rs:1232:23
[INFO] [stderr]   18:     0x5ceac209ad63 - integration_test[ebd9988dc50e660f]::main::{closure#0}
[INFO] [stderr]                                at /opt/rustwide/workdir/tests/integration_test.rs:28:45
[INFO] [stderr]   19:     0x5ceac209a80b - <libtest_mimic[1f448eb2ef4f850c]::Trial>::test::<integration_test[ebd9988dc50e660f]::main::{closure#0}, alloc[2e1b2a31b91974c5]::string::String>::{closure#0}
[INFO] [stderr]                                at /opt/rustwide/cargo-home/registry/src/index.crates.io-1949cf8c6b5b557f/libtest-mimic-0.8.2/src/lib.rs:139:39
[INFO] [stderr]   20:     0x5ceac209a6f9 - <libtest_mimic[1f448eb2ef4f850c]::Trial>::ignorable_test::<<libtest_mimic[1f448eb2ef4f850c]::Trial>::test<integration_test[ebd9988dc50e660f]::main::{closure#0}, alloc[2e1b2a31b91974c5]::string::String>::{closure#0}, alloc[2e1b2a31b91974c5]::string::String>::{closure#0}
[INFO] [stderr]                                at /opt/rustwide/cargo-home/registry/src/index.crates.io-1949cf8c6b5b557f/libtest-mimic-0.8.2/src/lib.rs:153:49
[INFO] [stderr]   21:     0x5ceac2094136 - <<libtest_mimic[1f448eb2ef4f850c]::Trial>::ignorable_test<<libtest_mimic[1f448eb2ef4f850c]::Trial>::test<integration_test[ebd9988dc50e660f]::main::{closure#0}, alloc[2e1b2a31b91974c5]::string::String>::{closure#0}, alloc[2e1b2a31b91974c5]::string::String>::{closure#0} as core[a373ad73a504971]::ops::function::FnOnce<(bool,)>>::call_once::{shim:vtable#0}
[INFO] [stderr]                                at /rustc/e3feeb59cd1bdd011a2bfcc0747b55125d9b8527/library/core/src/ops/function.rs:250:5
[INFO] [stderr]   22:     0x5ceac258656d - <alloc[2e1b2a31b91974c5]::boxed::Box<dyn core[a373ad73a504971]::ops::function::FnOnce<(bool,), Output = libtest_mimic[1f448eb2ef4f850c]::Outcome> + core[a373ad73a504971]::marker::Send> as core[a373ad73a504971]::ops::function::FnOnce<(bool,)>>::call_once
[INFO] [stderr]                                at /rustc/e3feeb59cd1bdd011a2bfcc0747b55125d9b8527/library/alloc/src/boxed.rs:2314:9
[INFO] [stderr]   23:     0x5ceac259a4c0 - libtest_mimic[1f448eb2ef4f850c]::run_single::{closure#0}
[INFO] [stderr]                                at /opt/rustwide/cargo-home/registry/src/index.crates.io-1949cf8c6b5b557f/libtest-mimic-0.8.2/src/lib.rs:619:43
[INFO] [stderr]   24:     0x5ceac2585cf0 - <core[a373ad73a504971]::panic::unwind_safe::AssertUnwindSafe<libtest_mimic[1f448eb2ef4f850c]::run_single::{closure#0}> as core[a373ad73a504971]::ops::function::FnOnce<()>>::call_once
[INFO] [stderr]                                at /rustc/e3feeb59cd1bdd011a2bfcc0747b55125d9b8527/library/core/src/panic/unwind_safe.rs:275:9
[INFO] [stderr]   25:     0x5ceac257c367 - std[617be2ca0a6fd877]::panicking::catch_unwind::do_call::<core[a373ad73a504971]::panic::unwind_safe::AssertUnwindSafe<libtest_mimic[1f448eb2ef4f850c]::run_single::{closure#0}>, libtest_mimic[1f448eb2ef4f850c]::Outcome>
[INFO] [stderr]                                at /rustc/e3feeb59cd1bdd011a2bfcc0747b55125d9b8527/library/std/src/panicking.rs:573:43
[INFO] [stderr]   26:     0x5ceac2592cdb - __rust_try
[INFO] [stderr]   27:     0x5ceac258da9d - std[617be2ca0a6fd877]::panicking::catch_unwind::<libtest_mimic[1f448eb2ef4f850c]::Outcome, core[a373ad73a504971]::panic::unwind_safe::AssertUnwindSafe<libtest_mimic[1f448eb2ef4f850c]::run_single::{closure#0}>>
[INFO] [stderr]                                at /rustc/e3feeb59cd1bdd011a2bfcc0747b55125d9b8527/library/std/src/panicking.rs:541:19
[INFO] [stderr]   28:     0x5ceac258da9d - std[617be2ca0a6fd877]::panic::catch_unwind::<core[a373ad73a504971]::panic::unwind_safe::AssertUnwindSafe<libtest_mimic[1f448eb2ef4f850c]::run_single::{closure#0}>, libtest_mimic[1f448eb2ef4f850c]::Outcome>
[INFO] [stderr]                                at /rustc/e3feeb59cd1bdd011a2bfcc0747b55125d9b8527/library/std/src/panic.rs:359:14
[INFO] [stderr]   29:     0x5ceac259b020 - libtest_mimic[1f448eb2ef4f850c]::run_single
[INFO] [stderr]                                at /opt/rustwide/cargo-home/registry/src/index.crates.io-1949cf8c6b5b557f/libtest-mimic-0.8.2/src/lib.rs:619:5
[INFO] [stderr]   30:     0x5ceac259a281 - libtest_mimic[1f448eb2ef4f850c]::run::{closure#3}::{closure#0}
[INFO] [stderr]                                at /opt/rustwide/cargo-home/registry/src/index.crates.io-1949cf8c6b5b557f/libtest-mimic-0.8.2/src/lib.rs:574:43
[INFO] [stderr]   31:     0x5ceac259d8a6 - std[617be2ca0a6fd877]::sys::backtrace::__rust_begin_short_backtrace::<libtest_mimic[1f448eb2ef4f850c]::run::{closure#3}::{closure#0}, ()>
[INFO] [stderr]                                at /rustc/e3feeb59cd1bdd011a2bfcc0747b55125d9b8527/library/std/src/sys/backtrace.rs:166:18
[INFO] [stderr]   32:     0x5ceac2599fa5 - std[617be2ca0a6fd877]::thread::lifecycle::spawn_unchecked::<libtest_mimic[1f448eb2ef4f850c]::run::{closure#3}::{closure#0}, ()>::{closure#1}::{closure#0}
[INFO] [stderr]                                at /rustc/e3feeb59cd1bdd011a2bfcc0747b55125d9b8527/library/std/src/thread/lifecycle.rs:70:13
[INFO] [stderr]   33:     0x5ceac2585cb1 - <core[a373ad73a504971]::panic::unwind_safe::AssertUnwindSafe<std[617be2ca0a6fd877]::thread::lifecycle::spawn_unchecked<libtest_mimic[1f448eb2ef4f850c]::run::{closure#3}::{closure#0}, ()>::{closure#1}::{closure#0}> as core[a373ad73a504971]::ops::function::FnOnce<()>>::call_once
[INFO] [stderr]                                at /rustc/e3feeb59cd1bdd011a2bfcc0747b55125d9b8527/library/core/src/panic/unwind_safe.rs:275:9
[INFO] [stderr]   34:     0x5ceac257c326 - std[617be2ca0a6fd877]::panicking::catch_unwind::do_call::<core[a373ad73a504971]::panic::unwind_safe::AssertUnwindSafe<std[617be2ca0a6fd877]::thread::lifecycle::spawn_unchecked<libtest_mimic[1f448eb2ef4f850c]::run::{closure#3}::{closure#0}, ()>::{closure#1}::{closure#0}>, ()>
[INFO] [stderr]                                at /rustc/e3feeb59cd1bdd011a2bfcc0747b55125d9b8527/library/std/src/panicking.rs:573:43
[INFO] [stderr]   35:     0x5ceac259cecb - __rust_try
[INFO] [stderr]   36:     0x5ceac2599c77 - std[617be2ca0a6fd877]::panicking::catch_unwind::<(), core[a373ad73a504971]::panic::unwind_safe::AssertUnwindSafe<std[617be2ca0a6fd877]::thread::lifecycle::spawn_unchecked<libtest_mimic[1f448eb2ef4f850c]::run::{closure#3}::{closure#0}, ()>::{closure#1}::{closure#0}>>
[INFO] [stdout] test NotoSans-Tiny     ... FAILED
[INFO] [stderr]                                at /rustc/e3feeb59cd1bdd011a2bfcc0747b55125d9b8527/library/std/src/panicking.rs:541:19
[INFO] [stderr]   37:     0x5ceac2599c77 - std[617be2ca0a6fd877]::panic::catch_unwind::<core[a373ad73a504971]::panic::unwind_safe::AssertUnwindSafe<std[617be2ca0a6fd877]::thread::lifecycle::spawn_unchecked<libtest_mimic[1f448eb2ef4f850c]::run::{closure#3}::{closure#0}, ()>::{closure#1}::{closure#0}>, ()>
[INFO] [stderr]                                at /rustc/e3feeb59cd1bdd011a2bfcc0747b55125d9b8527/library/std/src/panic.rs:359:14
[INFO] [stderr]   38:     0x5ceac2599c77 - std[617be2ca0a6fd877]::thread::lifecycle::spawn_unchecked::<libtest_mimic[1f448eb2ef4f850c]::run::{closure#3}::{closure#0}, ()>::{closure#1}
[INFO] [stderr]                                at /rustc/e3feeb59cd1bdd011a2bfcc0747b55125d9b8527/library/std/src/thread/lifecycle.rs:68:26
[INFO] [stderr]   39:     0x5ceac2588f2f - <std[617be2ca0a6fd877]::thread::lifecycle::spawn_unchecked<libtest_mimic[1f448eb2ef4f850c]::run::{closure#3}::{closure#0}, ()>::{closure#1} as core[a373ad73a504971]::ops::function::FnOnce<()>>::call_once::{shim:vtable#0}
[INFO] [stderr]                                at /rustc/e3feeb59cd1bdd011a2bfcc0747b55125d9b8527/library/core/src/ops/function.rs:250:5
[INFO] [stderr]   40:     0x5ceac26c483f - <alloc[2e1b2a31b91974c5]::boxed::Box<dyn core[a373ad73a504971]::ops::function::FnOnce<(), Output = ()> + core[a373ad73a504971]::marker::Send> as core[a373ad73a504971]::ops::function::FnOnce<()>>::call_once
[INFO] [stderr]                                at /rustc/e3feeb59cd1bdd011a2bfcc0747b55125d9b8527/library/alloc/src/boxed.rs:2314:9
[INFO] [stderr]   41:     0x5ceac26c483f - <std[617be2ca0a6fd877]::sys::thread::unix::Thread>::new::thread_start
[INFO] [stderr]                                at /rustc/e3feeb59cd1bdd011a2bfcc0747b55125d9b8527/library/std/src/sys/thread/unix.rs:127:17
[INFO] [stderr]   42:     0x7579a0796dfa - <unknown>
[INFO] [stderr]   43:     0x7579a082a3d4 - clone
[INFO] [stderr]   44:                0x0 - <unknown>
[INFO] [stderr] 
[INFO] [stderr] thread '<unnamed>' (938) panicked at tests/integration_test.rs:28:45:
[INFO] [stderr] called `Result::unwrap()` on an `Err` value: Os { code: 30, kind: ReadOnlyFilesystem, message: "Read-only file system" }
[INFO] [stderr] stack backtrace:
[INFO] [stderr]    0:     0x5ceac26c57b1 - std[617be2ca0a6fd877]::backtrace_rs::backtrace::libunwind::trace
[INFO] [stderr]                                at /rustc/e3feeb59cd1bdd011a2bfcc0747b55125d9b8527/library/std/src/../../backtrace/src/backtrace/libunwind.rs:117:9
[INFO] [stderr]    1:     0x5ceac26c57b1 - std[617be2ca0a6fd877]::backtrace_rs::backtrace::trace_unsynchronized::<std[617be2ca0a6fd877]::sys::backtrace::_print_fmt::{closure#1}>
[INFO] [stderr]                                at /rustc/e3feeb59cd1bdd011a2bfcc0747b55125d9b8527/library/std/src/../../backtrace/src/backtrace/mod.rs:66:14
[INFO] [stderr]    2:     0x5ceac26c57b1 - std[617be2ca0a6fd877]::sys::backtrace::_print_fmt
[INFO] [stderr]                                at /rustc/e3feeb59cd1bdd011a2bfcc0747b55125d9b8527/library/std/src/sys/backtrace.rs:74:9
[INFO] [stderr]    3:     0x5ceac26c57b1 - <<std[617be2ca0a6fd877]::sys::backtrace::BacktraceLock>::print::DisplayBacktrace as core[a373ad73a504971]::fmt::Display>::fmt
[INFO] [stderr]                                at /rustc/e3feeb59cd1bdd011a2bfcc0747b55125d9b8527/library/std/src/sys/backtrace.rs:44:26
[INFO] [stderr]    4:     0x5ceac26dd0da - <core[a373ad73a504971]::fmt::rt::Argument>::fmt
[INFO] [stderr]                                at /rustc/e3feeb59cd1bdd011a2bfcc0747b55125d9b8527/library/core/src/fmt/rt.rs:152:76
[INFO] [stderr]    5:     0x5ceac26dd0da - core[a373ad73a504971]::fmt::write
[INFO] [stderr]    6:     0x5ceac26cb9bc - core[a373ad73a504971]::io::write::default_write_fmt::<std[617be2ca0a6fd877]::sys::stdio::unix::Stderr>
[INFO] [stderr]                                at /rustc/e3feeb59cd1bdd011a2bfcc0747b55125d9b8527/library/core/src/io/write.rs:402:11
[INFO] [stderr]    7:     0x5ceac26cb9bc - <std[617be2ca0a6fd877]::sys::stdio::unix::Stderr as core[a373ad73a504971]::io::write::Write>::write_fmt
[INFO] [stderr]                                at /rustc/e3feeb59cd1bdd011a2bfcc0747b55125d9b8527/library/core/src/io/write.rs:335:13
[INFO] [stderr]    8:     0x5ceac26a1cd6 - <std[617be2ca0a6fd877]::sys::backtrace::BacktraceLock>::print
[INFO] [stderr]                                at /rustc/e3feeb59cd1bdd011a2bfcc0747b55125d9b8527/library/std/src/sys/backtrace.rs:47:9
[INFO] [stderr]    9:     0x5ceac26a1cd6 - std[617be2ca0a6fd877]::panicking::default_hook::{closure#0}
[INFO] [stderr]                                at /rustc/e3feeb59cd1bdd011a2bfcc0747b55125d9b8527/library/std/src/panicking.rs:289:27
[INFO] [stderr]   10:     0x5ceac26bd531 - std[617be2ca0a6fd877]::panicking::default_hook
[INFO] [stderr]                                at /rustc/e3feeb59cd1bdd011a2bfcc0747b55125d9b8527/library/std/src/panicking.rs:316:9
[INFO] [stderr]   11:     0x5ceac26bd85b - std[617be2ca0a6fd877]::panicking::panic_with_hook
[INFO] [stderr]                                at /rustc/e3feeb59cd1bdd011a2bfcc0747b55125d9b8527/library/std/src/panicking.rs:811:13
[INFO] [stderr]   12:     0x5ceac26a1d82 - std[617be2ca0a6fd877]::panicking::panic_handler::{closure#0}
[INFO] [stderr]                                at /rustc/e3feeb59cd1bdd011a2bfcc0747b55125d9b8527/library/std/src/panicking.rs:685:13
[INFO] [stderr]   13:     0x5ceac269a699 - std[617be2ca0a6fd877]::sys::backtrace::__rust_end_short_backtrace::<std[617be2ca0a6fd877]::panicking::panic_handler::{closure#0}, !>
[INFO] [stderr]                                at /rustc/e3feeb59cd1bdd011a2bfcc0747b55125d9b8527/library/std/src/sys/backtrace.rs:182:18
[INFO] [stderr]   14:     0x5ceac26a29fd - __rustc[ea4f61d10b84890b]::rust_begin_unwind
[INFO] [stderr]                                at /rustc/e3feeb59cd1bdd011a2bfcc0747b55125d9b8527/library/std/src/panicking.rs:676:5
[INFO] [stderr]   15:     0x5ceac26dd8fc - core[a373ad73a504971]::panicking::panic_fmt
[INFO] [stderr]                                at /rustc/e3feeb59cd1bdd011a2bfcc0747b55125d9b8527/library/core/src/panicking.rs:80:14
[INFO] [stderr]   16:     0x5ceac26dd622 - core[a373ad73a504971]::result::unwrap_failed
[INFO] [stderr]                                at /rustc/e3feeb59cd1bdd011a2bfcc0747b55125d9b8527/library/core/src/result.rs:1870:5
[INFO] [stderr]   17:     0x5ceac209ad63 - <core[a373ad73a504971]::result::Result<(), core[a373ad73a504971]::io::error::Error>>::unwrap
[INFO] [stderr]                                at /rustc/e3feeb59cd1bdd011a2bfcc0747b55125d9b8527/library/core/src/result.rs:1232:23
[INFO] [stderr]   18:     0x5ceac209ad63 - integration_test[ebd9988dc50e660f]::main::{closure#0}
[INFO] [stderr]                                at /opt/rustwide/workdir/tests/integration_test.rs:28:45
[INFO] [stderr]   19:     0x5ceac209a80b - <libtest_mimic[1f448eb2ef4f850c]::Trial>::test::<integration_test[ebd9988dc50e660f]::main::{closure#0}, alloc[2e1b2a31b91974c5]::string::String>::{closure#0}
[INFO] [stderr]                                at /opt/rustwide/cargo-home/registry/src/index.crates.io-1949cf8c6b5b557f/libtest-mimic-0.8.2/src/lib.rs:139:39
[INFO] [stderr]   20:     0x5ceac209a6f9 - <libtest_mimic[1f448eb2ef4f850c]::Trial>::ignorable_test::<<libtest_mimic[1f448eb2ef4f850c]::Trial>::test<integration_test[ebd9988dc50e660f]::main::{closure#0}, alloc[2e1b2a31b91974c5]::string::String>::{closure#0}, alloc[2e1b2a31b91974c5]::string::String>::{closure#0}
[INFO] [stderr]                                at /opt/rustwide/cargo-home/registry/src/index.crates.io-1949cf8c6b5b557f/libtest-mimic-0.8.2/src/lib.rs:153:49
[INFO] [stderr]   21:     0x5ceac2094136 - <<libtest_mimic[1f448eb2ef4f850c]::Trial>::ignorable_test<<libtest_mimic[1f448eb2ef4f850c]::Trial>::test<integration_test[ebd9988dc50e660f]::main::{closure#0}, alloc[2e1b2a31b91974c5]::string::String>::{closure#0}, alloc[2e1b2a31b91974c5]::string::String>::{closure#0} as core[a373ad73a504971]::ops::function::FnOnce<(bool,)>>::call_once::{shim:vtable#0}
[INFO] [stderr]                                at /rustc/e3feeb59cd1bdd011a2bfcc0747b55125d9b8527/library/core/src/ops/function.rs:250:5
[INFO] [stderr]   22:     0x5ceac258656d - <alloc[2e1b2a31b91974c5]::boxed::Box<dyn core[a373ad73a504971]::ops::function::FnOnce<(bool,), Output = libtest_mimic[1f448eb2ef4f850c]::Outcome> + core[a373ad73a504971]::marker::Send> as core[a373ad73a504971]::ops::function::FnOnce<(bool,)>>::call_once
[INFO] [stderr]                                at /rustc/e3feeb59cd1bdd011a2bfcc0747b55125d9b8527/library/alloc/src/boxed.rs:2314:9
[INFO] [stderr]   23:     0x5ceac259a4c0 - libtest_mimic[1f448eb2ef4f850c]::run_single::{closure#0}
[INFO] [stderr]                                at /opt/rustwide/cargo-home/registry/src/index.crates.io-1949cf8c6b5b557f/libtest-mimic-0.8.2/src/lib.rs:619:43
[INFO] [stderr]   24:     0x5ceac2585cf0 - <core[a373ad73a504971]::panic::unwind_safe::AssertUnwindSafe<libtest_mimic[1f448eb2ef4f850c]::run_single::{closure#0}> as core[a373ad73a504971]::ops::function::FnOnce<()>>::call_once
[INFO] [stderr]                                at /rustc/e3feeb59cd1bdd011a2bfcc0747b55125d9b8527/library/core/src/panic/unwind_safe.rs:275:9
[INFO] [stderr]   25:     0x5ceac257c367 - std[617be2ca0a6fd877]::panicking::catch_unwind::do_call::<core[a373ad73a504971]::panic::unwind_safe::AssertUnwindSafe<libtest_mimic[1f448eb2ef4f850c]::run_single::{closure#0}>, libtest_mimic[1f448eb2ef4f850c]::Outcome>
[INFO] [stderr]                                at /rustc/e3feeb59cd1bdd011a2bfcc0747b55125d9b8527/library/std/src/panicking.rs:573:43
[INFO] [stderr]   26:     0x5ceac2592cdb - __rust_try
[INFO] [stderr]   27:     0x5ceac258da9d - std[617be2ca0a6fd877]::panicking::catch_unwind::<libtest_mimic[1f448eb2ef4f850c]::Outcome, core[a373ad73a504971]::panic::unwind_safe::AssertUnwindSafe<libtest_mimic[1f448eb2ef4f850c]::run_single::{closure#0}>>
[INFO] [stderr]                                at /rustc/e3feeb59cd1bdd011a2bfcc0747b55125d9b8527/library/std/src/panicking.rs:541:19
[INFO] [stderr]   28:     0x5ceac258da9d - std[617be2ca0a6fd877]::panic::catch_unwind::<core[a373ad73a504971]::panic::unwind_safe::AssertUnwindSafe<libtest_mimic[1f448eb2ef4f850c]::run_single::{closure#0}>, libtest_mimic[1f448eb2ef4f850c]::Outcome>
[INFO] [stderr]                                at /rustc/e3feeb59cd1bdd011a2bfcc0747b55125d9b8527/library/std/src/panic.rs:359:14
[INFO] [stderr]   29:     0x5ceac259b020 - libtest_mimic[1f448eb2ef4f850c]::run_single
[INFO] [stderr]                                at /opt/rustwide/cargo-home/registry/src/index.crates.io-1949cf8c6b5b557f/libtest-mimic-0.8.2/src/lib.rs:619:5
[INFO] [stderr]   30:     0x5ceac259a281 - libtest_mimic[1f448eb2ef4f850c]::run::{closure#3}::{closure#0}
[INFO] [stderr]                                at /opt/rustwide/cargo-home/registry/src/index.crates.io-1949cf8c6b5b557f/libtest-mimic-0.8.2/src/lib.rs:574:43
[INFO] [stderr]   31:     0x5ceac259d8a6 - std[617be2ca0a6fd877]::sys::backtrace::__rust_begin_short_backtrace::<libtest_mimic[1f448eb2ef4f850c]::run::{closure#3}::{closure#0}, ()>
[INFO] [stderr]                                at /rustc/e3feeb59cd1bdd011a2bfcc0747b55125d9b8527/library/std/src/sys/backtrace.rs:166:18
[INFO] [stderr]   32:     0x5ceac2599fa5 - std[617be2ca0a6fd877]::thread::lifecycle::spawn_unchecked::<libtest_mimic[1f448eb2ef4f850c]::run::{closure#3}::{closure#0}, ()>::{closure#1}::{closure#0}
[INFO] [stderr]                                at /rustc/e3feeb59cd1bdd011a2bfcc0747b55125d9b8527/library/std/src/thread/lifecycle.rs:70:13
[INFO] [stderr]   33:     0x5ceac2585cb1 - <core[a373ad73a504971]::panic::unwind_safe::AssertUnwindSafe<std[617be2ca0a6fd877]::thread::lifecycle::spawn_unchecked<libtest_mimic[1f448eb2ef4f850c]::run::{closure#3}::{closure#0}, ()>::{closure#1}::{closure#0}> as core[a373ad73a504971]::ops::function::FnOnce<()>>::call_once
[INFO] [stderr]                                at /rustc/e3feeb59cd1bdd011a2bfcc0747b55125d9b8527/library/core/src/panic/unwind_safe.rs:275:9
[INFO] [stderr]   34:     0x5ceac257c326 - std[617be2ca0a6fd877]::panicking::catch_unwind::do_call::<core[a373ad73a504971]::panic::unwind_safe::AssertUnwindSafe<std[617be2ca0a6fd877]::thread::lifecycle::spawn_unchecked<libtest_mimic[1f448eb2ef4f850c]::run::{closure#3}::{closure#0}, ()>::{closure#1}::{closure#0}>, ()>
[INFO] [stderr]                                at /rustc/e3feeb59cd1bdd011a2bfcc0747b55125d9b8527/library/std/src/panicking.rs:573:43
[INFO] [stderr]   35:     0x5ceac259cecb - __rust_try
[INFO] [stderr]   36:     0x5ceac2599c77 - std[617be2ca0a6fd877]::panicking::catch_unwind::<(), core[a373ad73a504971]::panic::unwind_safe::AssertUnwindSafe<std[617be2ca0a6fd877]::thread::lifecycle::spawn_unchecked<libtest_mimic[1f448eb2ef4f850c]::run::{closure#3}::{closure#0}, ()>::{closure#1}::{closure#0}>>
[INFO] [stderr]                                at /rustc/e3feeb59cd1bdd011a2bfcc0747b55125d9b8527/library/std/src/panicking.rs:541:19
[INFO] [stderr]   37:     0x5ceac2599c77 - std[617be2ca0a6fd877]::panic::catch_unwind::<core[a373ad73a504971]::panic::unwind_safe::AssertUnwindSafe<std[617be2ca0a6fd877]::thread::lifecycle::spawn_unchecked<libtest_mimic[1f448eb2ef4f850c]::run::{closure#3}::{closure#0}, ()>::{closure#1}::{closure#0}>, ()>
[INFO] [stderr]                                at /rustc/e3feeb59cd1bdd011a2bfcc0747b55125d9b8527/library/std/src/panic.rs:359:14
[INFO] [stderr]   38:     0x5ceac2599c77 - std[617be2ca0a6fd877]::thread::lifecycle::spawn_unchecked::<libtest_mimic[1f448eb2ef4f850c]::run::{closure#3}::{closure#0}, ()>::{closure#1}
[INFO] [stderr]                                at /rustc/e3feeb59cd1bdd011a2bfcc0747b55125d9b8527/library/std/src/thread/lifecycle.rs:68:26
[INFO] [stderr]   39:     0x5ceac2588f2f - <std[617be2ca0a6fd877]::thread::lifecycle::spawn_unchecked<libtest_mimic[1f448eb2ef4f850c]::run::{closure#3}::{closure#0}, ()>::{closure#1} as core[a373ad73a504971]::ops::function::FnOnce<()>>::call_once::{shim:vtable#0}
[INFO] [stderr]                                at /rustc/e3feeb59cd1bdd011a2bfcc0747b55125d9b8527/library/core/src/ops/function.rs:250:5
[INFO] [stdout] test Sluggly-Regular   ... FAILED
[INFO] [stderr]   40:     0x5ceac26c483f - <alloc[2e1b2a31b91974c5]::boxed::Box<dyn core[a373ad73a504971]::ops::function::FnOnce<(), Output = ()> + core[a373ad73a504971]::marker::Send> as core[a373ad73a504971]::ops::function::FnOnce<()>>::call_once
[INFO] [stderr]                                at /rustc/e3feeb59cd1bdd011a2bfcc0747b55125d9b8527/library/alloc/src/boxed.rs:2314:9
[INFO] [stderr]   41:     0x5ceac26c483f - <std[617be2ca0a6fd877]::sys::thread::unix::Thread>::new::thread_start
[INFO] [stderr]                                at /rustc/e3feeb59cd1bdd011a2bfcc0747b55125d9b8527/library/std/src/sys/thread/unix.rs:127:17
[INFO] [stderr]   42:     0x7579a0796dfa - <unknown>
[INFO] [stderr]   43:     0x7579a082a3d4 - clone
[INFO] [stderr]   44:                0x0 - <unknown>
[INFO] [stderr] 
[INFO] [stderr] thread '<unnamed>' (934) panicked at tests/integration_test.rs:28:45:
[INFO] [stderr] called `Result::unwrap()` on an `Err` value: Os { code: 30, kind: ReadOnlyFilesystem, message: "Read-only file system" }
[INFO] [stderr] stack backtrace:
[INFO] [stderr]    0:     0x5ceac26c57b1 - std[617be2ca0a6fd877]::backtrace_rs::backtrace::libunwind::trace
[INFO] [stderr]                                at /rustc/e3feeb59cd1bdd011a2bfcc0747b55125d9b8527/library/std/src/../../backtrace/src/backtrace/libunwind.rs:117:9
[INFO] [stderr]    1:     0x5ceac26c57b1 - std[617be2ca0a6fd877]::backtrace_rs::backtrace::trace_unsynchronized::<std[617be2ca0a6fd877]::sys::backtrace::_print_fmt::{closure#1}>
[INFO] [stderr]                                at /rustc/e3feeb59cd1bdd011a2bfcc0747b55125d9b8527/library/std/src/../../backtrace/src/backtrace/mod.rs:66:14
[INFO] [stderr]    2:     0x5ceac26c57b1 - std[617be2ca0a6fd877]::sys::backtrace::_print_fmt
[INFO] [stderr]                                at /rustc/e3feeb59cd1bdd011a2bfcc0747b55125d9b8527/library/std/src/sys/backtrace.rs:74:9
[INFO] [stderr]    3:     0x5ceac26c57b1 - <<std[617be2ca0a6fd877]::sys::backtrace::BacktraceLock>::print::DisplayBacktrace as core[a373ad73a504971]::fmt::Display>::fmt
[INFO] [stderr]                                at /rustc/e3feeb59cd1bdd011a2bfcc0747b55125d9b8527/library/std/src/sys/backtrace.rs:44:26
[INFO] [stderr]    4:     0x5ceac26dd0da - <core[a373ad73a504971]::fmt::rt::Argument>::fmt
[INFO] [stderr]                                at /rustc/e3feeb59cd1bdd011a2bfcc0747b55125d9b8527/library/core/src/fmt/rt.rs:152:76
[INFO] [stderr]    5:     0x5ceac26dd0da - core[a373ad73a504971]::fmt::write
[INFO] [stderr]    6:     0x5ceac26cb9bc - core[a373ad73a504971]::io::write::default_write_fmt::<std[617be2ca0a6fd877]::sys::stdio::unix::Stderr>
[INFO] [stderr]                                at /rustc/e3feeb59cd1bdd011a2bfcc0747b55125d9b8527/library/core/src/io/write.rs:402:11
[INFO] [stderr]    7:     0x5ceac26cb9bc - <std[617be2ca0a6fd877]::sys::stdio::unix::Stderr as core[a373ad73a504971]::io::write::Write>::write_fmt
[INFO] [stderr]                                at /rustc/e3feeb59cd1bdd011a2bfcc0747b55125d9b8527/library/core/src/io/write.rs:335:13
[INFO] [stderr]    8:     0x5ceac26a1cd6 - <std[617be2ca0a6fd877]::sys::backtrace::BacktraceLock>::print
[INFO] [stderr]                                at /rustc/e3feeb59cd1bdd011a2bfcc0747b55125d9b8527/library/std/src/sys/backtrace.rs:47:9
[INFO] [stderr]    9:     0x5ceac26a1cd6 - std[617be2ca0a6fd877]::panicking::default_hook::{closure#0}
[INFO] [stderr]                                at /rustc/e3feeb59cd1bdd011a2bfcc0747b55125d9b8527/library/std/src/panicking.rs:289:27
[INFO] [stderr]   10:     0x5ceac26bd531 - std[617be2ca0a6fd877]::panicking::default_hook
[INFO] [stderr]                                at /rustc/e3feeb59cd1bdd011a2bfcc0747b55125d9b8527/library/std/src/panicking.rs:316:9
[INFO] [stderr]   11:     0x5ceac26bd85b - std[617be2ca0a6fd877]::panicking::panic_with_hook
[INFO] [stderr]                                at /rustc/e3feeb59cd1bdd011a2bfcc0747b55125d9b8527/library/std/src/panicking.rs:811:13
[INFO] [stderr]   12:     0x5ceac26a1d82 - std[617be2ca0a6fd877]::panicking::panic_handler::{closure#0}
[INFO] [stderr]                                at /rustc/e3feeb59cd1bdd011a2bfcc0747b55125d9b8527/library/std/src/panicking.rs:685:13
[INFO] [stderr]   13:     0x5ceac269a699 - std[617be2ca0a6fd877]::sys::backtrace::__rust_end_short_backtrace::<std[617be2ca0a6fd877]::panicking::panic_handler::{closure#0}, !>
[INFO] [stderr]                                at /rustc/e3feeb59cd1bdd011a2bfcc0747b55125d9b8527/library/std/src/sys/backtrace.rs:182:18
[INFO] [stderr]   14:     0x5ceac26a29fd - __rustc[ea4f61d10b84890b]::rust_begin_unwind
[INFO] [stderr]                                at /rustc/e3feeb59cd1bdd011a2bfcc0747b55125d9b8527/library/std/src/panicking.rs:676:5
[INFO] [stderr]   15:     0x5ceac26dd8fc - core[a373ad73a504971]::panicking::panic_fmt
[INFO] [stderr]                                at /rustc/e3feeb59cd1bdd011a2bfcc0747b55125d9b8527/library/core/src/panicking.rs:80:14
[INFO] [stderr]   16:     0x5ceac26dd622 - core[a373ad73a504971]::result::unwrap_failed
[INFO] [stderr]                                at /rustc/e3feeb59cd1bdd011a2bfcc0747b55125d9b8527/library/core/src/result.rs:1870:5
[INFO] [stderr]   17:     0x5ceac209ad63 - <core[a373ad73a504971]::result::Result<(), core[a373ad73a504971]::io::error::Error>>::unwrap
[INFO] [stderr]                                at /rustc/e3feeb59cd1bdd011a2bfcc0747b55125d9b8527/library/core/src/result.rs:1232:23
[INFO] [stderr]   18:     0x5ceac209ad63 - integration_test[ebd9988dc50e660f]::main::{closure#0}
[INFO] [stderr]                                at /opt/rustwide/workdir/tests/integration_test.rs:28:45
[INFO] [stderr]   19:     0x5ceac209a80b - <libtest_mimic[1f448eb2ef4f850c]::Trial>::test::<integration_test[ebd9988dc50e660f]::main::{closure#0}, alloc[2e1b2a31b91974c5]::string::String>::{closure#0}
[INFO] [stderr]                                at /opt/rustwide/cargo-home/registry/src/index.crates.io-1949cf8c6b5b557f/libtest-mimic-0.8.2/src/lib.rs:139:39
[INFO] [stderr]   20:     0x5ceac209a6f9 - <libtest_mimic[1f448eb2ef4f850c]::Trial>::ignorable_test::<<libtest_mimic[1f448eb2ef4f850c]::Trial>::test<integration_test[ebd9988dc50e660f]::main::{closure#0}, alloc[2e1b2a31b91974c5]::string::String>::{closure#0}, alloc[2e1b2a31b91974c5]::string::String>::{closure#0}
[INFO] [stderr]                                at /opt/rustwide/cargo-home/registry/src/index.crates.io-1949cf8c6b5b557f/libtest-mimic-0.8.2/src/lib.rs:153:49
[INFO] [stderr]   21:     0x5ceac2094136 - <<libtest_mimic[1f448eb2ef4f850c]::Trial>::ignorable_test<<libtest_mimic[1f448eb2ef4f850c]::Trial>::test<integration_test[ebd9988dc50e660f]::main::{closure#0}, alloc[2e1b2a31b91974c5]::string::String>::{closure#0}, alloc[2e1b2a31b91974c5]::string::String>::{closure#0} as core[a373ad73a504971]::ops::function::FnOnce<(bool,)>>::call_once::{shim:vtable#0}
[INFO] [stderr]                                at /rustc/e3feeb59cd1bdd011a2bfcc0747b55125d9b8527/library/core/src/ops/function.rs:250:5
[INFO] [stderr]   22:     0x5ceac258656d - <alloc[2e1b2a31b91974c5]::boxed::Box<dyn core[a373ad73a504971]::ops::function::FnOnce<(bool,), Output = libtest_mimic[1f448eb2ef4f850c]::Outcome> + core[a373ad73a504971]::marker::Send> as core[a373ad73a504971]::ops::function::FnOnce<(bool,)>>::call_once
[INFO] [stderr]                                at /rustc/e3feeb59cd1bdd011a2bfcc0747b55125d9b8527/library/alloc/src/boxed.rs:2314:9
[INFO] [stderr]   23:     0x5ceac259a4c0 - libtest_mimic[1f448eb2ef4f850c]::run_single::{closure#0}
[INFO] [stderr]                                at /opt/rustwide/cargo-home/registry/src/index.crates.io-1949cf8c6b5b557f/libtest-mimic-0.8.2/src/lib.rs:619:43
[INFO] [stderr]   24:     0x5ceac2585cf0 - <core[a373ad73a504971]::panic::unwind_safe::AssertUnwindSafe<libtest_mimic[1f448eb2ef4f850c]::run_single::{closure#0}> as core[a373ad73a504971]::ops::function::FnOnce<()>>::call_once
[INFO] [stderr]                                at /rustc/e3feeb59cd1bdd011a2bfcc0747b55125d9b8527/library/core/src/panic/unwind_safe.rs:275:9
[INFO] [stderr]   25:     0x5ceac257c367 - std[617be2ca0a6fd877]::panicking::catch_unwind::do_call::<core[a373ad73a504971]::panic::unwind_safe::AssertUnwindSafe<libtest_mimic[1f448eb2ef4f850c]::run_single::{closure#0}>, libtest_mimic[1f448eb2ef4f850c]::Outcome>
[INFO] [stderr]                                at /rustc/e3feeb59cd1bdd011a2bfcc0747b55125d9b8527/library/std/src/panicking.rs:573:43
[INFO] [stderr]   26:     0x5ceac2592cdb - __rust_try
[INFO] [stderr]   27:     0x5ceac258da9d - std[617be2ca0a6fd877]::panicking::catch_unwind::<libtest_mimic[1f448eb2ef4f850c]::Outcome, core[a373ad73a504971]::panic::unwind_safe::AssertUnwindSafe<libtest_mimic[1f448eb2ef4f850c]::run_single::{closure#0}>>
[INFO] [stderr]                                at /rustc/e3feeb59cd1bdd011a2bfcc0747b55125d9b8527/library/std/src/panicking.rs:541:19
[INFO] [stderr]   28:     0x5ceac258da9d - std[617be2ca0a6fd877]::panic::catch_unwind::<core[a373ad73a504971]::panic::unwind_safe::AssertUnwindSafe<libtest_mimic[1f448eb2ef4f850c]::run_single::{closure#0}>, libtest_mimic[1f448eb2ef4f850c]::Outcome>
[INFO] [stderr]                                at /rustc/e3feeb59cd1bdd011a2bfcc0747b55125d9b8527/library/std/src/panic.rs:359:14
[INFO] [stderr]   29:     0x5ceac259b020 - libtest_mimic[1f448eb2ef4f850c]::run_single
[INFO] [stderr]                                at /opt/rustwide/cargo-home/registry/src/index.crates.io-1949cf8c6b5b557f/libtest-mimic-0.8.2/src/lib.rs:619:5
[INFO] [stderr]   30:     0x5ceac259a281 - libtest_mimic[1f448eb2ef4f850c]::run::{closure#3}::{closure#0}
[INFO] [stderr]                                at /opt/rustwide/cargo-home/registry/src/index.crates.io-1949cf8c6b5b557f/libtest-mimic-0.8.2/src/lib.rs:574:43
[INFO] [stderr]   31:     0x5ceac259d8a6 - std[617be2ca0a6fd877]::sys::backtrace::__rust_begin_short_backtrace::<libtest_mimic[1f448eb2ef4f850c]::run::{closure#3}::{closure#0}, ()>
[INFO] [stderr]                                at /rustc/e3feeb59cd1bdd011a2bfcc0747b55125d9b8527/library/std/src/sys/backtrace.rs:166:18
[INFO] [stderr]   32:     0x5ceac2599fa5 - std[617be2ca0a6fd877]::thread::lifecycle::spawn_unchecked::<libtest_mimic[1f448eb2ef4f850c]::run::{closure#3}::{closure#0}, ()>::{closure#1}::{closure#0}
[INFO] [stderr]                                at /rustc/e3feeb59cd1bdd011a2bfcc0747b55125d9b8527/library/std/src/thread/lifecycle.rs:70:13
[INFO] [stderr]   33:     0x5ceac2585cb1 - <core[a373ad73a504971]::panic::unwind_safe::AssertUnwindSafe<std[617be2ca0a6fd877]::thread::lifecycle::spawn_unchecked<libtest_mimic[1f448eb2ef4f850c]::run::{closure#3}::{closure#0}, ()>::{closure#1}::{closure#0}> as core[a373ad73a504971]::ops::function::FnOnce<()>>::call_once
[INFO] [stderr]                                at /rustc/e3feeb59cd1bdd011a2bfcc0747b55125d9b8527/library/core/src/panic/unwind_safe.rs:275:9
[INFO] [stderr]   34:     0x5ceac257c326 - std[617be2ca0a6fd877]::panicking::catch_unwind::do_call::<core[a373ad73a504971]::panic::unwind_safe::AssertUnwindSafe<std[617be2ca0a6fd877]::thread::lifecycle::spawn_unchecked<libtest_mimic[1f448eb2ef4f850c]::run::{closure#3}::{closure#0}, ()>::{closure#1}::{closure#0}>, ()>
[INFO] [stderr]                                at /rustc/e3feeb59cd1bdd011a2bfcc0747b55125d9b8527/library/std/src/panicking.rs:573:43
[INFO] [stderr]   35:     0x5ceac259cecb - __rust_try
[INFO] [stderr]   36:     0x5ceac2599c77 - std[617be2ca0a6fd877]::panicking::catch_unwind::<(), core[a373ad73a504971]::panic::unwind_safe::AssertUnwindSafe<std[617be2ca0a6fd877]::thread::lifecycle::spawn_unchecked<libtest_mimic[1f448eb2ef4f850c]::run::{closure#3}::{closure#0}, ()>::{closure#1}::{closure#0}>>
[INFO] [stderr]                                at /rustc/e3feeb59cd1bdd011a2bfcc0747b55125d9b8527/library/std/src/panicking.rs:541:19
[INFO] [stderr]   37:     0x5ceac2599c77 - std[617be2ca0a6fd877]::panic::catch_unwind::<core[a373ad73a504971]::panic::unwind_safe::AssertUnwindSafe<std[617be2ca0a6fd877]::thread::lifecycle::spawn_unchecked<libtest_mimic[1f448eb2ef4f850c]::run::{closure#3}::{closure#0}, ()>::{closure#1}::{closure#0}>, ()>
[INFO] [stderr]                                at /rustc/e3feeb59cd1bdd011a2bfcc0747b55125d9b8527/library/std/src/panic.rs:359:14
[INFO] [stderr]   38:     0x5ceac2599c77 - std[617be2ca0a6fd877]::thread::lifecycle::spawn_unchecked::<libtest_mimic[1f448eb2ef4f850c]::run::{closure#3}::{closure#0}, ()>::{closure#1}
[INFO] [stderr]                                at /rustc/e3feeb59cd1bdd011a2bfcc0747b55125d9b8527/library/std/src/thread/lifecycle.rs:68:26
[INFO] [stderr]   39:     0x5ceac2588f2f - <std[617be2ca0a6fd877]::thread::lifecycle::spawn_unchecked<libtest_mimic[1f448eb2ef4f850c]::run::{closure#3}::{closure#0}, ()>::{closure#1} as core[a373ad73a504971]::ops::function::FnOnce<()>>::call_once::{shim:vtable#0}
[INFO] [stderr]                                at /rustc/e3feeb59cd1bdd011a2bfcc0747b55125d9b8527/library/core/src/ops/function.rs:250:5
[INFO] [stderr]   40:     0x5ceac26c483f - <alloc[2e1b2a31b91974c5]::boxed::Box<dyn core[a373ad73a504971]::ops::function::FnOnce<(), Output = ()> + core[a373ad73a504971]::marker::Send> as core[a373ad73a504971]::ops::function::FnOnce<()>>::call_once
[INFO] [stderr]                                at /rustc/e3feeb59cd1bdd011a2bfcc0747b55125d9b8527/library/alloc/src/boxed.rs:2314:9
[INFO] [stderr]   41:     0x5ceac26c483f - <std[617be2ca0a6fd877]::sys::thread::unix::Thread>::new::thread_start
[INFO] [stderr]                                at /rustc/e3feeb59cd1bdd011a2bfcc0747b55125d9b8527/library/std/src/sys/thread/unix.rs:127:17
[INFO] [stderr]   42:     0x7579a0796dfa - <unknown>
[INFO] [stderr]   43:     0x7579a082a3d4 - clone
[INFO] [stderr]   44:                0x0 - <unknown>
[INFO] [stdout] test Sluggly-Tiny      ... FAILED
[INFO] [stdout] 
[INFO] [stdout] failures:
[INFO] [stdout] 
[INFO] [stdout] ---- BriemHand-Regular ----
[INFO] [stdout] test panicked: called `Result::unwrap()` on an `Err` value: Os { code: 30, kind: ReadOnlyFilesystem, message: "Read-only file system" }
[INFO] [stdout] 
[INFO] [stdout] ---- NotoSans-Tiny ----
[INFO] [stdout] test panicked: called `Result::unwrap()` on an `Err` value: Os { code: 30, kind: ReadOnlyFilesystem, message: "Read-only file system" }
[INFO] [stdout] 
[INFO] [stdout] ---- Sluggly-Regular ----
[INFO] [stdout] test panicked: called `Result::unwrap()` on an `Err` value: Os { code: 30, kind: ReadOnlyFilesystem, message: "Read-only file system" }
[INFO] [stdout] 
[INFO] [stdout] ---- Sluggly-Tiny ----
[INFO] [stdout] test panicked: called `Result::unwrap()` on an `Err` value: Os { code: 30, kind: ReadOnlyFilesystem, message: "Read-only file system" }
[INFO] [stdout] 
[INFO] [stdout] 
[INFO] [stdout] failures:
[INFO] [stdout]     BriemHand-Regular
[INFO] [stdout]     NotoSans-Tiny
[INFO] [stdout]     Sluggly-Regular
[INFO] [stdout]     Sluggly-Tiny
[INFO] [stdout] 
[INFO] [stdout] test result: FAILED. 0 passed; 4 failed; 0 ignored; 0 measured; 0 filtered out; finished in 0.15s
[INFO] [stdout] 
[INFO] [stderr] error: test failed, to rerun pass `--test integration_test`
[INFO] running `Command { std: "docker" "inspect" "9138d2190ebfb98a8c73c9edda5038591c6f37fbc80a4cb92e763dc1e951a716", kill_on_drop: false }`
[INFO] running `Command { std: "docker" "rm" "-f" "9138d2190ebfb98a8c73c9edda5038591c6f37fbc80a4cb92e763dc1e951a716", kill_on_drop: false }`
[INFO] [stdout] 9138d2190ebfb98a8c73c9edda5038591c6f37fbc80a4cb92e763dc1e951a716
