[INFO] fetching crate tiktoken 4.1.2...
[INFO] testing tiktoken-4.1.2 against 1.100.0-beta.1 for beta-1.100-2
[INFO] extracting crate tiktoken 4.1.2 into /workspace/builds/worker-6-tc2/source
[INFO] started tweaking crates.io crate tiktoken 4.1.2
[INFO] removed 0 missing examples
[INFO] finished tweaking crates.io crate tiktoken 4.1.2
[INFO] tweaked toml for crates.io crate tiktoken 4.1.2 written to /workspace/builds/worker-6-tc2/source/Cargo.toml
[INFO] validating manifest of crates.io crate tiktoken 4.1.2 on toolchain 1.100.0-beta.1
[INFO] running `Command { std: CARGO_HOME="/workspace/cargo-home" RUSTUP_HOME="/workspace/rustup-home" "/workspace/cargo-home/bin/cargo" "+1.100.0-beta.1" "metadata" "--manifest-path" "Cargo.toml" "--no-deps", kill_on_drop: false }`
[INFO] crate crates.io crate tiktoken 4.1.2 already has a lockfile, it will not be regenerated
[INFO] running `Command { std: CARGO_HOME="/workspace/cargo-home" RUSTUP_HOME="/workspace/rustup-home" "/workspace/cargo-home/bin/cargo" "+1.100.0-beta.1" "fetch" "--manifest-path" "Cargo.toml", kill_on_drop: false }`
[INFO] [stderr] warning: `package.homepage` is redundant with `package.repository`
[INFO] [stderr]   --> Cargo.toml:94:12
[INFO] [stderr]    |
[INFO] [stderr] 94 | homepage = "https://github.com/goliajp/rust-tiktoken"
[INFO] [stderr]    |            ^^^^^^^^^^^^^^^^^^^^^^^^^^^^^^^^^^^^^^^^^^
[INFO] [stderr] ...
[INFO] [stderr] 99 | repository = "https://github.com/goliajp/rust-tiktoken"
[INFO] [stderr]    |              ------------------------------------------
[INFO] [stderr]    |
[INFO] [stderr]    = note: `cargo::redundant_homepage` is set to `warn` by default
[INFO] [stderr] help: consider removing `package.homepage`
[INFO] [stderr] warning: `tiktoken` (manifest) generated 1 warning
[INFO] running `Command { std: "docker" "create" "-v" "/var/lib/crater-agent-workspace/builds/worker-6-tc2/source:/opt/rustwide/workdir:ro,Z" "-v" "/var/lib/crater-agent-workspace/builds/worker-6-tc2/target:/opt/rustwide/target:rw,Z" "-v" "/var/lib/crater-agent-workspace/cargo-home:/opt/rustwide/cargo-home:ro,Z" "-v" "/var/lib/crater-agent-workspace/rustup-home:/opt/rustwide/rustup-home:ro,Z" "-m" "1610612736" "--network" "none" "ghcr.io/rust-lang/crates-build-env/linux@sha256:3111399a4047eeb3a02b7a90e478d715f38a8c6669b5c4b49d30a17385265909" "sleep" "infinity", kill_on_drop: false }`
[INFO] [stdout] ce508acec2234230a06431b67b50ad885fb18ebc89ccd507a44bbbb2434dc26b
[INFO] running `Command { std: "docker" "start" "ce508acec2234230a06431b67b50ad885fb18ebc89ccd507a44bbbb2434dc26b", kill_on_drop: false }`
[INFO] running `Command { std: "docker" "inspect" "ce508acec2234230a06431b67b50ad885fb18ebc89ccd507a44bbbb2434dc26b", kill_on_drop: false }`
[INFO] running `Command { std: "docker" "exec" "-e" "SOURCE_DIR=/opt/rustwide/workdir" "-e" "CARGO_HOME=/opt/rustwide/cargo-home" "-e" "RUSTUP_HOME=/opt/rustwide/rustup-home" "-e" "CARGO_TARGET_DIR=/opt/rustwide/target" "-w" "/opt/rustwide/workdir" "--user" "0:0" "ce508acec2234230a06431b67b50ad885fb18ebc89ccd507a44bbbb2434dc26b" "/opt/rustwide/cargo-home/bin/cargo" "+1.100.0-beta.1" "metadata" "--no-deps" "--format-version=1", kill_on_drop: false }`
[INFO] running `Command { std: "docker" "inspect" "ce508acec2234230a06431b67b50ad885fb18ebc89ccd507a44bbbb2434dc26b", kill_on_drop: false }`
[INFO] running `Command { std: "docker" "exec" "-e" "SOURCE_DIR=/opt/rustwide/workdir" "-e" "CARGO_HOME=/opt/rustwide/cargo-home" "-e" "RUSTUP_HOME=/opt/rustwide/rustup-home" "-e" "CARGO_TARGET_DIR=/opt/rustwide/target" "-e" "CARGO_INCREMENTAL=0" "-e" "RUST_BACKTRACE=full" "-e" "RUSTFLAGS=--cap-lints=warn" "-e" "RUSTDOCFLAGS=--cap-lints=warn" "-w" "/opt/rustwide/workdir" "--user" "0:0" "ce508acec2234230a06431b67b50ad885fb18ebc89ccd507a44bbbb2434dc26b" "/opt/rustwide/cargo-home/bin/cargo" "+1.100.0-beta.1" "build" "--frozen" "--message-format=json", kill_on_drop: false }`
[INFO] [stderr] warning: `package.homepage` is redundant with `package.repository`
[INFO] [stderr]   --> Cargo.toml:94:12
[INFO] [stderr]    |
[INFO] [stderr] 94 | homepage = "https://github.com/goliajp/rust-tiktoken"
[INFO] [stderr]    |            ^^^^^^^^^^^^^^^^^^^^^^^^^^^^^^^^^^^^^^^^^^
[INFO] [stderr] ...
[INFO] [stderr] 99 | repository = "https://github.com/goliajp/rust-tiktoken"
[INFO] [stderr]    |              ------------------------------------------
[INFO] [stderr]    |
[INFO] [stderr]    = note: `cargo::redundant_homepage` is set to `warn` by default
[INFO] [stderr] help: consider removing `package.homepage`
[INFO] [stderr] warning: `tiktoken` (manifest) generated 1 warning
[INFO] [stderr]    Compiling memchr v2.8.3
[INFO] [stderr]    Compiling twox-hash v2.1.3
[INFO] [stderr]    Compiling rustc-hash v2.1.3
[INFO] [stderr]    Compiling ruzstd v0.9.0
[INFO] [stderr]    Compiling aho-corasick v1.1.5
[INFO] [stderr]    Compiling regex-automata v0.4.18
[INFO] [stderr]    Compiling regex v1.13.1
[INFO] [stderr]    Compiling tiktoken v4.1.2 (/opt/rustwide/workdir)
[INFO] [stderr]     Finished `dev` profile [unoptimized + debuginfo] target(s) in 7.77s
[INFO] running `Command { std: "docker" "inspect" "ce508acec2234230a06431b67b50ad885fb18ebc89ccd507a44bbbb2434dc26b", kill_on_drop: false }`
[INFO] running `Command { std: "docker" "exec" "-e" "SOURCE_DIR=/opt/rustwide/workdir" "-e" "CARGO_HOME=/opt/rustwide/cargo-home" "-e" "RUSTUP_HOME=/opt/rustwide/rustup-home" "-e" "CARGO_TARGET_DIR=/opt/rustwide/target" "-e" "CARGO_INCREMENTAL=0" "-e" "RUST_BACKTRACE=full" "-e" "RUSTFLAGS=--cap-lints=warn" "-e" "RUSTDOCFLAGS=--cap-lints=warn" "-w" "/opt/rustwide/workdir" "--user" "0:0" "ce508acec2234230a06431b67b50ad885fb18ebc89ccd507a44bbbb2434dc26b" "/opt/rustwide/cargo-home/bin/cargo" "+1.100.0-beta.1" "test" "--frozen" "--no-run" "--message-format=json", kill_on_drop: false }`
[INFO] [stderr] warning: `package.homepage` is redundant with `package.repository`
[INFO] [stderr]   --> Cargo.toml:94:12
[INFO] [stderr]    |
[INFO] [stderr] 94 | homepage = "https://github.com/goliajp/rust-tiktoken"
[INFO] [stderr]    |            ^^^^^^^^^^^^^^^^^^^^^^^^^^^^^^^^^^^^^^^^^^
[INFO] [stderr] ...
[INFO] [stderr] 99 | repository = "https://github.com/goliajp/rust-tiktoken"
[INFO] [stderr]    |              ------------------------------------------
[INFO] [stderr]    |
[INFO] [stderr]    = note: `cargo::redundant_homepage` is set to `warn` by default
[INFO] [stderr] help: consider removing `package.homepage`
[INFO] [stderr] warning: `tiktoken` (manifest) generated 1 warning
[INFO] [stderr]    Compiling libc v0.2.189
[INFO] [stderr]    Compiling zerocopy v0.8.56
[INFO] [stderr]    Compiling crossbeam-utils v0.8.22
[INFO] [stderr]    Compiling proc-macro2 v1.0.107
[INFO] [stderr]    Compiling serde_core v1.0.229
[INFO] [stderr]    Compiling crossbeam-epoch v0.9.20
[INFO] [stderr]    Compiling getrandom v0.4.3
[INFO] [stderr]    Compiling find-msvc-tools v0.1.10
[INFO] [stderr]    Compiling serde v1.0.229
[INFO] [stderr]    Compiling crossbeam-deque v0.8.7
[INFO] [stderr]    Compiling num-traits v0.2.19
[INFO] [stderr]    Compiling bitflags v2.13.1
[INFO] [stderr]    Compiling either v1.17.0
[INFO] [stderr]    Compiling fastrand v2.5.0
[INFO] [stderr]    Compiling once_cell v1.21.4
[INFO] [stderr]    Compiling clap_builder v4.6.6
[INFO] [stderr]    Compiling cc v1.4.2
[INFO] [stderr]    Compiling quick-error v1.2.3
[INFO] [stderr]    Compiling bit-vec v0.8.0
[INFO] [stderr]    Compiling rustix v1.1.4
[INFO] [stderr]    Compiling itertools v0.13.0
[INFO] [stderr]    Compiling bit-set v0.8.0
[INFO] [stderr]    Compiling unarray v0.1.4
[INFO] [stderr]    Compiling base64 v0.23.1
[INFO] [stderr]    Compiling quote v1.0.47
[INFO] [stderr]    Compiling syn v2.0.119
[INFO] [stderr]    Compiling syn v3.0.3
[INFO] [stderr]    Compiling getrandom v0.3.4
[INFO] [stderr]    Compiling wait-timeout v0.2.1
[INFO] [stderr]    Compiling plotters v0.3.7
[INFO] [stderr]    Compiling page_size v0.6.0
[INFO] [stderr]    Compiling alloca v0.4.0
[INFO] [stderr]    Compiling rand_core v0.9.5
[INFO] [stderr]    Compiling rand v0.9.5
[INFO] [stderr]    Compiling rand_xorshift v0.4.0
[INFO] [stderr]    Compiling criterion-plot v0.8.2
[INFO] [stderr]    Compiling rayon-core v1.13.0
[INFO] [stderr]    Compiling clap v4.6.6
[INFO] [stderr]    Compiling rayon v1.12.0
[INFO] [stderr]    Compiling serde_json v1.0.151
[INFO] [stderr]    Compiling tempfile v3.27.0
[INFO] [stderr]    Compiling rusty-fork v0.3.1
[INFO] [stderr]    Compiling serde_derive v1.0.229
[INFO] [stderr]    Compiling zerocopy-derive v0.8.56
[INFO] [stderr]    Compiling tinytemplate v1.2.1
[INFO] [stderr]    Compiling half v2.7.1
[INFO] [stderr]    Compiling ppv-lite86 v0.2.21
[INFO] [stderr]    Compiling ciborium-ll v0.2.2
[INFO] [stderr]    Compiling rand_chacha v0.9.0
[INFO] [stderr]    Compiling ciborium v0.2.2
[INFO] [stderr]    Compiling proptest v1.11.0
[INFO] [stderr]    Compiling criterion v0.8.2
[INFO] [stderr]    Compiling tiktoken v4.1.2 (/opt/rustwide/workdir)
[INFO] [stderr]     Finished `test` profile [unoptimized + debuginfo] target(s) in 33.84s
[INFO] running `Command { std: "docker" "inspect" "ce508acec2234230a06431b67b50ad885fb18ebc89ccd507a44bbbb2434dc26b", kill_on_drop: false }`
[INFO] running `Command { std: "docker" "exec" "-e" "SOURCE_DIR=/opt/rustwide/workdir" "-e" "CARGO_HOME=/opt/rustwide/cargo-home" "-e" "RUSTUP_HOME=/opt/rustwide/rustup-home" "-e" "CARGO_TARGET_DIR=/opt/rustwide/target" "-e" "CARGO_INCREMENTAL=0" "-e" "RUST_BACKTRACE=full" "-e" "RUSTFLAGS=--cap-lints=warn" "-e" "RUSTDOCFLAGS=--cap-lints=warn" "-w" "/opt/rustwide/workdir" "--user" "0:0" "ce508acec2234230a06431b67b50ad885fb18ebc89ccd507a44bbbb2434dc26b" "/opt/rustwide/cargo-home/bin/cargo" "+1.100.0-beta.1" "test" "--frozen", kill_on_drop: false }`
[INFO] [stderr] warning: `package.homepage` is redundant with `package.repository`
[INFO] [stderr]   --> Cargo.toml:94:12
[INFO] [stderr]    |
[INFO] [stderr] 94 | homepage = "https://github.com/goliajp/rust-tiktoken"
[INFO] [stderr]    |            ^^^^^^^^^^^^^^^^^^^^^^^^^^^^^^^^^^^^^^^^^^
[INFO] [stderr] ...
[INFO] [stderr] 99 | repository = "https://github.com/goliajp/rust-tiktoken"
[INFO] [stderr]    |              ------------------------------------------
[INFO] [stderr]    |
[INFO] [stderr]    = note: `cargo::redundant_homepage` is set to `warn` by default
[INFO] [stderr] help: consider removing `package.homepage`
[INFO] [stderr] warning: `tiktoken` (manifest) generated 1 warning
[INFO] [stderr]     Finished `test` profile [unoptimized + debuginfo] target(s) in 0.11s
[INFO] [stderr]      Running unittests src/lib.rs (/opt/rustwide/target/debug/build/tiktoken/f99212aa16364c8e/out/tiktoken-f99212aa16364c8e)
[INFO] [stdout] 
[INFO] [stdout] running 249 tests
[INFO] [stdout] test bpe::tests::test_byte_pair_merge_single_byte ... ok
[INFO] [stdout] test bpe::tests::test_decode_to_string_invalid_utf8 ... ok
[INFO] [stdout] test bpe::tests::test_encode_with_special_tokens_trailing_text ... ok
[INFO] [stdout] test bpe::tests::test_bpe_merge_to_two_parts ... ok
[INFO] [stdout] test bpe::tests::test_byte_pair_merge_unknown_pair ... ok
[INFO] [stdout] test bpe::tests::test_count_with_special_tokens ... ok
[INFO] [stdout] test bpe::tests::test_encode_with_special_tokens_mixed ... ok
[INFO] [stdout] test bpe::tests::test_decode_includes_special_tokens ... ok
[INFO] [stdout] test bpe::tests::test_byte_pair_merge_known_pair ... ok
[INFO] [stdout] test bpe::tests::test_count_matches_encode_len ... ok
[INFO] [stdout] test merge::tests::test_bpe_encode_single_byte ... ok
[INFO] [stdout] test merge::tests::test_bpe_count_matches_encode ... ok
[INFO] [stdout] test merge::tests::test_empty_piece ... ok
[INFO] [stdout] test merge::tests::test_full_collapse ... ok
[INFO] [stdout] test merge::tests::test_picks_lowest_rank_first ... ok
[INFO] [stdout] test merge::tests::test_no_merges_possible ... ok
[INFO] [stdout] test bpe::tests::test_bpe_count_single_byte_fallback ... ok
[INFO] [stdout] test merge::tests::test_two_bytes_unmerged ... ok
[INFO] [stdout] test piece_cache::tests::hit_returns_stored_tokens_per_owner ... ok
[INFO] [stdout] test bpe::tests::test_empty_input ... ok
[INFO] [stdout] test piece_cache::tests::oversized_results_are_not_stored ... ok
[INFO] [stdout] test merge::tests::test_single_byte ... ok
[INFO] [stdout] test bpe::tests::test_bpe_merge_full_collapse ... ok
[INFO] [stdout] test bpe::tests::test_encode_with_special_tokens_no_specials ... ok
[INFO] [stdout] test bpe::tests::test_count_with_special_tokens_no_specials ... ok
[INFO] [stdout] test bpe::tests::test_encode_decode_roundtrip ... ok
[INFO] [stdout] test encoding::vocab_oracle::derived_vocabularies_extend_their_base ... FAILED
[INFO] [stdout] test merge::tests::test_two_bytes_merged ... ok
[INFO] [stdout] test bpe::tests::test_multi_step_bpe_merge ... ok
[INFO] [stdout] test merge::tests::test_matches_v2_on_real_vocab ... ok
[INFO] [stdout] test pretokenize::tests::cjk_class_matches_regex_tables ... ok
[INFO] [stdout] test encoding::vocab_oracle::shipped_vocabularies_match_the_oracle ... FAILED
[INFO] [stdout] test pretokenize::tests::prop_cl100k_fast_matches_regex has been running for over 60 seconds
[INFO] [stdout] test pretokenize::tests::prop_cl100k_fast_matches_regex_ascii has been running for over 60 seconds
[INFO] [stdout] test pretokenize::tests::prop_cl100k_fast_matches_regex_cjk has been running for over 60 seconds
[INFO] [stdout] test pretokenize::tests::prop_cl100k_fast_matches_regex_newlines has been running for over 60 seconds
[INFO] [stdout] test pretokenize::tests::prop_deepseek_fast_matches_regex has been running for over 60 seconds
[INFO] [stdout] test pretokenize::tests::prop_deepseek_fast_matches_regex_ascii has been running for over 60 seconds
[INFO] [stdout] test pretokenize::tests::prop_deepseek_fast_matches_regex_cjk has been running for over 60 seconds
[INFO] [stdout] test pretokenize::tests::prop_kimi_fast_matches_regex has been running for over 60 seconds
[INFO] [stdout] test pretokenize::tests::prop_kimi_fast_matches_regex_cjk has been running for over 60 seconds
[INFO] [stdout] test pretokenize::tests::prop_kimi_fast_matches_regex_slashes has been running for over 60 seconds
[INFO] [stdout] test pretokenize::tests::prop_mistral_fast_matches_regex has been running for over 60 seconds
[INFO] [stdout] test pretokenize::tests::prop_mistral_fast_matches_regex_ascii has been running for over 60 seconds
[INFO] [stdout] test pretokenize::tests::prop_mistral_fast_matches_regex_cjk has been running for over 60 seconds
[INFO] [stdout] test pretokenize::tests::prop_mistral_fast_matches_regex_slashes has been running for over 60 seconds
[INFO] [stdout] test pretokenize::tests::prop_o200k_fast_matches_regex has been running for over 60 seconds
[INFO] [stdout] test pretokenize::tests::prop_o200k_fast_matches_regex_ascii has been running for over 60 seconds
[INFO] [stdout] test pretokenize::tests::prop_deepseek_fast_matches_regex_ascii ... ok
[INFO] [stdout] test pretokenize::tests::prop_cl100k_fast_matches_regex_newlines ... ok
[INFO] [stdout] test pretokenize::tests::prop_cl100k_fast_matches_regex_ascii ... ok
[INFO] [stdout] test pretokenize::tests::prop_deepseek_fast_matches_regex ... ok
[INFO] [stdout] test pretokenize::tests::prop_cl100k_fast_matches_regex_cjk ... ok
[INFO] [stdout] test pretokenize::tests::prop_cl100k_fast_matches_regex ... ok
[INFO] [stdout] test pretokenize::tests::prop_deepseek_fast_matches_regex_cjk ... ok
[INFO] [stdout] test pretokenize::tests::prop_o200k_fast_matches_regex_cjk has been running for over 60 seconds
[INFO] [stdout] test pretokenize::tests::prop_o200k_fast_matches_regex_newlines has been running for over 60 seconds
[INFO] [stdout] test pretokenize::tests::prop_o200k_fast_matches_regex_slashes has been running for over 60 seconds
[INFO] [stdout] test pretokenize::tests::prop_p50k_fast_matches_regex has been running for over 60 seconds
[INFO] [stdout] test pretokenize::tests::prop_qwen2_fast_matches_regex has been running for over 60 seconds
[INFO] [stdout] test pretokenize::tests::prop_qwen2_fast_matches_regex_ascii has been running for over 60 seconds
[INFO] [stdout] test pretokenize::tests::prop_qwen2_fast_matches_regex_cjk has been running for over 60 seconds
[INFO] [stdout] test pretokenize::tests::prop_p50k_fast_matches_regex ... ok
[INFO] [stdout] test pretokenize::tests::test_adjust_whitespace_at_end_of_input ... ok
[INFO] [stdout] test pretokenize::tests::test_adjust_whitespace_newline_branch_keeps_crlf ... ok
[INFO] [stdout] test pretokenize::tests::test_adjust_whitespace_newline_branch_keeps_double_newline ... ok
[INFO] [stdout] test pretokenize::tests::test_adjust_whitespace_newline_branch_still_trims_spaces ... ok
[INFO] [stdout] test pretokenize::tests::test_adjust_whitespace_newline_branch_trims_trailing_spaces_after_newline ... ok
[INFO] [stdout] test pretokenize::tests::test_adjust_whitespace_no_trim_before_ws ... ok
[INFO] [stdout] test pretokenize::tests::test_adjust_whitespace_non_ws_piece ... ok
[INFO] [stdout] test pretokenize::tests::test_adjust_whitespace_single_byte ... ok
[INFO] [stdout] test pretokenize::tests::test_adjust_whitespace_single_multibyte_ws_before_nonws ... ok
[INFO] [stdout] test pretokenize::tests::test_adjust_whitespace_trim_before_nonws ... ok
[INFO] [stdout] test pretokenize::tests::test_adjust_whitespace_unicode_followed_by_unicode_ws ... ok
[INFO] [stdout] test pretokenize::tests::test_adjust_whitespace_unicode_slow_path ... ok
[INFO] [stdout] test pretokenize::tests::prop_qwen2_fast_matches_regex_ascii ... ok
[INFO] [stdout] test pretokenize::tests::test_all_patterns_match_reference ... ok
[INFO] [stdout] test pretokenize::tests::test_cl100k_cjk ... ok
[INFO] [stdout] test pretokenize::tests::test_cl100k_contractions ... ok
[INFO] [stdout] test pretokenize::tests::test_cl100k_english ... ok
[INFO] [stdout] test pretokenize::tests::test_emoji ... ok
[INFO] [stdout] test pretokenize::tests::test_empty_input ... ok
[INFO] [stdout] test pretokenize::tests::test_mixed_script ... ok
[INFO] [stdout] test pretokenize::tests::test_o200k_english ... ok
[INFO] [stdout] test pretokenize::tests::test_only_whitespace ... ok
[INFO] [stdout] test pretokenize::tests::test_p50k_english ... ok
[INFO] [stdout] test pricing::tests::estimate_cost_accepts_api_spellings ... ok
[INFO] [stdout] test pricing::tests::gemini_embedding_001_prices ... ok
[INFO] [stdout] test pricing::tests::normalization_never_maps_one_model_onto_another ... ok
[INFO] [stdout] test pricing::tests::normalized_forms_are_unique_across_the_table ... ok
[INFO] [stdout] test pricing::tests::resolve_does_not_invent_models ... ok
[INFO] [stdout] test pricing::tests::resolve_handles_bedrock_and_vertex_decoration ... ok
[INFO] [stdout] test pricing::tests::resolve_handles_dash_spelled_generations ... ok
[INFO] [stdout] test pricing::tests::resolve_handles_release_dates ... ok
[INFO] [stdout] test pricing::tests::resolve_leaves_dotted_ids_alone ... ok
[INFO] [stdout] test pricing::tests::resolve_prefers_the_id_as_given ... ok
[INFO] [stdout] test pricing::tests::resolve_reports_the_id_it_reached ... ok
[INFO] [stdout] test pricing::tests::test_all_models_have_positive_context ... ok
[INFO] [stdout] test pricing::tests::test_all_models_non_negative_pricing ... ok
[INFO] [stdout] test pricing::tests::test_all_models_unique_ids ... ok
[INFO] [stdout] test pricing::tests::test_all_providers_have_models ... ok
[INFO] [stdout] test pricing::tests::test_batch_cost_not_supported_for_o1_pro ... ok
[INFO] [stdout] test pricing::tests::test_batch_cost_openai_gpt41 ... ok
[INFO] [stdout] test pricing::tests::test_cache_price_leq_normal ... ok
[INFO] [stdout] test pricing::tests::test_case_insensitive_lookup ... ok
[INFO] [stdout] test pricing::tests::test_deepseek_cache_pricing ... ok
[INFO] [stdout] test pricing::tests::test_deepseek_r1_pricing ... ok
[INFO] [stdout] test pricing::tests::test_embed_model_zero_output_price ... ok
[INFO] [stdout] test pricing::tests::test_estimate_cost_every_model ... ok
[INFO] [stdout] test pricing::tests::test_estimate_cost_gpt4o ... ok
[INFO] [stdout] test pricing::tests::test_estimate_cost_unknown_model ... ok
[INFO] [stdout] test pricing::tests::test_estimate_cost_with_cache ... ok
[INFO] [stdout] test pricing::tests::test_estimate_cost_with_cache_no_cache_support ... ok
[INFO] [stdout] test pricing::tests::test_estimate_cost_zero_tokens ... ok
[INFO] [stdout] test pricing::tests::test_estimate_image_cost_haiku ... ok
[INFO] [stdout] test pricing::tests::test_estimate_image_cost_none_for_pixtral_large ... ok
[INFO] [stdout] test pricing::tests::test_existing_model_no_extended_pricing_unchanged ... ok
[INFO] [stdout] test pricing::tests::test_gemini_25_flash_audio_input ... ok
[INFO] [stdout] test pricing::tests::test_gemini_25_pro_estimate_cost_auto_switches_tier ... ok
[INFO] [stdout] test pricing::tests::test_gemini_25_pro_high_tier_threshold ... ok
[INFO] [stdout] test pricing::tests::test_get_model_claude ... ok
[INFO] [stdout] test pricing::tests::test_get_model_deepseek ... ok
[INFO] [stdout] test pricing::tests::test_get_model_gemini ... ok
[INFO] [stdout] test pricing::tests::test_get_model_llama ... ok
[INFO] [stdout] test pricing::tests::test_get_model_mistral ... ok
[INFO] [stdout] test pricing::tests::test_get_model_openai ... ok
[INFO] [stdout] test pricing::tests::test_get_model_qwen ... ok
[INFO] [stdout] test pricing::tests::test_get_model_unknown ... ok
[INFO] [stdout] test pricing::tests::test_gpt54_flex_cached_is_none_per_docs ... ok
[INFO] [stdout] test pricing::tests::test_gpt54_long_context_auto_applies_high_tier ... ok
[INFO] [stdout] test pricing::tests::test_gpt55_flex_equals_batch_token_rates ... ok
[INFO] [stdout] test pricing::tests::test_gpt55_priority_cost_matches_doc_rates ... ok
[INFO] [stdout] test pricing::tests::test_gpt5_family_registered ... ok
[INFO] [stdout] test pricing::tests::test_gpt5_has_no_flex_or_priority ... ok
[INFO] [stdout] test pricing::tests::test_llama_models_no_cache ... ok
[INFO] [stdout] test pricing::tests::test_max_output_within_context ... ok
[INFO] [stdout] test pricing::tests::test_mistral_models ... ok
[INFO] [stdout] test pricing::tests::test_models_by_provider ... ok
[INFO] [stdout] test pricing::tests::test_models_by_provider_exhaustive ... ok
[INFO] [stdout] test pricing::tests::test_new_claude_models ... ok
[INFO] [stdout] test pricing::tests::test_new_openai_models ... ok
[INFO] [stdout] test pricing::tests::test_provider_display ... ok
[INFO] [stdout] test pricing::tests::test_qwen_models ... ok
[INFO] [stdout] test pricing::tests::test_vision_anthropic_cap_applies_for_large_image ... ok
[INFO] [stdout] test pricing::tests::test_vision_anthropic_divisor_under_cap ... ok
[INFO] [stdout] test pricing::tests::test_vision_gemini_flat_under_threshold ... ok
[INFO] [stdout] test pricing::tests::test_vision_gemini_tile_960x540_matches_official_example ... ok
[INFO] [stdout] test pricing::tests::test_vision_openai_patch_mini_64x64 ... ok
[INFO] [stdout] test pricing::tests::test_vision_openai_tile_high_detail_1024x1024 ... ok
[INFO] [stdout] test pricing::tests::test_vision_openai_tile_low_detail_returns_base ... ok
[INFO] [stdout] test pricing::tests::voyage_dashed_spelling_resolves ... ok
[INFO] [stdout] test pricing::tests::voyage_embeddings_price ... ok
[INFO] [stdout] test pretokenize::tests::prop_mistral_fast_matches_regex_slashes ... ok
[INFO] [stdout] test tests::features_unlisted_encodings_are_absent ... ok
[INFO] [stdout] test pretokenize::tests::prop_qwen2_fast_matches_regex ... ok
[INFO] [stdout] test pretokenize::tests::prop_kimi_fast_matches_regex_slashes ... ok
[INFO] [stdout] test tests::test_cached_instance_is_same ... ok
[INFO] [stdout] test tests::test_cl100k_roundtrip ... ok
[INFO] [stdout] test tests::test_all_encodings_empty_roundtrip ... ok
[INFO] [stdout] test tests::test_count_equals_encode_len ... ok
[INFO] [stdout] test tests::test_count_with_special_tokens_adjacent ... ok
[INFO] [stdout] test tests::test_count_consistency_all_encodings ... ok
[INFO] [stdout] test tests::test_all_encodings_single_byte_roundtrip ... ok
[INFO] [stdout] test tests::test_count_with_special_tokens_cl100k ... ok
[INFO] [stdout] test tests::test_decode_mixed_known_and_unknown ... ok
[INFO] [stdout] test tests::test_count_with_special_tokens_equals_encode_with_special_tokens ... ok
[INFO] [stdout] test tests::test_decode_special_token_roundtrip ... ok
[INFO] [stdout] test tests::test_decode_special_token_cl100k ... ok
[INFO] [stdout] test tests::test_decode_to_string_empty ... ok
[INFO] [stdout] test tests::test_decode_to_string_valid ... ok
[INFO] [stdout] test tests::test_decode_unknown_token_id ... ok
[INFO] [stdout] test tests::test_count_with_special_tokens_all_encodings ... ok
[INFO] [stdout] test tests::test_decode_to_string_unicode ... ok
[INFO] [stdout] test tests::test_deepseek_roundtrip ... ok
[INFO] [stdout] test tests::test_deepseek_special_tokens ... ok
[INFO] [stdout] test tests::test_empty_input ... ok
[INFO] [stdout] test tests::test_encoding_deterministic ... ok
[INFO] [stdout] test tests::test_encoding_for_azure_gpt35 ... ok
[INFO] [stdout] test tests::test_deepseek_v4_extends_v3_specials ... ok
[INFO] [stdout] test tests::test_encoding_for_chinese_model_families ... ok
[INFO] [stdout] test tests::test_encoding_for_davinci_babbage_002 ... ok
[INFO] [stdout] test tests::test_encoding_for_finetuned_models ... ok
[INFO] [stdout] test tests::test_encoding_for_first_gen_embedding_models ... ok
[INFO] [stdout] test tests::test_encoding_for_gpt2_models ... ok
[INFO] [stdout] test tests::test_encoding_for_gpt35 ... ok
[INFO] [stdout] test tests::test_encoding_for_gpt4_models ... ok
[INFO] [stdout] test tests::test_encoding_for_gpt5_family ... ok
[INFO] [stdout] test tests::test_encoding_for_gpt_oss ... ok
[INFO] [stdout] test tests::test_encoding_for_latest_openai_models ... ok
[INFO] [stdout] test tests::test_encoding_for_legacy_exact_ids ... ok
[INFO] [stdout] test tests::test_encoding_for_model_unknown ... ok
[INFO] [stdout] test tests::test_exact_tokens_empty ... ok
[INFO] [stdout] test tests::test_exact_tokens_hello_world ... ok
[INFO] [stdout] test tests::test_encoding_for_gpt5_point_releases ... ok
[INFO] [stdout] test tests::test_exact_tokens_mixed_whitespace ... ok
[INFO] [stdout] test tests::test_exact_tokens_spaces_before_word ... ok
[INFO] [stdout] test tests::test_exact_tokens_three_spaces ... ok
[INFO] [stdout] test tests::test_exact_tokens_trailing_spaces ... ok
[INFO] [stdout] test tests::test_exact_tokens_unicode ... ok
[INFO] [stdout] test tests::test_get_encoding_unknown ... ok
[INFO] [stdout] test tests::test_gpt2_encodes_like_r50k_base ... ok
[INFO] [stdout] test tests::test_gpt2_in_registry ... ok
[INFO] [stdout] test tests::test_gpt2_shares_r50k_base_instance ... ok
[INFO] [stdout] test tests::test_deepseek_zwj_roundtrip ... ok
[INFO] [stdout] test tests::test_llama3_roundtrip ... ok
[INFO] [stdout] test tests::test_llama3_special_token_roundtrip ... ok
[INFO] [stdout] test tests::test_llama3_special_tokens ... ok
[INFO] [stdout] test tests::test_long_text_roundtrip ... ok
[INFO] [stdout] test tests::test_mistral_roundtrip ... ok
[INFO] [stdout] test tests::test_mistral_special_token_roundtrip ... ok
[INFO] [stdout] test tests::test_mistral_special_tokens ... ok
[INFO] [stdout] test tests::test_model_to_encoding_cl100k ... ok
[INFO] [stdout] test tests::test_model_to_encoding_deepseek ... ok
[INFO] [stdout] test tests::test_model_to_encoding_gpt4o_vs_gpt4 ... ok
[INFO] [stdout] test tests::test_model_to_encoding_llama3 ... ok
[INFO] [stdout] test tests::test_model_to_encoding_mistral ... ok
[INFO] [stdout] test tests::test_model_to_encoding_o200k ... ok
[INFO] [stdout] test tests::test_model_to_encoding_p50k ... ok
[INFO] [stdout] test tests::test_model_to_encoding_qwen ... ok
[INFO] [stdout] test tests::test_model_to_encoding_r50k ... ok
[INFO] [stdout] test tests::test_model_to_encoding_unknown ... ok
[INFO] [stdout] test tests::test_o200k_count_equals_encode_len ... ok
[INFO] [stdout] test tests::test_o200k_harmony_matches_base_for_plain_text ... ok
[INFO] [stdout] test tests::test_o200k_harmony_roundtrip ... ok
[INFO] [stdout] test tests::test_o200k_roundtrip ... ok
[INFO] [stdout] test tests::test_o200k_special_tokens ... ok
[INFO] [stdout] test tests::test_p50k_edit_roundtrip ... ok
[INFO] [stdout] test tests::test_p50k_edit_special_tokens ... ok
[INFO] [stdout] test tests::test_p50k_roundtrip ... ok
[INFO] [stdout] test tests::test_qwen2_roundtrip ... ok
[INFO] [stdout] test tests::test_qwen2_special_token_roundtrip ... ok
[INFO] [stdout] test tests::test_qwen2_special_tokens ... ok
[INFO] [stdout] test tests::test_r50k_roundtrip ... ok
[INFO] [stdout] test tests::test_single_characters ... ok
[INFO] [stdout] test tests::test_special_token_counts ... ok
[INFO] [stdout] test tests::test_special_tokens_cl100k ... ok
[INFO] [stdout] test tests::test_unicode_roundtrip ... ok
[INFO] [stdout] test tests::test_vocab_sizes ... ok
[INFO] [stdout] test tests::test_whitespace_roundtrip ... ok
[INFO] [stdout] test vocab::tests::test_all_single_bytes ... ok
[INFO] [stdout] test vocab::tests::test_build_and_lookup ... ok
[INFO] [stdout] test vocab::tests::test_contains_key ... ok
[INFO] [stdout] test vocab::tests::test_decode_roundtrip ... ok
[INFO] [stdout] test vocab::tests::test_empty_vocab ... ok
[INFO] [stdout] test vocab::tests::test_get_pair ... ok
[INFO] [stdout] test vocab::tests::test_inline_boundary_lengths ... ok
[INFO] [stdout] test vocab::tests::test_len ... ok
[INFO] [stdout] test vocab::tests::test_len_empty ... ok
[INFO] [stdout] test vocab::tests::test_len_sparse ... ok
[INFO] [stdout] test vocab::tests::test_long_token ... ok
[INFO] [stdout] test vocab::tests::test_many_entries_no_false_positives ... ok
[INFO] [stdout] test pretokenize::tests::prop_qwen2_fast_matches_regex_cjk ... ok
[INFO] [stdout] test vocab::tests::test_missing_key ... ok
[INFO] [stdout] test vocab::tests::test_nul_padding_not_confused ... ok
[INFO] [stdout] test vocab::tests::test_sparse_ranks ... ok
[INFO] [stdout] test vocab::tests::test_try_decode_out_of_range ... ok
[INFO] [stdout] test vocab::tests::test_try_decode_sparse_rank_returns_none ... ok
[INFO] [stdout] test vocab::tests::test_matches_hashmap_cl100k ... ok
[INFO] [stdout] test tests::test_kimi_generations_share_vocab_but_not_specials ... ok
[INFO] [stdout] test pretokenize::tests::prop_mistral_fast_matches_regex_ascii ... ok
[INFO] [stdout] test tests::features_listed_encodings_are_constructible ... ok
[INFO] [stdout] test tests::test_get_encoding_known ... ok
[INFO] [stdout] test pretokenize::tests::prop_mistral_fast_matches_regex_cjk ... ok
[INFO] [stdout] test pretokenize::tests::prop_o200k_fast_matches_regex_ascii ... ok
[INFO] [stdout] test pretokenize::tests::test_cjk_pieces_match_reference ... ok
[INFO] [stdout] test pretokenize::tests::prop_o200k_fast_matches_regex ... ok
[INFO] [stdout] test pretokenize::tests::prop_mistral_fast_matches_regex ... ok
[INFO] [stdout] test pretokenize::tests::prop_kimi_fast_matches_regex ... ok
[INFO] [stdout] test pretokenize::tests::prop_kimi_fast_matches_regex_cjk ... ok
[INFO] [stdout] test pretokenize::tests::prop_o200k_fast_matches_regex_newlines ... ok
[INFO] [stdout] test pretokenize::tests::prop_o200k_fast_matches_regex_slashes ... ok
[INFO] [stdout] test pretokenize::tests::prop_o200k_fast_matches_regex_cjk ... ok
[INFO] [stdout] 
[INFO] [stdout] failures:
[INFO] [stdout] 
[INFO] [stdout] ---- encoding::vocab_oracle::derived_vocabularies_extend_their_base stdout ----
[INFO] [stdout] 
[INFO] [stdout] thread 'encoding::vocab_oracle::derived_vocabularies_extend_their_base' (1244) panicked at src/encoding.rs:914:66:
[INFO] [stdout] /opt/rustwide/workdir/tests/vocab-oracle/llama3.tiktoken.zst: No such file or directory (os error 2)
[INFO] [stdout] stack backtrace:
[INFO] [stdout]    0:     0x5df4f5f84901 - std[617be2ca0a6fd877]::backtrace_rs::backtrace::libunwind::trace
[INFO] [stdout]                                at /rustc/e3feeb59cd1bdd011a2bfcc0747b55125d9b8527/library/std/src/../../backtrace/src/backtrace/libunwind.rs:117:9
[INFO] [stdout]    1:     0x5df4f5f84901 - std[617be2ca0a6fd877]::backtrace_rs::backtrace::trace_unsynchronized::<std[617be2ca0a6fd877]::sys::backtrace::_print_fmt::{closure#1}>
[INFO] [stdout]                                at /rustc/e3feeb59cd1bdd011a2bfcc0747b55125d9b8527/library/std/src/../../backtrace/src/backtrace/mod.rs:66:14
[INFO] [stdout]    2:     0x5df4f5f84901 - std[617be2ca0a6fd877]::sys::backtrace::_print_fmt
[INFO] [stdout]                                at /rustc/e3feeb59cd1bdd011a2bfcc0747b55125d9b8527/library/std/src/sys/backtrace.rs:74:9
[INFO] [stdout]    3:     0x5df4f5f84901 - <<std[617be2ca0a6fd877]::sys::backtrace::BacktraceLock>::print::DisplayBacktrace as core[a373ad73a504971]::fmt::Display>::fmt
[INFO] [stdout]                                at /rustc/e3feeb59cd1bdd011a2bfcc0747b55125d9b8527/library/std/src/sys/backtrace.rs:44:26
[INFO] [stdout]    4:     0x5df4f5f9b10a - <core[a373ad73a504971]::fmt::rt::Argument>::fmt
[INFO] [stdout]                                at /rustc/e3feeb59cd1bdd011a2bfcc0747b55125d9b8527/library/core/src/fmt/rt.rs:152:76
[INFO] [stdout]    5:     0x5df4f5f9b10a - core[a373ad73a504971]::fmt::write
[INFO] [stdout]    6:     0x5df4f5f88f7c - core[a373ad73a504971]::io::write::default_write_fmt::<alloc[2e1b2a31b91974c5]::vec::Vec<u8>>
[INFO] [stdout]                                at /rustc/e3feeb59cd1bdd011a2bfcc0747b55125d9b8527/library/core/src/io/write.rs:402:11
[INFO] [stdout]    7:     0x5df4f5f88f7c - <alloc[2e1b2a31b91974c5]::vec::Vec<u8> as core[a373ad73a504971]::io::write::Write>::write_fmt
[INFO] [stdout]                                at /rustc/e3feeb59cd1bdd011a2bfcc0747b55125d9b8527/library/core/src/io/write.rs:335:13
[INFO] [stdout]    8:     0x5df4f5f5f526 - <std[617be2ca0a6fd877]::sys::backtrace::BacktraceLock>::print
[INFO] [stdout]                                at /rustc/e3feeb59cd1bdd011a2bfcc0747b55125d9b8527/library/std/src/sys/backtrace.rs:47:9
[INFO] [stdout]    9:     0x5df4f5f5f526 - std[617be2ca0a6fd877]::panicking::default_hook::{closure#0}
[INFO] [stdout]                                at /rustc/e3feeb59cd1bdd011a2bfcc0747b55125d9b8527/library/std/src/panicking.rs:289:27
[INFO] [stdout]   10:     0x5df4f5f7cad9 - std[617be2ca0a6fd877]::panicking::default_hook
[INFO] [stdout]                                at /rustc/e3feeb59cd1bdd011a2bfcc0747b55125d9b8527/library/std/src/panicking.rs:313:9
[INFO] [stdout]   11:     0x5df4f5cb7910 - <alloc[2e1b2a31b91974c5]::boxed::Box<dyn for<'a, 'b> core[a373ad73a504971]::ops::function::Fn<(&'a std[617be2ca0a6fd877]::panic::PanicHookInfo<'b>,), Output = ()> + core[a373ad73a504971]::marker::Sync + core[a373ad73a504971]::marker::Send> as core[a373ad73a504971]::ops::function::Fn<(&std[617be2ca0a6fd877]::panic::PanicHookInfo,)>>::call
[INFO] [stdout]                                at /rustc/e3feeb59cd1bdd011a2bfcc0747b55125d9b8527/library/alloc/src/boxed.rs:2328:9
[INFO] [stdout]   12:     0x5df4f5cb7910 - test[aada8e7e76ba119b]::test_main_inner::{closure#0}
[INFO] [stdout]                                at /rustc/e3feeb59cd1bdd011a2bfcc0747b55125d9b8527/library/test/src/lib.rs:137:21
[INFO] [stdout]   13:     0x5df4f5f7cc92 - <alloc[2e1b2a31b91974c5]::boxed::Box<dyn for<'a, 'b> core[a373ad73a504971]::ops::function::Fn<(&'a std[617be2ca0a6fd877]::panic::PanicHookInfo<'b>,), Output = ()> + core[a373ad73a504971]::marker::Sync + core[a373ad73a504971]::marker::Send> as core[a373ad73a504971]::ops::function::Fn<(&std[617be2ca0a6fd877]::panic::PanicHookInfo,)>>::call
[INFO] [stdout]                                at /rustc/e3feeb59cd1bdd011a2bfcc0747b55125d9b8527/library/alloc/src/boxed.rs:2328:9
[INFO] [stdout]   14:     0x5df4f5f7cc92 - std[617be2ca0a6fd877]::panicking::panic_with_hook
[INFO] [stdout]                                at /rustc/e3feeb59cd1bdd011a2bfcc0747b55125d9b8527/library/std/src/panicking.rs:819:13
[INFO] [stdout]   15:     0x5df4f5f5f5d2 - std[617be2ca0a6fd877]::panicking::panic_handler::{closure#0}
[INFO] [stdout]                                at /rustc/e3feeb59cd1bdd011a2bfcc0747b55125d9b8527/library/std/src/panicking.rs:685:13
[INFO] [stdout]   16:     0x5df4f5f58009 - std[617be2ca0a6fd877]::sys::backtrace::__rust_end_short_backtrace::<std[617be2ca0a6fd877]::panicking::panic_handler::{closure#0}, !>
[INFO] [stdout]                                at /rustc/e3feeb59cd1bdd011a2bfcc0747b55125d9b8527/library/std/src/sys/backtrace.rs:182:18
[INFO] [stdout]   17:     0x5df4f5f601dd - __rustc[ea4f61d10b84890b]::rust_begin_unwind
[INFO] [stdout]                                at /rustc/e3feeb59cd1bdd011a2bfcc0747b55125d9b8527/library/std/src/panicking.rs:676:5
[INFO] [stdout]   18:     0x5df4f5f9b9ac - core[a373ad73a504971]::panicking::panic_fmt
[INFO] [stdout]                                at /rustc/e3feeb59cd1bdd011a2bfcc0747b55125d9b8527/library/core/src/panicking.rs:80:14
[INFO] [stdout]   19:     0x5df4f5bedf8a - tiktoken[8a2922f52b05ce8f]::encoding::vocab_oracle::oracle::{closure#0}
[INFO] [stdout]                                at /opt/rustwide/workdir/src/encoding.rs:914:66
[INFO] [stdout]   20:     0x5df4f5b42df1 - <core[a373ad73a504971]::result::Result<alloc[2e1b2a31b91974c5]::vec::Vec<u8>, core[a373ad73a504971]::io::error::Error>>::unwrap_or_else::<tiktoken[8a2922f52b05ce8f]::encoding::vocab_oracle::oracle::{closure#0}>
[INFO] [stdout]                                at /rustc/e3feeb59cd1bdd011a2bfcc0747b55125d9b8527/library/core/src/result.rs:1619:23
[INFO] [stdout]   21:     0x5df4f5bef42f - tiktoken[8a2922f52b05ce8f]::encoding::vocab_oracle::oracle
[INFO] [stdout]                                at /opt/rustwide/workdir/src/encoding.rs:914:47
[INFO] [stdout]   22:     0x5df4f5bf0407 - tiktoken[8a2922f52b05ce8f]::encoding::vocab_oracle::derived_vocabularies_extend_their_base
[INFO] [stdout]                                at /opt/rustwide/workdir/src/encoding.rs:961:27
[INFO] [stdout]   23:     0x5df4f5bedeb7 - tiktoken[8a2922f52b05ce8f]::encoding::vocab_oracle::derived_vocabularies_extend_their_base::{closure#0}
[INFO] [stdout]                                at /opt/rustwide/workdir/src/encoding.rs:955:48
[INFO] [stdout]   24:     0x5df4f5b62996 - <tiktoken[8a2922f52b05ce8f]::encoding::vocab_oracle::derived_vocabularies_extend_their_base::{closure#0} as core[a373ad73a504971]::ops::function::FnOnce<()>>::call_once
[INFO] [stdout]                                at /rustc/e3feeb59cd1bdd011a2bfcc0747b55125d9b8527/library/core/src/ops/function.rs:250:5
[INFO] [stdout]   25:     0x5df4f5caad5b - <fn() -> core[a373ad73a504971]::result::Result<(), alloc[2e1b2a31b91974c5]::string::String> as core[a373ad73a504971]::ops::function::FnOnce<()>>::call_once
[INFO] [stdout]                                at /rustc/e3feeb59cd1bdd011a2bfcc0747b55125d9b8527/library/core/src/ops/function.rs:250:5
[INFO] [stdout]   26:     0x5df4f5caad5b - test[aada8e7e76ba119b]::__rust_begin_short_backtrace::<core[a373ad73a504971]::result::Result<(), alloc[2e1b2a31b91974c5]::string::String>, fn() -> core[a373ad73a504971]::result::Result<(), alloc[2e1b2a31b91974c5]::string::String>>
[INFO] [stdout]                                at /rustc/e3feeb59cd1bdd011a2bfcc0747b55125d9b8527/library/test/src/lib.rs:701:18
[INFO] [stdout]   27:     0x5df4f5cb7f35 - test[aada8e7e76ba119b]::run_test_in_process::{closure#0}
[INFO] [stdout]                                at /rustc/e3feeb59cd1bdd011a2bfcc0747b55125d9b8527/library/test/src/lib.rs:724:74
[INFO] [stdout]   28:     0x5df4f5cb7f35 - <core[a373ad73a504971]::panic::unwind_safe::AssertUnwindSafe<test[aada8e7e76ba119b]::run_test_in_process::{closure#0}> as core[a373ad73a504971]::ops::function::FnOnce<()>>::call_once
[INFO] [stdout]                                at /rustc/e3feeb59cd1bdd011a2bfcc0747b55125d9b8527/library/core/src/panic/unwind_safe.rs:275:9
[INFO] [stdout]   29:     0x5df4f5cb7f35 - std[617be2ca0a6fd877]::panicking::catch_unwind::do_call::<core[a373ad73a504971]::panic::unwind_safe::AssertUnwindSafe<test[aada8e7e76ba119b]::run_test_in_process::{closure#0}>, core[a373ad73a504971]::result::Result<(), alloc[2e1b2a31b91974c5]::string::String>>
[INFO] [stdout]                                at /rustc/e3feeb59cd1bdd011a2bfcc0747b55125d9b8527/library/std/src/panicking.rs:573:43
[INFO] [stdout]   30:     0x5df4f5cb7f35 - std[617be2ca0a6fd877]::panicking::catch_unwind::<core[a373ad73a504971]::result::Result<(), alloc[2e1b2a31b91974c5]::string::String>, core[a373ad73a504971]::panic::unwind_safe::AssertUnwindSafe<test[aada8e7e76ba119b]::run_test_in_process::{closure#0}>>
[INFO] [stdout]                                at /rustc/e3feeb59cd1bdd011a2bfcc0747b55125d9b8527/library/std/src/panicking.rs:541:19
[INFO] [stdout]   31:     0x5df4f5cb7f35 - std[617be2ca0a6fd877]::panic::catch_unwind::<core[a373ad73a504971]::panic::unwind_safe::AssertUnwindSafe<test[aada8e7e76ba119b]::run_test_in_process::{closure#0}>, core[a373ad73a504971]::result::Result<(), alloc[2e1b2a31b91974c5]::string::String>>
[INFO] [stdout]                                at /rustc/e3feeb59cd1bdd011a2bfcc0747b55125d9b8527/library/std/src/panic.rs:359:14
[INFO] [stdout]   32:     0x5df4f5cb7f35 - test[aada8e7e76ba119b]::run_test_in_process
[INFO] [stdout]                                at /rustc/e3feeb59cd1bdd011a2bfcc0747b55125d9b8527/library/test/src/lib.rs:724:27
[INFO] [stdout]   33:     0x5df4f5cb7f35 - test[aada8e7e76ba119b]::run_test::{closure#0}
[INFO] [stdout]                                at /rustc/e3feeb59cd1bdd011a2bfcc0747b55125d9b8527/library/test/src/lib.rs:645:43
[INFO] [stdout]   34:     0x5df4f5cb1824 - test[aada8e7e76ba119b]::run_test::{closure#1}
[INFO] [stdout]                                at /rustc/e3feeb59cd1bdd011a2bfcc0747b55125d9b8527/library/test/src/lib.rs:675:41
[INFO] [stdout]   35:     0x5df4f5cb1824 - std[617be2ca0a6fd877]::sys::backtrace::__rust_begin_short_backtrace::<test[aada8e7e76ba119b]::run_test::{closure#1}, ()>
[INFO] [stdout]                                at /rustc/e3feeb59cd1bdd011a2bfcc0747b55125d9b8527/library/std/src/sys/backtrace.rs:166:18
[INFO] [stdout]   36:     0x5df4f5cbafc2 - std[617be2ca0a6fd877]::thread::lifecycle::spawn_unchecked::<test[aada8e7e76ba119b]::run_test::{closure#1}, ()>::{closure#1}::{closure#0}
[INFO] [stdout]                                at /rustc/e3feeb59cd1bdd011a2bfcc0747b55125d9b8527/library/std/src/thread/lifecycle.rs:70:13
[INFO] [stdout]   37:     0x5df4f5cbafc2 - <core[a373ad73a504971]::panic::unwind_safe::AssertUnwindSafe<std[617be2ca0a6fd877]::thread::lifecycle::spawn_unchecked<test[aada8e7e76ba119b]::run_test::{closure#1}, ()>::{closure#1}::{closure#0}> as core[a373ad73a504971]::ops::function::FnOnce<()>>::call_once
[INFO] [stdout]                                at /rustc/e3feeb59cd1bdd011a2bfcc0747b55125d9b8527/library/core/src/panic/unwind_safe.rs:275:9
[INFO] [stdout]   38:     0x5df4f5cbafc2 - std[617be2ca0a6fd877]::panicking::catch_unwind::do_call::<core[a373ad73a504971]::panic::unwind_safe::AssertUnwindSafe<std[617be2ca0a6fd877]::thread::lifecycle::spawn_unchecked<test[aada8e7e76ba119b]::run_test::{closure#1}, ()>::{closure#1}::{closure#0}>, ()>
[INFO] [stdout]                                at /rustc/e3feeb59cd1bdd011a2bfcc0747b55125d9b8527/library/std/src/panicking.rs:573:43
[INFO] [stdout]   39:     0x5df4f5cbafc2 - std[617be2ca0a6fd877]::panicking::catch_unwind::<(), core[a373ad73a504971]::panic::unwind_safe::AssertUnwindSafe<std[617be2ca0a6fd877]::thread::lifecycle::spawn_unchecked<test[aada8e7e76ba119b]::run_test::{closure#1}, ()>::{closure#1}::{closure#0}>>
[INFO] [stdout]                                at /rustc/e3feeb59cd1bdd011a2bfcc0747b55125d9b8527/library/std/src/panicking.rs:541:19
[INFO] [stdout]   40:     0x5df4f5cbafc2 - std[617be2ca0a6fd877]::panic::catch_unwind::<core[a373ad73a504971]::panic::unwind_safe::AssertUnwindSafe<std[617be2ca0a6fd877]::thread::lifecycle::spawn_unchecked<test[aada8e7e76ba119b]::run_test::{closure#1}, ()>::{closure#1}::{closure#0}>, ()>
[INFO] [stdout]                                at /rustc/e3feeb59cd1bdd011a2bfcc0747b55125d9b8527/library/std/src/panic.rs:359:14
[INFO] [stdout]   41:     0x5df4f5cbafc2 - std[617be2ca0a6fd877]::thread::lifecycle::spawn_unchecked::<test[aada8e7e76ba119b]::run_test::{closure#1}, ()>::{closure#1}
[INFO] [stdout]                                at /rustc/e3feeb59cd1bdd011a2bfcc0747b55125d9b8527/library/std/src/thread/lifecycle.rs:68:26
[INFO] [stdout]   42:     0x5df4f5cbafc2 - <std[617be2ca0a6fd877]::thread::lifecycle::spawn_unchecked<test[aada8e7e76ba119b]::run_test::{closure#1}, ()>::{closure#1} as core[a373ad73a504971]::ops::function::FnOnce<()>>::call_once::{shim:vtable#0}
[INFO] [stdout]                                at /rustc/e3feeb59cd1bdd011a2bfcc0747b55125d9b8527/library/core/src/ops/function.rs:250:5
[INFO] [stdout]   43:     0x5df4f5f83e4f - <alloc[2e1b2a31b91974c5]::boxed::Box<dyn core[a373ad73a504971]::ops::function::FnOnce<(), Output = ()> + core[a373ad73a504971]::marker::Send> as core[a373ad73a504971]::ops::function::FnOnce<()>>::call_once
[INFO] [stdout]                                at /rustc/e3feeb59cd1bdd011a2bfcc0747b55125d9b8527/library/alloc/src/boxed.rs:2314:9
[INFO] [stdout]   44:     0x5df4f5f83e4f - <std[617be2ca0a6fd877]::sys::thread::unix::Thread>::new::thread_start
[INFO] [stdout]                                at /rustc/e3feeb59cd1bdd011a2bfcc0747b55125d9b8527/library/std/src/sys/thread/unix.rs:127:17
[INFO] [stdout]   45:     0x71f27ec99dfa - <unknown>
[INFO] [stdout]   46:     0x71f27ed2d3d4 - clone
[INFO] [stdout]   47:                0x0 - <unknown>
[INFO] [stdout] 
[INFO] [stdout] ---- encoding::vocab_oracle::shipped_vocabularies_match_the_oracle stdout ----
[INFO] [stdout] 
[INFO] [stdout] thread 'encoding::vocab_oracle::shipped_vocabularies_match_the_oracle' (1245) panicked at src/encoding.rs:914:66:
[INFO] [stdout] /opt/rustwide/workdir/tests/vocab-oracle/cl100k_base.tiktoken.zst: No such file or directory (os error 2)
[INFO] [stdout] stack backtrace:
[INFO] [stdout]    0:     0x5df4f5f84901 - std[617be2ca0a6fd877]::backtrace_rs::backtrace::libunwind::trace
[INFO] [stdout]                                at /rustc/e3feeb59cd1bdd011a2bfcc0747b55125d9b8527/library/std/src/../../backtrace/src/backtrace/libunwind.rs:117:9
[INFO] [stdout]    1:     0x5df4f5f84901 - std[617be2ca0a6fd877]::backtrace_rs::backtrace::trace_unsynchronized::<std[617be2ca0a6fd877]::sys::backtrace::_print_fmt::{closure#1}>
[INFO] [stdout]                                at /rustc/e3feeb59cd1bdd011a2bfcc0747b55125d9b8527/library/std/src/../../backtrace/src/backtrace/mod.rs:66:14
[INFO] [stdout]    2:     0x5df4f5f84901 - std[617be2ca0a6fd877]::sys::backtrace::_print_fmt
[INFO] [stdout]                                at /rustc/e3feeb59cd1bdd011a2bfcc0747b55125d9b8527/library/std/src/sys/backtrace.rs:74:9
[INFO] [stdout]    3:     0x5df4f5f84901 - <<std[617be2ca0a6fd877]::sys::backtrace::BacktraceLock>::print::DisplayBacktrace as core[a373ad73a504971]::fmt::Display>::fmt
[INFO] [stdout]                                at /rustc/e3feeb59cd1bdd011a2bfcc0747b55125d9b8527/library/std/src/sys/backtrace.rs:44:26
[INFO] [stdout]    4:     0x5df4f5f9b10a - <core[a373ad73a504971]::fmt::rt::Argument>::fmt
[INFO] [stdout]                                at /rustc/e3feeb59cd1bdd011a2bfcc0747b55125d9b8527/library/core/src/fmt/rt.rs:152:76
[INFO] [stdout]    5:     0x5df4f5f9b10a - core[a373ad73a504971]::fmt::write
[INFO] [stdout]    6:     0x5df4f5f88f7c - core[a373ad73a504971]::io::write::default_write_fmt::<alloc[2e1b2a31b91974c5]::vec::Vec<u8>>
[INFO] [stdout]                                at /rustc/e3feeb59cd1bdd011a2bfcc0747b55125d9b8527/library/core/src/io/write.rs:402:11
[INFO] [stdout]    7:     0x5df4f5f88f7c - <alloc[2e1b2a31b91974c5]::vec::Vec<u8> as core[a373ad73a504971]::io::write::Write>::write_fmt
[INFO] [stdout]                                at /rustc/e3feeb59cd1bdd011a2bfcc0747b55125d9b8527/library/core/src/io/write.rs:335:13
[INFO] [stdout]    8:     0x5df4f5f5f526 - <std[617be2ca0a6fd877]::sys::backtrace::BacktraceLock>::print
[INFO] [stdout]                                at /rustc/e3feeb59cd1bdd011a2bfcc0747b55125d9b8527/library/std/src/sys/backtrace.rs:47:9
[INFO] [stdout]    9:     0x5df4f5f5f526 - std[617be2ca0a6fd877]::panicking::default_hook::{closure#0}
[INFO] [stdout]                                at /rustc/e3feeb59cd1bdd011a2bfcc0747b55125d9b8527/library/std/src/panicking.rs:289:27
[INFO] [stdout]   10:     0x5df4f5f7cad9 - std[617be2ca0a6fd877]::panicking::default_hook
[INFO] [stdout]                                at /rustc/e3feeb59cd1bdd011a2bfcc0747b55125d9b8527/library/std/src/panicking.rs:313:9
[INFO] [stdout]   11:     0x5df4f5cb7910 - <alloc[2e1b2a31b91974c5]::boxed::Box<dyn for<'a, 'b> core[a373ad73a504971]::ops::function::Fn<(&'a std[617be2ca0a6fd877]::panic::PanicHookInfo<'b>,), Output = ()> + core[a373ad73a504971]::marker::Sync + core[a373ad73a504971]::marker::Send> as core[a373ad73a504971]::ops::function::Fn<(&std[617be2ca0a6fd877]::panic::PanicHookInfo,)>>::call
[INFO] [stdout]                                at /rustc/e3feeb59cd1bdd011a2bfcc0747b55125d9b8527/library/alloc/src/boxed.rs:2328:9
[INFO] [stdout]   12:     0x5df4f5cb7910 - test[aada8e7e76ba119b]::test_main_inner::{closure#0}
[INFO] [stdout]                                at /rustc/e3feeb59cd1bdd011a2bfcc0747b55125d9b8527/library/test/src/lib.rs:137:21
[INFO] [stdout]   13:     0x5df4f5f7cc92 - <alloc[2e1b2a31b91974c5]::boxed::Box<dyn for<'a, 'b> core[a373ad73a504971]::ops::function::Fn<(&'a std[617be2ca0a6fd877]::panic::PanicHookInfo<'b>,), Output = ()> + core[a373ad73a504971]::marker::Sync + core[a373ad73a504971]::marker::Send> as core[a373ad73a504971]::ops::function::Fn<(&std[617be2ca0a6fd877]::panic::PanicHookInfo,)>>::call
[INFO] [stdout]                                at /rustc/e3feeb59cd1bdd011a2bfcc0747b55125d9b8527/library/alloc/src/boxed.rs:2328:9
[INFO] [stdout]   14:     0x5df4f5f7cc92 - std[617be2ca0a6fd877]::panicking::panic_with_hook
[INFO] [stdout]                                at /rustc/e3feeb59cd1bdd011a2bfcc0747b55125d9b8527/library/std/src/panicking.rs:819:13
[INFO] [stdout]   15:     0x5df4f5f5f5d2 - std[617be2ca0a6fd877]::panicking::panic_handler::{closure#0}
[INFO] [stdout]                                at /rustc/e3feeb59cd1bdd011a2bfcc0747b55125d9b8527/library/std/src/panicking.rs:685:13
[INFO] [stdout]   16:     0x5df4f5f58009 - std[617be2ca0a6fd877]::sys::backtrace::__rust_end_short_backtrace::<std[617be2ca0a6fd877]::panicking::panic_handler::{closure#0}, !>
[INFO] [stdout]                                at /rustc/e3feeb59cd1bdd011a2bfcc0747b55125d9b8527/library/std/src/sys/backtrace.rs:182:18
[INFO] [stdout]   17:     0x5df4f5f601dd - __rustc[ea4f61d10b84890b]::rust_begin_unwind
[INFO] [stdout]                                at /rustc/e3feeb59cd1bdd011a2bfcc0747b55125d9b8527/library/std/src/panicking.rs:676:5
[INFO] [stdout]   18:     0x5df4f5f9b9ac - core[a373ad73a504971]::panicking::panic_fmt
[INFO] [stdout]                                at /rustc/e3feeb59cd1bdd011a2bfcc0747b55125d9b8527/library/core/src/panicking.rs:80:14
[INFO] [stdout]   19:     0x5df4f5bedf8a - tiktoken[8a2922f52b05ce8f]::encoding::vocab_oracle::oracle::{closure#0}
[INFO] [stdout]                                at /opt/rustwide/workdir/src/encoding.rs:914:66
[INFO] [stdout]   20:     0x5df4f5b42df1 - <core[a373ad73a504971]::result::Result<alloc[2e1b2a31b91974c5]::vec::Vec<u8>, core[a373ad73a504971]::io::error::Error>>::unwrap_or_else::<tiktoken[8a2922f52b05ce8f]::encoding::vocab_oracle::oracle::{closure#0}>
[INFO] [stdout]                                at /rustc/e3feeb59cd1bdd011a2bfcc0747b55125d9b8527/library/core/src/result.rs:1619:23
[INFO] [stdout]   21:     0x5df4f5bef42f - tiktoken[8a2922f52b05ce8f]::encoding::vocab_oracle::oracle
[INFO] [stdout]                                at /opt/rustwide/workdir/src/encoding.rs:914:47
[INFO] [stdout]   22:     0x5df4f5befd59 - tiktoken[8a2922f52b05ce8f]::encoding::vocab_oracle::shipped_vocabularies_match_the_oracle
[INFO] [stdout]                                at /opt/rustwide/workdir/src/encoding.rs:933:29
[INFO] [stdout]   23:     0x5df4f5bede87 - tiktoken[8a2922f52b05ce8f]::encoding::vocab_oracle::shipped_vocabularies_match_the_oracle::{closure#0}
[INFO] [stdout]                                at /opt/rustwide/workdir/src/encoding.rs:930:47
[INFO] [stdout]   24:     0x5df4f5b62976 - <tiktoken[8a2922f52b05ce8f]::encoding::vocab_oracle::shipped_vocabularies_match_the_oracle::{closure#0} as core[a373ad73a504971]::ops::function::FnOnce<()>>::call_once
[INFO] [stdout]                                at /rustc/e3feeb59cd1bdd011a2bfcc0747b55125d9b8527/library/core/src/ops/function.rs:250:5
[INFO] [stdout]   25:     0x5df4f5caad5b - <fn() -> core[a373ad73a504971]::result::Result<(), alloc[2e1b2a31b91974c5]::string::String> as core[a373ad73a504971]::ops::function::FnOnce<()>>::call_once
[INFO] [stdout]                                at /rustc/e3feeb59cd1bdd011a2bfcc0747b55125d9b8527/library/core/src/ops/function.rs:250:5
[INFO] [stdout]   26:     0x5df4f5caad5b - test[aada8e7e76ba119b]::__rust_begin_short_backtrace::<core[a373ad73a504971]::result::Result<(), alloc[2e1b2a31b91974c5]::string::String>, fn() -> core[a373ad73a504971]::result::Result<(), alloc[2e1b2a31b91974c5]::string::String>>
[INFO] [stdout]                                at /rustc/e3feeb59cd1bdd011a2bfcc0747b55125d9b8527/library/test/src/lib.rs:701:18
[INFO] [stdout]   27:     0x5df4f5cb7f35 - test[aada8e7e76ba119b]::run_test_in_process::{closure#0}
[INFO] [stdout]                                at /rustc/e3feeb59cd1bdd011a2bfcc0747b55125d9b8527/library/test/src/lib.rs:724:74
[INFO] [stdout]   28:     0x5df4f5cb7f35 - <core[a373ad73a504971]::panic::unwind_safe::AssertUnwindSafe<test[aada8e7e76ba119b]::run_test_in_process::{closure#0}> as core[a373ad73a504971]::ops::function::FnOnce<()>>::call_once
[INFO] [stdout]                                at /rustc/e3feeb59cd1bdd011a2bfcc0747b55125d9b8527/library/core/src/panic/unwind_safe.rs:275:9
[INFO] [stdout]   29:     0x5df4f5cb7f35 - std[617be2ca0a6fd877]::panicking::catch_unwind::do_call::<core[a373ad73a504971]::panic::unwind_safe::AssertUnwindSafe<test[aada8e7e76ba119b]::run_test_in_process::{closure#0}>, core[a373ad73a504971]::result::Result<(), alloc[2e1b2a31b91974c5]::string::String>>
[INFO] [stdout]                                at /rustc/e3feeb59cd1bdd011a2bfcc0747b55125d9b8527/library/std/src/panicking.rs:573:43
[INFO] [stdout]   30:     0x5df4f5cb7f35 - std[617be2ca0a6fd877]::panicking::catch_unwind::<core[a373ad73a504971]::result::Result<(), alloc[2e1b2a31b91974c5]::string::String>, core[a373ad73a504971]::panic::unwind_safe::AssertUnwindSafe<test[aada8e7e76ba119b]::run_test_in_process::{closure#0}>>
[INFO] [stdout]                                at /rustc/e3feeb59cd1bdd011a2bfcc0747b55125d9b8527/library/std/src/panicking.rs:541:19
[INFO] [stdout]   31:     0x5df4f5cb7f35 - std[617be2ca0a6fd877]::panic::catch_unwind::<core[a373ad73a504971]::panic::unwind_safe::AssertUnwindSafe<test[aada8e7e76ba119b]::run_test_in_process::{closure#0}>, core[a373ad73a504971]::result::Result<(), alloc[2e1b2a31b91974c5]::string::String>>
[INFO] [stdout]                                at /rustc/e3feeb59cd1bdd011a2bfcc0747b55125d9b8527/library/std/src/panic.rs:359:14
[INFO] [stdout]   32:     0x5df4f5cb7f35 - test[aada8e7e76ba119b]::run_test_in_process
[INFO] [stdout]                                at /rustc/e3feeb59cd1bdd011a2bfcc0747b55125d9b8527/library/test/src/lib.rs:724:27
[INFO] [stdout]   33:     0x5df4f5cb7f35 - test[aada8e7e76ba119b]::run_test::{closure#0}
[INFO] [stdout]                                at /rustc/e3feeb59cd1bdd011a2bfcc0747b55125d9b8527/library/test/src/lib.rs:645:43
[INFO] [stdout]   34:     0x5df4f5cb1824 - test[aada8e7e76ba119b]::run_test::{closure#1}
[INFO] [stdout]                                at /rustc/e3feeb59cd1bdd011a2bfcc0747b55125d9b8527/library/test/src/lib.rs:675:41
[INFO] [stdout]   35:     0x5df4f5cb1824 - std[617be2ca0a6fd877]::sys::backtrace::__rust_begin_short_backtrace::<test[aada8e7e76ba119b]::run_test::{closure#1}, ()>
[INFO] [stdout]                                at /rustc/e3feeb59cd1bdd011a2bfcc0747b55125d9b8527/library/std/src/sys/backtrace.rs:166:18
[INFO] [stdout]   36:     0x5df4f5cbafc2 - std[617be2ca0a6fd877]::thread::lifecycle::spawn_unchecked::<test[aada8e7e76ba119b]::run_test::{closure#1}, ()>::{closure#1}::{closure#0}
[INFO] [stdout]                                at /rustc/e3feeb59cd1bdd011a2bfcc0747b55125d9b8527/library/std/src/thread/lifecycle.rs:70:13
[INFO] [stdout]   37:     0x5df4f5cbafc2 - <core[a373ad73a504971]::panic::unwind_safe::AssertUnwindSafe<std[617be2ca0a6fd877]::thread::lifecycle::spawn_unchecked<test[aada8e7e76ba119b]::run_test::{closure#1}, ()>::{closure#1}::{closure#0}> as core[a373ad73a504971]::ops::function::FnOnce<()>>::call_once
[INFO] [stdout]                                at /rustc/e3feeb59cd1bdd011a2bfcc0747b55125d9b8527/library/core/src/panic/unwind_safe.rs:275:9
[INFO] [stdout]   38:     0x5df4f5cbafc2 - std[617be2ca0a6fd877]::panicking::catch_unwind::do_call::<core[a373ad73a504971]::panic::unwind_safe::AssertUnwindSafe<std[617be2ca0a6fd877]::thread::lifecycle::spawn_unchecked<test[aada8e7e76ba119b]::run_test::{closure#1}, ()>::{closure#1}::{closure#0}>, ()>
[INFO] [stdout]                                at /rustc/e3feeb59cd1bdd011a2bfcc0747b55125d9b8527/library/std/src/panicking.rs:573:43
[INFO] [stdout]   39:     0x5df4f5cbafc2 - std[617be2ca0a6fd877]::panicking::catch_unwind::<(), core[a373ad73a504971]::panic::unwind_safe::AssertUnwindSafe<std[617be2ca0a6fd877]::thread::lifecycle::spawn_unchecked<test[aada8e7e76ba119b]::run_test::{closure#1}, ()>::{closure#1}::{closure#0}>>
[INFO] [stdout]                                at /rustc/e3feeb59cd1bdd011a2bfcc0747b55125d9b8527/library/std/src/panicking.rs:541:19
[INFO] [stdout]   40:     0x5df4f5cbafc2 - std[617be2ca0a6fd877]::panic::catch_unwind::<core[a373ad73a504971]::panic::unwind_safe::AssertUnwindSafe<std[617be2ca0a6fd877]::thread::lifecycle::spawn_unchecked<test[aada8e7e76ba119b]::run_test::{closure#1}, ()>::{closure#1}::{closure#0}>, ()>
[INFO] [stdout]                                at /rustc/e3feeb59cd1bdd011a2bfcc0747b55125d9b8527/library/std/src/panic.rs:359:14
[INFO] [stdout]   41:     0x5df4f5cbafc2 - std[617be2ca0a6fd877]::thread::lifecycle::spawn_unchecked::<test[aada8e7e76ba119b]::run_test::{closure#1}, ()>::{closure#1}
[INFO] [stdout]                                at /rustc/e3feeb59cd1bdd011a2bfcc0747b55125d9b8527/library/std/src/thread/lifecycle.rs:68:26
[INFO] [stdout]   42:     0x5df4f5cbafc2 - <std[617be2ca0a6fd877]::thread::lifecycle::spawn_unchecked<test[aada8e7e76ba119b]::run_test::{closure#1}, ()>::{closure#1} as core[a373ad73a504971]::ops::function::FnOnce<()>>::call_once::{shim:vtable#0}
[INFO] [stdout]                                at /rustc/e3feeb59cd1bdd011a2bfcc0747b55125d9b8527/library/core/src/ops/function.rs:250:5
[INFO] [stdout]   43:     0x5df4f5f83e4f - <alloc[2e1b2a31b91974c5]::boxed::Box<dyn core[a373ad73a504971]::ops::function::FnOnce<(), Output = ()> + core[a373ad73a504971]::marker::Send> as core[a373ad73a504971]::ops::function::FnOnce<()>>::call_once
[INFO] [stdout]                                at /rustc/e3feeb59cd1bdd011a2bfcc0747b55125d9b8527/library/alloc/src/boxed.rs:2314:9
[INFO] [stdout]   44:     0x5df4f5f83e4f - <std[617be2ca0a6fd877]::sys::thread::unix::Thread>::new::thread_start
[INFO] [stdout]                                at /rustc/e3feeb59cd1bdd011a2bfcc0747b55125d9b8527/library/std/src/sys/thread/unix.rs:127:17
[INFO] [stdout]   45:     0x71f27ec99dfa - <unknown>
[INFO] [stdout]   46:     0x71f27ed2d3d4 - clone
[INFO] [stdout]   47:                0x0 - <unknown>
[INFO] [stdout] 
[INFO] [stdout] 
[INFO] [stdout] failures:
[INFO] [stdout]     encoding::vocab_oracle::derived_vocabularies_extend_their_base
[INFO] [stdout]     encoding::vocab_oracle::shipped_vocabularies_match_the_oracle
[INFO] [stdout] 
[INFO] [stdout] test result: FAILED. 247 passed; 2 failed; 0 ignored; 0 measured; 0 filtered out; finished in 294.49s
[INFO] [stdout] 
[INFO] [stderr] error: test failed, to rerun pass `--lib`
[INFO] running `Command { std: "docker" "inspect" "ce508acec2234230a06431b67b50ad885fb18ebc89ccd507a44bbbb2434dc26b", kill_on_drop: false }`
[INFO] running `Command { std: "docker" "rm" "-f" "ce508acec2234230a06431b67b50ad885fb18ebc89ccd507a44bbbb2434dc26b", kill_on_drop: false }`
[INFO] [stdout] ce508acec2234230a06431b67b50ad885fb18ebc89ccd507a44bbbb2434dc26b
