[INFO] fetching crate tiff-reader 0.8.1...
[INFO] testing tiff-reader-0.8.1 against 1.99.0-beta.8 for beta-1.100-2
[INFO] extracting crate tiff-reader 0.8.1 into /workspace/builds/worker-7-tc1/source
[INFO] started tweaking crates.io crate tiff-reader 0.8.1
[INFO] removed 0 missing tests
[INFO] finished tweaking crates.io crate tiff-reader 0.8.1
[INFO] tweaked toml for crates.io crate tiff-reader 0.8.1 written to /workspace/builds/worker-7-tc1/source/Cargo.toml
[INFO] validating manifest of crates.io crate tiff-reader 0.8.1 on toolchain 1.99.0-beta.8
[INFO] running `Command { std: CARGO_HOME="/workspace/cargo-home" RUSTUP_HOME="/workspace/rustup-home" "/workspace/cargo-home/bin/cargo" "+1.99.0-beta.8" "metadata" "--manifest-path" "Cargo.toml" "--no-deps", kill_on_drop: false }`
[INFO] crate crates.io crate tiff-reader 0.8.1 already has a lockfile, it will not be regenerated
[INFO] running `Command { std: CARGO_HOME="/workspace/cargo-home" RUSTUP_HOME="/workspace/rustup-home" "/workspace/cargo-home/bin/cargo" "+1.99.0-beta.8" "fetch" "--manifest-path" "Cargo.toml", kill_on_drop: false }`
[INFO] [stderr]     Updating crates.io index
[INFO] [stderr]  Downloading crates ...
[INFO] [stderr]   Downloaded lru v0.16.4
[INFO] [stderr]   Downloaded lerc-reader v0.4.2
[INFO] [stderr]   Downloaded lerc-core v0.4.2
[INFO] [stderr]   Downloaded tiff-core v0.8.1
[INFO] [stderr]   Downloaded lerc-band-materialize v0.4.2
[INFO] [stderr]   Downloaded jpeg-encoder v0.6.1
[INFO] [stderr]   Downloaded ruzstd v0.8.1
[INFO] [stderr]   Downloaded zlib-rs v0.6.5
[INFO] [stderr]   Downloaded jpeg-decoder v0.3.2
[INFO] running `Command { std: "docker" "create" "-v" "/var/lib/crater-agent-workspace/builds/worker-7-tc1/source:/opt/rustwide/workdir:ro,Z" "-v" "/var/lib/crater-agent-workspace/builds/worker-7-tc1/target:/opt/rustwide/target:rw,Z" "-v" "/var/lib/crater-agent-workspace/cargo-home:/opt/rustwide/cargo-home:ro,Z" "-v" "/var/lib/crater-agent-workspace/rustup-home:/opt/rustwide/rustup-home:ro,Z" "-m" "1610612736" "--network" "none" "ghcr.io/rust-lang/crates-build-env/linux@sha256:3111399a4047eeb3a02b7a90e478d715f38a8c6669b5c4b49d30a17385265909" "sleep" "infinity", kill_on_drop: false }`
[INFO] [stdout] 0d747f2f83e083afee534a20d80a04dc090342ddf76e2c2212c107d16cf25570
[INFO] running `Command { std: "docker" "start" "0d747f2f83e083afee534a20d80a04dc090342ddf76e2c2212c107d16cf25570", kill_on_drop: false }`
[INFO] running `Command { std: "docker" "inspect" "0d747f2f83e083afee534a20d80a04dc090342ddf76e2c2212c107d16cf25570", kill_on_drop: false }`
[INFO] running `Command { std: "docker" "exec" "-e" "SOURCE_DIR=/opt/rustwide/workdir" "-e" "CARGO_HOME=/opt/rustwide/cargo-home" "-e" "RUSTUP_HOME=/opt/rustwide/rustup-home" "-e" "CARGO_TARGET_DIR=/opt/rustwide/target" "-w" "/opt/rustwide/workdir" "--user" "0:0" "0d747f2f83e083afee534a20d80a04dc090342ddf76e2c2212c107d16cf25570" "/opt/rustwide/cargo-home/bin/cargo" "+1.99.0-beta.8" "metadata" "--no-deps" "--format-version=1", kill_on_drop: false }`
[INFO] running `Command { std: "docker" "inspect" "0d747f2f83e083afee534a20d80a04dc090342ddf76e2c2212c107d16cf25570", kill_on_drop: false }`
[INFO] running `Command { std: "docker" "exec" "-e" "SOURCE_DIR=/opt/rustwide/workdir" "-e" "CARGO_HOME=/opt/rustwide/cargo-home" "-e" "RUSTUP_HOME=/opt/rustwide/rustup-home" "-e" "CARGO_TARGET_DIR=/opt/rustwide/target" "-e" "CARGO_INCREMENTAL=0" "-e" "RUST_BACKTRACE=full" "-e" "RUSTFLAGS=--cap-lints=warn" "-e" "RUSTDOCFLAGS=--cap-lints=warn" "-w" "/opt/rustwide/workdir" "--user" "0:0" "0d747f2f83e083afee534a20d80a04dc090342ddf76e2c2212c107d16cf25570" "/opt/rustwide/cargo-home/bin/cargo" "+1.99.0-beta.8" "build" "--frozen" "--message-format=json", kill_on_drop: false }`
[INFO] [stderr]    Compiling num-traits v0.2.19
[INFO] [stderr]    Compiling matrixmultiply v0.3.10
[INFO] [stderr]    Compiling rawpointer v0.2.1
[INFO] [stderr]    Compiling foldhash v0.2.0
[INFO] [stderr]    Compiling syn v2.0.118
[INFO] [stderr]    Compiling smallvec v1.15.2
[INFO] [stderr]    Compiling either v1.16.0
[INFO] [stderr]    Compiling lerc-core v0.4.2
[INFO] [stderr]    Compiling zlib-rs v0.6.5
[INFO] [stderr]    Compiling rayon v1.12.0
[INFO] [stderr]    Compiling parking_lot_core v0.9.12
[INFO] [stderr]    Compiling hashbrown v0.16.1
[INFO] [stderr]    Compiling lerc-band-materialize v0.4.2
[INFO] [stderr]    Compiling quick-error v2.0.1
[INFO] [stderr]    Compiling byteorder-lite v0.1.0
[INFO] [stderr]    Compiling twox-hash v2.1.2
[INFO] [stderr]    Compiling ruzstd v0.8.1
[INFO] [stderr]    Compiling image-webp v0.2.4
[INFO] [stderr]    Compiling num-complex v0.4.6
[INFO] [stderr]    Compiling num-integer v0.1.46
[INFO] [stderr]    Compiling lru v0.16.4
[INFO] [stderr]    Compiling parking_lot v0.12.5
[INFO] [stderr]    Compiling memmap2 v0.9.11
[INFO] [stderr]    Compiling ndarray v0.17.2
[INFO] [stderr]    Compiling weezl v0.1.12
[INFO] [stderr]    Compiling thiserror-impl v2.0.18
[INFO] [stderr]    Compiling jpeg-decoder v0.3.2
[INFO] [stderr]    Compiling thiserror v2.0.18
[INFO] [stderr]    Compiling tiff-core v0.8.1
[INFO] [stderr]    Compiling flate2 v1.1.9
[INFO] [stderr]    Compiling lerc-reader v0.4.2
[INFO] [stderr]    Compiling tiff-reader v0.8.1 (/opt/rustwide/workdir)
[INFO] [stderr]     Finished `dev` profile [unoptimized + debuginfo] target(s) in 30.89s
[INFO] running `Command { std: "docker" "inspect" "0d747f2f83e083afee534a20d80a04dc090342ddf76e2c2212c107d16cf25570", kill_on_drop: false }`
[INFO] running `Command { std: "docker" "exec" "-e" "SOURCE_DIR=/opt/rustwide/workdir" "-e" "CARGO_HOME=/opt/rustwide/cargo-home" "-e" "RUSTUP_HOME=/opt/rustwide/rustup-home" "-e" "CARGO_TARGET_DIR=/opt/rustwide/target" "-e" "CARGO_INCREMENTAL=0" "-e" "RUST_BACKTRACE=full" "-e" "RUSTFLAGS=--cap-lints=warn" "-e" "RUSTDOCFLAGS=--cap-lints=warn" "-w" "/opt/rustwide/workdir" "--user" "0:0" "0d747f2f83e083afee534a20d80a04dc090342ddf76e2c2212c107d16cf25570" "/opt/rustwide/cargo-home/bin/cargo" "+1.99.0-beta.8" "test" "--frozen" "--no-run" "--message-format=json", kill_on_drop: false }`
[INFO] [stderr]    Compiling jpeg-encoder v0.6.1
[INFO] [stderr]    Compiling tiff-reader v0.8.1 (/opt/rustwide/workdir)
[INFO] [stderr]     Finished `test` profile [unoptimized + debuginfo] target(s) in 6.60s
[INFO] running `Command { std: "docker" "inspect" "0d747f2f83e083afee534a20d80a04dc090342ddf76e2c2212c107d16cf25570", kill_on_drop: false }`
[INFO] running `Command { std: "docker" "exec" "-e" "SOURCE_DIR=/opt/rustwide/workdir" "-e" "CARGO_HOME=/opt/rustwide/cargo-home" "-e" "RUSTUP_HOME=/opt/rustwide/rustup-home" "-e" "CARGO_TARGET_DIR=/opt/rustwide/target" "-e" "CARGO_INCREMENTAL=0" "-e" "RUST_BACKTRACE=full" "-e" "RUSTFLAGS=--cap-lints=warn" "-e" "RUSTDOCFLAGS=--cap-lints=warn" "-w" "/opt/rustwide/workdir" "--user" "0:0" "0d747f2f83e083afee534a20d80a04dc090342ddf76e2c2212c107d16cf25570" "/opt/rustwide/cargo-home/bin/cargo" "+1.99.0-beta.8" "test" "--frozen", kill_on_drop: false }`
[INFO] [stderr]     Finished `test` profile [unoptimized + debuginfo] target(s) in 0.09s
[INFO] [stderr]      Running unittests src/lib.rs (/opt/rustwide/target/debug/deps/tiff_reader-33779c0fc019c22d)
[INFO] [stdout] 
[INFO] [stdout] running 88 tests
[INFO] [stdout] test cache::tests::replacing_mru_entry_preserves_other_cached_blocks ... ok
[INFO] [stdout] test cache::tests::zero_slots_disable_cache_storage ... ok
[INFO] [stdout] test filters::tests::deflate_decoder_rejects_blocks_that_exceed_budget ... ok
[INFO] [stdout] test filters::tests::horizontal_predictor_restores_u16_rows ... ok
[INFO] [stdout] test cache::tests::caches_and_promotes_entries ... ok
[INFO] [stdout] test cache::tests::oversized_replacement_removes_stale_entry ... ok
[INFO] [stdout] test filters::tests::jpeg_decoder_rejects_frame_sizes_that_exceed_tiff_budget ... ok
[INFO] [stdout] test cache::tests::disabled_cache_bypasses_storage ... ok
[INFO] [stdout] test cache::tests::slot_eviction_updates_byte_accounting ... ok
[INFO] [stdout] test filters::tests::lzw_decoder_rejects_blocks_that_exceed_budget ... ok
[INFO] [stdout] test header::tests::parse_bigtiff ... ok
[INFO] [stdout] test filters::tests::packbits_decoder_rejects_truncated_repeat_run ... ok
[INFO] [stdout] test filters::tests::uncompressed_decoder_rejects_blocks_that_exceed_budget ... ok
[INFO] [stdout] test filters::tests::zstd_decoder_rejects_blocks_that_exceed_budget ... ok
[INFO] [stdout] test header::tests::parse_big_endian_classic ... ok
[INFO] [stdout] test filters::tests::packbits_decoder_rejects_blocks_that_exceed_budget ... ok
[INFO] [stdout] test header::tests::parse_little_endian_classic ... ok
[INFO] [stdout] test header::tests::reject_invalid_magic ... ok
[INFO] [stdout] test header::tests::rejects_invalid_bigtiff_offset_size_and_reserved_field ... ok
[INFO] [stdout] test ifd::tests::accepts_subsampled_ycbcr_storage_layouts ... ok
[INFO] [stdout] test ifd::tests::float16_sample_encoding_requires_feature ... ok
[INFO] [stdout] test ifd::tests::normalizes_single_value_sample_tags ... ok
[INFO] [stdout] test ifd::tests::parses_cmyk_color_model ... ok
[INFO] [stdout] test ifd::tests::parser_rejects_duplicate_tag_codes ... ok
[INFO] [stdout] test filters::tests::merges_jpeg_tables_with_abbreviated_scan ... ok
[INFO] [stdout] test ifd::tests::parses_palette_color_model_and_extra_alpha ... ok
[INFO] [stdout] test ifd::tests::rejects_palette_without_colormap ... ok
[INFO] [stdout] test ifd::tests::parses_lerc_parameters ... ok
[INFO] [stdout] test io::tests::oversized_read_returns_truncated_error_without_overflowing ... ok
[INFO] [stdout] test ifd::tests::validate_expected_samples_rejects_extra_sample_count_that_would_wrap_u16 ... ok
[INFO] [stdout] test ifd::tests::rejects_non_cmyk_separated_extra_samples_that_exceed_total_channels ... ok
[INFO] [stdout] test ifd::tests::raster_layout_helpers_match_expected_strides ... ok
[INFO] [stdout] test ifd::tests::rejects_mixed_sample_formats ... ok
[INFO] [stdout] test tests::bigtiff_tag_value_bytes_respect_parse_budget_before_value_read ... ok
[INFO] [stdout] test tests::block_cache_does_not_collide_between_chain_index_and_ifd_offset ... ok
[INFO] [stdout] test tests::accepts_long_typed_bits_per_sample_and_sample_format ... ok
[INFO] [stdout] test tests::bigtiff_ifd_entry_count_respects_parse_budget_before_body_read ... ok
[INFO] [stdout] test tests::bigtiff_ifd_chain_respects_parse_budget ... ok
[INFO] [stdout] test io::tests::oversized_skip_returns_truncated_error_without_overflowing ... ok
[INFO] [stdout] test tests::bigtiff_tag_value_bytes_respect_aggregate_parse_budget ... ok
[INFO] [stdout] test tests::ghost_block_falls_back_to_direct_read_without_leader ... ok
[INFO] [stdout] test tests::ghost_block_prefers_wrapped_copy_with_matching_length ... ok
[INFO] [stdout] test tests::ghost_block_errors_when_both_reads_fail ... ok
[INFO] [stdout] test tests::decodes_webp_compressed_rgb_tiles ... ok
[INFO] [stdout] test tests::huge_planar_tile_count_overflow_is_rejected_without_panicking ... ok
[INFO] [stdout] test tests::decode_output_budget_also_bounds_intersecting_storage_blocks ... ok
[INFO] [stdout] test tests::keeps_subbyte_palette_reads_raw_and_offers_explicit_decoded_pixels ... ok
[INFO] [stdout] test tests::decode_output_budget_rejects_large_color_decoded_output ... ok
[INFO] [stdout] test tests::decode_output_budget_rejects_large_storage_window_before_allocation ... ok
[INFO] [stdout] test tests::ghost_block_skips_wrapped_read_for_small_offsets ... ok
[INFO] [stdout] test tests::leaves_payload_only_gdal_block_unchanged ... ok
[INFO] [stdout] test tests::oversized_tile_byte_count_is_rejected_before_payload_read ... ok
[INFO] [stdout] test tests::oversized_strip_byte_count_is_rejected_before_payload_read ... ok
[INFO] [stdout] test tests::open_mmap_exposes_raw_slice ... ok
[INFO] [stdout] test tests::non_lerc_read_ignores_irrelevant_lerc_parameters ... ok
[INFO] [stdout] test tests::planar_band_reads_only_requested_plane ... ok
[INFO] [stdout] test tests::keeps_subsampled_ycbcr_reads_raw_and_offers_explicit_decoded_pixels ... ok
[INFO] [stdout] test tests::open_uses_safe_file_source_without_raw_slice ... ok
[INFO] [stdout] test tests::parses_gdal_structural_metadata_before_binary_prefix_data ... ok
[INFO] [stdout] test tests::parses_gdal_structural_metadata_declared_length_as_header_plus_payload ... ok
[INFO] [stdout] test tests::ghost_block_falls_back_when_wrapped_read_is_out_of_bounds ... ok
[INFO] [stdout] test tests::reads_horizontal_predictor_u16_strip ... ok
[INFO] [stdout] test tests::reads_lerc_chunky_rgb_band_set_strip ... ok
[INFO] [stdout] test tests::reads_lerc_chunky_rgb_depth_blob_strip ... ok
[INFO] [stdout] test tests::reads_lerc_masked_f32_strip_as_nan ... ok
[INFO] [stdout] test tests::reads_lerc_deflate_f32_strip ... ok
[INFO] [stdout] test tests::reads_lerc_f32_strip ... ok
[INFO] [stdout] test tests::reads_single_chunky_band_and_window ... ok
[INFO] [stdout] test tests::reads_stripped_u8_image ... ok
[INFO] [stdout] test tests::reads_stripped_u8_window ... ok
[INFO] [stdout] test tests::rejects_bigtiff_long8_dimension_that_exceeds_u32 ... ok
[INFO] [stdout] test tests::rejects_gdal_structural_metadata_trailer_mismatch ... ok
[INFO] [stdout] test tests::reads_tiled_u8_window ... ok
[INFO] [stdout] test tests::rejects_lerc2_header_dimensions_before_allocating_mask ... ok
[INFO] [stdout] test tests::rejects_truncated_lerc2_header_dimensions_before_decoder ... ok
[INFO] [stdout] test tests::rejects_jpeg_payload_dimensions_that_do_not_match_tile ... ok
[INFO] [stdout] test tests::rejects_webp_payload_dimensions_that_do_not_match_tile ... ok
[INFO] [stdout] test tests::rejects_lerc2_blob_size_before_checksum_range_without_panicking ... ok
[INFO] [stdout] test tests::rejects_unexpected_bits_per_sample_tag_type ... ok
[INFO] [stdout] test tests::unwraps_gdal_structural_metadata_block ... ok
[INFO] [stdout] test tests::ycbcr_decode_honors_reference_black_white_ranges ... ok
[INFO] [stdout] test tests::rejects_zero_rows_per_strip_without_panicking ... ok
[INFO] [stdout] test tests::sparse_strip_reads_as_zero_fill ... ok
[INFO] [stdout] test tests::windowed_tiled_reads_only_intersecting_blocks ... ok
[INFO] [stdout] test tests::sparse_tile_reads_as_zero_fill ... ok
[INFO] [stdout] test tests::zero_byte_count_block_reads_as_zero_fill ... ok
[INFO] [stdout] test tests::reads_lerc_zstd_f32_strip ... ok
[INFO] [stdout] test filters::tests::lzw_real_cog_tile_requires_repeated_trailer_bytes ... FAILED
[INFO] [stdout] 
[INFO] [stdout] failures:
[INFO] [stdout] 
[INFO] [stdout] ---- filters::tests::lzw_real_cog_tile_requires_repeated_trailer_bytes stdout ----
[INFO] [stdout] 
[INFO] [stdout] thread 'filters::tests::lzw_real_cog_tile_requires_repeated_trailer_bytes' (567) panicked at src/filters.rs:750:44:
[INFO] [stdout] called `Result::unwrap()` on an `Err` value: Os { code: 2, kind: NotFound, message: "No such file or directory" }
[INFO] [stdout] stack backtrace:
[INFO] [stdout]    0:     0x572ba3cb6e31 - std[70759c8f55707aa4]::backtrace_rs::backtrace::libunwind::trace
[INFO] [stdout]                                at /rustc/dfb0accb7f508ae8be965d8629557221c889dd98/library/std/src/../../backtrace/src/backtrace/libunwind.rs:117:9
[INFO] [stdout]    1:     0x572ba3cb6e31 - std[70759c8f55707aa4]::backtrace_rs::backtrace::trace_unsynchronized::<std[70759c8f55707aa4]::sys::backtrace::_print_fmt::{closure#1}>
[INFO] [stdout]                                at /rustc/dfb0accb7f508ae8be965d8629557221c889dd98/library/std/src/../../backtrace/src/backtrace/mod.rs:66:14
[INFO] [stdout]    2:     0x572ba3cb6e31 - std[70759c8f55707aa4]::sys::backtrace::_print_fmt
[INFO] [stdout]                                at /rustc/dfb0accb7f508ae8be965d8629557221c889dd98/library/std/src/sys/backtrace.rs:74:9
[INFO] [stdout]    3:     0x572ba3cb6e31 - <<std[70759c8f55707aa4]::sys::backtrace::BacktraceLock>::print::DisplayBacktrace as core[df12db4294e9bfd3]::fmt::Display>::fmt
[INFO] [stdout]                                at /rustc/dfb0accb7f508ae8be965d8629557221c889dd98/library/std/src/sys/backtrace.rs:44:26
[INFO] [stdout]    4:     0x572ba3ccd12a - <core[df12db4294e9bfd3]::fmt::rt::Argument>::fmt
[INFO] [stdout]                                at /rustc/dfb0accb7f508ae8be965d8629557221c889dd98/library/core/src/fmt/rt.rs:152:76
[INFO] [stdout]    5:     0x572ba3ccd12a - core[df12db4294e9bfd3]::fmt::write
[INFO] [stdout]    6:     0x572ba3cbb33c - core[df12db4294e9bfd3]::io::write::default_write_fmt::<alloc[2182bb758b4b3781]::vec::Vec<u8>>
[INFO] [stdout]                                at /rustc/dfb0accb7f508ae8be965d8629557221c889dd98/library/core/src/io/write.rs:402:11
[INFO] [stdout]    7:     0x572ba3cbb33c - <alloc[2182bb758b4b3781]::vec::Vec<u8> as core[df12db4294e9bfd3]::io::write::Write>::write_fmt
[INFO] [stdout]                                at /rustc/dfb0accb7f508ae8be965d8629557221c889dd98/library/core/src/io/write.rs:335:13
[INFO] [stdout]    8:     0x572ba3c92676 - <std[70759c8f55707aa4]::sys::backtrace::BacktraceLock>::print
[INFO] [stdout]                                at /rustc/dfb0accb7f508ae8be965d8629557221c889dd98/library/std/src/sys/backtrace.rs:47:9
[INFO] [stdout]    9:     0x572ba3c92676 - std[70759c8f55707aa4]::panicking::default_hook::{closure#0}
[INFO] [stdout]                                at /rustc/dfb0accb7f508ae8be965d8629557221c889dd98/library/std/src/panicking.rs:292:27
[INFO] [stdout]   10:     0x572ba3caed09 - std[70759c8f55707aa4]::panicking::default_hook
[INFO] [stdout]                                at /rustc/dfb0accb7f508ae8be965d8629557221c889dd98/library/std/src/panicking.rs:316:9
[INFO] [stdout]   11:     0x572ba3b24010 - <alloc[2182bb758b4b3781]::boxed::Box<dyn for<'a, 'b> core[df12db4294e9bfd3]::ops::function::Fn<(&'a std[70759c8f55707aa4]::panic::PanicHookInfo<'b>,), Output = ()> + core[df12db4294e9bfd3]::marker::Send + core[df12db4294e9bfd3]::marker::Sync> as core[df12db4294e9bfd3]::ops::function::Fn<(&std[70759c8f55707aa4]::panic::PanicHookInfo,)>>::call
[INFO] [stdout]                                at /rustc/dfb0accb7f508ae8be965d8629557221c889dd98/library/alloc/src/boxed.rs:2334:9
[INFO] [stdout]   12:     0x572ba3b24010 - test[9d35eded1c95d3be]::test_main_inner::<test[9d35eded1c95d3be]::test_main_static::{closure#0}>::{closure#0}
[INFO] [stdout]                                at /rustc/dfb0accb7f508ae8be965d8629557221c889dd98/library/test/src/lib.rs:155:21
[INFO] [stdout]   13:     0x572ba3caf032 - <alloc[2182bb758b4b3781]::boxed::Box<dyn for<'a, 'b> core[df12db4294e9bfd3]::ops::function::Fn<(&'a std[70759c8f55707aa4]::panic::PanicHookInfo<'b>,), Output = ()> + core[df12db4294e9bfd3]::marker::Send + core[df12db4294e9bfd3]::marker::Sync> as core[df12db4294e9bfd3]::ops::function::Fn<(&std[70759c8f55707aa4]::panic::PanicHookInfo,)>>::call
[INFO] [stdout]                                at /rustc/dfb0accb7f508ae8be965d8629557221c889dd98/library/alloc/src/boxed.rs:2334:9
[INFO] [stdout]   14:     0x572ba3caf032 - std[70759c8f55707aa4]::panicking::panic_with_hook
[INFO] [stdout]                                at /rustc/dfb0accb7f508ae8be965d8629557221c889dd98/library/std/src/panicking.rs:823:13
[INFO] [stdout]   15:     0x572ba3c92722 - std[70759c8f55707aa4]::panicking::panic_handler::{closure#0}
[INFO] [stdout]                                at /rustc/dfb0accb7f508ae8be965d8629557221c889dd98/library/std/src/panicking.rs:688:13
[INFO] [stdout]   16:     0x572ba3c8b269 - std[70759c8f55707aa4]::sys::backtrace::__rust_end_short_backtrace::<std[70759c8f55707aa4]::panicking::panic_handler::{closure#0}, !>
[INFO] [stdout]                                at /rustc/dfb0accb7f508ae8be965d8629557221c889dd98/library/std/src/sys/backtrace.rs:182:18
[INFO] [stdout]   17:     0x572ba3c9331d - __rustc[8fa7c3cbc660c2b3]::rust_begin_unwind
[INFO] [stdout]                                at /rustc/dfb0accb7f508ae8be965d8629557221c889dd98/library/std/src/panicking.rs:679:5
[INFO] [stdout]   18:     0x572ba3ccd91c - core[df12db4294e9bfd3]::panicking::panic_fmt
[INFO] [stdout]                                at /rustc/dfb0accb7f508ae8be965d8629557221c889dd98/library/core/src/panicking.rs:80:14
[INFO] [stdout]   19:     0x572ba3ccd672 - core[df12db4294e9bfd3]::result::unwrap_failed
[INFO] [stdout]                                at /rustc/dfb0accb7f508ae8be965d8629557221c889dd98/library/core/src/result.rs:1871:5
[INFO] [stdout]   20:     0x572ba39e051c - <core[df12db4294e9bfd3]::result::Result<alloc[2182bb758b4b3781]::vec::Vec<u8>, core[df12db4294e9bfd3]::io::error::Error>>::unwrap
[INFO] [stdout]                                at /rustc/dfb0accb7f508ae8be965d8629557221c889dd98/library/core/src/result.rs:1232:23
[INFO] [stdout]   21:     0x572ba39e051c - tiff_reader[c3555013eb3112a2]::filters::tests::lzw_real_cog_tile_requires_repeated_trailer_bytes
[INFO] [stdout]                                at /opt/rustwide/workdir/src/filters.rs:750:44
[INFO] [stdout]   22:     0x572ba39da667 - tiff_reader[c3555013eb3112a2]::filters::tests::lzw_real_cog_tile_requires_repeated_trailer_bytes::{closure#0}
[INFO] [stdout]                                at /opt/rustwide/workdir/src/filters.rs:747:59
[INFO] [stdout]   23:     0x572ba39cad26 - <tiff_reader[c3555013eb3112a2]::filters::tests::lzw_real_cog_tile_requires_repeated_trailer_bytes::{closure#0} as core[df12db4294e9bfd3]::ops::function::FnOnce<()>>::call_once
[INFO] [stdout]                                at /rustc/dfb0accb7f508ae8be965d8629557221c889dd98/library/core/src/ops/function.rs:250:5
[INFO] [stdout]   24:     0x572ba3b172fb - <fn() -> core[df12db4294e9bfd3]::result::Result<(), alloc[2182bb758b4b3781]::string::String> as core[df12db4294e9bfd3]::ops::function::FnOnce<()>>::call_once
[INFO] [stdout]                                at /rustc/dfb0accb7f508ae8be965d8629557221c889dd98/library/core/src/ops/function.rs:250:5
[INFO] [stdout]   25:     0x572ba3b172fb - test[9d35eded1c95d3be]::__rust_begin_short_backtrace::<core[df12db4294e9bfd3]::result::Result<(), alloc[2182bb758b4b3781]::string::String>, fn() -> core[df12db4294e9bfd3]::result::Result<(), alloc[2182bb758b4b3781]::string::String>>
[INFO] [stdout]                                at /rustc/dfb0accb7f508ae8be965d8629557221c889dd98/library/test/src/lib.rs:733:18
[INFO] [stdout]   26:     0x572ba3b24965 - test[9d35eded1c95d3be]::run_test_in_process::{closure#0}
[INFO] [stdout]                                at /rustc/dfb0accb7f508ae8be965d8629557221c889dd98/library/test/src/lib.rs:756:74
[INFO] [stdout]   27:     0x572ba3b24965 - <core[df12db4294e9bfd3]::panic::unwind_safe::AssertUnwindSafe<test[9d35eded1c95d3be]::run_test_in_process::{closure#0}> as core[df12db4294e9bfd3]::ops::function::FnOnce<()>>::call_once
[INFO] [stdout]                                at /rustc/dfb0accb7f508ae8be965d8629557221c889dd98/library/core/src/panic/unwind_safe.rs:275:9
[INFO] [stdout]   28:     0x572ba3b24965 - std[70759c8f55707aa4]::panicking::catch_unwind::do_call::<core[df12db4294e9bfd3]::panic::unwind_safe::AssertUnwindSafe<test[9d35eded1c95d3be]::run_test_in_process::{closure#0}>, core[df12db4294e9bfd3]::result::Result<(), alloc[2182bb758b4b3781]::string::String>>
[INFO] [stdout]                                at /rustc/dfb0accb7f508ae8be965d8629557221c889dd98/library/std/src/panicking.rs:576:43
[INFO] [stdout]   29:     0x572ba3b24965 - std[70759c8f55707aa4]::panicking::catch_unwind::<core[df12db4294e9bfd3]::result::Result<(), alloc[2182bb758b4b3781]::string::String>, core[df12db4294e9bfd3]::panic::unwind_safe::AssertUnwindSafe<test[9d35eded1c95d3be]::run_test_in_process::{closure#0}>>
[INFO] [stdout]                                at /rustc/dfb0accb7f508ae8be965d8629557221c889dd98/library/std/src/panicking.rs:544:19
[INFO] [stdout]   30:     0x572ba3b24965 - std[70759c8f55707aa4]::panic::catch_unwind::<core[df12db4294e9bfd3]::panic::unwind_safe::AssertUnwindSafe<test[9d35eded1c95d3be]::run_test_in_process::{closure#0}>, core[df12db4294e9bfd3]::result::Result<(), alloc[2182bb758b4b3781]::string::String>>
[INFO] [stdout]                                at /rustc/dfb0accb7f508ae8be965d8629557221c889dd98/library/std/src/panic.rs:359:14
[INFO] [stdout]   31:     0x572ba3b24965 - test[9d35eded1c95d3be]::run_test_in_process
[INFO] [stdout]                                at /rustc/dfb0accb7f508ae8be965d8629557221c889dd98/library/test/src/lib.rs:756:27
[INFO] [stdout]   32:     0x572ba3b24965 - test[9d35eded1c95d3be]::run_test::{closure#0}
[INFO] [stdout]                                at /rustc/dfb0accb7f508ae8be965d8629557221c889dd98/library/test/src/lib.rs:677:43
[INFO] [stdout]   33:     0x572ba3b1e224 - test[9d35eded1c95d3be]::run_test::{closure#1}
[INFO] [stdout]                                at /rustc/dfb0accb7f508ae8be965d8629557221c889dd98/library/test/src/lib.rs:707:41
[INFO] [stdout]   34:     0x572ba3b1e224 - std[70759c8f55707aa4]::sys::backtrace::__rust_begin_short_backtrace::<test[9d35eded1c95d3be]::run_test::{closure#1}, ()>
[INFO] [stdout]                                at /rustc/dfb0accb7f508ae8be965d8629557221c889dd98/library/std/src/sys/backtrace.rs:166:18
[INFO] [stdout]   35:     0x572ba3b27ac2 - std[70759c8f55707aa4]::thread::lifecycle::spawn_unchecked::<test[9d35eded1c95d3be]::run_test::{closure#1}, ()>::{closure#1}::{closure#0}
[INFO] [stdout]                                at /rustc/dfb0accb7f508ae8be965d8629557221c889dd98/library/std/src/thread/lifecycle.rs:70:13
[INFO] [stdout]   36:     0x572ba3b27ac2 - <core[df12db4294e9bfd3]::panic::unwind_safe::AssertUnwindSafe<std[70759c8f55707aa4]::thread::lifecycle::spawn_unchecked<test[9d35eded1c95d3be]::run_test::{closure#1}, ()>::{closure#1}::{closure#0}> as core[df12db4294e9bfd3]::ops::function::FnOnce<()>>::call_once
[INFO] [stdout]                                at /rustc/dfb0accb7f508ae8be965d8629557221c889dd98/library/core/src/panic/unwind_safe.rs:275:9
[INFO] [stdout]   37:     0x572ba3b27ac2 - std[70759c8f55707aa4]::panicking::catch_unwind::do_call::<core[df12db4294e9bfd3]::panic::unwind_safe::AssertUnwindSafe<std[70759c8f55707aa4]::thread::lifecycle::spawn_unchecked<test[9d35eded1c95d3be]::run_test::{closure#1}, ()>::{closure#1}::{closure#0}>, ()>
[INFO] [stdout]                                at /rustc/dfb0accb7f508ae8be965d8629557221c889dd98/library/std/src/panicking.rs:576:43
[INFO] [stdout]   38:     0x572ba3b27ac2 - std[70759c8f55707aa4]::panicking::catch_unwind::<(), core[df12db4294e9bfd3]::panic::unwind_safe::AssertUnwindSafe<std[70759c8f55707aa4]::thread::lifecycle::spawn_unchecked<test[9d35eded1c95d3be]::run_test::{closure#1}, ()>::{closure#1}::{closure#0}>>
[INFO] [stdout]                                at /rustc/dfb0accb7f508ae8be965d8629557221c889dd98/library/std/src/panicking.rs:544:19
[INFO] [stdout]   39:     0x572ba3b27ac2 - std[70759c8f55707aa4]::panic::catch_unwind::<core[df12db4294e9bfd3]::panic::unwind_safe::AssertUnwindSafe<std[70759c8f55707aa4]::thread::lifecycle::spawn_unchecked<test[9d35eded1c95d3be]::run_test::{closure#1}, ()>::{closure#1}::{closure#0}>, ()>
[INFO] [stdout]                                at /rustc/dfb0accb7f508ae8be965d8629557221c889dd98/library/std/src/panic.rs:359:14
[INFO] [stdout]   40:     0x572ba3b27ac2 - std[70759c8f55707aa4]::thread::lifecycle::spawn_unchecked::<test[9d35eded1c95d3be]::run_test::{closure#1}, ()>::{closure#1}
[INFO] [stdout]                                at /rustc/dfb0accb7f508ae8be965d8629557221c889dd98/library/std/src/thread/lifecycle.rs:68:26
[INFO] [stdout]   41:     0x572ba3b27ac2 - <std[70759c8f55707aa4]::thread::lifecycle::spawn_unchecked<test[9d35eded1c95d3be]::run_test::{closure#1}, ()>::{closure#1} as core[df12db4294e9bfd3]::ops::function::FnOnce<()>>::call_once::{shim:vtable#0}
[INFO] [stdout]                                at /rustc/dfb0accb7f508ae8be965d8629557221c889dd98/library/core/src/ops/function.rs:250:5
[INFO] [stdout]   42:     0x572ba3cb6179 - <alloc[2182bb758b4b3781]::boxed::Box<dyn core[df12db4294e9bfd3]::ops::function::FnOnce<(), Output = ()> + core[df12db4294e9bfd3]::marker::Send> as core[df12db4294e9bfd3]::ops::function::FnOnce<()>>::call_once
[INFO] [stdout]                                at /rustc/dfb0accb7f508ae8be965d8629557221c889dd98/library/alloc/src/boxed.rs:2320:9
[INFO] [stdout]   43:     0x572ba3cb6179 - <std[70759c8f55707aa4]::sys::thread::unix::Thread>::new::thread_start
[INFO] [stdout]                                at /rustc/dfb0accb7f508ae8be965d8629557221c889dd98/library/std/src/sys/thread/unix.rs:123:17
[INFO] [stdout]   44:     0x759fd21a1dfa - <unknown>
[INFO] [stdout]   45:     0x759fd22353d4 - clone
[INFO] [stdout]   46:                0x0 - <unknown>
[INFO] [stdout] 
[INFO] [stdout] 
[INFO] [stdout] failures:
[INFO] [stdout]     filters::tests::lzw_real_cog_tile_requires_repeated_trailer_bytes
[INFO] [stdout] 
[INFO] [stdout] test result: FAILED. 87 passed; 1 failed; 0 ignored; 0 measured; 0 filtered out; finished in 0.17s
[INFO] [stdout] 
[INFO] [stderr] error: test failed, to rerun pass `--lib`
[INFO] running `Command { std: "docker" "inspect" "0d747f2f83e083afee534a20d80a04dc090342ddf76e2c2212c107d16cf25570", kill_on_drop: false }`
[INFO] running `Command { std: "docker" "rm" "-f" "0d747f2f83e083afee534a20d80a04dc090342ddf76e2c2212c107d16cf25570", kill_on_drop: false }`
[INFO] [stdout] 0d747f2f83e083afee534a20d80a04dc090342ddf76e2c2212c107d16cf25570
