[INFO] fetching crate tideway-cli 0.1.48...
[INFO] testing tideway-cli-0.1.48 against 1.99.0-beta.8 for beta-1.100-2
[INFO] extracting crate tideway-cli 0.1.48 into /workspace/builds/worker-0-tc1/source
[INFO] started tweaking crates.io crate tideway-cli 0.1.48
[INFO] removed 0 missing tests
[INFO] finished tweaking crates.io crate tideway-cli 0.1.48
[INFO] tweaked toml for crates.io crate tideway-cli 0.1.48 written to /workspace/builds/worker-0-tc1/source/Cargo.toml
[INFO] validating manifest of crates.io crate tideway-cli 0.1.48 on toolchain 1.99.0-beta.8
[INFO] running `Command { std: CARGO_HOME="/workspace/cargo-home" RUSTUP_HOME="/workspace/rustup-home" "/workspace/cargo-home/bin/cargo" "+1.99.0-beta.8" "metadata" "--manifest-path" "Cargo.toml" "--no-deps", kill_on_drop: false }`
[INFO] crate crates.io crate tideway-cli 0.1.48 already has a lockfile, it will not be regenerated
[INFO] running `Command { std: CARGO_HOME="/workspace/cargo-home" RUSTUP_HOME="/workspace/rustup-home" "/workspace/cargo-home/bin/cargo" "+1.99.0-beta.8" "fetch" "--manifest-path" "Cargo.toml", kill_on_drop: false }`
[INFO] [stderr]     Updating crates.io index
[INFO] [stderr]  Downloading crates ...
[INFO] [stderr]   Downloaded toml_edit v0.22.27
[INFO] [stderr]   Downloaded serde_spanned v0.6.9
[INFO] [stderr]   Downloaded toml_write v0.1.2
[INFO] [stderr]   Downloaded toml v0.8.23
[INFO] [stderr]   Downloaded crc v3.4.0
[INFO] [stderr]   Downloaded fsevent-sys v4.1.0
[INFO] [stderr]   Downloaded include_dir v0.7.4
[INFO] [stderr]   Downloaded whoami v1.6.1
[INFO] [stderr]   Downloaded libredox v0.1.16
[INFO] [stderr]   Downloaded redox_syscall v0.7.4
[INFO] [stderr]   Downloaded tokio-stream v0.1.18
[INFO] [stderr]   Downloaded crc-catalog v2.5.0
[INFO] [stderr]   Downloaded kqueue-sys v1.1.2
[INFO] [stderr]   Downloaded inotify-sys v0.1.8
[INFO] [stderr]   Downloaded kqueue v1.2.0
[INFO] [stderr]   Downloaded include_dir_macros v0.7.4
[INFO] [stderr]   Downloaded derive_builder_macro v0.20.2
[INFO] [stderr]   Downloaded ctrlc v3.5.2
[INFO] [stderr]   Downloaded unicode-properties v0.1.4
[INFO] [stderr]   Downloaded event-listener v5.4.1
[INFO] [stderr]   Downloaded notify v8.2.0
[INFO] [stderr]   Downloaded notify-types v2.1.0
[INFO] [stderr]   Downloaded num-order v1.2.0
[INFO] [stderr]   Downloaded num-modular v0.6.1
[INFO] [stderr]   Downloaded derive_builder_core v0.20.2
[INFO] [stderr]   Downloaded dialoguer v0.11.0
[INFO] [stderr]   Downloaded block2 v0.6.2
[INFO] [stderr]   Downloaded inotify v0.11.4
[INFO] [stderr]   Downloaded pest_derive v2.8.6
[INFO] [stderr]   Downloaded pest_generator v2.8.6
[INFO] [stderr]   Downloaded derive_builder v0.20.2
[INFO] [stderr]   Downloaded pest_meta v2.8.6
[INFO] [stderr]   Downloaded cc v1.2.61
[INFO] [stderr]   Downloaded handlebars v6.4.0
[INFO] [stderr]   Downloaded pest v2.8.6
[INFO] [stderr]   Downloaded winnow v0.7.15
[INFO] [stderr]   Downloaded webpki-roots v1.0.7
[INFO] [stderr]   Downloaded rustls v0.23.39
[INFO] [stderr]   Downloaded nix v0.31.3
[INFO] [stderr]   Downloaded tokio v1.52.1
[INFO] running `Command { std: "docker" "create" "-v" "/var/lib/crater-agent-workspace/builds/worker-0-tc1/source:/opt/rustwide/workdir:ro,Z" "-v" "/var/lib/crater-agent-workspace/builds/worker-0-tc1/target:/opt/rustwide/target:rw,Z" "-v" "/var/lib/crater-agent-workspace/cargo-home:/opt/rustwide/cargo-home:ro,Z" "-v" "/var/lib/crater-agent-workspace/rustup-home:/opt/rustwide/rustup-home:ro,Z" "-m" "1610612736" "--network" "none" "ghcr.io/rust-lang/crates-build-env/linux@sha256:3111399a4047eeb3a02b7a90e478d715f38a8c6669b5c4b49d30a17385265909" "sleep" "infinity", kill_on_drop: false }`
[INFO] [stdout] 0e576b4ea91740f2adf80c4c2e2cc7af282ab2e85c8fa6499c61cbc43c0696e5
[INFO] running `Command { std: "docker" "start" "0e576b4ea91740f2adf80c4c2e2cc7af282ab2e85c8fa6499c61cbc43c0696e5", kill_on_drop: false }`
[INFO] running `Command { std: "docker" "inspect" "0e576b4ea91740f2adf80c4c2e2cc7af282ab2e85c8fa6499c61cbc43c0696e5", kill_on_drop: false }`
[INFO] running `Command { std: "docker" "exec" "-e" "SOURCE_DIR=/opt/rustwide/workdir" "-e" "CARGO_HOME=/opt/rustwide/cargo-home" "-e" "RUSTUP_HOME=/opt/rustwide/rustup-home" "-e" "CARGO_TARGET_DIR=/opt/rustwide/target" "-w" "/opt/rustwide/workdir" "--user" "0:0" "0e576b4ea91740f2adf80c4c2e2cc7af282ab2e85c8fa6499c61cbc43c0696e5" "/opt/rustwide/cargo-home/bin/cargo" "+1.99.0-beta.8" "metadata" "--no-deps" "--format-version=1", kill_on_drop: false }`
[INFO] running `Command { std: "docker" "inspect" "0e576b4ea91740f2adf80c4c2e2cc7af282ab2e85c8fa6499c61cbc43c0696e5", kill_on_drop: false }`
[INFO] running `Command { std: "docker" "exec" "-e" "SOURCE_DIR=/opt/rustwide/workdir" "-e" "CARGO_HOME=/opt/rustwide/cargo-home" "-e" "RUSTUP_HOME=/opt/rustwide/rustup-home" "-e" "CARGO_TARGET_DIR=/opt/rustwide/target" "-e" "CARGO_INCREMENTAL=0" "-e" "RUST_BACKTRACE=full" "-e" "RUSTFLAGS=--cap-lints=warn" "-e" "RUSTDOCFLAGS=--cap-lints=warn" "-w" "/opt/rustwide/workdir" "--user" "0:0" "0e576b4ea91740f2adf80c4c2e2cc7af282ab2e85c8fa6499c61cbc43c0696e5" "/opt/rustwide/cargo-home/bin/cargo" "+1.99.0-beta.8" "build" "--frozen" "--message-format=json", kill_on_drop: false }`
[INFO] [stderr]    Compiling libc v0.2.186
[INFO] [stderr]    Compiling serde_core v1.0.228
[INFO] [stderr]    Compiling serde v1.0.228
[INFO] [stderr]    Compiling stable_deref_trait v1.2.1
[INFO] [stderr]    Compiling typenum v1.20.0
[INFO] [stderr]    Compiling litemap v0.8.2
[INFO] [stderr]    Compiling memchr v2.8.0
[INFO] [stderr]    Compiling bitflags v2.11.1
[INFO] [stderr]    Compiling shlex v1.3.0
[INFO] [stderr]    Compiling writeable v0.6.3
[INFO] [stderr]    Compiling hashbrown v0.17.0
[INFO] [stderr]    Compiling icu_normalizer_data v2.1.1
[INFO] [stderr]    Compiling icu_properties_data v2.1.2
[INFO] [stderr]    Compiling syn v2.0.117
[INFO] [stderr]    Compiling log v0.4.29
[INFO] [stderr]    Compiling subtle v2.6.1
[INFO] [stderr]    Compiling cc v1.2.61
[INFO] [stderr]    Compiling zeroize v1.8.2
[INFO] [stderr]    Compiling crossbeam-utils v0.8.21
[INFO] [stderr]    Compiling rustls-pki-types v1.14.1
[INFO] [stderr]    Compiling zerocopy v0.8.48
[INFO] [stderr]    Compiling zmij v1.0.21
[INFO] [stderr]    Compiling futures-core v0.3.32
[INFO] [stderr]    Compiling fnv v1.0.7
[INFO] [stderr]    Compiling ident_case v1.0.1
[INFO] [stderr]    Compiling num-traits v0.2.19
[INFO] [stderr]    Compiling serde_json v1.0.149
[INFO] [stderr]    Compiling winnow v0.7.15
[INFO] [stderr]    Compiling toml_write v0.1.2
[INFO] [stderr]    Compiling untrusted v0.9.0
[INFO] [stderr]    Compiling bytes v1.11.1
[INFO] [stderr]    Compiling futures-sink v0.3.32
[INFO] [stderr]    Compiling ucd-trie v0.1.7
[INFO] [stderr]    Compiling utf8_iter v1.0.4
[INFO] [stderr]    Compiling generic-array v0.14.7
[INFO] [stderr]    Compiling indexmap v2.14.0
[INFO] [stderr]    Compiling rustls v0.23.39
[INFO] [stderr]    Compiling foldhash v0.1.5
[INFO] [stderr]    Compiling form_urlencoded v1.2.2
[INFO] [stderr]    Compiling pest v2.8.6
[INFO] [stderr]    Compiling hashbrown v0.15.5
[INFO] [stderr]    Compiling tinyvec v1.11.0
[INFO] [stderr]    Compiling webpki-roots v1.0.7
[INFO] [stderr]    Compiling tracing-core v0.1.36
[INFO] [stderr]    Compiling concurrent-queue v2.5.0
[INFO] [stderr]    Compiling parking v2.2.1
[INFO] [stderr]    Compiling slab v0.4.12
[INFO] [stderr]    Compiling getrandom v0.4.2
[INFO] [stderr]    Compiling block-buffer v0.10.4
[INFO] [stderr]    Compiling crypto-common v0.1.7
[INFO] [stderr]    Compiling futures-io v0.3.32
[INFO] [stderr]    Compiling inotify-sys v0.1.8
[INFO] [stderr]    Compiling cfg_aliases v0.2.1
[INFO] [stderr]    Compiling digest v0.10.7
[INFO] [stderr]    Compiling crc-catalog v2.5.0
[INFO] [stderr]    Compiling futures-task v0.3.32
[INFO] [stderr]    Compiling nix v0.31.3
[INFO] [stderr]    Compiling hashlink v0.10.0
[INFO] [stderr]    Compiling crc v3.4.0
[INFO] [stderr]    Compiling unicode-normalization v0.1.25
[INFO] [stderr]    Compiling sha2 v0.10.9
[INFO] [stderr]    Compiling hmac v0.12.1
[INFO] [stderr]    Compiling futures-util v0.3.32
[INFO] [stderr]    Compiling getrandom v0.2.17
[INFO] [stderr]    Compiling errno v0.3.14
[INFO] [stderr]    Compiling mio v1.2.0
[INFO] [stderr]    Compiling signal-hook-registry v1.4.8
[INFO] [stderr]    Compiling socket2 v0.6.3
[INFO] [stderr]    Compiling rand_core v0.6.4
[INFO] [stderr]    Compiling pest_meta v2.8.6
[INFO] [stderr]    Compiling event-listener v5.4.1
[INFO] [stderr]    Compiling ring v0.17.14
[INFO] [stderr]    Compiling crossbeam-queue v0.3.12
[INFO] [stderr]    Compiling webpki-roots v0.26.11
[INFO] [stderr]    Compiling unicode-bidi v0.3.18
[INFO] [stderr]    Compiling base64 v0.22.1
[INFO] [stderr]    Compiling unicode-properties v0.1.4
[INFO] [stderr]    Compiling rustix v1.1.4
[INFO] [stderr]    Compiling hkdf v0.12.4
[INFO] [stderr]    Compiling md-5 v0.10.6
[INFO] [stderr]    Compiling atoi v2.0.0
[INFO] [stderr]    Compiling futures-channel v0.3.32
[INFO] [stderr]    Compiling hex v0.4.3
[INFO] [stderr]    Compiling num-modular v0.6.1
[INFO] [stderr]    Compiling fastrand v2.4.1
[INFO] [stderr]    Compiling whoami v1.6.1
[INFO] [stderr]    Compiling dotenvy v0.15.7
[INFO] [stderr]    Compiling stringprep v0.1.5
[INFO] [stderr]    Compiling home v0.5.11
[INFO] [stderr]    Compiling anyhow v1.0.103
[INFO] [stderr]    Compiling unicode-width v0.2.2
[INFO] [stderr]    Compiling byteorder v1.5.0
[INFO] [stderr]    Compiling same-file v1.0.6
[INFO] [stderr]    Compiling walkdir v2.5.0
[INFO] [stderr]    Compiling inotify v0.11.4
[INFO] [stderr]    Compiling console v0.15.11
[INFO] [stderr]    Compiling notify-types v2.1.0
[INFO] [stderr]    Compiling num-order v1.2.0
[INFO] [stderr]    Compiling include_dir_macros v0.7.4
[INFO] [stderr]    Compiling shell-words v1.1.1
[INFO] [stderr]    Compiling lazy_static v1.5.0
[INFO] [stderr]    Compiling colored v2.2.0
[INFO] [stderr]    Compiling notify v8.2.0
[INFO] [stderr]    Compiling include_dir v0.7.4
[INFO] [stderr]    Compiling chrono v0.4.44
[INFO] [stderr]    Compiling serde_spanned v0.6.9
[INFO] [stderr]    Compiling toml_datetime v0.6.11
[INFO] [stderr]    Compiling toml_edit v0.22.27
[INFO] [stderr]    Compiling tempfile v3.27.0
[INFO] [stderr]    Compiling ctrlc v3.5.2
[INFO] [stderr]    Compiling synstructure v0.13.2
[INFO] [stderr]    Compiling darling_core v0.20.11
[INFO] [stderr]    Compiling pest_generator v2.8.6
[INFO] [stderr]    Compiling serde_derive v1.0.228
[INFO] [stderr]    Compiling zerovec-derive v0.11.3
[INFO] [stderr]    Compiling displaydoc v0.2.5
[INFO] [stderr]    Compiling thiserror-impl v2.0.18
[INFO] [stderr]    Compiling tokio-macros v2.7.0
[INFO] [stderr]    Compiling tracing-attributes v0.1.31
[INFO] [stderr]    Compiling thiserror-impl v1.0.69
[INFO] [stderr]    Compiling clap_derive v4.6.1
[INFO] [stderr]    Compiling zerofrom-derive v0.1.7
[INFO] [stderr]    Compiling yoke-derive v0.8.2
[INFO] [stderr]    Compiling ppv-lite86 v0.2.21
[INFO] [stderr]    Compiling pest_derive v2.8.6
[INFO] [stderr]    Compiling zerofrom v0.1.7
[INFO] [stderr]    Compiling rand_chacha v0.3.1
[INFO] [stderr]    Compiling thiserror v2.0.18
[INFO] [stderr]    Compiling rand v0.8.6
[INFO] [stderr]    Compiling rustls-webpki v0.103.13
[INFO] [stderr]    Compiling yoke v0.8.2
[INFO] [stderr]    Compiling toml v0.8.23
[INFO] [stderr]    Compiling zerovec v0.11.6
[INFO] [stderr]    Compiling zerotrie v0.2.4
[INFO] [stderr]    Compiling tracing v0.1.44
[INFO] [stderr]    Compiling thiserror v1.0.69
[INFO] [stderr]    Compiling dialoguer v0.11.0
[INFO] [stderr]    Compiling darling_macro v0.20.11
[INFO] [stderr]    Compiling tideway-cli v0.1.48 (/opt/rustwide/workdir)
[INFO] [stderr]    Compiling clap v4.6.1
[INFO] [stderr]    Compiling darling v0.20.11
[INFO] [stderr]    Compiling derive_builder_core v0.20.2
[INFO] [stderr]    Compiling tinystr v0.8.3
[INFO] [stderr]    Compiling potential_utf v0.1.5
[INFO] [stderr]    Compiling icu_collections v2.1.1
[INFO] [stderr]    Compiling icu_locale_core v2.1.1
[INFO] [stderr]    Compiling derive_builder_macro v0.20.2
[INFO] [stderr]    Compiling icu_provider v2.1.1
[INFO] [stderr]    Compiling smallvec v1.15.1
[INFO] [stderr]    Compiling either v1.15.0
[INFO] [stderr]    Compiling derive_builder v0.20.2
[INFO] [stderr]    Compiling handlebars v6.4.0
[INFO] [stderr]    Compiling parking_lot_core v0.9.12
[INFO] [stderr]    Compiling icu_normalizer v2.1.1
[INFO] [stderr]    Compiling icu_properties v2.1.2
[INFO] [stderr]    Compiling parking_lot v0.12.5
[INFO] [stderr]    Compiling tokio v1.52.1
[INFO] [stderr]    Compiling futures-intrusive v0.5.0
[INFO] [stderr]    Compiling idna_adapter v1.2.1
[INFO] [stderr]    Compiling idna v1.1.0
[INFO] [stderr]    Compiling url v2.5.8
[INFO] [stderr]    Compiling tokio-stream v0.1.18
[INFO] [stderr]    Compiling sqlx-core v0.8.6
[INFO] [stderr]    Compiling sqlx-postgres v0.8.6
[INFO] [stderr]    Compiling sqlx v0.8.6
[INFO] [stderr]     Finished `dev` profile [unoptimized + debuginfo] target(s) in 1m 00s
[INFO] running `Command { std: "docker" "inspect" "0e576b4ea91740f2adf80c4c2e2cc7af282ab2e85c8fa6499c61cbc43c0696e5", kill_on_drop: false }`
[INFO] running `Command { std: "docker" "exec" "-e" "SOURCE_DIR=/opt/rustwide/workdir" "-e" "CARGO_HOME=/opt/rustwide/cargo-home" "-e" "RUSTUP_HOME=/opt/rustwide/rustup-home" "-e" "CARGO_TARGET_DIR=/opt/rustwide/target" "-e" "CARGO_INCREMENTAL=0" "-e" "RUST_BACKTRACE=full" "-e" "RUSTFLAGS=--cap-lints=warn" "-e" "RUSTDOCFLAGS=--cap-lints=warn" "-w" "/opt/rustwide/workdir" "--user" "0:0" "0e576b4ea91740f2adf80c4c2e2cc7af282ab2e85c8fa6499c61cbc43c0696e5" "/opt/rustwide/cargo-home/bin/cargo" "+1.99.0-beta.8" "test" "--frozen" "--no-run" "--message-format=json", kill_on_drop: false }`
[INFO] [stderr]    Compiling tideway-cli v0.1.48 (/opt/rustwide/workdir)
[INFO] [stderr]     Finished `test` profile [unoptimized + debuginfo] target(s) in 14.02s
[INFO] running `Command { std: "docker" "inspect" "0e576b4ea91740f2adf80c4c2e2cc7af282ab2e85c8fa6499c61cbc43c0696e5", kill_on_drop: false }`
[INFO] running `Command { std: "docker" "exec" "-e" "SOURCE_DIR=/opt/rustwide/workdir" "-e" "CARGO_HOME=/opt/rustwide/cargo-home" "-e" "RUSTUP_HOME=/opt/rustwide/rustup-home" "-e" "CARGO_TARGET_DIR=/opt/rustwide/target" "-e" "CARGO_INCREMENTAL=0" "-e" "RUST_BACKTRACE=full" "-e" "RUSTFLAGS=--cap-lints=warn" "-e" "RUSTDOCFLAGS=--cap-lints=warn" "-w" "/opt/rustwide/workdir" "--user" "0:0" "0e576b4ea91740f2adf80c4c2e2cc7af282ab2e85c8fa6499c61cbc43c0696e5" "/opt/rustwide/cargo-home/bin/cargo" "+1.99.0-beta.8" "test" "--frozen", kill_on_drop: false }`
[INFO] [stderr]    Compiling tideway-cli v0.1.48 (/opt/rustwide/workdir)
[INFO] [stderr]     Finished `test` profile [unoptimized + debuginfo] target(s) in 23.64s
[INFO] [stderr]      Running unittests src/lib.rs (/opt/rustwide/target/debug/deps/tideway_cli-7d2e9c52eba56d5b)
[INFO] [stdout] 
[INFO] [stdout] running 35 tests
[INFO] [stdout] test commands::file_ops::tests::ensure_module_decl_inserts_before_routes_when_routes_exists ... ok
[INFO] [stdout] test commands::file_ops::tests::ensure_module_decl_is_idempotent ... ok
[INFO] [stdout] test commands::file_ops::tests::ensure_module_decl_inserts_at_top_when_routes_missing ... ok
[INFO] [stdout] test commands::file_ops::tests::to_pascal_case_handles_underscores ... ok
[INFO] [stdout] test commands::file_ops::tests::to_pascal_case_skips_empty_segments ... ok
[INFO] [stdout] test commands::dev::watch::tests::filters_watched_paths ... ok
[INFO] [stdout] test commands::file_ops::tests::ensure_module_decl_inserts_after_inner_doc_comments ... ok
[INFO] [stdout] test commands::dev::watch::tests::reloads_dotenv_and_preserves_forced_values ... ok
[INFO] [stdout] test commands::file_ops::tests::write_file_with_force_does_not_overwrite_without_force ... ok
[INFO] [stdout] test commands::dev::watch::tests::splits_cargo_and_application_arguments ... ok
[INFO] [stdout] test commands::migration_naming::tests::registration_text_outside_migrations_vector_is_ignored ... ok
[INFO] [stdout] test commands::migration_naming::tests::sequential_names_preserve_width_and_increment ... ok
[INFO] [stdout] test commands::migration_naming::tests::commented_registration_does_not_change_mixed_history_style ... ok
[INFO] [stdout] test commands::migration_naming::tests::mixed_history_uses_last_registered_convention ... ok
[INFO] [stdout] test commands::migration_naming::tests::timestamp_names_preserve_seaorm_convention ... ok
[INFO] [stdout] test commands::new::tests::test_apply_advanced_wizard_choice_preserves_advanced_paths ... ok
[INFO] [stdout] test commands::new::tests::test_apply_primary_wizard_choice_maps_to_promoted_presets ... ok
[INFO] [stdout] test commands::new::tests::test_primary_preset_options_focus_on_three_paths ... ok
[INFO] [stdout] test commands::migration_naming::tests::timestamp_names_stay_monotonic_when_clock_is_not_ahead ... ok
[INFO] [stdout] test commands::setup::tests::ensure_vite_path_resolution_detects_existing_alias ... ok
[INFO] [stdout] test env::tests::local_secret_bootstrap_preserves_user_supplied_values ... ok
[INFO] [stdout] test plan::tests::plan_step_file_messages_match_existing_output ... ok
[INFO] [stdout] test plan::tests::planned_command_quotes_args_with_spaces ... ok
[INFO] [stdout] test plan::tests::planned_command_renders_args_and_cwd ... ok
[INFO] [stdout] test commands::new::tests::test_normalize_features_aliases ... ok
[INFO] [stdout] test commands::add::tests::update_cargo_toml_rejects_non_table_dependencies ... ok
[INFO] [stdout] test commands::setup::tests::ensure_vite_path_resolution_inserts_alias_into_existing_resolve_block ... ok
[INFO] [stdout] test database::tests::test_redact_database_url_hides_password ... ok
[INFO] [stdout] test commands::file_ops::tests::write_file_with_force_or_error_blocks_existing_without_force ... ok
[INFO] [stdout] test commands::migration_naming::tests::ambiguous_mixed_history_fails_instead_of_guessing ... ok
[INFO] [stdout] test commands::add::tests::update_cargo_toml_rejects_non_array_tideway_features ... ok
[INFO] [stdout] test commands::new::tests::test_validate_features_suggests_nearest_supported_feature ... ok
[INFO] [stdout] test commands::new::tests::ensure_backend_dependencies_rejects_non_table_dependencies ... ok
[INFO] [stdout] test database::tests::test_validate_database_url_accepts_sqlite_without_slashes ... ok
[INFO] [stdout] test env::tests::local_secret_bootstrap_generates_independent_valid_values ... ok
[INFO] [stdout] 
[INFO] [stdout] test result: ok. 35 passed; 0 failed; 0 ignored; 0 measured; 0 filtered out; finished in 0.92s
[INFO] [stdout] 
[INFO] [stderr]      Running unittests src/main.rs (/opt/rustwide/target/debug/deps/tideway-8081942d029a24f8)
[INFO] [stdout] 
[INFO] [stderr]      Running tests/add_command_test.rs (/opt/rustwide/target/debug/deps/add_command_test-03ef42be2c66c42b)
[INFO] [stdout] running 0 tests
[INFO] [stdout] 
[INFO] [stdout] test result: ok. 0 passed; 0 failed; 0 ignored; 0 measured; 0 filtered out; finished in 0.00s
[INFO] [stdout] 
[INFO] [stdout] 
[INFO] [stdout] running 34 tests
[INFO] [stdout] test test_add_database_updates_cargo_and_env ... ok
[INFO] [stdout] test test_add_database_wire_is_idempotent ... ok
[INFO] [stdout] test test_add_credits_ambiguous_migration_style_is_non_mutating ... ok
[INFO] [stdout] test test_add_database_skips_fluent_main_without_partial_wiring ... ok
[INFO] [stdout] test test_add_openapi_wires_legacy_main_with_custom_builder_var ... ok
[INFO] [stdout] test test_add_openapi_wire_is_idempotent ... ok
[INFO] [stdout] test test_add_openapi_wires_main_rs ... ok
[INFO] [stdout] test test_add_database_wires_legacy_main_with_custom_builder_var ... ok
[INFO] [stdout] test test_add_organizations_rejects_commented_user_organization_id_migration ... ok
[INFO] [stdout] test test_add_organizations_rejects_missing_migration_lib_registration ... ok
[INFO] [stdout] test test_add_organizations_rejects_missing_user_organization_id_migration ... ok
[INFO] [stdout] test test_add_database_wires_main_rs ... ok
[INFO] [stdout] test test_add_openapi_wires_main_rs_using_builder_markers_and_custom_var ... ok
[INFO] [stdout] test test_add_organizations_rejects_non_org_aware_auth_contract ... ok
[INFO] [stdout] test test_add_organizations_requires_db_backed_auth_contract ... ok
[INFO] [stdout] test test_add_auth_skips_fluent_main_without_partial_wiring ... ok
[INFO] [stdout] test test_add_organizations_skips_main_when_database_variable_is_unknown ... ok
[INFO] [stdout] test test_add_organizations_registers_migrations_with_brackets_in_comments ... ok
[INFO] [stdout] test test_add_rejects_db_flag_for_non_organization_features ... ok
[INFO] [stdout] test test_add_auth_wires_main_rs ... ok
[INFO] [stdout] test test_add_credits_uses_next_number_without_overwriting_an_existing_migration ... ok
[INFO] [stdout] test test_add_organizations_wires_backend_fluent_app_builder ... ok
[INFO] [stdout] test test_add_billing_schema_still_repairs_an_edited_historical_migration ... ok
[INFO] [stdout] test test_add_auth_updates_cargo_and_scaffolds ... ok
[INFO] [stdout] test test_add_organizations_reuses_existing_paired_jwt_configuration ... ok
[INFO] [stdout] test test_add_auth_wires_legacy_main_with_custom_builder_var ... ok
[INFO] [stdout] test test_add_organizations_wires_custom_database_variable ... ok
[INFO] [stdout] test test_add_auth_wires_main_rs_using_builder_markers ... ok
[INFO] [stdout] test test_add_billing_schema_creates_an_additive_idempotent_repair ... ok
[INFO] [stdout] test test_add_credits_is_additive_and_registers_ledger_migration ... ok
[INFO] [stdout] test test_add_organizations_scaffolds_without_billing_or_admin ... ok
[INFO] [stdout] test test_add_credits_preserves_timestamp_migration_convention ... ok
[INFO] [stdout] test test_add_credits_is_idempotent_with_a_dynamically_numbered_migration ... ok
[INFO] [stdout] test test_add_auth_wire_is_idempotent ... ok
[INFO] [stdout] 
[INFO] [stdout] test result: ok. 34 passed; 0 failed; 0 ignored; 0 measured; 0 filtered out; finished in 5.27s
[INFO] [stdout] 
[INFO] [stderr]      Running tests/backend_command_test.rs (/opt/rustwide/target/debug/deps/backend_command_test-4bf9ac6199527544)
[INFO] [stdout] 
[INFO] [stdout] running 8 tests
[INFO] [stdout] test test_b2b_backend_can_omit_optional_invitations ... ok
[INFO] [stdout] test test_organization_frontend_matches_invitation_api_contract ... ok
[INFO] [stdout] test test_backend_auth_uses_shared_guards_and_atomic_token_updates ... ok
[INFO] [stdout] test test_backend_generates_webhook_idempotency_migrations ... ok
[INFO] [stdout] test test_b2c_checkout_uses_authenticated_user_email ... ok
[INFO] [stdout] test test_backend_billing_routes_are_mounted_with_explicit_access_boundaries ... ok
[INFO] [stdout] test test_b2b_backend_generates_hardened_invitations_without_affecting_b2c ... ok
[INFO] [stdout] test test_backend_migration_lib_matches_generated_files_for_b2c_and_b2b ... ok
[INFO] [stdout] 
[INFO] [stdout] test result: ok. 8 passed; 0 failed; 0 ignored; 0 measured; 0 filtered out; finished in 3.65s
[INFO] [stdout] 
[INFO] [stderr]      Running tests/doctor_command_test.rs (/opt/rustwide/target/debug/deps/doctor_command_test-a3a76ab1b0447099)
[INFO] [stdout] 
[INFO] [stdout] running 50 tests
[INFO] [stdout] test test_doctor_env_checks ... ok
[INFO] [stdout] test test_doctor_accepts_a_32_byte_base64_mfa_encryption_key ... ok
[INFO] [stdout] test test_doctor_log_level_info ... ok
[INFO] [stdout] test test_doctor_invalid_database_url_format ... ok
[INFO] [stdout] test test_doctor_detects_missing_feature ... ok
[INFO] [stdout] test test_doctor_openapi_missing_docs_warning ... ok
[INFO] [stdout] test test_doctor_accepts_provider_neutral_email_delivery_configuration ... ok
[INFO] [stdout] test test_doctor_fix_creates_env_from_env_example ... ok
[INFO] [stdout] test test_doctor_accepts_sqlite_database_url_format ... ok
[INFO] [stdout] test test_doctor_fix_includes_webhook_db_idempotency_todo_snippet ... ok
[INFO] [stdout] test test_doctor_no_warning_when_feature_present ... ok
[INFO] [stdout] test test_doctor_fix_updates_env_example_with_missing_keys ... ok
[INFO] [stdout] test test_doctor_missing_migration_lib_warning ... ok
[INFO] [stdout] test test_doctor_recognizes_direct_seaorm_migration_autorun ... ok
[INFO] [stdout] test test_doctor_upgrade_accepts_custom_billing_store_with_recoverable_claims ... ok
[INFO] [stdout] test test_doctor_upgrade_accepts_aligned_dependencies_and_current_apis ... ok
[INFO] [stdout] test test_doctor_requires_a_valid_mfa_encryption_key ... ok
[INFO] [stdout] test test_doctor_reports_missing_migration_autorun ... ok
[INFO] [stdout] test test_doctor_upgrade_accepts_unique_reset_token_hash_and_session_marker ... ok
[INFO] [stdout] test test_doctor_fix_updates_env_example_with_billing_keys ... ok
[INFO] [stdout] test test_doctor_upgrade_detects_generated_jwt_identity_drift ... ok
[INFO] [stdout] test test_doctor_upgrade_accepts_audited_custom_auth_policy_markers ... ok
[INFO] [stdout] test test_doctor_package_metadata_info ... ok
[INFO] [stdout] test test_doctor_port_info ... ok
[INFO] [stdout] test test_doctor_fix_creates_env_example ... ok
[INFO] [stdout] test test_doctor_upgrade_detects_non_unique_reset_token_hash ... ok
[INFO] [stdout] test test_doctor_upgrade_detects_implicit_registration_and_missing_rate_limit ... ok
[INFO] [stdout] test test_doctor_json_reports_webhook_db_idempotency_warning ... ok
[INFO] [stdout] test test_doctor_warns_when_db_routes_unwired ... ok
[INFO] [stdout] test test_doctor_upgrade_warns_for_custom_billing_store_without_claim_lifecycle_overrides ... ok
[INFO] [stdout] test test_doctor_upgrade_detects_legacy_password_reset_store ... ok
[INFO] [stdout] test test_doctor_upgrade_warns_for_custom_billing_store_without_subscription_cas ... ok
[INFO] [stdout] test test_doctor_warns_when_openapi_docs_missing_routes ... ok
[INFO] [stdout] test test_doctor_json_includes_summary_line ... ok
[INFO] [stdout] test test_doctor_warns_when_email_verification_has_no_delivery ... ok
[INFO] [stdout] test test_doctor_upgrade_does_not_require_greenfield_invitation_scaffold ... ok
[INFO] [stdout] test test_doctor_upgrade_finds_password_reset_store_outside_auth_directory ... ok
[INFO] [stdout] test test_doctor_upgrade_reports_dependency_and_source_migrations ... ok
[INFO] [stdout] test test_doctor_warns_for_placeholder_and_short_jwt_secrets ... ok
[INFO] [stdout] test test_doctor_warns_when_webhook_db_idempotency_migration_missing ... ok
[INFO] [stdout] test test_doctor_warns_when_mfa_storage_is_still_a_stub ... ok
[INFO] [stdout] test test_doctor_webhook_db_idempotency_no_warning_when_marker_present ... ok
[INFO] [stdout] test test_doctor_upgrade_reports_billing_customer_schema_compatibility ... ok
[INFO] [stdout] test test_doctor_upgrade_checks_billing_event_primary_key_migration ... ok
[INFO] [stdout] test test_doctor_upgrade_rejects_fix_mode ... ok
[INFO] [stdout] test test_doctor_upgrade_json_has_stable_finding_metadata_and_strict_exit ... ok
[INFO] [stdout] test test_doctor_no_openapi_warning_for_api_preset_scaffold ... ok
[INFO] [stdout] test test_doctor_fix_recreates_sqlite_env_for_api_preset_scaffold ... ok
[INFO] [stdout] test test_doctor_warns_when_saas_billing_env_missing ... ok
[INFO] [stdout] test test_doctor_no_openapi_warning_for_saas_preset_scaffold ... ok
[INFO] [stderr]      Running tests/dx_golden_path_test.rs (/opt/rustwide/target/debug/deps/dx_golden_path_test-b7c2e80d91096976)
[INFO] [stdout] 
[INFO] [stdout] test result: ok. 50 passed; 0 failed; 0 ignored; 0 measured; 0 filtered out; finished in 3.28s
[INFO] [stdout] 
[INFO] [stdout] 
[INFO] [stdout] running 13 tests
[INFO] [stdout] test test_dev_watch_fails_before_cargo_when_port_is_occupied ... ok
[INFO] [stdout] test test_dev_shell_env_overrides_dotenv_for_urls_and_child_process ... ok
[INFO] [stdout] test test_migrate_accepts_sqlite_database_url ... ok
[INFO] [stdout] test test_dev_bootstraps_env_when_example_exists ... ok
[INFO] [stdout] test test_dev_bootstraps_env_example_and_passes_env_to_cargo ... ok
[INFO] [stdout] test test_dev_ignores_dev_only_database_dependencies ... ok
[INFO] [stdout] test test_dev_no_migrate_overrides_dotenv_setting ... ok
[INFO] [stdout] test test_golden_path_new_then_doctor_then_dev_plan ... ok
[INFO] [stdout] test test_golden_path_no_prompt_scaffold_accepts_primary_resource_flow ... ok
[INFO] [stdout] test test_auth_mfa_golden_path_generates_local_secrets_and_runs ... ok
[INFO] [stdout] test test_dev_fails_fast_when_postgres_server_is_unreachable ... ok
[INFO] [stdout] test test_golden_path_saas_scaffold_supports_doctor_and_dev_plan ... ok
[INFO] [stdout] test test_golden_path_default_api_boots_and_serves_health has been running for over 60 seconds
[INFO] [stdout] test test_golden_path_default_api_boots_and_serves_health ... FAILED
[INFO] [stdout] 
[INFO] [stdout] failures:
[INFO] [stdout] 
[INFO] [stdout] ---- test_golden_path_default_api_boots_and_serves_health stdout ----
[INFO] [stdout] 
[INFO] [stdout] thread 'test_golden_path_default_api_boots_and_serves_health' (3725) panicked at tests/dx_golden_path_test.rs:859:13:
[INFO] [stdout] timed out waiting for /health on port 35795.
[INFO] [stdout] log:
[INFO] [stdout] ✓ Created .env from .env.example
[INFO] [stdout] → Local URLs once the server is ready:
[INFO] [stdout] → API: http://localhost:35795
[INFO] [stdout] → Health: http://localhost:35795/health
[INFO] [stdout] → Swagger UI: http://localhost:35795/swagger-ui
[INFO] [stdout] → OpenAPI: http://localhost:35795/api-docs/openapi.json
[INFO] [stdout] → Setting DATABASE_AUTO_MIGRATE=true for this run. Use --no-migrate to disable.
[INFO] [stdout] → Watching Rust sources, migrations, Cargo manifests, and .env
[INFO] [stdout] → Compiling Tideway app...
[INFO] [stdout] error: patch location `/opt/rustwide` does not contain packages matching `tideway`
[INFO] [stdout] help: check `tideway` patch definition for `https://github.com/rust-lang/crates.io-index` in `/tmp/.tmpu2sJFO/my_app/Cargo.toml`
[INFO] [stdout] ! Build failed; watching for the next change
[INFO] [stdout] → Development server stopped
[INFO] [stdout] 
[INFO] [stdout] stack backtrace:
[INFO] [stdout]    0:     0x577a1651a541 - std[70759c8f55707aa4]::backtrace_rs::backtrace::libunwind::trace
[INFO] [stdout]                                at /rustc/dfb0accb7f508ae8be965d8629557221c889dd98/library/std/src/../../backtrace/src/backtrace/libunwind.rs:117:9
[INFO] [stdout]    1:     0x577a1651a541 - std[70759c8f55707aa4]::backtrace_rs::backtrace::trace_unsynchronized::<std[70759c8f55707aa4]::sys::backtrace::_print_fmt::{closure#1}>
[INFO] [stdout]                                at /rustc/dfb0accb7f508ae8be965d8629557221c889dd98/library/std/src/../../backtrace/src/backtrace/mod.rs:66:14
[INFO] [stdout]    2:     0x577a1651a541 - std[70759c8f55707aa4]::sys::backtrace::_print_fmt
[INFO] [stdout]                                at /rustc/dfb0accb7f508ae8be965d8629557221c889dd98/library/std/src/sys/backtrace.rs:74:9
[INFO] [stdout]    3:     0x577a1651a541 - <<std[70759c8f55707aa4]::sys::backtrace::BacktraceLock>::print::DisplayBacktrace as core[df12db4294e9bfd3]::fmt::Display>::fmt
[INFO] [stdout]                                at /rustc/dfb0accb7f508ae8be965d8629557221c889dd98/library/std/src/sys/backtrace.rs:44:26
[INFO] [stdout]    4:     0x577a1652f6aa - <core[df12db4294e9bfd3]::fmt::rt::Argument>::fmt
[INFO] [stdout]                                at /rustc/dfb0accb7f508ae8be965d8629557221c889dd98/library/core/src/fmt/rt.rs:152:76
[INFO] [stdout]    5:     0x577a1652f6aa - core[df12db4294e9bfd3]::fmt::write
[INFO] [stdout]    6:     0x577a1651f10c - core[df12db4294e9bfd3]::io::write::default_write_fmt::<alloc[2182bb758b4b3781]::vec::Vec<u8>>
[INFO] [stdout]                                at /rustc/dfb0accb7f508ae8be965d8629557221c889dd98/library/core/src/io/write.rs:402:11
[INFO] [stdout]    7:     0x577a1651f10c - <alloc[2182bb758b4b3781]::vec::Vec<u8> as core[df12db4294e9bfd3]::io::write::Write>::write_fmt
[INFO] [stdout]                                at /rustc/dfb0accb7f508ae8be965d8629557221c889dd98/library/core/src/io/write.rs:335:13
[INFO] [stdout]    8:     0x577a164f3766 - <std[70759c8f55707aa4]::sys::backtrace::BacktraceLock>::print
[INFO] [stdout]                                at /rustc/dfb0accb7f508ae8be965d8629557221c889dd98/library/std/src/sys/backtrace.rs:47:9
[INFO] [stdout]    9:     0x577a164f3766 - std[70759c8f55707aa4]::panicking::default_hook::{closure#0}
[INFO] [stdout]                                at /rustc/dfb0accb7f508ae8be965d8629557221c889dd98/library/std/src/panicking.rs:292:27
[INFO] [stdout]   10:     0x577a165116d9 - std[70759c8f55707aa4]::panicking::default_hook
[INFO] [stdout]                                at /rustc/dfb0accb7f508ae8be965d8629557221c889dd98/library/std/src/panicking.rs:316:9
[INFO] [stdout]   11:     0x577a164a3c00 - <alloc[2182bb758b4b3781]::boxed::Box<dyn for<'a, 'b> core[df12db4294e9bfd3]::ops::function::Fn<(&'a std[70759c8f55707aa4]::panic::PanicHookInfo<'b>,), Output = ()> + core[df12db4294e9bfd3]::marker::Send + core[df12db4294e9bfd3]::marker::Sync> as core[df12db4294e9bfd3]::ops::function::Fn<(&std[70759c8f55707aa4]::panic::PanicHookInfo,)>>::call
[INFO] [stdout]                                at /rustc/dfb0accb7f508ae8be965d8629557221c889dd98/library/alloc/src/boxed.rs:2334:9
[INFO] [stdout]   12:     0x577a164a3c00 - test[9d35eded1c95d3be]::test_main_inner::<test[9d35eded1c95d3be]::test_main_static::{closure#0}>::{closure#0}
[INFO] [stdout]                                at /rustc/dfb0accb7f508ae8be965d8629557221c889dd98/library/test/src/lib.rs:155:21
[INFO] [stdout]   13:     0x577a16511892 - <alloc[2182bb758b4b3781]::boxed::Box<dyn for<'a, 'b> core[df12db4294e9bfd3]::ops::function::Fn<(&'a std[70759c8f55707aa4]::panic::PanicHookInfo<'b>,), Output = ()> + core[df12db4294e9bfd3]::marker::Send + core[df12db4294e9bfd3]::marker::Sync> as core[df12db4294e9bfd3]::ops::function::Fn<(&std[70759c8f55707aa4]::panic::PanicHookInfo,)>>::call
[INFO] [stdout]                                at /rustc/dfb0accb7f508ae8be965d8629557221c889dd98/library/alloc/src/boxed.rs:2334:9
[INFO] [stdout]   14:     0x577a16511892 - std[70759c8f55707aa4]::panicking::panic_with_hook
[INFO] [stdout]                                at /rustc/dfb0accb7f508ae8be965d8629557221c889dd98/library/std/src/panicking.rs:823:13
[INFO] [stdout]   15:     0x577a164f3812 - std[70759c8f55707aa4]::panicking::panic_handler::{closure#0}
[INFO] [stdout]                                at /rustc/dfb0accb7f508ae8be965d8629557221c889dd98/library/std/src/panicking.rs:688:13
[INFO] [stdout]   16:     0x577a164ec239 - std[70759c8f55707aa4]::sys::backtrace::__rust_end_short_backtrace::<std[70759c8f55707aa4]::panicking::panic_handler::{closure#0}, !>
[INFO] [stdout]                                at /rustc/dfb0accb7f508ae8be965d8629557221c889dd98/library/std/src/sys/backtrace.rs:182:18
[INFO] [stdout]   17:     0x577a164f46bd - __rustc[8fa7c3cbc660c2b3]::rust_begin_unwind
[INFO] [stdout]                                at /rustc/dfb0accb7f508ae8be965d8629557221c889dd98/library/std/src/panicking.rs:679:5
[INFO] [stdout]   18:     0x577a1652fe3c - core[df12db4294e9bfd3]::panicking::panic_fmt
[INFO] [stdout]                                at /rustc/dfb0accb7f508ae8be965d8629557221c889dd98/library/core/src/panicking.rs:80:14
[INFO] [stdout]   19:     0x577a1647fc4b - dx_golden_path_test[a722049283bf24e]::wait_for_health
[INFO] [stdout]                                at /opt/rustwide/workdir/tests/dx_golden_path_test.rs:859:13
[INFO] [stdout]   20:     0x577a164851ec - dx_golden_path_test[a722049283bf24e]::test_golden_path_default_api_boots_and_serves_health
[INFO] [stdout]                                at /opt/rustwide/workdir/tests/dx_golden_path_test.rs:151:5
[INFO] [stdout]   21:     0x577a1647f337 - dx_golden_path_test[a722049283bf24e]::test_golden_path_default_api_boots_and_serves_health::{closure#0}
[INFO] [stdout]                                at /opt/rustwide/workdir/tests/dx_golden_path_test.rs:113:58
[INFO] [stdout]   22:     0x577a1647ede6 - <dx_golden_path_test[a722049283bf24e]::test_golden_path_default_api_boots_and_serves_health::{closure#0} as core[df12db4294e9bfd3]::ops::function::FnOnce<()>>::call_once
[INFO] [stdout]                                at /rustc/dfb0accb7f508ae8be965d8629557221c889dd98/library/core/src/ops/function.rs:250:5
[INFO] [stdout]   23:     0x577a16496eeb - <fn() -> core[df12db4294e9bfd3]::result::Result<(), alloc[2182bb758b4b3781]::string::String> as core[df12db4294e9bfd3]::ops::function::FnOnce<()>>::call_once
[INFO] [stdout]                                at /rustc/dfb0accb7f508ae8be965d8629557221c889dd98/library/core/src/ops/function.rs:250:5
[INFO] [stdout]   24:     0x577a16496eeb - test[9d35eded1c95d3be]::__rust_begin_short_backtrace::<core[df12db4294e9bfd3]::result::Result<(), alloc[2182bb758b4b3781]::string::String>, fn() -> core[df12db4294e9bfd3]::result::Result<(), alloc[2182bb758b4b3781]::string::String>>
[INFO] [stdout]                                at /rustc/dfb0accb7f508ae8be965d8629557221c889dd98/library/test/src/lib.rs:733:18
[INFO] [stdout]   25:     0x577a164a4555 - test[9d35eded1c95d3be]::run_test_in_process::{closure#0}
[INFO] [stdout]                                at /rustc/dfb0accb7f508ae8be965d8629557221c889dd98/library/test/src/lib.rs:756:74
[INFO] [stdout]   26:     0x577a164a4555 - <core[df12db4294e9bfd3]::panic::unwind_safe::AssertUnwindSafe<test[9d35eded1c95d3be]::run_test_in_process::{closure#0}> as core[df12db4294e9bfd3]::ops::function::FnOnce<()>>::call_once
[INFO] [stdout]                                at /rustc/dfb0accb7f508ae8be965d8629557221c889dd98/library/core/src/panic/unwind_safe.rs:275:9
[INFO] [stdout]   27:     0x577a164a4555 - std[70759c8f55707aa4]::panicking::catch_unwind::do_call::<core[df12db4294e9bfd3]::panic::unwind_safe::AssertUnwindSafe<test[9d35eded1c95d3be]::run_test_in_process::{closure#0}>, core[df12db4294e9bfd3]::result::Result<(), alloc[2182bb758b4b3781]::string::String>>
[INFO] [stdout]                                at /rustc/dfb0accb7f508ae8be965d8629557221c889dd98/library/std/src/panicking.rs:576:43
[INFO] [stdout]   28:     0x577a164a4555 - std[70759c8f55707aa4]::panicking::catch_unwind::<core[df12db4294e9bfd3]::result::Result<(), alloc[2182bb758b4b3781]::string::String>, core[df12db4294e9bfd3]::panic::unwind_safe::AssertUnwindSafe<test[9d35eded1c95d3be]::run_test_in_process::{closure#0}>>
[INFO] [stdout]                                at /rustc/dfb0accb7f508ae8be965d8629557221c889dd98/library/std/src/panicking.rs:544:19
[INFO] [stdout]   29:     0x577a164a4555 - std[70759c8f55707aa4]::panic::catch_unwind::<core[df12db4294e9bfd3]::panic::unwind_safe::AssertUnwindSafe<test[9d35eded1c95d3be]::run_test_in_process::{closure#0}>, core[df12db4294e9bfd3]::result::Result<(), alloc[2182bb758b4b3781]::string::String>>
[INFO] [stdout]                                at /rustc/dfb0accb7f508ae8be965d8629557221c889dd98/library/std/src/panic.rs:359:14
[INFO] [stdout]   30:     0x577a164a4555 - test[9d35eded1c95d3be]::run_test_in_process
[INFO] [stdout]                                at /rustc/dfb0accb7f508ae8be965d8629557221c889dd98/library/test/src/lib.rs:756:27
[INFO] [stdout]   31:     0x577a164a4555 - test[9d35eded1c95d3be]::run_test::{closure#0}
[INFO] [stdout]                                at /rustc/dfb0accb7f508ae8be965d8629557221c889dd98/library/test/src/lib.rs:677:43
[INFO] [stdout]   32:     0x577a1649de14 - test[9d35eded1c95d3be]::run_test::{closure#1}
[INFO] [stdout]                                at /rustc/dfb0accb7f508ae8be965d8629557221c889dd98/library/test/src/lib.rs:707:41
[INFO] [stdout]   33:     0x577a1649de14 - std[70759c8f55707aa4]::sys::backtrace::__rust_begin_short_backtrace::<test[9d35eded1c95d3be]::run_test::{closure#1}, ()>
[INFO] [stdout]                                at /rustc/dfb0accb7f508ae8be965d8629557221c889dd98/library/std/src/sys/backtrace.rs:166:18
[INFO] [stdout]   34:     0x577a164a76b2 - std[70759c8f55707aa4]::thread::lifecycle::spawn_unchecked::<test[9d35eded1c95d3be]::run_test::{closure#1}, ()>::{closure#1}::{closure#0}
[INFO] [stdout]                                at /rustc/dfb0accb7f508ae8be965d8629557221c889dd98/library/std/src/thread/lifecycle.rs:70:13
[INFO] [stdout]   35:     0x577a164a76b2 - <core[df12db4294e9bfd3]::panic::unwind_safe::AssertUnwindSafe<std[70759c8f55707aa4]::thread::lifecycle::spawn_unchecked<test[9d35eded1c95d3be]::run_test::{closure#1}, ()>::{closure#1}::{closure#0}> as core[df12db4294e9bfd3]::ops::function::FnOnce<()>>::call_once
[INFO] [stdout]                                at /rustc/dfb0accb7f508ae8be965d8629557221c889dd98/library/core/src/panic/unwind_safe.rs:275:9
[INFO] [stdout]   36:     0x577a164a76b2 - std[70759c8f55707aa4]::panicking::catch_unwind::do_call::<core[df12db4294e9bfd3]::panic::unwind_safe::AssertUnwindSafe<std[70759c8f55707aa4]::thread::lifecycle::spawn_unchecked<test[9d35eded1c95d3be]::run_test::{closure#1}, ()>::{closure#1}::{closure#0}>, ()>
[INFO] [stdout]                                at /rustc/dfb0accb7f508ae8be965d8629557221c889dd98/library/std/src/panicking.rs:576:43
[INFO] [stdout]   37:     0x577a164a76b2 - std[70759c8f55707aa4]::panicking::catch_unwind::<(), core[df12db4294e9bfd3]::panic::unwind_safe::AssertUnwindSafe<std[70759c8f55707aa4]::thread::lifecycle::spawn_unchecked<test[9d35eded1c95d3be]::run_test::{closure#1}, ()>::{closure#1}::{closure#0}>>
[INFO] [stdout]                                at /rustc/dfb0accb7f508ae8be965d8629557221c889dd98/library/std/src/panicking.rs:544:19
[INFO] [stdout]   38:     0x577a164a76b2 - std[70759c8f55707aa4]::panic::catch_unwind::<core[df12db4294e9bfd3]::panic::unwind_safe::AssertUnwindSafe<std[70759c8f55707aa4]::thread::lifecycle::spawn_unchecked<test[9d35eded1c95d3be]::run_test::{closure#1}, ()>::{closure#1}::{closure#0}>, ()>
[INFO] [stdout]                                at /rustc/dfb0accb7f508ae8be965d8629557221c889dd98/library/std/src/panic.rs:359:14
[INFO] [stdout]   39:     0x577a164a76b2 - std[70759c8f55707aa4]::thread::lifecycle::spawn_unchecked::<test[9d35eded1c95d3be]::run_test::{closure#1}, ()>::{closure#1}
[INFO] [stdout]                                at /rustc/dfb0accb7f508ae8be965d8629557221c889dd98/library/std/src/thread/lifecycle.rs:68:26
[INFO] [stdout]   40:     0x577a164a76b2 - <std[70759c8f55707aa4]::thread::lifecycle::spawn_unchecked<test[9d35eded1c95d3be]::run_test::{closure#1}, ()>::{closure#1} as core[df12db4294e9bfd3]::ops::function::FnOnce<()>>::call_once::{shim:vtable#0}
[INFO] [stdout]                                at /rustc/dfb0accb7f508ae8be965d8629557221c889dd98/library/core/src/ops/function.rs:250:5
[INFO] [stdout]   41:     0x577a16519149 - <alloc[2182bb758b4b3781]::boxed::Box<dyn core[df12db4294e9bfd3]::ops::function::FnOnce<(), Output = ()> + core[df12db4294e9bfd3]::marker::Send> as core[df12db4294e9bfd3]::ops::function::FnOnce<()>>::call_once
[INFO] [stdout]                                at /rustc/dfb0accb7f508ae8be965d8629557221c889dd98/library/alloc/src/boxed.rs:2320:9
[INFO] [stdout]   42:     0x577a16519149 - <std[70759c8f55707aa4]::sys::thread::unix::Thread>::new::thread_start
[INFO] [stdout]                                at /rustc/dfb0accb7f508ae8be965d8629557221c889dd98/library/std/src/sys/thread/unix.rs:123:17
[INFO] [stdout]   43:     0x78c11146fdfa - <unknown>
[INFO] [stdout]   44:     0x78c1115033d4 - clone
[INFO] [stdout]   45:                0x0 - <unknown>
[INFO] [stdout] 
[INFO] [stdout] 
[INFO] [stdout] failures:
[INFO] [stdout]     test_golden_path_default_api_boots_and_serves_health
[INFO] [stdout] 
[INFO] [stdout] test result: FAILED. 12 passed; 1 failed; 0 ignored; 0 measured; 0 filtered out; finished in 122.65s
[INFO] [stdout] 
[INFO] [stderr] error: test failed, to rerun pass `--test dx_golden_path_test`
[INFO] running `Command { std: "docker" "inspect" "0e576b4ea91740f2adf80c4c2e2cc7af282ab2e85c8fa6499c61cbc43c0696e5", kill_on_drop: false }`
[INFO] running `Command { std: "docker" "rm" "-f" "0e576b4ea91740f2adf80c4c2e2cc7af282ab2e85c8fa6499c61cbc43c0696e5", kill_on_drop: false }`
[INFO] [stdout] 0e576b4ea91740f2adf80c4c2e2cc7af282ab2e85c8fa6499c61cbc43c0696e5
