[INFO] fetching crate tidalrs 0.5.0...
[INFO] testing tidalrs-0.5.0 against 1.100.0-beta.1 for beta-1.100-2
[INFO] extracting crate tidalrs 0.5.0 into /workspace/builds/worker-6-tc2/source
[INFO] started tweaking crates.io crate tidalrs 0.5.0
[INFO] removed 0 missing examples
[INFO] removed 0 missing tests
[INFO] finished tweaking crates.io crate tidalrs 0.5.0
[INFO] tweaked toml for crates.io crate tidalrs 0.5.0 written to /workspace/builds/worker-6-tc2/source/Cargo.toml
[INFO] validating manifest of crates.io crate tidalrs 0.5.0 on toolchain 1.100.0-beta.1
[INFO] running `Command { std: CARGO_HOME="/workspace/cargo-home" RUSTUP_HOME="/workspace/rustup-home" "/workspace/cargo-home/bin/cargo" "+1.100.0-beta.1" "metadata" "--manifest-path" "Cargo.toml" "--no-deps", kill_on_drop: false }`
[INFO] crate crates.io crate tidalrs 0.5.0 already has a lockfile, it will not be regenerated
[INFO] running `Command { std: CARGO_HOME="/workspace/cargo-home" RUSTUP_HOME="/workspace/rustup-home" "/workspace/cargo-home/bin/cargo" "+1.100.0-beta.1" "fetch" "--manifest-path" "Cargo.toml", kill_on_drop: false }`
[INFO] [stderr] warning: `package.homepage` is redundant with `package.repository`
[INFO] [stderr]    --> Cargo.toml:101:12
[INFO] [stderr]     |
[INFO] [stderr] 101 | homepage = "https://github.com/phayes/tidalrs"
[INFO] [stderr]     |            ^^^^^^^^^^^^^^^^^^^^^^^^^^^^^^^^^^^
[INFO] [stderr] ...
[INFO] [stderr] 106 | repository = "https://github.com/phayes/tidalrs"
[INFO] [stderr]     |              -----------------------------------
[INFO] [stderr]     |
[INFO] [stderr]     = note: `cargo::redundant_homepage` is set to `warn` by default
[INFO] [stderr] help: consider removing `package.homepage`
[INFO] [stderr] warning: `tidalrs` (manifest) generated 1 warning
[INFO] running `Command { std: "docker" "create" "-v" "/var/lib/crater-agent-workspace/builds/worker-6-tc2/source:/opt/rustwide/workdir:ro,Z" "-v" "/var/lib/crater-agent-workspace/builds/worker-6-tc2/target:/opt/rustwide/target:rw,Z" "-v" "/var/lib/crater-agent-workspace/cargo-home:/opt/rustwide/cargo-home:ro,Z" "-v" "/var/lib/crater-agent-workspace/rustup-home:/opt/rustwide/rustup-home:ro,Z" "-m" "1610612736" "--network" "none" "ghcr.io/rust-lang/crates-build-env/linux@sha256:3111399a4047eeb3a02b7a90e478d715f38a8c6669b5c4b49d30a17385265909" "sleep" "infinity", kill_on_drop: false }`
[INFO] [stdout] 11666a98b6d5630027510f0e90982008252efc635bba8b83808cd8adf44b88fe
[INFO] running `Command { std: "docker" "start" "11666a98b6d5630027510f0e90982008252efc635bba8b83808cd8adf44b88fe", kill_on_drop: false }`
[INFO] running `Command { std: "docker" "inspect" "11666a98b6d5630027510f0e90982008252efc635bba8b83808cd8adf44b88fe", kill_on_drop: false }`
[INFO] running `Command { std: "docker" "exec" "-e" "SOURCE_DIR=/opt/rustwide/workdir" "-e" "CARGO_HOME=/opt/rustwide/cargo-home" "-e" "RUSTUP_HOME=/opt/rustwide/rustup-home" "-e" "CARGO_TARGET_DIR=/opt/rustwide/target" "-w" "/opt/rustwide/workdir" "--user" "0:0" "11666a98b6d5630027510f0e90982008252efc635bba8b83808cd8adf44b88fe" "/opt/rustwide/cargo-home/bin/cargo" "+1.100.0-beta.1" "metadata" "--no-deps" "--format-version=1", kill_on_drop: false }`
[INFO] running `Command { std: "docker" "inspect" "11666a98b6d5630027510f0e90982008252efc635bba8b83808cd8adf44b88fe", kill_on_drop: false }`
[INFO] running `Command { std: "docker" "exec" "-e" "SOURCE_DIR=/opt/rustwide/workdir" "-e" "CARGO_HOME=/opt/rustwide/cargo-home" "-e" "RUSTUP_HOME=/opt/rustwide/rustup-home" "-e" "CARGO_TARGET_DIR=/opt/rustwide/target" "-e" "CARGO_INCREMENTAL=0" "-e" "RUST_BACKTRACE=full" "-e" "RUSTFLAGS=--cap-lints=warn" "-e" "RUSTDOCFLAGS=--cap-lints=warn" "-w" "/opt/rustwide/workdir" "--user" "0:0" "11666a98b6d5630027510f0e90982008252efc635bba8b83808cd8adf44b88fe" "/opt/rustwide/cargo-home/bin/cargo" "+1.100.0-beta.1" "build" "--frozen" "--message-format=json", kill_on_drop: false }`
[INFO] [stderr] warning: `package.homepage` is redundant with `package.repository`
[INFO] [stderr]    --> Cargo.toml:101:12
[INFO] [stderr]     |
[INFO] [stderr] 101 | homepage = "https://github.com/phayes/tidalrs"
[INFO] [stderr]     |            ^^^^^^^^^^^^^^^^^^^^^^^^^^^^^^^^^^^
[INFO] [stderr] ...
[INFO] [stderr] 106 | repository = "https://github.com/phayes/tidalrs"
[INFO] [stderr]     |              -----------------------------------
[INFO] [stderr]     |
[INFO] [stderr]     = note: `cargo::redundant_homepage` is set to `warn` by default
[INFO] [stderr] help: consider removing `package.homepage`
[INFO] [stderr] warning: `tidalrs` (manifest) generated 1 warning
[INFO] [stderr]    Compiling proc-macro2 v1.0.101
[INFO] [stderr]    Compiling unicode-ident v1.0.19
[INFO] [stderr]    Compiling quote v1.0.41
[INFO] [stderr]    Compiling libc v0.2.177
[INFO] [stderr]    Compiling stable_deref_trait v1.2.1
[INFO] [stderr]    Compiling bytes v1.10.1
[INFO] [stderr]    Compiling find-msvc-tools v0.1.4
[INFO] [stderr]    Compiling itoa v1.0.15
[INFO] [stderr]    Compiling smallvec v1.15.1
[INFO] [stderr]    Compiling once_cell v1.21.3
[INFO] [stderr]    Compiling cc v1.2.41
[INFO] [stderr]    Compiling writeable v0.6.1
[INFO] [stderr]    Compiling litemap v0.8.0
[INFO] [stderr]    Compiling fnv v1.0.7
[INFO] [stderr]    Compiling icu_properties_data v2.0.1
[INFO] [stderr]    Compiling icu_normalizer_data v2.0.0
[INFO] [stderr]    Compiling zeroize v1.8.2
[INFO] [stderr]    Compiling percent-encoding v2.3.2
[INFO] [stderr]    Compiling futures-task v0.3.31
[INFO] [stderr]    Compiling rustls-pki-types v1.12.0
[INFO] [stderr]    Compiling httparse v1.10.1
[INFO] [stderr]    Compiling slab v0.4.11
[INFO] [stderr]    Compiling http v1.3.1
[INFO] [stderr]    Compiling syn v2.0.106
[INFO] [stderr]    Compiling rustls v0.23.32
[INFO] [stderr]    Compiling try-lock v0.2.5
[INFO] [stderr]    Compiling tracing-core v0.1.34
[INFO] [stderr]    Compiling futures-channel v0.3.31
[INFO] [stderr]    Compiling want v0.3.1
[INFO] [stderr]    Compiling bitflags v2.9.4
[INFO] [stderr]    Compiling atomic-waker v1.1.2
[INFO] [stderr]    Compiling unicase v2.8.1
[INFO] [stderr]    Compiling form_urlencoded v1.2.2
[INFO] [stderr]    Compiling socket2 v0.6.1
[INFO] [stderr]    Compiling mio v1.0.4
[INFO] [stderr]    Compiling getrandom v0.2.16
[INFO] [stderr]    Compiling mime_guess v2.0.5
[INFO] [stderr]    Compiling http-body v1.0.1
[INFO] [stderr]    Compiling sync_wrapper v1.0.2
[INFO] [stderr]    Compiling ring v0.17.14
[INFO] [stderr]    Compiling serde_json v1.0.145
[INFO] [stderr]    Compiling getrandom v0.3.4
[INFO] [stderr]    Compiling rustix v1.1.2
[INFO] [stderr]    Compiling ryu v1.0.20
[INFO] [stderr]    Compiling ipnet v2.11.0
[INFO] [stderr]    Compiling webpki-roots v1.0.3
[INFO] [stderr]    Compiling thiserror v2.0.17
[INFO] [stderr]    Compiling memchr v2.7.6
[INFO] [stderr]    Compiling iri-string v0.7.8
[INFO] [stderr]    Compiling linux-raw-sys v0.11.0
[INFO] [stderr]    Compiling parking_lot_core v0.9.12
[INFO] [stderr]    Compiling http-body-util v0.1.3
[INFO] [stderr]    Compiling fastrand v2.3.0
[INFO] [stderr]    Compiling parking_lot v0.12.5
[INFO] [stderr]    Compiling mediatype v0.20.0
[INFO] [stderr]    Compiling rangemap v1.6.0
[INFO] [stderr]    Compiling strum v0.27.2
[INFO] [stderr]    Compiling arc-swap v1.7.1
[INFO] [stderr]    Compiling tempfile v3.23.0
[INFO] [stderr]    Compiling synstructure v0.13.2
[INFO] [stderr]    Compiling zerofrom-derive v0.1.6
[INFO] [stderr]    Compiling yoke-derive v0.8.0
[INFO] [stderr]    Compiling zerovec-derive v0.11.1
[INFO] [stderr]    Compiling displaydoc v0.2.5
[INFO] [stderr]    Compiling tokio-macros v2.6.0
[INFO] [stderr]    Compiling futures-macro v0.3.31
[INFO] [stderr]    Compiling serde_derive v1.0.228
[INFO] [stderr]    Compiling futures-util v0.3.31
[INFO] [stderr]    Compiling tokio v1.48.0
[INFO] [stderr]    Compiling tracing-attributes v0.1.30
[INFO] [stderr]    Compiling enum-ordinalize-derive v4.3.1
[INFO] [stderr]    Compiling thiserror-impl v2.0.17
[INFO] [stderr]    Compiling zerofrom v0.1.6
[INFO] [stderr]    Compiling yoke v0.8.0
[INFO] [stderr]    Compiling enum-ordinalize v4.3.0
[INFO] [stderr]    Compiling educe v0.6.0
[INFO] [stderr]    Compiling zerovec v0.11.4
[INFO] [stderr]    Compiling zerotrie v0.2.2
[INFO] [stderr]    Compiling rustls-webpki v0.103.7
[INFO] [stderr]    Compiling tracing v0.1.41
[INFO] [stderr]    Compiling tinystr v0.8.1
[INFO] [stderr]    Compiling potential_utf v0.1.3
[INFO] [stderr]    Compiling icu_locale_core v2.0.0
[INFO] [stderr]    Compiling icu_collections v2.0.0
[INFO] [stderr]    Compiling icu_provider v2.0.0
[INFO] [stderr]    Compiling icu_normalizer v2.0.0
[INFO] [stderr]    Compiling icu_properties v2.0.1
[INFO] [stderr]    Compiling async-recursion v1.1.1
[INFO] [stderr]    Compiling strum_macros v0.27.2
[INFO] [stderr]    Compiling serde v1.0.228
[INFO] [stderr]    Compiling serde_urlencoded v0.7.1
[INFO] [stderr]    Compiling hyper v1.7.0
[INFO] [stderr]    Compiling tower v0.5.2
[INFO] [stderr]    Compiling idna_adapter v1.2.1
[INFO] [stderr]    Compiling idna v1.1.0
[INFO] [stderr]    Compiling tower-http v0.6.6
[INFO] [stderr]    Compiling tokio-util v0.7.16
[INFO] [stderr]    Compiling url v2.5.7
[INFO] [stderr]    Compiling hyper-util v0.1.17
[INFO] [stderr]    Compiling tokio-rustls v0.26.4
[INFO] [stderr]    Compiling hyper-rustls v0.27.7
[INFO] [stderr]    Compiling reqwest v0.12.24
[INFO] [stderr]    Compiling stream-download v0.22.6
[INFO] [stderr]    Compiling tidalrs v0.5.0 (/opt/rustwide/workdir)
[INFO] [stderr]     Finished `dev` profile [unoptimized + debuginfo] target(s) in 1m 36s
[INFO] running `Command { std: "docker" "inspect" "11666a98b6d5630027510f0e90982008252efc635bba8b83808cd8adf44b88fe", kill_on_drop: false }`
[INFO] running `Command { std: "docker" "exec" "-e" "SOURCE_DIR=/opt/rustwide/workdir" "-e" "CARGO_HOME=/opt/rustwide/cargo-home" "-e" "RUSTUP_HOME=/opt/rustwide/rustup-home" "-e" "CARGO_TARGET_DIR=/opt/rustwide/target" "-e" "CARGO_INCREMENTAL=0" "-e" "RUST_BACKTRACE=full" "-e" "RUSTFLAGS=--cap-lints=warn" "-e" "RUSTDOCFLAGS=--cap-lints=warn" "-w" "/opt/rustwide/workdir" "--user" "0:0" "11666a98b6d5630027510f0e90982008252efc635bba8b83808cd8adf44b88fe" "/opt/rustwide/cargo-home/bin/cargo" "+1.100.0-beta.1" "test" "--frozen" "--no-run" "--message-format=json", kill_on_drop: false }`
[INFO] [stderr] warning: `package.homepage` is redundant with `package.repository`
[INFO] [stderr]    --> Cargo.toml:101:12
[INFO] [stderr]     |
[INFO] [stderr] 101 | homepage = "https://github.com/phayes/tidalrs"
[INFO] [stderr]     |            ^^^^^^^^^^^^^^^^^^^^^^^^^^^^^^^^^^^
[INFO] [stderr] ...
[INFO] [stderr] 106 | repository = "https://github.com/phayes/tidalrs"
[INFO] [stderr]     |              -----------------------------------
[INFO] [stderr]     |
[INFO] [stderr]     = note: `cargo::redundant_homepage` is set to `warn` by default
[INFO] [stderr] help: consider removing `package.homepage`
[INFO] [stderr] warning: `tidalrs` (manifest) generated 1 warning
[INFO] [stderr]    Compiling log v0.4.28
[INFO] [stderr]    Compiling bytemuck v1.24.0
[INFO] [stderr]    Compiling arrayvec v0.7.6
[INFO] [stderr]    Compiling signal-hook-registry v1.4.6
[INFO] [stderr]    Compiling bitflags v1.3.2
[INFO] [stderr]    Compiling encoding_rs v0.8.35
[INFO] [stderr]    Compiling hashbrown v0.16.0
[INFO] [stderr]    Compiling getrandom v0.3.4
[INFO] [stderr]    Compiling autocfg v1.5.0
[INFO] [stderr]    Compiling tokio v1.48.0
[INFO] [stderr]    Compiling zerocopy v0.8.27
[INFO] [stderr]    Compiling alsa-sys v0.3.1
[INFO] [stderr]    Compiling symphonia-core v0.5.5
[INFO] [stderr]    Compiling aho-corasick v1.1.3
[INFO] [stderr]    Compiling regex-syntax v0.8.8
[INFO] [stderr]    Compiling num-traits v0.2.19
[INFO] [stderr]    Compiling indexmap v2.11.4
[INFO] [stderr]    Compiling symphonia-metadata v0.5.5
[INFO] [stderr]    Compiling num-integer v0.1.46
[INFO] [stderr]    Compiling rand_core v0.9.3
[INFO] [stderr]    Compiling symphonia-utils-xiph v0.5.5
[INFO] [stderr]    Compiling ppv-lite86 v0.2.21
[INFO] [stderr]    Compiling cpal v0.16.0
[INFO] [stderr]    Compiling extended v0.1.0
[INFO] [stderr]    Compiling symphonia-format-riff v0.5.5
[INFO] [stderr]    Compiling tempfile v3.23.0
[INFO] [stderr]    Compiling anstyle-parse v0.2.7
[INFO] [stderr]    Compiling symphonia-bundle-flac v0.5.5
[INFO] [stderr]    Compiling symphonia-codec-vorbis v0.5.5
[INFO] [stderr]    Compiling symphonia-format-ogg v0.5.5
[INFO] [stderr]    Compiling rand_chacha v0.9.0
[INFO] [stderr]    Compiling symphonia-format-isomp4 v0.5.5
[INFO] [stderr]    Compiling regex-automata v0.4.13
[INFO] [stderr]    Compiling symphonia-bundle-mp3 v0.5.5
[INFO] [stderr]    Compiling num-bigint v0.4.6
[INFO] [stderr]    Compiling alsa v0.9.1
[INFO] [stderr]    Compiling symphonia-codec-aac v0.5.5
[INFO] [stderr]    Compiling symphonia-codec-pcm v0.5.5
[INFO] [stderr]    Compiling dasp_sample v0.11.0
[INFO] [stderr]    Compiling colorchoice v1.0.4
[INFO] [stderr]    Compiling anstyle v1.0.13
[INFO] [stderr]    Compiling is_terminal_polyfill v1.70.1
[INFO] [stderr]    Compiling anstyle-query v1.1.4
[INFO] [stderr]    Compiling symphonia v0.5.5
[INFO] [stderr]    Compiling anstream v0.6.21
[INFO] [stderr]    Compiling num-rational v0.4.2
[INFO] [stderr]    Compiling rand v0.9.2
[INFO] [stderr]    Compiling assert-json-diff v2.0.2
[INFO] [stderr]    Compiling similar v2.7.0
[INFO] [stderr]    Compiling colored v3.1.1
[INFO] [stderr]    Compiling jiff v0.2.15
[INFO] [stderr]    Compiling rodio v0.21.1
[INFO] [stderr]    Compiling regex v1.12.2
[INFO] [stderr]    Compiling tokio-util v0.7.16
[INFO] [stderr]    Compiling tokio-rustls v0.26.4
[INFO] [stderr]    Compiling tower v0.5.2
[INFO] [stderr]    Compiling env_filter v0.1.4
[INFO] [stderr]    Compiling h2 v0.4.13
[INFO] [stderr]    Compiling tower-http v0.6.6
[INFO] [stderr]    Compiling env_logger v0.11.8
[INFO] [stderr]    Compiling hyper v1.7.0
[INFO] [stderr]    Compiling hyper-util v0.1.17
[INFO] [stderr]    Compiling hyper-rustls v0.27.7
[INFO] [stderr]    Compiling mockito v1.7.2
[INFO] [stderr]    Compiling reqwest v0.12.24
[INFO] [stderr]    Compiling stream-download v0.22.6
[INFO] [stderr]    Compiling tidalrs v0.5.0 (/opt/rustwide/workdir)
[INFO] [stderr]     Finished `test` profile [unoptimized + debuginfo] target(s) in 1m 30s
[INFO] running `Command { std: "docker" "inspect" "11666a98b6d5630027510f0e90982008252efc635bba8b83808cd8adf44b88fe", kill_on_drop: false }`
[INFO] running `Command { std: "docker" "exec" "-e" "SOURCE_DIR=/opt/rustwide/workdir" "-e" "CARGO_HOME=/opt/rustwide/cargo-home" "-e" "RUSTUP_HOME=/opt/rustwide/rustup-home" "-e" "CARGO_TARGET_DIR=/opt/rustwide/target" "-e" "CARGO_INCREMENTAL=0" "-e" "RUST_BACKTRACE=full" "-e" "RUSTFLAGS=--cap-lints=warn" "-e" "RUSTDOCFLAGS=--cap-lints=warn" "-w" "/opt/rustwide/workdir" "--user" "0:0" "11666a98b6d5630027510f0e90982008252efc635bba8b83808cd8adf44b88fe" "/opt/rustwide/cargo-home/bin/cargo" "+1.100.0-beta.1" "test" "--frozen", kill_on_drop: false }`
[INFO] [stderr] warning: `package.homepage` is redundant with `package.repository`
[INFO] [stderr]    --> Cargo.toml:101:12
[INFO] [stderr]     |
[INFO] [stderr] 101 | homepage = "https://github.com/phayes/tidalrs"
[INFO] [stderr]     |            ^^^^^^^^^^^^^^^^^^^^^^^^^^^^^^^^^^^
[INFO] [stderr] ...
[INFO] [stderr] 106 | repository = "https://github.com/phayes/tidalrs"
[INFO] [stderr]     |              -----------------------------------
[INFO] [stderr]     |
[INFO] [stderr]     = note: `cargo::redundant_homepage` is set to `warn` by default
[INFO] [stderr] help: consider removing `package.homepage`
[INFO] [stderr] warning: `tidalrs` (manifest) generated 1 warning
[INFO] [stderr]     Finished `test` profile [unoptimized + debuginfo] target(s) in 0.33s
[INFO] [stderr]      Running unittests src/lib.rs (/opt/rustwide/target/debug/build/tidalrs/be97ca9f4ef2a078/out/tidalrs-be97ca9f4ef2a078)
[INFO] [stdout] 
[INFO] [stdout] running 0 tests
[INFO] [stdout] 
[INFO] [stderr]      Running tests/builder_pattern.rs (/opt/rustwide/target/debug/build/tidalrs/91b6bb43f0b4403f/out/builder_pattern-91b6bb43f0b4403f)
[INFO] [stdout] test result: ok. 0 passed; 0 failed; 0 ignored; 0 measured; 0 filtered out; finished in 0.00s
[INFO] [stdout] 
[INFO] [stdout] 
[INFO] [stdout] running 15 tests
[INFO] [stdout] test test_builder_pattern_basic ... ok
[INFO] [stdout] test test_builder_pattern_country_code_priority ... ok
[INFO] [stdout] test test_builder_pattern_with_country_code ... ok
[INFO] [stdout] test test_builder_pattern_with_device_type ... ok
[INFO] [stdout] test test_builder_pattern_with_client ... ok
[INFO] [stdout] test test_builder_pattern_with_authz_refresh_callback ... ok
[INFO] [stdout] test test_builder_pattern_chaining ... ok
[INFO] [stdout] test test_builder_pattern_with_authz ... ok
[INFO] [stdout] test test_builder_pattern_with_locale ... ok
[INFO] [stdout] test test_tidal_api_error_deserialization_missing_user_message ... ok
[INFO] [stdout] test test_tidal_api_error_deserialization_camel_case ... ok
[INFO] [stdout] test test_tidal_api_error_deserialization_mixed_case ... ok
[INFO] [stdout] test test_tidal_api_error_deserialization_snake_case ... ok
[INFO] [stdout] test test_builder_pattern_country_code_fallback ... ok
[INFO] [stdout] test test_builder_pattern_country_code_final_fallback ... ok
[INFO] [stdout] 
[INFO] [stdout] test result: ok. 15 passed; 0 failed; 0 ignored; 0 measured; 0 filtered out; finished in 0.48s
[INFO] [stdout] 
[INFO] [stderr]      Running tests/device_flow.rs (/opt/rustwide/target/debug/build/tidalrs/2dc2a120c4b4e5e2/out/device_flow-2dc2a120c4b4e5e2)
[INFO] [stdout] 
[INFO] [stdout] running 4 tests
[INFO] [stdout] test test_authorization_pending_display ... ok
[INFO] [stdout] test test_other_400_is_not_authorization_pending ... ok
[INFO] [stdout] test test_polling_loop_succeeds_after_pending ... ok
[INFO] [stdout] test test_authorize_returns_authorization_pending ... ok
[INFO] [stderr]      Running tests/search_results_deserialization.rs (/opt/rustwide/target/debug/build/tidalrs/daecfaf14561223f/out/search_results_deserialization-daecfaf14561223f)
[INFO] [stdout] 
[INFO] [stdout] test result: ok. 4 passed; 0 failed; 0 ignored; 0 measured; 0 filtered out; finished in 1.41s
[INFO] [stdout] 
[INFO] [stdout] 
[INFO] [stdout] running 3 tests
[INFO] [stdout] test test_deserialize_null_artist_and_album_urls ... ok
[INFO] [stdout] test test_deserialize_example_search_result ... ok
[INFO] [stdout] test test_deserialize_example_search_result_playlist_urls ... ok
[INFO] [stdout] 
[INFO] [stdout] test result: ok. 3 passed; 0 failed; 0 ignored; 0 measured; 0 filtered out; finished in 0.01s
[INFO] [stdout] 
[INFO] [stderr]    Doc-tests tidalrs
[INFO] [stdout] 
[INFO] [stdout] running 62 tests
[INFO] [stdout] test src/../README.md - (line 199) ... FAILED
[INFO] [stdout] test src/../README.md - (line 124) ... FAILED
[INFO] [stdout] test src/../README.md - (line 160) ... FAILED
[INFO] [stdout] test src/../README.md - (line 223) ... FAILED
[INFO] [stdout] test src/../README.md - (line 141) ... FAILED
[INFO] [stdout] test src/../README.md - (line 102) ... FAILED
[INFO] [stdout] test src/../README.md - (line 239) ... FAILED
[INFO] [stdout] test src/../README.md - (line 66) ... FAILED
[INFO] [stdout] test src/../README.md - (line 250) ... FAILED
[INFO] [stdout] test src/album.rs - album::TidalClient::album (line 168) - compile ... FAILED
[INFO] [stdout] test src/album.rs - album::TidalClient::album_tracks (line 202) - compile ... FAILED
[INFO] [stdout] test src/../README.md - (line 34) ... FAILED
[INFO] [stdout] test src/album.rs - album::TidalClient::remove_favorite_album (line 326) - compile ... FAILED
[INFO] [stdout] test src/album.rs - album::TidalClient::favorite_albums (line 248) - compile ... FAILED
[INFO] [stdout] test src/../README.md - (line 176) ... FAILED
[INFO] [stdout] test src/artist.rs - artist::TidalClient::add_favorite_artist (line 368) - compile ... FAILED
[INFO] [stdout] test src/artist.rs - artist::TidalClient::artist_albums (line 323) - compile ... FAILED
[INFO] [stdout] test src/artist.rs - artist::TidalClient::artist (line 201) - compile ... FAILED
[INFO] [stdout] test src/artist.rs - artist::TidalClient::artist_bio (line 231) - compile ... FAILED
[INFO] [stdout] test src/lib.rs - DeviceAuthorizationResponse (line 35) - compile ... ok
[INFO] [stdout] test src/album.rs - album::TidalClient::add_favorite_album (line 294) - compile ... FAILED
[INFO] [stdout] test src/lib.rs - AudioQuality (line 1163) - compile ... ok
[INFO] [stdout] test src/artist.rs - artist::TidalClient::remove_favorite_artist (line 400) - compile ... FAILED
[INFO] [stdout] test src/artist.rs - artist::TidalClient::favorite_artists (line 270) - compile ... FAILED
[INFO] [stdout] test src/../README.md - (line 86) ... FAILED
[INFO] [stdout] test src/lib.rs - List (line 1331) - compile ... ok
[INFO] [stdout] test src/lib.rs - TidalClient::authorize (line 1089) - compile ... FAILED
[INFO] [stdout] test src/lib.rs - TidalClient::new (line 386) - compile ... ok
[INFO] [stdout] test src/lib.rs - TidalClient::get_authz (line 732) - compile ... ok
[INFO] [stdout] test src/lib.rs - TidalClient::device_authorization (line 1044) - compile ... ok
[INFO] [stdout] test src/lib.rs - TidalClient (line 286) - compile ... ok
[INFO] [stdout] test src/lib.rs - TidalClient::on_authz_refresh (line 705) - compile ... FAILED
[INFO] [stdout] test src/lib.rs - Authz (line 334) - compile ... ok
[INFO] [stdout] test src/lib.rs - TidalClient::with_client (line 437) - compile ... ok
[INFO] [stdout] test src/lib.rs - TidalClient::with_authz (line 465) - compile ... ok
[INFO] [stdout] test src/lib.rs - TidalClient::with_country_code (line 541) - compile ... ok
[INFO] [stdout] test src/lib.rs - TidalClient::with_authz_refresh_callback (line 564) - compile ... ok
[INFO] [stdout] test src/lib.rs - TidalClient::with_max_backoff_millis (line 600) - compile ... ok
[INFO] [stdout] test src/lib.rs - TidalClient::with_device_type (line 518) - compile ... ok
[INFO] [stdout] test src/lib.rs - TidalClient::with_locale (line 493) - compile ... ok
[INFO] [stdout] test src/playlist.rs - playlist::TidalClient::playlist (line 149) - compile ... FAILED
[INFO] [stdout] test src/playlist.rs - playlist::TidalClient::create_playlist (line 224) - compile ... FAILED
[INFO] [stdout] test src/playlist.rs - playlist::TidalClient::add_tracks_to_playlist (line 257) - compile ... FAILED
[INFO] [stdout] test src/playlist.rs - playlist::TidalClient::remove_track_from_playlist_by_index (line 306) - compile ... FAILED
[INFO] [stdout] test src/playlist.rs - playlist::TidalClient::remove_track_from_playlist (line 344) - compile ... FAILED
[INFO] [stdout] test src/search.rs - search::SearchQuery<'a>::new (line 48) - compile ... ok
[INFO] [stdout] test src/playlist.rs - playlist::TidalClient::playlist_tracks (line 181) - compile ... FAILED
[INFO] [stdout] test src/search.rs - search::TidalClient::search (line 84) - compile ... FAILED
[INFO] [stdout] test src/track.rs - track::TidalClient::add_favorite_track (line 405) - compile ... FAILED
[INFO] [stdout] test src/playlist.rs - playlist::TidalClient::user_playlists (line 406) - compile ... FAILED
[INFO] [stdout] test src/playlist.rs - playlist::TidalClient::playlist_recommendations (line 455) - compile ... FAILED
[INFO] [stdout] test src/track.rs - track::TidalClient::track_stream (line 132) - compile ... FAILED
[INFO] [stdout] test src/track.rs - track::TidalClient::track_dash_playback_info (line 310) - compile ... FAILED
[INFO] [stdout] test src/track.rs - track::TrackDashPlaybackInfo::unpack_manifest (line 601) - compile ... FAILED
[INFO] [stdout] test src/track.rs - track::TidalClient::favorite_tracks (line 359) - compile ... FAILED
[INFO] [stdout] test src/track.rs - track::TidalClient::remove_favorite_track (line 437) - compile ... FAILED
[INFO] [stdout] test src/track.rs - track::TidalClient::track_recommendations (line 213) - compile ... FAILED
[INFO] [stdout] test src/track.rs - track::TrackStream::stream (line 638) - compile ... FAILED
[INFO] [stdout] test src/track.rs - track::TidalClient::track_playback_info (line 270) - compile ... FAILED
[INFO] [stdout] test src/track.rs - track::TidalClient::track (line 176) - compile ... FAILED
[INFO] [stdout] test src/lib.rs - TidalClient::with_auth_base_url (line 415) ... ok
[INFO] [stdout] test src/track.rs - track::TrackPlaybackInfo::unpack_manifest (line 575) - compile ... FAILED
[INFO] [stdout] 
[INFO] [stdout] failures:
[INFO] [stdout] 
[INFO] [stdout] ---- src/../README.md - (line 199) stdout ----
[INFO] [stdout] error[E0425]: cannot find value `client` in this scope
[INFO] [stdout]    --> src/../README.md:201:23
[INFO] [stdout]     |
[INFO] [stdout] 201 | let favorite_tracks = client.favorite_tracks(Some(0), Some(50), None, None).await?;
[INFO] [stdout]     |                       ^^^^^^ not found in this scope
[INFO] [stdout] 
[INFO] [stdout] error[E0425]: cannot find value `client` in this scope
[INFO] [stdout]    --> src/../README.md:207:23
[INFO] [stdout]     |
[INFO] [stdout] 207 | let favorite_albums = client.favorite_albums(Some(0), Some(20), None, None).await?;
[INFO] [stdout]     |                       ^^^^^^ not found in this scope
[INFO] [stdout] 
[INFO] [stdout] error[E0425]: cannot find value `client` in this scope
[INFO] [stdout]    --> src/../README.md:213:24
[INFO] [stdout]     |
[INFO] [stdout] 213 | let favorite_artists = client.favorite_artists(Some(0), Some(20), None, None).await?;
[INFO] [stdout]     |                        ^^^^^^ not found in this scope
[INFO] [stdout] 
[INFO] [stdout] error[E0728]: `await` is only allowed inside `async` functions and blocks
[INFO] [stdout]    --> src/../README.md:201:77
[INFO] [stdout]     |
[INFO] [stdout] 199 | fn main() { #[allow(non_snake_case)] fn _doctest_main_src____README_md_199_0() {
[INFO] [stdout]     |                                      ----------------------------------------- this is not `async`
[INFO] [stdout] 200 | // Get favorite tracks
[INFO] [stdout] 201 | let favorite_tracks = client.favorite_tracks(Some(0), Some(50), None, None).await?;
[INFO] [stdout]     |                                                                             ^^^^^ only allowed inside `async` functions and blocks
[INFO] [stdout] 
[INFO] [stdout] error[E0728]: `await` is only allowed inside `async` functions and blocks
[INFO] [stdout]    --> src/../README.md:207:77
[INFO] [stdout]     |
[INFO] [stdout] 199 | fn main() { #[allow(non_snake_case)] fn _doctest_main_src____README_md_199_0() {
[INFO] [stdout]     |                                      ----------------------------------------- this is not `async`
[INFO] [stdout] ...
[INFO] [stdout] 207 | let favorite_albums = client.favorite_albums(Some(0), Some(20), None, None).await?;
[INFO] [stdout]     |                                                                             ^^^^^ only allowed inside `async` functions and blocks
[INFO] [stdout] 
[INFO] [stdout] error[E0728]: `await` is only allowed inside `async` functions and blocks
[INFO] [stdout]    --> src/../README.md:213:79
[INFO] [stdout]     |
[INFO] [stdout] 199 | fn main() { #[allow(non_snake_case)] fn _doctest_main_src____README_md_199_0() {
[INFO] [stdout]     |                                      ----------------------------------------- this is not `async`
[INFO] [stdout] ...
[INFO] [stdout] 213 | let favorite_artists = client.favorite_artists(Some(0), Some(20), None, None).await?;
[INFO] [stdout]     |                                                                               ^^^^^ only allowed inside `async` functions and blocks
[INFO] [stdout] 
[INFO] [stdout] error: aborting due to 6 previous errors
[INFO] [stdout] 
[INFO] [stdout] Some errors have detailed explanations: E0425, E0728.
[INFO] [stdout] For more information about an error, try `rustc --explain E0425`.
[INFO] [stdout] Couldn't compile the test.
[INFO] [stdout] ---- src/../README.md - (line 124) stdout ----
[INFO] [stdout] error[E0425]: cannot find value `client` in this scope
[INFO] [stdout]    --> src/../README.md:126:13
[INFO] [stdout]     |
[INFO] [stdout] 126 | let track = client.track(123456789).await?;
[INFO] [stdout]     |             ^^^^^^ not found in this scope
[INFO] [stdout] 
[INFO] [stdout] error[E0425]: cannot find value `client` in this scope
[INFO] [stdout]    --> src/../README.md:130:14
[INFO] [stdout]     |
[INFO] [stdout] 130 | let stream = client.track_stream(123456789, AudioQuality::Lossless).await?;
[INFO] [stdout]     |              ^^^^^^ not found in this scope
[INFO] [stdout] 
[INFO] [stdout] error[E0425]: cannot find value `client` in this scope
[INFO] [stdout]    --> src/../README.md:134:1
[INFO] [stdout]     |
[INFO] [stdout] 134 | client.add_favorite_track(123456789).await?;
[INFO] [stdout]     | ^^^^^^ not found in this scope
[INFO] [stdout] 
[INFO] [stdout] error[E0728]: `await` is only allowed inside `async` functions and blocks
[INFO] [stdout]    --> src/../README.md:126:37
[INFO] [stdout]     |
[INFO] [stdout] 124 | fn main() { #[allow(non_snake_case)] fn _doctest_main_src____README_md_124_0() {
[INFO] [stdout]     |                                      ----------------------------------------- this is not `async`
[INFO] [stdout] 125 | // Get track details
[INFO] [stdout] 126 | let track = client.track(123456789).await?;
[INFO] [stdout]     |                                     ^^^^^ only allowed inside `async` functions and blocks
[INFO] [stdout] 
[INFO] [stdout] error[E0728]: `await` is only allowed inside `async` functions and blocks
[INFO] [stdout]    --> src/../README.md:130:69
[INFO] [stdout]     |
[INFO] [stdout] 124 | fn main() { #[allow(non_snake_case)] fn _doctest_main_src____README_md_124_0() {
[INFO] [stdout]     |                                      ----------------------------------------- this is not `async`
[INFO] [stdout] ...
[INFO] [stdout] 130 | let stream = client.track_stream(123456789, AudioQuality::Lossless).await?;
[INFO] [stdout]     |                                                                     ^^^^^ only allowed inside `async` functions and blocks
[INFO] [stdout] 
[INFO] [stdout] error[E0728]: `await` is only allowed inside `async` functions and blocks
[INFO] [stdout]    --> src/../README.md:131:36
[INFO] [stdout]     |
[INFO] [stdout] 124 | fn main() { #[allow(non_snake_case)] fn _doctest_main_src____README_md_124_0() {
[INFO] [stdout]     |                                      ----------------------------------------- this is not `async`
[INFO] [stdout] ...
[INFO] [stdout] 131 | let audio_stream = stream.stream().await?;
[INFO] [stdout]     |                                    ^^^^^ only allowed inside `async` functions and blocks
[INFO] [stdout] 
[INFO] [stdout] error[E0728]: `await` is only allowed inside `async` functions and blocks
[INFO] [stdout]    --> src/../README.md:134:38
[INFO] [stdout]     |
[INFO] [stdout] 124 | fn main() { #[allow(non_snake_case)] fn _doctest_main_src____README_md_124_0() {
[INFO] [stdout]     |                                      ----------------------------------------- this is not `async`
[INFO] [stdout] ...
[INFO] [stdout] 134 | client.add_favorite_track(123456789).await?;
[INFO] [stdout]     |                                      ^^^^^ only allowed inside `async` functions and blocks
[INFO] [stdout] 
[INFO] [stdout] error[E0433]: cannot find type `AudioQuality` in this scope
[INFO] [stdout]    --> src/../README.md:130:45
[INFO] [stdout]     |
[INFO] [stdout] 130 | let stream = client.track_stream(123456789, AudioQuality::Lossless).await?;
[INFO] [stdout]     |                                             ^^^^^^^^^^^^ use of undeclared type `AudioQuality`
[INFO] [stdout] 
[INFO] [stdout] error: aborting due to 8 previous errors
[INFO] [stdout] 
[INFO] [stdout] Some errors have detailed explanations: E0425, E0433, E0728.
[INFO] [stdout] For more information about an error, try `rustc --explain E0425`.
[INFO] [stdout] Couldn't compile the test.
[INFO] [stdout] ---- src/../README.md - (line 160) stdout ----
[INFO] [stdout] error[E0425]: cannot find value `client` in this scope
[INFO] [stdout]    --> src/../README.md:162:14
[INFO] [stdout]     |
[INFO] [stdout] 162 | let artist = client.artist(456789123).await?;
[INFO] [stdout]     |              ^^^^^^ not found in this scope
[INFO] [stdout] 
[INFO] [stdout] error[E0425]: cannot find value `client` in this scope
[INFO] [stdout]    --> src/../README.md:166:14
[INFO] [stdout]     |
[INFO] [stdout] 166 | let albums = client.artist_albums(456789123, Some(0), Some(20), None).await?;
[INFO] [stdout]     |              ^^^^^^ not found in this scope
[INFO] [stdout] 
[INFO] [stdout] error[E0728]: `await` is only allowed inside `async` functions and blocks
[INFO] [stdout]    --> src/../README.md:162:39
[INFO] [stdout]     |
[INFO] [stdout] 160 | fn main() { #[allow(non_snake_case)] fn _doctest_main_src____README_md_160_0() {
[INFO] [stdout]     |                                      ----------------------------------------- this is not `async`
[INFO] [stdout] 161 | // Get artist details
[INFO] [stdout] 162 | let artist = client.artist(456789123).await?;
[INFO] [stdout]     |                                       ^^^^^ only allowed inside `async` functions and blocks
[INFO] [stdout] 
[INFO] [stdout] error[E0728]: `await` is only allowed inside `async` functions and blocks
[INFO] [stdout]    --> src/../README.md:166:71
[INFO] [stdout]     |
[INFO] [stdout] 160 | fn main() { #[allow(non_snake_case)] fn _doctest_main_src____README_md_160_0() {
[INFO] [stdout]     |                                      ----------------------------------------- this is not `async`
[INFO] [stdout] ...
[INFO] [stdout] 166 | let albums = client.artist_albums(456789123, Some(0), Some(20), None).await?;
[INFO] [stdout]     |                                                                       ^^^^^ only allowed inside `async` functions and blocks
[INFO] [stdout] 
[INFO] [stdout] error: aborting due to 4 previous errors
[INFO] [stdout] 
[INFO] [stdout] Some errors have detailed explanations: E0425, E0728.
[INFO] [stdout] For more information about an error, try `rustc --explain E0425`.
[INFO] [stdout] Couldn't compile the test.
[INFO] [stdout] ---- src/../README.md - (line 223) stdout ----
[INFO] [stdout] error[E0425]: cannot find value `client` in this scope
[INFO] [stdout]    --> src/../README.md:233:14
[INFO] [stdout]     |
[INFO] [stdout] 233 | let stream = client.track_stream(track_id, AudioQuality::Lossless).await?;
[INFO] [stdout]     |              ^^^^^^ not found in this scope
[INFO] [stdout] 
[INFO] [stdout] error[E0425]: cannot find value `track_id` in this scope
[INFO] [stdout]    --> src/../README.md:233:34
[INFO] [stdout]     |
[INFO] [stdout] 233 | let stream = client.track_stream(track_id, AudioQuality::Lossless).await?;
[INFO] [stdout]     |                                  ^^^^^^^^ not found in this scope
[INFO] [stdout] 
[INFO] [stdout] error[E0728]: `await` is only allowed inside `async` functions and blocks
[INFO] [stdout]    --> src/../README.md:233:68
[INFO] [stdout]     |
[INFO] [stdout] 224 | fn main() { #[allow(non_snake_case)] fn _doctest_main_src____README_md_223_0() {
[INFO] [stdout]     |                                      ----------------------------------------- this is not `async`
[INFO] [stdout] ...
[INFO] [stdout] 233 | let stream = client.track_stream(track_id, AudioQuality::Lossless).await?;
[INFO] [stdout]     |                                                                    ^^^^^ only allowed inside `async` functions and blocks
[INFO] [stdout] 
[INFO] [stdout] error: aborting due to 3 previous errors
[INFO] [stdout] 
[INFO] [stdout] Some errors have detailed explanations: E0425, E0728.
[INFO] [stdout] For more information about an error, try `rustc --explain E0425`.
[INFO] [stdout] Couldn't compile the test.
[INFO] [stdout] ---- src/../README.md - (line 141) stdout ----
[INFO] [stdout] error[E0425]: cannot find value `client` in this scope
[INFO] [stdout]    --> src/../README.md:143:13
[INFO] [stdout]     |
[INFO] [stdout] 143 | let album = client.album(987654321).await?;
[INFO] [stdout]     |             ^^^^^^ not found in this scope
[INFO] [stdout] 
[INFO] [stdout] error[E0425]: cannot find value `client` in this scope
[INFO] [stdout]    --> src/../README.md:147:14
[INFO] [stdout]     |
[INFO] [stdout] 147 | let tracks = client.album_tracks(987654321, Some(0), Some(50)).await?;
[INFO] [stdout]     |              ^^^^^^ not found in this scope
[INFO] [stdout] 
[INFO] [stdout] error[E0425]: cannot find value `client` in this scope
[INFO] [stdout]    --> src/../README.md:153:1
[INFO] [stdout]     |
[INFO] [stdout] 153 | client.add_favorite_album(987654321).await?;
[INFO] [stdout]     | ^^^^^^ not found in this scope
[INFO] [stdout] 
[INFO] [stdout] error[E0728]: `await` is only allowed inside `async` functions and blocks
[INFO] [stdout]    --> src/../README.md:143:37
[INFO] [stdout]     |
[INFO] [stdout] 141 | fn main() { #[allow(non_snake_case)] fn _doctest_main_src____README_md_141_0() {
[INFO] [stdout]     |                                      ----------------------------------------- this is not `async`
[INFO] [stdout] 142 | // Get album information
[INFO] [stdout] 143 | let album = client.album(987654321).await?;
[INFO] [stdout]     |                                     ^^^^^ only allowed inside `async` functions and blocks
[INFO] [stdout] 
[INFO] [stdout] error[E0728]: `await` is only allowed inside `async` functions and blocks
[INFO] [stdout]    --> src/../README.md:147:64
[INFO] [stdout]     |
[INFO] [stdout] 141 | fn main() { #[allow(non_snake_case)] fn _doctest_main_src____README_md_141_0() {
[INFO] [stdout]     |                                      ----------------------------------------- this is not `async`
[INFO] [stdout] ...
[INFO] [stdout] 147 | let tracks = client.album_tracks(987654321, Some(0), Some(50)).await?;
[INFO] [stdout]     |                                                                ^^^^^ only allowed inside `async` functions and blocks
[INFO] [stdout] 
[INFO] [stdout] error[E0728]: `await` is only allowed inside `async` functions and blocks
[INFO] [stdout]    --> src/../README.md:153:38
[INFO] [stdout]     |
[INFO] [stdout] 141 | fn main() { #[allow(non_snake_case)] fn _doctest_main_src____README_md_141_0() {
[INFO] [stdout]     |                                      ----------------------------------------- this is not `async`
[INFO] [stdout] ...
[INFO] [stdout] 153 | client.add_favorite_album(987654321).await?;
[INFO] [stdout]     |                                      ^^^^^ only allowed inside `async` functions and blocks
[INFO] [stdout] 
[INFO] [stdout] error: aborting due to 6 previous errors
[INFO] [stdout] 
[INFO] [stdout] Some errors have detailed explanations: E0425, E0728.
[INFO] [stdout] For more information about an error, try `rustc --explain E0425`.
[INFO] [stdout] Couldn't compile the test.
[INFO] [stdout] ---- src/../README.md - (line 102) stdout ----
[INFO] [stdout] error[E0425]: cannot find value `client` in this scope
[INFO] [stdout]    --> src/../README.md:110:15
[INFO] [stdout]     |
[INFO] [stdout] 110 | let results = client.search(query).await?;
[INFO] [stdout]     |               ^^^^^^ not found in this scope
[INFO] [stdout] 
[INFO] [stdout] error[E0728]: `await` is only allowed inside `async` functions and blocks
[INFO] [stdout]    --> src/../README.md:110:36
[INFO] [stdout]     |
[INFO] [stdout] 103 | fn main() { #[allow(non_snake_case)] fn _doctest_main_src____README_md_102_0() {
[INFO] [stdout]     |                                      ----------------------------------------- this is not `async`
[INFO] [stdout] ...
[INFO] [stdout] 110 | let results = client.search(query).await?;
[INFO] [stdout]     |                                    ^^^^^ only allowed inside `async` functions and blocks
[INFO] [stdout] 
[INFO] [stdout] error: aborting due to 2 previous errors
[INFO] [stdout] 
[INFO] [stdout] Some errors have detailed explanations: E0425, E0728.
[INFO] [stdout] For more information about an error, try `rustc --explain E0425`.
[INFO] [stdout] Couldn't compile the test.
[INFO] [stdout] ---- src/../README.md - (line 239) stdout ----
[INFO] [stdout] error[E0433]: cannot find type `TidalClient` in this scope
[INFO] [stdout]    --> src/../README.md:240:14
[INFO] [stdout]     |
[INFO] [stdout] 240 | let client = TidalClient::new("client_id".to_string())
[INFO] [stdout]     |              ^^^^^^^^^^^ use of undeclared type `TidalClient`
[INFO] [stdout] 
[INFO] [stdout] error[E0433]: cannot find type `DeviceType` in this scope
[INFO] [stdout]    --> src/../README.md:243:23
[INFO] [stdout]     |
[INFO] [stdout] 243 |     .with_device_type(DeviceType::Browser);
[INFO] [stdout]     |                       ^^^^^^^^^^ use of undeclared type `DeviceType`
[INFO] [stdout] 
[INFO] [stdout] error: aborting due to 2 previous errors
[INFO] [stdout] 
[INFO] [stdout] For more information about this error, try `rustc --explain E0433`.
[INFO] [stdout] Couldn't compile the test.
[INFO] [stdout] ---- src/../README.md - (line 66) stdout ----
[INFO] [stdout] error[E0425]: cannot find value `user_id` in this scope
[INFO] [stdout]   --> src/../README.md:73:5
[INFO] [stdout]    |
[INFO] [stdout] 73 |     user_id,
[INFO] [stdout]    |     ^^^^^^^ not found in this scope
[INFO] [stdout] 
[INFO] [stdout] error: aborting due to 1 previous error
[INFO] [stdout] 
[INFO] [stdout] For more information about this error, try `rustc --explain E0425`.
[INFO] [stdout] Couldn't compile the test.
[INFO] [stdout] ---- src/../README.md - (line 250) stdout ----
[INFO] [stdout] error[E0433]: cannot find type `TidalClient` in this scope
[INFO] [stdout]    --> src/../README.md:253:14
[INFO] [stdout]     |
[INFO] [stdout] 253 | let client = TidalClient::new("client_id".to_string())
[INFO] [stdout]     |              ^^^^^^^^^^^ use of undeclared type `TidalClient`
[INFO] [stdout] 
[INFO] [stdout] error: aborting due to 1 previous error
[INFO] [stdout] 
[INFO] [stdout] For more information about this error, try `rustc --explain E0433`.
[INFO] [stdout] Couldn't compile the test.
[INFO] [stdout] ---- src/album.rs - album::TidalClient::album (line 168) stdout ----
[INFO] [stdout] error[E0425]: cannot find value `client` in this scope
[INFO] [stdout]    --> src/album.rs:169:13
[INFO] [stdout]     |
[INFO] [stdout] 169 | let album = client.album(123456789).await?;
[INFO] [stdout]     |             ^^^^^^ not found in this scope
[INFO] [stdout] 
[INFO] [stdout] error[E0728]: `await` is only allowed inside `async` functions and blocks
[INFO] [stdout]    --> src/album.rs:169:37
[INFO] [stdout]     |
[INFO] [stdout] 168 | fn main() { #[allow(non_snake_case)] fn _doctest_main_src_album_rs_168_0() {
[INFO] [stdout]     |                                      ------------------------------------- this is not `async`
[INFO] [stdout] 169 | let album = client.album(123456789).await?;
[INFO] [stdout]     |                                     ^^^^^ only allowed inside `async` functions and blocks
[INFO] [stdout] 
[INFO] [stdout] error: aborting due to 2 previous errors
[INFO] [stdout] 
[INFO] [stdout] Some errors have detailed explanations: E0425, E0728.
[INFO] [stdout] For more information about an error, try `rustc --explain E0425`.
[INFO] [stdout] Couldn't compile the test.
[INFO] [stdout] ---- src/album.rs - album::TidalClient::album_tracks (line 202) stdout ----
[INFO] [stdout] error[E0425]: cannot find value `client` in this scope
[INFO] [stdout]    --> src/album.rs:203:14
[INFO] [stdout]     |
[INFO] [stdout] 203 | let tracks = client.album_tracks(123456789, Some(0), Some(20)).await?;
[INFO] [stdout]     |              ^^^^^^ not found in this scope
[INFO] [stdout] 
[INFO] [stdout] error[E0728]: `await` is only allowed inside `async` functions and blocks
[INFO] [stdout]    --> src/album.rs:203:64
[INFO] [stdout]     |
[INFO] [stdout] 202 | fn main() { #[allow(non_snake_case)] fn _doctest_main_src_album_rs_202_0() {
[INFO] [stdout]     |                                      ------------------------------------- this is not `async`
[INFO] [stdout] 203 | let tracks = client.album_tracks(123456789, Some(0), Some(20)).await?;
[INFO] [stdout]     |                                                                ^^^^^ only allowed inside `async` functions and blocks
[INFO] [stdout] 
[INFO] [stdout] error: aborting due to 2 previous errors
[INFO] [stdout] 
[INFO] [stdout] Some errors have detailed explanations: E0425, E0728.
[INFO] [stdout] For more information about an error, try `rustc --explain E0425`.
[INFO] [stdout] Couldn't compile the test.
[INFO] [stdout] ---- src/../README.md - (line 34) stdout ----
[INFO] [stdout] error[E0433]: cannot find type `AudioQuality` in this scope
[INFO] [stdout]   --> src/../README.md:56:55
[INFO] [stdout]    |
[INFO] [stdout] 56 |     let track_stream = client.track_stream(123456789, AudioQuality::Lossless).await?;
[INFO] [stdout]    |                                                       ^^^^^^^^^^^^ use of undeclared type `AudioQuality`
[INFO] [stdout] 
[INFO] [stdout] error: aborting due to 1 previous error
[INFO] [stdout] 
[INFO] [stdout] For more information about this error, try `rustc --explain E0433`.
[INFO] [stdout] Couldn't compile the test.
[INFO] [stdout] ---- src/album.rs - album::TidalClient::remove_favorite_album (line 326) stdout ----
[INFO] [stdout] error[E0425]: cannot find value `client` in this scope
[INFO] [stdout]    --> src/album.rs:327:1
[INFO] [stdout]     |
[INFO] [stdout] 327 | client.remove_favorite_album(123456789).await?;
[INFO] [stdout]     | ^^^^^^ not found in this scope
[INFO] [stdout] 
[INFO] [stdout] error[E0728]: `await` is only allowed inside `async` functions and blocks
[INFO] [stdout]    --> src/album.rs:327:41
[INFO] [stdout]     |
[INFO] [stdout] 326 | fn main() { #[allow(non_snake_case)] fn _doctest_main_src_album_rs_326_0() {
[INFO] [stdout]     |                                      ------------------------------------- this is not `async`
[INFO] [stdout] 327 | client.remove_favorite_album(123456789).await?;
[INFO] [stdout]     |                                         ^^^^^ only allowed inside `async` functions and blocks
[INFO] [stdout] 
[INFO] [stdout] error: aborting due to 2 previous errors
[INFO] [stdout] 
[INFO] [stdout] Some errors have detailed explanations: E0425, E0728.
[INFO] [stdout] For more information about an error, try `rustc --explain E0425`.
[INFO] [stdout] Couldn't compile the test.
[INFO] [stdout] ---- src/album.rs - album::TidalClient::favorite_albums (line 248) stdout ----
[INFO] [stdout] error[E0425]: cannot find value `client` in this scope
[INFO] [stdout]    --> src/album.rs:249:17
[INFO] [stdout]     |
[INFO] [stdout] 249 | let favorites = client.favorite_albums(None, Some(10), None, None).await?;
[INFO] [stdout]     |                 ^^^^^^ not found in this scope
[INFO] [stdout] 
[INFO] [stdout] error[E0728]: `await` is only allowed inside `async` functions and blocks
[INFO] [stdout]    --> src/album.rs:249:68
[INFO] [stdout]     |
[INFO] [stdout] 248 | fn main() { #[allow(non_snake_case)] fn _doctest_main_src_album_rs_248_0() {
[INFO] [stdout]     |                                      ------------------------------------- this is not `async`
[INFO] [stdout] 249 | let favorites = client.favorite_albums(None, Some(10), None, None).await?;
[INFO] [stdout]     |                                                                    ^^^^^ only allowed inside `async` functions and blocks
[INFO] [stdout] 
[INFO] [stdout] error: aborting due to 2 previous errors
[INFO] [stdout] 
[INFO] [stdout] Some errors have detailed explanations: E0425, E0728.
[INFO] [stdout] For more information about an error, try `rustc --explain E0425`.
[INFO] [stdout] Couldn't compile the test.
[INFO] [stdout] ---- src/../README.md - (line 176) stdout ----
[INFO] [stdout] error[E0425]: cannot find value `client` in this scope
[INFO] [stdout]    --> src/../README.md:178:16
[INFO] [stdout]     |
[INFO] [stdout] 178 | let playlist = client.create_playlist("My Playlist", "A great playlist").await?;
[INFO] [stdout]     |                ^^^^^^ not found in this scope
[INFO] [stdout] 
[INFO] [stdout] error[E0425]: cannot find value `client` in this scope
[INFO] [stdout]    --> src/../README.md:183:1
[INFO] [stdout]     |
[INFO] [stdout] 183 | client.add_tracks_to_playlist(&playlist.uuid, &playlist.etag.unwrap(), track_ids, false).await?;
[INFO] [stdout]     | ^^^^^^ not found in this scope
[INFO] [stdout] 
[INFO] [stdout] error[E0425]: cannot find value `client` in this scope
[INFO] [stdout]    --> src/../README.md:186:14
[INFO] [stdout]     |
[INFO] [stdout] 186 | let tracks = client.playlist_tracks(&playlist.uuid, Some(0), Some(100)).await?;
[INFO] [stdout]     |              ^^^^^^ not found in this scope
[INFO] [stdout] 
[INFO] [stdout] error[E0425]: cannot find value `client` in this scope
[INFO] [stdout]    --> src/../README.md:192:1
[INFO] [stdout]     |
[INFO] [stdout] 192 | client.remove_track_from_playlist(&playlist.uuid, &playlist.etag.unwrap(), 123456789).await?;
[INFO] [stdout]     | ^^^^^^ not found in this scope
[INFO] [stdout] 
[INFO] [stdout] error[E0728]: `await` is only allowed inside `async` functions and blocks
[INFO] [stdout]    --> src/../README.md:178:74
[INFO] [stdout]     |
[INFO] [stdout] 176 | fn main() { #[allow(non_snake_case)] fn _doctest_main_src____README_md_176_0() {
[INFO] [stdout]     |                                      ----------------------------------------- this is not `async`
[INFO] [stdout] 177 | // Create a new playlist
[INFO] [stdout] 178 | let playlist = client.create_playlist("My Playlist", "A great playlist").await?;
[INFO] [stdout]     |                                                                          ^^^^^ only allowed inside `async` functions and blocks
[INFO] [stdout] 
[INFO] [stdout] error[E0728]: `await` is only allowed inside `async` functions and blocks
[INFO] [stdout]    --> src/../README.md:183:90
[INFO] [stdout]     |
[INFO] [stdout] 176 | fn main() { #[allow(non_snake_case)] fn _doctest_main_src____README_md_176_0() {
[INFO] [stdout]     |                                      ----------------------------------------- this is not `async`
[INFO] [stdout] ...
[INFO] [stdout] 183 | client.add_tracks_to_playlist(&playlist.uuid, &playlist.etag.unwrap(), track_ids, false).await?;
[INFO] [stdout]     |                                                                                          ^^^^^ only allowed inside `async` functions and blocks
[INFO] [stdout] 
[INFO] [stdout] error[E0728]: `await` is only allowed inside `async` functions and blocks
[INFO] [stdout]    --> src/../README.md:186:73
[INFO] [stdout]     |
[INFO] [stdout] 176 | fn main() { #[allow(non_snake_case)] fn _doctest_main_src____README_md_176_0() {
[INFO] [stdout]     |                                      ----------------------------------------- this is not `async`
[INFO] [stdout] ...
[INFO] [stdout] 186 | let tracks = client.playlist_tracks(&playlist.uuid, Some(0), Some(100)).await?;
[INFO] [stdout]     |                                                                         ^^^^^ only allowed inside `async` functions and blocks
[INFO] [stdout] 
[INFO] [stdout] error[E0728]: `await` is only allowed inside `async` functions and blocks
[INFO] [stdout]    --> src/../README.md:192:87
[INFO] [stdout]     |
[INFO] [stdout] 176 | fn main() { #[allow(non_snake_case)] fn _doctest_main_src____README_md_176_0() {
[INFO] [stdout]     |                                      ----------------------------------------- this is not `async`
[INFO] [stdout] ...
[INFO] [stdout] 192 | client.remove_track_from_playlist(&playlist.uuid, &playlist.etag.unwrap(), 123456789).await?;
[INFO] [stdout]     |                                                                                       ^^^^^ only allowed inside `async` functions and blocks
[INFO] [stdout] 
[INFO] [stdout] error: aborting due to 8 previous errors
[INFO] [stdout] 
[INFO] [stdout] Some errors have detailed explanations: E0425, E0728.
[INFO] [stdout] For more information about an error, try `rustc --explain E0425`.
[INFO] [stdout] Couldn't compile the test.
[INFO] [stdout] ---- src/artist.rs - artist::TidalClient::add_favorite_artist (line 368) stdout ----
[INFO] [stdout] error[E0425]: cannot find value `client` in this scope
[INFO] [stdout]    --> src/artist.rs:369:1
[INFO] [stdout]     |
[INFO] [stdout] 369 | client.add_favorite_artist(123456789).await?;
[INFO] [stdout]     | ^^^^^^ not found in this scope
[INFO] [stdout] 
[INFO] [stdout] error[E0728]: `await` is only allowed inside `async` functions and blocks
[INFO] [stdout]    --> src/artist.rs:369:39
[INFO] [stdout]     |
[INFO] [stdout] 368 | fn main() { #[allow(non_snake_case)] fn _doctest_main_src_artist_rs_368_0() {
[INFO] [stdout]     |                                      -------------------------------------- this is not `async`
[INFO] [stdout] 369 | client.add_favorite_artist(123456789).await?;
[INFO] [stdout]     |                                       ^^^^^ only allowed inside `async` functions and blocks
[INFO] [stdout] 
[INFO] [stdout] error: aborting due to 2 previous errors
[INFO] [stdout] 
[INFO] [stdout] Some errors have detailed explanations: E0425, E0728.
[INFO] [stdout] For more information about an error, try `rustc --explain E0425`.
[INFO] [stdout] Couldn't compile the test.
[INFO] [stdout] ---- src/artist.rs - artist::TidalClient::artist_albums (line 323) stdout ----
[INFO] [stdout] error[E0425]: cannot find value `client` in this scope
[INFO] [stdout]    --> src/artist.rs:324:14
[INFO] [stdout]     |
[INFO] [stdout] 324 | let albums = client.artist_albums(123456789, None, Some(20), None).await?;
[INFO] [stdout]     |              ^^^^^^ not found in this scope
[INFO] [stdout] 
[INFO] [stdout] error[E0728]: `await` is only allowed inside `async` functions and blocks
[INFO] [stdout]    --> src/artist.rs:324:68
[INFO] [stdout]     |
[INFO] [stdout] 323 | fn main() { #[allow(non_snake_case)] fn _doctest_main_src_artist_rs_323_0() {
[INFO] [stdout]     |                                      -------------------------------------- this is not `async`
[INFO] [stdout] 324 | let albums = client.artist_albums(123456789, None, Some(20), None).await?;
[INFO] [stdout]     |                                                                    ^^^^^ only allowed inside `async` functions and blocks
[INFO] [stdout] 
[INFO] [stdout] error: aborting due to 2 previous errors
[INFO] [stdout] 
[INFO] [stdout] Some errors have detailed explanations: E0425, E0728.
[INFO] [stdout] For more information about an error, try `rustc --explain E0425`.
[INFO] [stdout] Couldn't compile the test.
[INFO] [stdout] ---- src/artist.rs - artist::TidalClient::artist (line 201) stdout ----
[INFO] [stdout] error[E0425]: cannot find value `client` in this scope
[INFO] [stdout]    --> src/artist.rs:202:14
[INFO] [stdout]     |
[INFO] [stdout] 202 | let artist = client.artist(123456789).await?;
[INFO] [stdout]     |              ^^^^^^ not found in this scope
[INFO] [stdout] 
[INFO] [stdout] error[E0728]: `await` is only allowed inside `async` functions and blocks
[INFO] [stdout]    --> src/artist.rs:202:39
[INFO] [stdout]     |
[INFO] [stdout] 201 | fn main() { #[allow(non_snake_case)] fn _doctest_main_src_artist_rs_201_0() {
[INFO] [stdout]     |                                      -------------------------------------- this is not `async`
[INFO] [stdout] 202 | let artist = client.artist(123456789).await?;
[INFO] [stdout]     |                                       ^^^^^ only allowed inside `async` functions and blocks
[INFO] [stdout] 
[INFO] [stdout] error: aborting due to 2 previous errors
[INFO] [stdout] 
[INFO] [stdout] Some errors have detailed explanations: E0425, E0728.
[INFO] [stdout] For more information about an error, try `rustc --explain E0425`.
[INFO] [stdout] Couldn't compile the test.
[INFO] [stdout] ---- src/artist.rs - artist::TidalClient::artist_bio (line 231) stdout ----
[INFO] [stdout] error[E0425]: cannot find value `client` in this scope
[INFO] [stdout]    --> src/artist.rs:232:11
[INFO] [stdout]     |
[INFO] [stdout] 232 | let bio = client.artist_bio(123456789, Some(true)).await?;
[INFO] [stdout]     |           ^^^^^^ not found in this scope
[INFO] [stdout] 
[INFO] [stdout] error[E0728]: `await` is only allowed inside `async` functions and blocks
[INFO] [stdout]    --> src/artist.rs:232:52
[INFO] [stdout]     |
[INFO] [stdout] 231 | fn main() { #[allow(non_snake_case)] fn _doctest_main_src_artist_rs_231_0() {
[INFO] [stdout]     |                                      -------------------------------------- this is not `async`
[INFO] [stdout] 232 | let bio = client.artist_bio(123456789, Some(true)).await?;
[INFO] [stdout]     |                                                    ^^^^^ only allowed inside `async` functions and blocks
[INFO] [stdout] 
[INFO] [stdout] error: aborting due to 2 previous errors
[INFO] [stdout] 
[INFO] [stdout] Some errors have detailed explanations: E0425, E0728.
[INFO] [stdout] For more information about an error, try `rustc --explain E0425`.
[INFO] [stdout] Couldn't compile the test.
[INFO] [stdout] ---- src/album.rs - album::TidalClient::add_favorite_album (line 294) stdout ----
[INFO] [stdout] error[E0425]: cannot find value `client` in this scope
[INFO] [stdout]    --> src/album.rs:295:1
[INFO] [stdout]     |
[INFO] [stdout] 295 | client.add_favorite_album(123456789).await?;
[INFO] [stdout]     | ^^^^^^ not found in this scope
[INFO] [stdout] 
[INFO] [stdout] error[E0728]: `await` is only allowed inside `async` functions and blocks
[INFO] [stdout]    --> src/album.rs:295:38
[INFO] [stdout]     |
[INFO] [stdout] 294 | fn main() { #[allow(non_snake_case)] fn _doctest_main_src_album_rs_294_0() {
[INFO] [stdout]     |                                      ------------------------------------- this is not `async`
[INFO] [stdout] 295 | client.add_favorite_album(123456789).await?;
[INFO] [stdout]     |                                      ^^^^^ only allowed inside `async` functions and blocks
[INFO] [stdout] 
[INFO] [stdout] error: aborting due to 2 previous errors
[INFO] [stdout] 
[INFO] [stdout] Some errors have detailed explanations: E0425, E0728.
[INFO] [stdout] For more information about an error, try `rustc --explain E0425`.
[INFO] [stdout] Couldn't compile the test.
[INFO] [stdout] ---- src/artist.rs - artist::TidalClient::remove_favorite_artist (line 400) stdout ----
[INFO] [stdout] error[E0425]: cannot find value `client` in this scope
[INFO] [stdout]    --> src/artist.rs:401:1
[INFO] [stdout]     |
[INFO] [stdout] 401 | client.remove_favorite_artist(123456789).await?;
[INFO] [stdout]     | ^^^^^^ not found in this scope
[INFO] [stdout] 
[INFO] [stdout] error[E0728]: `await` is only allowed inside `async` functions and blocks
[INFO] [stdout]    --> src/artist.rs:401:42
[INFO] [stdout]     |
[INFO] [stdout] 400 | fn main() { #[allow(non_snake_case)] fn _doctest_main_src_artist_rs_400_0() {
[INFO] [stdout]     |                                      -------------------------------------- this is not `async`
[INFO] [stdout] 401 | client.remove_favorite_artist(123456789).await?;
[INFO] [stdout]     |                                          ^^^^^ only allowed inside `async` functions and blocks
[INFO] [stdout] 
[INFO] [stdout] error: aborting due to 2 previous errors
[INFO] [stdout] 
[INFO] [stdout] Some errors have detailed explanations: E0425, E0728.
[INFO] [stdout] For more information about an error, try `rustc --explain E0425`.
[INFO] [stdout] Couldn't compile the test.
[INFO] [stdout] ---- src/artist.rs - artist::TidalClient::favorite_artists (line 270) stdout ----
[INFO] [stdout] error[E0425]: cannot find value `client` in this scope
[INFO] [stdout]    --> src/artist.rs:271:17
[INFO] [stdout]     |
[INFO] [stdout] 271 | let favorites = client.favorite_artists(None, Some(10), None, None).await?;
[INFO] [stdout]     |                 ^^^^^^ not found in this scope
[INFO] [stdout] 
[INFO] [stdout] error[E0728]: `await` is only allowed inside `async` functions and blocks
[INFO] [stdout]    --> src/artist.rs:271:69
[INFO] [stdout]     |
[INFO] [stdout] 270 | fn main() { #[allow(non_snake_case)] fn _doctest_main_src_artist_rs_270_0() {
[INFO] [stdout]     |                                      -------------------------------------- this is not `async`
[INFO] [stdout] 271 | let favorites = client.favorite_artists(None, Some(10), None, None).await?;
[INFO] [stdout]     |                                                                     ^^^^^ only allowed inside `async` functions and blocks
[INFO] [stdout] 
[INFO] [stdout] error: aborting due to 2 previous errors
[INFO] [stdout] 
[INFO] [stdout] Some errors have detailed explanations: E0425, E0728.
[INFO] [stdout] For more information about an error, try `rustc --explain E0425`.
[INFO] [stdout] Couldn't compile the test.
[INFO] [stdout] ---- src/../README.md - (line 86) stdout ----
[INFO] [stdout] error[E0425]: cannot find value `client` in this scope
[INFO] [stdout]   --> src/../README.md:88:19
[INFO] [stdout]    |
[INFO] [stdout] 88 | let device_auth = client.device_authorization().await?;
[INFO] [stdout]    |                   ^^^^^^ not found in this scope
[INFO] [stdout] 
[INFO] [stdout] error[E0425]: cannot find value `client` in this scope
[INFO] [stdout]   --> src/../README.md:95:19
[INFO] [stdout]    |
[INFO] [stdout] 95 | let authz_token = client.authorize(&device_auth.device_code, client_secret).await?;
[INFO] [stdout]    |                   ^^^^^^ not found in this scope
[INFO] [stdout] 
[INFO] [stdout] error[E0425]: cannot find value `client_secret` in this scope
[INFO] [stdout]   --> src/../README.md:95:62
[INFO] [stdout]    |
[INFO] [stdout] 95 | let authz_token = client.authorize(&device_auth.device_code, client_secret).await?;
[INFO] [stdout]    |                                                              ^^^^^^^^^^^^^ not found in this scope
[INFO] [stdout] 
[INFO] [stdout] error[E0728]: `await` is only allowed inside `async` functions and blocks
[INFO] [stdout]   --> src/../README.md:88:49
[INFO] [stdout]    |
[INFO] [stdout] 86 | fn main() { #[allow(non_snake_case)] fn _doctest_main_src____README_md_86_0() {
[INFO] [stdout]    |                                      ---------------------------------------- this is not `async`
[INFO] [stdout] 87 | // Start device authorization
[INFO] [stdout] 88 | let device_auth = client.device_authorization().await?;
[INFO] [stdout]    |                                                 ^^^^^ only allowed inside `async` functions and blocks
[INFO] [stdout] 
[INFO] [stdout] error[E0728]: `await` is only allowed inside `async` functions and blocks
[INFO] [stdout]   --> src/../README.md:95:77
[INFO] [stdout]    |
[INFO] [stdout] 86 | fn main() { #[allow(non_snake_case)] fn _doctest_main_src____README_md_86_0() {
[INFO] [stdout]    |                                      ---------------------------------------- this is not `async`
[INFO] [stdout] ...
[INFO] [stdout] 95 | let authz_token = client.authorize(&device_auth.device_code, client_secret).await?;
[INFO] [stdout]    |                                                                             ^^^^^ only allowed inside `async` functions and blocks
[INFO] [stdout] 
[INFO] [stdout] error: aborting due to 5 previous errors
[INFO] [stdout] 
[INFO] [stdout] Some errors have detailed explanations: E0425, E0728.
[INFO] [stdout] For more information about an error, try `rustc --explain E0425`.
[INFO] [stdout] Couldn't compile the test.
[INFO] [stdout] ---- src/lib.rs - TidalClient::authorize (line 1089) stdout ----
[INFO] [stdout] error[E0728]: `await` is only allowed inside `async` functions and blocks
[INFO] [stdout]     --> src/lib.rs:1096:64
[INFO] [stdout]      |
[INFO] [stdout] 1090 | fn main() { #[allow(non_snake_case)] fn _doctest_main_src_lib_rs_1089_0() {
[INFO] [stdout]      |                                      ------------------------------------ this is not `async`
[INFO] [stdout] ...
[INFO] [stdout] 1096 | let authz_token = client.authorize(device_code, client_secret).await?;
[INFO] [stdout]      |                                                                ^^^^^ only allowed inside `async` functions and blocks
[INFO] [stdout] 
[INFO] [stdout] error: aborting due to 1 previous error
[INFO] [stdout] 
[INFO] [stdout] For more information about this error, try `rustc --explain E0728`.
[INFO] [stdout] Couldn't compile the test.
[INFO] [stdout] ---- src/lib.rs - TidalClient::on_authz_refresh (line 705) stdout ----
[INFO] [stdout] error[E0282]: type annotations needed
[INFO] [stdout]    --> src/lib.rs:712:44
[INFO] [stdout]     |
[INFO] [stdout] 712 |     .with_authz_refresh_callback(Arc::new(|new_authz| {
[INFO] [stdout]     |                                            ^^^^^^^^^
[INFO] [stdout] 713 |         println!("Tokens refreshed for user: {}", new_authz.user_id);
[INFO] [stdout]     |                                                   --------- type must be known at this point
[INFO] [stdout]     |
[INFO] [stdout] help: consider giving this closure parameter an explicit type
[INFO] [stdout]     |
[INFO] [stdout] 712 |     .with_authz_refresh_callback(Arc::new(|new_authz: /* Type */| {
[INFO] [stdout]     |                                                     ++++++++++++
[INFO] [stdout] 
[INFO] [stdout] error: aborting due to 1 previous error
[INFO] [stdout] 
[INFO] [stdout] For more information about this error, try `rustc --explain E0282`.
[INFO] [stdout] Couldn't compile the test.
[INFO] [stdout] ---- src/playlist.rs - playlist::TidalClient::playlist (line 149) stdout ----
[INFO] [stdout] error[E0425]: cannot find value `client` in this scope
[INFO] [stdout]    --> src/playlist.rs:150:16
[INFO] [stdout]     |
[INFO] [stdout] 150 | let playlist = client.playlist("12345678-1234-1234-1234-123456789abc").await?;
[INFO] [stdout]     |                ^^^^^^ not found in this scope
[INFO] [stdout] 
[INFO] [stdout] error[E0728]: `await` is only allowed inside `async` functions and blocks
[INFO] [stdout]    --> src/playlist.rs:150:72
[INFO] [stdout]     |
[INFO] [stdout] 149 | fn main() { #[allow(non_snake_case)] fn _doctest_main_src_playlist_rs_149_0() {
[INFO] [stdout]     |                                      ---------------------------------------- this is not `async`
[INFO] [stdout] 150 | let playlist = client.playlist("12345678-1234-1234-1234-123456789abc").await?;
[INFO] [stdout]     |                                                                        ^^^^^ only allowed inside `async` functions and blocks
[INFO] [stdout] 
[INFO] [stdout] error: aborting due to 2 previous errors
[INFO] [stdout] 
[INFO] [stdout] Some errors have detailed explanations: E0425, E0728.
[INFO] [stdout] For more information about an error, try `rustc --explain E0425`.
[INFO] [stdout] Couldn't compile the test.
[INFO] [stdout] ---- src/playlist.rs - playlist::TidalClient::create_playlist (line 224) stdout ----
[INFO] [stdout] error[E0425]: cannot find value `client` in this scope
[INFO] [stdout]    --> src/playlist.rs:225:16
[INFO] [stdout]     |
[INFO] [stdout] 225 | let playlist = client.create_playlist("My Favorites", "A collection of my favorite songs").await?;
[INFO] [stdout]     |                ^^^^^^ not found in this scope
[INFO] [stdout] 
[INFO] [stdout] error[E0728]: `await` is only allowed inside `async` functions and blocks
[INFO] [stdout]    --> src/playlist.rs:225:92
[INFO] [stdout]     |
[INFO] [stdout] 224 | fn main() { #[allow(non_snake_case)] fn _doctest_main_src_playlist_rs_224_0() {
[INFO] [stdout]     |                                      ---------------------------------------- this is not `async`
[INFO] [stdout] 225 | let playlist = client.create_playlist("My Favorites", "A collection of my favorite songs").await?;
[INFO] [stdout]     |                                                                                            ^^^^^ only allowed inside `async` functions and blocks
[INFO] [stdout] 
[INFO] [stdout] error: aborting due to 2 previous errors
[INFO] [stdout] 
[INFO] [stdout] Some errors have detailed explanations: E0425, E0728.
[INFO] [stdout] For more information about an error, try `rustc --explain E0425`.
[INFO] [stdout] Couldn't compile the test.
[INFO] [stdout] ---- src/playlist.rs - playlist::TidalClient::add_tracks_to_playlist (line 257) stdout ----
[INFO] [stdout] error[E0425]: cannot find value `client` in this scope
[INFO] [stdout]    --> src/playlist.rs:258:16
[INFO] [stdout]     |
[INFO] [stdout] 258 | let playlist = client.playlist("12345678-1234-1234-1234-123456789abc").await?;
[INFO] [stdout]     |                ^^^^^^ not found in this scope
[INFO] [stdout] 
[INFO] [stdout] error[E0425]: cannot find value `client` in this scope
[INFO] [stdout]    --> src/playlist.rs:260:1
[INFO] [stdout]     |
[INFO] [stdout] 260 | client.add_tracks_to_playlist(&playlist.uuid, &playlist.etag.unwrap(), track_ids, false).await?;
[INFO] [stdout]     | ^^^^^^ not found in this scope
[INFO] [stdout] 
[INFO] [stdout] error[E0728]: `await` is only allowed inside `async` functions and blocks
[INFO] [stdout]    --> src/playlist.rs:258:72
[INFO] [stdout]     |
[INFO] [stdout] 257 | fn main() { #[allow(non_snake_case)] fn _doctest_main_src_playlist_rs_257_0() {
[INFO] [stdout]     |                                      ---------------------------------------- this is not `async`
[INFO] [stdout] 258 | let playlist = client.playlist("12345678-1234-1234-1234-123456789abc").await?;
[INFO] [stdout]     |                                                                        ^^^^^ only allowed inside `async` functions and blocks
[INFO] [stdout] 
[INFO] [stdout] error[E0728]: `await` is only allowed inside `async` functions and blocks
[INFO] [stdout]    --> src/playlist.rs:260:90
[INFO] [stdout]     |
[INFO] [stdout] 257 | fn main() { #[allow(non_snake_case)] fn _doctest_main_src_playlist_rs_257_0() {
[INFO] [stdout]     |                                      ---------------------------------------- this is not `async`
[INFO] [stdout] ...
[INFO] [stdout] 260 | client.add_tracks_to_playlist(&playlist.uuid, &playlist.etag.unwrap(), track_ids, false).await?;
[INFO] [stdout]     |                                                                                          ^^^^^ only allowed inside `async` functions and blocks
[INFO] [stdout] 
[INFO] [stdout] error: aborting due to 4 previous errors
[INFO] [stdout] 
[INFO] [stdout] Some errors have detailed explanations: E0425, E0728.
[INFO] [stdout] For more information about an error, try `rustc --explain E0425`.
[INFO] [stdout] Couldn't compile the test.
[INFO] [stdout] ---- src/playlist.rs - playlist::TidalClient::remove_track_from_playlist_by_index (line 306) stdout ----
[INFO] [stdout] error[E0425]: cannot find value `client` in this scope
[INFO] [stdout]    --> src/playlist.rs:307:16
[INFO] [stdout]     |
[INFO] [stdout] 307 | let playlist = client.playlist("12345678-1234-1234-1234-123456789abc").await?;
[INFO] [stdout]     |                ^^^^^^ not found in this scope
[INFO] [stdout] 
[INFO] [stdout] error[E0425]: cannot find value `client` in this scope
[INFO] [stdout]    --> src/playlist.rs:308:1
[INFO] [stdout]     |
[INFO] [stdout] 308 | client.remove_track_from_playlist_by_index(&playlist.uuid, &playlist.etag.unwrap(), 0).await?;
[INFO] [stdout]     | ^^^^^^ not found in this scope
[INFO] [stdout] 
[INFO] [stdout] error[E0728]: `await` is only allowed inside `async` functions and blocks
[INFO] [stdout]    --> src/playlist.rs:307:72
[INFO] [stdout]     |
[INFO] [stdout] 306 | fn main() { #[allow(non_snake_case)] fn _doctest_main_src_playlist_rs_306_0() {
[INFO] [stdout]     |                                      ---------------------------------------- this is not `async`
[INFO] [stdout] 307 | let playlist = client.playlist("12345678-1234-1234-1234-123456789abc").await?;
[INFO] [stdout]     |                                                                        ^^^^^ only allowed inside `async` functions and blocks
[INFO] [stdout] 
[INFO] [stdout] error[E0728]: `await` is only allowed inside `async` functions and blocks
[INFO] [stdout]    --> src/playlist.rs:308:88
[INFO] [stdout]     |
[INFO] [stdout] 306 | fn main() { #[allow(non_snake_case)] fn _doctest_main_src_playlist_rs_306_0() {
[INFO] [stdout]     |                                      ---------------------------------------- this is not `async`
[INFO] [stdout] 307 | let playlist = client.playlist("12345678-1234-1234-1234-123456789abc").await?;
[INFO] [stdout] 308 | client.remove_track_from_playlist_by_index(&playlist.uuid, &playlist.etag.unwrap(), 0).await?;
[INFO] [stdout]     |                                                                                        ^^^^^ only allowed inside `async` functions and blocks
[INFO] [stdout] 
[INFO] [stdout] error: aborting due to 4 previous errors
[INFO] [stdout] 
[INFO] [stdout] Some errors have detailed explanations: E0425, E0728.
[INFO] [stdout] For more information about an error, try `rustc --explain E0425`.
[INFO] [stdout] Couldn't compile the test.
[INFO] [stdout] ---- src/playlist.rs - playlist::TidalClient::remove_track_from_playlist (line 344) stdout ----
[INFO] [stdout] error[E0425]: cannot find value `client` in this scope
[INFO] [stdout]    --> src/playlist.rs:345:16
[INFO] [stdout]     |
[INFO] [stdout] 345 | let playlist = client.playlist("12345678-1234-1234-1234-123456789abc").await?;
[INFO] [stdout]     |                ^^^^^^ not found in this scope
[INFO] [stdout] 
[INFO] [stdout] error[E0425]: cannot find value `client` in this scope
[INFO] [stdout]    --> src/playlist.rs:346:1
[INFO] [stdout]     |
[INFO] [stdout] 346 | client.remove_track_from_playlist(&playlist.uuid, &playlist.etag.unwrap(), 123456789).await?;
[INFO] [stdout]     | ^^^^^^ not found in this scope
[INFO] [stdout] 
[INFO] [stdout] error[E0728]: `await` is only allowed inside `async` functions and blocks
[INFO] [stdout]    --> src/playlist.rs:345:72
[INFO] [stdout]     |
[INFO] [stdout] 344 | fn main() { #[allow(non_snake_case)] fn _doctest_main_src_playlist_rs_344_0() {
[INFO] [stdout]     |                                      ---------------------------------------- this is not `async`
[INFO] [stdout] 345 | let playlist = client.playlist("12345678-1234-1234-1234-123456789abc").await?;
[INFO] [stdout]     |                                                                        ^^^^^ only allowed inside `async` functions and blocks
[INFO] [stdout] 
[INFO] [stdout] error[E0728]: `await` is only allowed inside `async` functions and blocks
[INFO] [stdout]    --> src/playlist.rs:346:87
[INFO] [stdout]     |
[INFO] [stdout] 344 | fn main() { #[allow(non_snake_case)] fn _doctest_main_src_playlist_rs_344_0() {
[INFO] [stdout]     |                                      ---------------------------------------- this is not `async`
[INFO] [stdout] 345 | let playlist = client.playlist("12345678-1234-1234-1234-123456789abc").await?;
[INFO] [stdout] 346 | client.remove_track_from_playlist(&playlist.uuid, &playlist.etag.unwrap(), 123456789).await?;
[INFO] [stdout]     |                                                                                       ^^^^^ only allowed inside `async` functions and blocks
[INFO] [stdout] 
[INFO] [stdout] error: aborting due to 4 previous errors
[INFO] [stdout] 
[INFO] [stdout] Some errors have detailed explanations: E0425, E0728.
[INFO] [stdout] For more information about an error, try `rustc --explain E0425`.
[INFO] [stdout] Couldn't compile the test.
[INFO] [stdout] ---- src/playlist.rs - playlist::TidalClient::playlist_tracks (line 181) stdout ----
[INFO] [stdout] error[E0425]: cannot find value `client` in this scope
[INFO] [stdout]    --> src/playlist.rs:182:14
[INFO] [stdout]     |
[INFO] [stdout] 182 | let tracks = client.playlist_tracks("12345678-1234-1234-1234-123456789abc", Some(0), Some(20)).await?;
[INFO] [stdout]     |              ^^^^^^ not found in this scope
[INFO] [stdout] 
[INFO] [stdout] error[E0728]: `await` is only allowed inside `async` functions and blocks
[INFO] [stdout]    --> src/playlist.rs:182:96
[INFO] [stdout]     |
[INFO] [stdout] 181 | fn main() { #[allow(non_snake_case)] fn _doctest_main_src_playlist_rs_181_0() {
[INFO] [stdout]     |                                      ---------------------------------------- this is not `async`
[INFO] [stdout] 182 | let tracks = client.playlist_tracks("12345678-1234-1234-1234-123456789abc", Some(0), Some(20)).await?;
[INFO] [stdout]     |                                                                                                ^^^^^ only allowed inside `async` functions and blocks
[INFO] [stdout] 
[INFO] [stdout] error: aborting due to 2 previous errors
[INFO] [stdout] 
[INFO] [stdout] Some errors have detailed explanations: E0425, E0728.
[INFO] [stdout] For more information about an error, try `rustc --explain E0425`.
[INFO] [stdout] Couldn't compile the test.
[INFO] [stdout] ---- src/search.rs - search::TidalClient::search (line 84) stdout ----
[INFO] [stdout] error[E0425]: cannot find value `client` in this scope
[INFO] [stdout]   --> src/search.rs:87:15
[INFO] [stdout]    |
[INFO] [stdout] 87 | let results = client.search(search_query).await?;
[INFO] [stdout]    |               ^^^^^^ not found in this scope
[INFO] [stdout] 
[INFO] [stdout] error[E0728]: `await` is only allowed inside `async` functions and blocks
[INFO] [stdout]   --> src/search.rs:87:43
[INFO] [stdout]    |
[INFO] [stdout] 85 | fn main() { #[allow(non_snake_case)] fn _doctest_main_src_search_rs_84_0() {
[INFO] [stdout]    |                                      ------------------------------------- this is not `async`
[INFO] [stdout] 86 | let search_query = tidalrs::SearchQuery::new("The Beatles");
[INFO] [stdout] 87 | let results = client.search(search_query).await?;
[INFO] [stdout]    |                                           ^^^^^ only allowed inside `async` functions and blocks
[INFO] [stdout] 
[INFO] [stdout] error: aborting due to 2 previous errors
[INFO] [stdout] 
[INFO] [stdout] Some errors have detailed explanations: E0425, E0728.
[INFO] [stdout] For more information about an error, try `rustc --explain E0425`.
[INFO] [stdout] Couldn't compile the test.
[INFO] [stdout] ---- src/track.rs - track::TidalClient::add_favorite_track (line 405) stdout ----
[INFO] [stdout] error[E0425]: cannot find value `client` in this scope
[INFO] [stdout]    --> src/track.rs:406:1
[INFO] [stdout]     |
[INFO] [stdout] 406 | client.add_favorite_track(123456789).await?;
[INFO] [stdout]     | ^^^^^^ not found in this scope
[INFO] [stdout] 
[INFO] [stdout] error[E0728]: `await` is only allowed inside `async` functions and blocks
[INFO] [stdout]    --> src/track.rs:406:38
[INFO] [stdout]     |
[INFO] [stdout] 405 | fn main() { #[allow(non_snake_case)] fn _doctest_main_src_track_rs_405_0() {
[INFO] [stdout]     |                                      ------------------------------------- this is not `async`
[INFO] [stdout] 406 | client.add_favorite_track(123456789).await?;
[INFO] [stdout]     |                                      ^^^^^ only allowed inside `async` functions and blocks
[INFO] [stdout] 
[INFO] [stdout] error: aborting due to 2 previous errors
[INFO] [stdout] 
[INFO] [stdout] Some errors have detailed explanations: E0425, E0728.
[INFO] [stdout] For more information about an error, try `rustc --explain E0425`.
[INFO] [stdout] Couldn't compile the test.
[INFO] [stdout] ---- src/playlist.rs - playlist::TidalClient::user_playlists (line 406) stdout ----
[INFO] [stdout] error[E0425]: cannot find value `client` in this scope
[INFO] [stdout]    --> src/playlist.rs:407:17
[INFO] [stdout]     |
[INFO] [stdout] 407 | let playlists = client.user_playlists(None, Some(10)).await?;
[INFO] [stdout]     |                 ^^^^^^ not found in this scope
[INFO] [stdout] 
[INFO] [stdout] error[E0728]: `await` is only allowed inside `async` functions and blocks
[INFO] [stdout]    --> src/playlist.rs:407:55
[INFO] [stdout]     |
[INFO] [stdout] 406 | fn main() { #[allow(non_snake_case)] fn _doctest_main_src_playlist_rs_406_0() {
[INFO] [stdout]     |                                      ---------------------------------------- this is not `async`
[INFO] [stdout] 407 | let playlists = client.user_playlists(None, Some(10)).await?;
[INFO] [stdout]     |                                                       ^^^^^ only allowed inside `async` functions and blocks
[INFO] [stdout] 
[INFO] [stdout] error: aborting due to 2 previous errors
[INFO] [stdout] 
[INFO] [stdout] Some errors have detailed explanations: E0425, E0728.
[INFO] [stdout] For more information about an error, try `rustc --explain E0425`.
[INFO] [stdout] Couldn't compile the test.
[INFO] [stdout] ---- src/playlist.rs - playlist::TidalClient::playlist_recommendations (line 455) stdout ----
[INFO] [stdout] error[E0425]: cannot find value `client` in this scope
[INFO] [stdout]    --> src/playlist.rs:456:23
[INFO] [stdout]     |
[INFO] [stdout] 456 | let recommendations = client.playlist_recommendations(
[INFO] [stdout]     |                       ^^^^^^ not found in this scope
[INFO] [stdout] 
[INFO] [stdout] error[E0728]: `await` is only allowed inside `async` functions and blocks
[INFO] [stdout]    --> src/playlist.rs:460:3
[INFO] [stdout]     |
[INFO] [stdout] 455 | fn main() { #[allow(non_snake_case)] fn _doctest_main_src_playlist_rs_455_0() {
[INFO] [stdout]     |                                      ---------------------------------------- this is not `async`
[INFO] [stdout] ...
[INFO] [stdout] 460 | ).await?;
[INFO] [stdout]     |   ^^^^^ only allowed inside `async` functions and blocks
[INFO] [stdout] 
[INFO] [stdout] error: aborting due to 2 previous errors
[INFO] [stdout] 
[INFO] [stdout] Some errors have detailed explanations: E0425, E0728.
[INFO] [stdout] For more information about an error, try `rustc --explain E0425`.
[INFO] [stdout] Couldn't compile the test.
[INFO] [stdout] ---- src/track.rs - track::TidalClient::track_stream (line 132) stdout ----
[INFO] [stdout] error[E0425]: cannot find value `client` in this scope
[INFO] [stdout]    --> src/track.rs:134:14
[INFO] [stdout]     |
[INFO] [stdout] 134 | let stream = client.track_stream(123456789, tidalrs::AudioQuality::Lossless).await?;
[INFO] [stdout]     |              ^^^^^^ not found in this scope
[INFO] [stdout] 
[INFO] [stdout] error[E0728]: `await` is only allowed inside `async` functions and blocks
[INFO] [stdout]    --> src/track.rs:134:78
[INFO] [stdout]     |
[INFO] [stdout] 133 | fn main() { #[allow(non_snake_case)] fn _doctest_main_src_track_rs_132_0() {
[INFO] [stdout]     |                                      ------------------------------------- this is not `async`
[INFO] [stdout] 134 | let stream = client.track_stream(123456789, tidalrs::AudioQuality::Lossless).await?;
[INFO] [stdout]     |                                                                              ^^^^^ only allowed inside `async` functions and blocks
[INFO] [stdout] 
[INFO] [stdout] error: aborting due to 2 previous errors
[INFO] [stdout] 
[INFO] [stdout] Some errors have detailed explanations: E0425, E0728.
[INFO] [stdout] For more information about an error, try `rustc --explain E0425`.
[INFO] [stdout] Couldn't compile the test.
[INFO] [stdout] ---- src/track.rs - track::TidalClient::track_dash_playback_info (line 310) stdout ----
[INFO] [stdout] error[E0425]: cannot find value `client` in this scope
[INFO] [stdout]    --> src/track.rs:312:17
[INFO] [stdout]     |
[INFO] [stdout] 312 | let dash_info = client.track_dash_playback_info(123456789, tidalrs::AudioQuality::Lossless).await?;
[INFO] [stdout]     |                 ^^^^^^ not found in this scope
[INFO] [stdout] 
[INFO] [stdout] error[E0728]: `await` is only allowed inside `async` functions and blocks
[INFO] [stdout]    --> src/track.rs:312:93
[INFO] [stdout]     |
[INFO] [stdout] 311 | fn main() { #[allow(non_snake_case)] fn _doctest_main_src_track_rs_310_0() {
[INFO] [stdout]     |                                      ------------------------------------- this is not `async`
[INFO] [stdout] 312 | let dash_info = client.track_dash_playback_info(123456789, tidalrs::AudioQuality::Lossless).await?;
[INFO] [stdout]     |                                                                                             ^^^^^ only allowed inside `async` functions and blocks
[INFO] [stdout] 
[INFO] [stdout] error: aborting due to 2 previous errors
[INFO] [stdout] 
[INFO] [stdout] Some errors have detailed explanations: E0425, E0728.
[INFO] [stdout] For more information about an error, try `rustc --explain E0425`.
[INFO] [stdout] Couldn't compile the test.
[INFO] [stdout] ---- src/track.rs - track::TrackDashPlaybackInfo::unpack_manifest (line 601) stdout ----
[INFO] [stdout] error[E0425]: cannot find value `client` in this scope
[INFO] [stdout]    --> src/track.rs:603:17
[INFO] [stdout]     |
[INFO] [stdout] 603 | let dash_info = client.track_dash_playback_info(123456789, tidalrs::AudioQuality::Lossless).await?;
[INFO] [stdout]     |                 ^^^^^^ not found in this scope
[INFO] [stdout] 
[INFO] [stdout] error[E0728]: `await` is only allowed inside `async` functions and blocks
[INFO] [stdout]    --> src/track.rs:603:93
[INFO] [stdout]     |
[INFO] [stdout] 602 | fn main() { #[allow(non_snake_case)] fn _doctest_main_src_track_rs_601_0() {
[INFO] [stdout]     |                                      ------------------------------------- this is not `async`
[INFO] [stdout] 603 | let dash_info = client.track_dash_playback_info(123456789, tidalrs::AudioQuality::Lossless).await?;
[INFO] [stdout]     |                                                                                             ^^^^^ only allowed inside `async` functions and blocks
[INFO] [stdout] 
[INFO] [stdout] error: aborting due to 2 previous errors
[INFO] [stdout] 
[INFO] [stdout] Some errors have detailed explanations: E0425, E0728.
[INFO] [stdout] For more information about an error, try `rustc --explain E0425`.
[INFO] [stdout] Couldn't compile the test.
[INFO] [stdout] ---- src/track.rs - track::TidalClient::favorite_tracks (line 359) stdout ----
[INFO] [stdout] error[E0425]: cannot find value `client` in this scope
[INFO] [stdout]    --> src/track.rs:360:17
[INFO] [stdout]     |
[INFO] [stdout] 360 | let favorites = client.favorite_tracks(None, Some(10), None, None).await?;
[INFO] [stdout]     |                 ^^^^^^ not found in this scope
[INFO] [stdout] 
[INFO] [stdout] error[E0728]: `await` is only allowed inside `async` functions and blocks
[INFO] [stdout]    --> src/track.rs:360:68
[INFO] [stdout]     |
[INFO] [stdout] 359 | fn main() { #[allow(non_snake_case)] fn _doctest_main_src_track_rs_359_0() {
[INFO] [stdout]     |                                      ------------------------------------- this is not `async`
[INFO] [stdout] 360 | let favorites = client.favorite_tracks(None, Some(10), None, None).await?;
[INFO] [stdout]     |                                                                    ^^^^^ only allowed inside `async` functions and blocks
[INFO] [stdout] 
[INFO] [stdout] error: aborting due to 2 previous errors
[INFO] [stdout] 
[INFO] [stdout] Some errors have detailed explanations: E0425, E0728.
[INFO] [stdout] For more information about an error, try `rustc --explain E0425`.
[INFO] [stdout] Couldn't compile the test.
[INFO] [stdout] ---- src/track.rs - track::TidalClient::remove_favorite_track (line 437) stdout ----
[INFO] [stdout] error[E0425]: cannot find value `client` in this scope
[INFO] [stdout]    --> src/track.rs:438:1
[INFO] [stdout]     |
[INFO] [stdout] 438 | client.remove_favorite_track(123456789).await?;
[INFO] [stdout]     | ^^^^^^ not found in this scope
[INFO] [stdout] 
[INFO] [stdout] error[E0728]: `await` is only allowed inside `async` functions and blocks
[INFO] [stdout]    --> src/track.rs:438:41
[INFO] [stdout]     |
[INFO] [stdout] 437 | fn main() { #[allow(non_snake_case)] fn _doctest_main_src_track_rs_437_0() {
[INFO] [stdout]     |                                      ------------------------------------- this is not `async`
[INFO] [stdout] 438 | client.remove_favorite_track(123456789).await?;
[INFO] [stdout]     |                                         ^^^^^ only allowed inside `async` functions and blocks
[INFO] [stdout] 
[INFO] [stdout] error: aborting due to 2 previous errors
[INFO] [stdout] 
[INFO] [stdout] Some errors have detailed explanations: E0425, E0728.
[INFO] [stdout] For more information about an error, try `rustc --explain E0425`.
[INFO] [stdout] Couldn't compile the test.
[INFO] [stdout] ---- src/track.rs - track::TidalClient::track_recommendations (line 213) stdout ----
[INFO] [stdout] error[E0425]: cannot find value `client` in this scope
[INFO] [stdout]    --> src/track.rs:214:23
[INFO] [stdout]     |
[INFO] [stdout] 214 | let recommendations = client.track_recommendations(123456789, Some(0), Some(20)).await?;
[INFO] [stdout]     |                       ^^^^^^ not found in this scope
[INFO] [stdout] 
[INFO] [stdout] error[E0728]: `await` is only allowed inside `async` functions and blocks
[INFO] [stdout]    --> src/track.rs:214:82
[INFO] [stdout]     |
[INFO] [stdout] 213 | fn main() { #[allow(non_snake_case)] fn _doctest_main_src_track_rs_213_0() {
[INFO] [stdout]     |                                      ------------------------------------- this is not `async`
[INFO] [stdout] 214 | let recommendations = client.track_recommendations(123456789, Some(0), Some(20)).await?;
[INFO] [stdout]     |                                                                                  ^^^^^ only allowed inside `async` functions and blocks
[INFO] [stdout] 
[INFO] [stdout] error: aborting due to 2 previous errors
[INFO] [stdout] 
[INFO] [stdout] Some errors have detailed explanations: E0425, E0728.
[INFO] [stdout] For more information about an error, try `rustc --explain E0425`.
[INFO] [stdout] Couldn't compile the test.
[INFO] [stdout] ---- src/track.rs - track::TrackStream::stream (line 638) stdout ----
[INFO] [stdout] error[E0425]: cannot find value `client` in this scope
[INFO] [stdout]    --> src/track.rs:640:20
[INFO] [stdout]     |
[INFO] [stdout] 640 | let track_stream = client.track_stream(123456789, tidalrs::AudioQuality::Lossless).await?;
[INFO] [stdout]     |                    ^^^^^^ not found in this scope
[INFO] [stdout] 
[INFO] [stdout] error[E0728]: `await` is only allowed inside `async` functions and blocks
[INFO] [stdout]    --> src/track.rs:640:84
[INFO] [stdout]     |
[INFO] [stdout] 639 | fn main() { #[allow(non_snake_case)] fn _doctest_main_src_track_rs_638_0() {
[INFO] [stdout]     |                                      ------------------------------------- this is not `async`
[INFO] [stdout] 640 | let track_stream = client.track_stream(123456789, tidalrs::AudioQuality::Lossless).await?;
[INFO] [stdout]     |                                                                                    ^^^^^ only allowed inside `async` functions and blocks
[INFO] [stdout] 
[INFO] [stdout] error[E0728]: `await` is only allowed inside `async` functions and blocks
[INFO] [stdout]    --> src/track.rs:641:36
[INFO] [stdout]     |
[INFO] [stdout] 639 | fn main() { #[allow(non_snake_case)] fn _doctest_main_src_track_rs_638_0() {
[INFO] [stdout]     |                                      ------------------------------------- this is not `async`
[INFO] [stdout] 640 | let track_stream = client.track_stream(123456789, tidalrs::AudioQuality::Lossless).await?;
[INFO] [stdout] 641 | let stream = track_stream.stream().await?;
[INFO] [stdout]     |                                    ^^^^^ only allowed inside `async` functions and blocks
[INFO] [stdout] 
[INFO] [stdout] error[E0728]: `await` is only allowed inside `async` functions and blocks
[INFO] [stdout]    --> src/track.rs:650:2
[INFO] [stdout]     |
[INFO] [stdout] 639 | fn main() { #[allow(non_snake_case)] fn _doctest_main_src_track_rs_638_0() {
[INFO] [stdout]     |                                      ------------------------------------- this is not `async`
[INFO] [stdout] ...
[INFO] [stdout] 650 | .await
[INFO] [stdout]     |  ^^^^^ only allowed inside `async` functions and blocks
[INFO] [stdout] 
[INFO] [stdout] error: aborting due to 4 previous errors
[INFO] [stdout] 
[INFO] [stdout] Some errors have detailed explanations: E0425, E0728.
[INFO] [stdout] For more information about an error, try `rustc --explain E0425`.
[INFO] [stdout] Couldn't compile the test.
[INFO] [stdout] ---- src/track.rs - track::TidalClient::track_playback_info (line 270) stdout ----
[INFO] [stdout] error[E0425]: cannot find value `client` in this scope
[INFO] [stdout]    --> src/track.rs:272:21
[INFO] [stdout]     |
[INFO] [stdout] 272 | let playback_info = client.track_playback_info(123456789, tidalrs::AudioQuality::Lossless).await?;
[INFO] [stdout]     |                     ^^^^^^ not found in this scope
[INFO] [stdout] 
[INFO] [stdout] error[E0728]: `await` is only allowed inside `async` functions and blocks
[INFO] [stdout]    --> src/track.rs:272:92
[INFO] [stdout]     |
[INFO] [stdout] 271 | fn main() { #[allow(non_snake_case)] fn _doctest_main_src_track_rs_270_0() {
[INFO] [stdout]     |                                      ------------------------------------- this is not `async`
[INFO] [stdout] 272 | let playback_info = client.track_playback_info(123456789, tidalrs::AudioQuality::Lossless).await?;
[INFO] [stdout]     |                                                                                            ^^^^^ only allowed inside `async` functions and blocks
[INFO] [stdout] 
[INFO] [stdout] error: aborting due to 2 previous errors
[INFO] [stdout] 
[INFO] [stdout] Some errors have detailed explanations: E0425, E0728.
[INFO] [stdout] For more information about an error, try `rustc --explain E0425`.
[INFO] [stdout] Couldn't compile the test.
[INFO] [stdout] ---- src/track.rs - track::TidalClient::track (line 176) stdout ----
[INFO] [stdout] error[E0425]: cannot find value `client` in this scope
[INFO] [stdout]    --> src/track.rs:177:13
[INFO] [stdout]     |
[INFO] [stdout] 177 | let track = client.track(123456789).await?;
[INFO] [stdout]     |             ^^^^^^ not found in this scope
[INFO] [stdout] 
[INFO] [stdout] error[E0728]: `await` is only allowed inside `async` functions and blocks
[INFO] [stdout]    --> src/track.rs:177:37
[INFO] [stdout]     |
[INFO] [stdout] 176 | fn main() { #[allow(non_snake_case)] fn _doctest_main_src_track_rs_176_0() {
[INFO] [stdout]     |                                      ------------------------------------- this is not `async`
[INFO] [stdout] 177 | let track = client.track(123456789).await?;
[INFO] [stdout]     |                                     ^^^^^ only allowed inside `async` functions and blocks
[INFO] [stdout] 
[INFO] [stdout] error: aborting due to 2 previous errors
[INFO] [stdout] 
[INFO] [stdout] Some errors have detailed explanations: E0425, E0728.
[INFO] [stdout] For more information about an error, try `rustc --explain E0425`.
[INFO] [stdout] Couldn't compile the test.
[INFO] [stdout] ---- src/track.rs - track::TrackPlaybackInfo::unpack_manifest (line 575) stdout ----
[INFO] [stdout] error[E0425]: cannot find value `client` in this scope
[INFO] [stdout]    --> src/track.rs:577:17
[INFO] [stdout]     |
[INFO] [stdout] 577 | let dash_info = client.track_dash_playback_info(123456789, tidalrs::AudioQuality::Lossless).await?;
[INFO] [stdout]     |                 ^^^^^^ not found in this scope
[INFO] [stdout] 
[INFO] [stdout] error[E0728]: `await` is only allowed inside `async` functions and blocks
[INFO] [stdout]    --> src/track.rs:577:93
[INFO] [stdout]     |
[INFO] [stdout] 576 | fn main() { #[allow(non_snake_case)] fn _doctest_main_src_track_rs_575_0() {
[INFO] [stdout]     |                                      ------------------------------------- this is not `async`
[INFO] [stdout] 577 | let dash_info = client.track_dash_playback_info(123456789, tidalrs::AudioQuality::Lossless).await?;
[INFO] [stdout]     |                                                                                             ^^^^^ only allowed inside `async` functions and blocks
[INFO] [stdout] 
[INFO] [stdout] error: aborting due to 2 previous errors
[INFO] [stdout] 
[INFO] [stdout] Some errors have detailed explanations: E0425, E0728.
[INFO] [stdout] For more information about an error, try `rustc --explain E0425`.
[INFO] [stdout] Couldn't compile the test.
[INFO] [stdout] 
[INFO] [stdout] failures:
[INFO] [stdout]     src/../README.md - (line 102)
[INFO] [stdout]     src/../README.md - (line 124)
[INFO] [stdout]     src/../README.md - (line 141)
[INFO] [stdout]     src/../README.md - (line 160)
[INFO] [stdout]     src/../README.md - (line 176)
[INFO] [stdout]     src/../README.md - (line 199)
[INFO] [stdout]     src/../README.md - (line 223)
[INFO] [stdout]     src/../README.md - (line 239)
[INFO] [stdout]     src/../README.md - (line 250)
[INFO] [stdout]     src/../README.md - (line 34)
[INFO] [stdout]     src/../README.md - (line 66)
[INFO] [stdout]     src/../README.md - (line 86)
[INFO] [stdout]     src/album.rs - album::TidalClient::add_favorite_album (line 294)
[INFO] [stdout]     src/album.rs - album::TidalClient::album (line 168)
[INFO] [stdout]     src/album.rs - album::TidalClient::album_tracks (line 202)
[INFO] [stdout]     src/album.rs - album::TidalClient::favorite_albums (line 248)
[INFO] [stdout]     src/album.rs - album::TidalClient::remove_favorite_album (line 326)
[INFO] [stdout]     src/artist.rs - artist::TidalClient::add_favorite_artist (line 368)
[INFO] [stdout]     src/artist.rs - artist::TidalClient::artist (line 201)
[INFO] [stdout]     src/artist.rs - artist::TidalClient::artist_albums (line 323)
[INFO] [stdout]     src/artist.rs - artist::TidalClient::artist_bio (line 231)
[INFO] [stdout]     src/artist.rs - artist::TidalClient::favorite_artists (line 270)
[INFO] [stdout]     src/artist.rs - artist::TidalClient::remove_favorite_artist (line 400)
[INFO] [stdout]     src/lib.rs - TidalClient::authorize (line 1089)
[INFO] [stdout]     src/lib.rs - TidalClient::on_authz_refresh (line 705)
[INFO] [stdout]     src/playlist.rs - playlist::TidalClient::add_tracks_to_playlist (line 257)
[INFO] [stdout]     src/playlist.rs - playlist::TidalClient::create_playlist (line 224)
[INFO] [stdout]     src/playlist.rs - playlist::TidalClient::playlist (line 149)
[INFO] [stdout]     src/playlist.rs - playlist::TidalClient::playlist_recommendations (line 455)
[INFO] [stdout]     src/playlist.rs - playlist::TidalClient::playlist_tracks (line 181)
[INFO] [stdout]     src/playlist.rs - playlist::TidalClient::remove_track_from_playlist (line 344)
[INFO] [stdout]     src/playlist.rs - playlist::TidalClient::remove_track_from_playlist_by_index (line 306)
[INFO] [stdout]     src/playlist.rs - playlist::TidalClient::user_playlists (line 406)
[INFO] [stdout]     src/search.rs - search::TidalClient::search (line 84)
[INFO] [stdout]     src/track.rs - track::TidalClient::add_favorite_track (line 405)
[INFO] [stdout]     src/track.rs - track::TidalClient::favorite_tracks (line 359)
[INFO] [stdout]     src/track.rs - track::TidalClient::remove_favorite_track (line 437)
[INFO] [stdout]     src/track.rs - track::TidalClient::track (line 176)
[INFO] [stdout]     src/track.rs - track::TidalClient::track_dash_playback_info (line 310)
[INFO] [stdout]     src/track.rs - track::TidalClient::track_playback_info (line 270)
[INFO] [stdout]     src/track.rs - track::TidalClient::track_recommendations (line 213)
[INFO] [stdout]     src/track.rs - track::TidalClient::track_stream (line 132)
[INFO] [stdout]     src/track.rs - track::TrackDashPlaybackInfo::unpack_manifest (line 601)
[INFO] [stdout]     src/track.rs - track::TrackPlaybackInfo::unpack_manifest (line 575)
[INFO] [stdout]     src/track.rs - track::TrackStream::stream (line 638)
[INFO] [stdout] 
[INFO] [stdout] test result: FAILED. 17 passed; 45 failed; 0 ignored; 0 measured; 0 filtered out; finished in 5.91s
[INFO] [stdout] 
[INFO] [stdout] all doctests ran in 6.63s; merged doctests compilation took 0.70s
[INFO] [stderr] error: doctest failed, to rerun pass `--doc`
[INFO] running `Command { std: "docker" "inspect" "11666a98b6d5630027510f0e90982008252efc635bba8b83808cd8adf44b88fe", kill_on_drop: false }`
[INFO] running `Command { std: "docker" "rm" "-f" "11666a98b6d5630027510f0e90982008252efc635bba8b83808cd8adf44b88fe", kill_on_drop: false }`
[INFO] [stdout] 11666a98b6d5630027510f0e90982008252efc635bba8b83808cd8adf44b88fe
