[INFO] fetching crate these-macros-should-be-illegal 0.7.0...
[INFO] testing these-macros-should-be-illegal-0.7.0 against 1.99.0-beta.8 for beta-1.100-2
[INFO] extracting crate these-macros-should-be-illegal 0.7.0 into /workspace/builds/worker-4-tc1/source
[INFO] started tweaking crates.io crate these-macros-should-be-illegal 0.7.0
[INFO] removed 0 missing examples
[INFO] removed 0 missing tests
[INFO] finished tweaking crates.io crate these-macros-should-be-illegal 0.7.0
[INFO] tweaked toml for crates.io crate these-macros-should-be-illegal 0.7.0 written to /workspace/builds/worker-4-tc1/source/Cargo.toml
[INFO] validating manifest of crates.io crate these-macros-should-be-illegal 0.7.0 on toolchain 1.99.0-beta.8
[INFO] running `Command { std: CARGO_HOME="/workspace/cargo-home" RUSTUP_HOME="/workspace/rustup-home" "/workspace/cargo-home/bin/cargo" "+1.99.0-beta.8" "metadata" "--manifest-path" "Cargo.toml" "--no-deps", kill_on_drop: false }`
[INFO] crate crates.io crate these-macros-should-be-illegal 0.7.0 already has a lockfile, it will not be regenerated
[INFO] running `Command { std: CARGO_HOME="/workspace/cargo-home" RUSTUP_HOME="/workspace/rustup-home" "/workspace/cargo-home/bin/cargo" "+1.99.0-beta.8" "fetch" "--manifest-path" "Cargo.toml", kill_on_drop: false }`
[INFO] running `Command { std: "docker" "create" "-v" "/var/lib/crater-agent-workspace/builds/worker-4-tc1/source:/opt/rustwide/workdir:ro,Z" "-v" "/var/lib/crater-agent-workspace/builds/worker-4-tc1/target:/opt/rustwide/target:rw,Z" "-v" "/var/lib/crater-agent-workspace/cargo-home:/opt/rustwide/cargo-home:ro,Z" "-v" "/var/lib/crater-agent-workspace/rustup-home:/opt/rustwide/rustup-home:ro,Z" "-m" "1610612736" "--network" "none" "ghcr.io/rust-lang/crates-build-env/linux@sha256:3111399a4047eeb3a02b7a90e478d715f38a8c6669b5c4b49d30a17385265909" "sleep" "infinity", kill_on_drop: false }`
[INFO] [stdout] 116b3bd44822277e9c9b09658b2430b2e05a6d2ff87d572cbfd2bfbdcc1e3329
[INFO] running `Command { std: "docker" "start" "116b3bd44822277e9c9b09658b2430b2e05a6d2ff87d572cbfd2bfbdcc1e3329", kill_on_drop: false }`
[INFO] running `Command { std: "docker" "inspect" "116b3bd44822277e9c9b09658b2430b2e05a6d2ff87d572cbfd2bfbdcc1e3329", kill_on_drop: false }`
[INFO] running `Command { std: "docker" "exec" "-e" "SOURCE_DIR=/opt/rustwide/workdir" "-e" "CARGO_HOME=/opt/rustwide/cargo-home" "-e" "RUSTUP_HOME=/opt/rustwide/rustup-home" "-e" "CARGO_TARGET_DIR=/opt/rustwide/target" "-w" "/opt/rustwide/workdir" "--user" "0:0" "116b3bd44822277e9c9b09658b2430b2e05a6d2ff87d572cbfd2bfbdcc1e3329" "/opt/rustwide/cargo-home/bin/cargo" "+1.99.0-beta.8" "metadata" "--no-deps" "--format-version=1", kill_on_drop: false }`
[INFO] running `Command { std: "docker" "inspect" "116b3bd44822277e9c9b09658b2430b2e05a6d2ff87d572cbfd2bfbdcc1e3329", kill_on_drop: false }`
[INFO] running `Command { std: "docker" "exec" "-e" "SOURCE_DIR=/opt/rustwide/workdir" "-e" "CARGO_HOME=/opt/rustwide/cargo-home" "-e" "RUSTUP_HOME=/opt/rustwide/rustup-home" "-e" "CARGO_TARGET_DIR=/opt/rustwide/target" "-e" "CARGO_INCREMENTAL=0" "-e" "RUST_BACKTRACE=full" "-e" "RUSTFLAGS=--cap-lints=warn" "-e" "RUSTDOCFLAGS=--cap-lints=warn" "-w" "/opt/rustwide/workdir" "--user" "0:0" "116b3bd44822277e9c9b09658b2430b2e05a6d2ff87d572cbfd2bfbdcc1e3329" "/opt/rustwide/cargo-home/bin/cargo" "+1.99.0-beta.8" "build" "--frozen" "--message-format=json", kill_on_drop: false }`
[INFO] [stderr]    Compiling proc-macro2 v1.0.107
[INFO] [stderr]    Compiling quote v1.0.47
[INFO] [stderr]    Compiling syn v2.0.119
[INFO] [stderr]    Compiling these-macros-should-be-illegal v0.7.0 (/opt/rustwide/workdir)
[INFO] [stderr]     Finished `dev` profile [unoptimized + debuginfo] target(s) in 7.51s
[INFO] running `Command { std: "docker" "inspect" "116b3bd44822277e9c9b09658b2430b2e05a6d2ff87d572cbfd2bfbdcc1e3329", kill_on_drop: false }`
[INFO] running `Command { std: "docker" "exec" "-e" "SOURCE_DIR=/opt/rustwide/workdir" "-e" "CARGO_HOME=/opt/rustwide/cargo-home" "-e" "RUSTUP_HOME=/opt/rustwide/rustup-home" "-e" "CARGO_TARGET_DIR=/opt/rustwide/target" "-e" "CARGO_INCREMENTAL=0" "-e" "RUST_BACKTRACE=full" "-e" "RUSTFLAGS=--cap-lints=warn" "-e" "RUSTDOCFLAGS=--cap-lints=warn" "-w" "/opt/rustwide/workdir" "--user" "0:0" "116b3bd44822277e9c9b09658b2430b2e05a6d2ff87d572cbfd2bfbdcc1e3329" "/opt/rustwide/cargo-home/bin/cargo" "+1.99.0-beta.8" "test" "--frozen" "--no-run" "--message-format=json", kill_on_drop: false }`
[INFO] [stderr]    Compiling proc-macro2 v1.0.107
[INFO] [stderr]    Compiling unicode-ident v1.0.24
[INFO] [stderr]    Compiling prettyplease v0.2.37
[INFO] [stderr]    Compiling heck v0.5.0
[INFO] [stderr]    Compiling quote v1.0.47
[INFO] [stderr]    Compiling syn v2.0.119
[INFO] [stderr]    Compiling syn v3.0.4
[INFO] [stderr]    Compiling serde_derive v1.0.229
[INFO] [stderr]    Compiling these-macros-should-be-illegal v0.7.0 (/opt/rustwide/workdir)
[INFO] [stderr]    Compiling serde v1.0.229
[INFO] [stderr]     Finished `test` profile [unoptimized + debuginfo] target(s) in 13.84s
[INFO] running `Command { std: "docker" "inspect" "116b3bd44822277e9c9b09658b2430b2e05a6d2ff87d572cbfd2bfbdcc1e3329", kill_on_drop: false }`
[INFO] running `Command { std: "docker" "exec" "-e" "SOURCE_DIR=/opt/rustwide/workdir" "-e" "CARGO_HOME=/opt/rustwide/cargo-home" "-e" "RUSTUP_HOME=/opt/rustwide/rustup-home" "-e" "CARGO_TARGET_DIR=/opt/rustwide/target" "-e" "CARGO_INCREMENTAL=0" "-e" "RUST_BACKTRACE=full" "-e" "RUSTFLAGS=--cap-lints=warn" "-e" "RUSTDOCFLAGS=--cap-lints=warn" "-w" "/opt/rustwide/workdir" "--user" "0:0" "116b3bd44822277e9c9b09658b2430b2e05a6d2ff87d572cbfd2bfbdcc1e3329" "/opt/rustwide/cargo-home/bin/cargo" "+1.99.0-beta.8" "test" "--frozen", kill_on_drop: false }`
[INFO] [stderr]     Finished `test` profile [unoptimized + debuginfo] target(s) in 0.08s
[INFO] [stderr]      Running unittests src/lib.rs (/opt/rustwide/target/debug/deps/these_macros_should_be_illegal-25cd3b0a03fe49ef)
[INFO] [stdout] 
[INFO] [stdout] running 75 tests
[INFO] [stdout] test flust::literally_literal_string::tests::leaves_attributes_opaque ... ok
[INFO] [stdout] test flust::literally_literal_string::tests::leaves_excluded_declarative_macro_opaque ... ok
[INFO] [stdout] test flust::literally_literal_string::tests::rewrites_declarative_macro_groups ... ok
[INFO] [stdout] test flust::literally_literal_string::tests::descends_into_unlisted_macro_invocation ... ok
[INFO] [stdout] test flust::literally_literal_string::tests::rewrites_inside_groups ... ok
[INFO] [stdout] test flust::literally_literal_string::tests::turns_quoted_string_token_pair_into_string ... ok
[INFO] [stdout] test flust::literally_literal_string::tests::leaves_excluded_macro_invocation_opaque ... ok
[INFO] [stdout] test flust::shared_match_arms::tests::duplicates_arm_attributes_without_rewriting_them ... ok
[INFO] [stdout] test flust::shared_match_arms::tests::preserves_comma_optional_block_arms ... ok
[INFO] [stdout] test flust::shared_match_arms::tests::preserves_logical_or_in_ordinary_guards ... ok
[INFO] [stdout] test flust::literally_literal_string::tests::descends_into_negated_condition_groups ... ok
[INFO] [stdout] test flust::shared_match_arms::tests::supports_guards_per_alternative ... ok
[INFO] [stdout] test local::callable::tests::creates_a_same_name_macro ... ok
[INFO] [stdout] test flust::shared_match_arms::tests::rewrites_nested_shared_arms_bottom_up ... ok
[INFO] [stdout] test local::callable::tests::rejects_an_associated_function ... ok
[INFO] [stdout] test helpers::expand::tests::parses_macros_and_shared_expansion_config ... ok
[INFO] [stdout] test local::callable::tests::rejects_the_reserved_method_name ... ok
[INFO] [stdout] test flust::literally_literal_string::tests::leaves_character_literals_and_lifetimes_alone ... ok
[INFO] [stdout] test helpers::preprocessing::tests::parses_excluded_macro_names ... ok
[INFO] [stdout] test helpers::forward_attributes::tests::forwards_attributes_into_opaque_input ... ok
[INFO] [stdout] test flust::shared_match_arms::tests::leaves_attribute_contents_opaque ... ok
[INFO] [stdout] test flust::shared_match_arms::tests::preserves_native_or_patterns ... ok
[INFO] [stdout] test flust::shared_match_arms::tests::duplicates_shared_right_hand_sides ... ok
[INFO] [stdout] test flust::literally_literal_string::tests::removes_shared_config_before_rewriting ... ok
[INFO] [stdout] test local::enum_fn::tests::rejects_a_non_enum_item ... ok
[INFO] [stdout] test local::stringify::tests::converts_raw_identifiers ... ok
[INFO] [stdout] test local::stringify::tests::normalizes_types_with_a_function ... ok
[INFO] [stdout] test local::discriminated_str::tests::rejects_missing_discriminants ... ok
[INFO] [stdout] test local::enum_fn::tests::rejects_an_out_of_range_tuple_selector ... ok
[INFO] [stdout] test local::stringify::tests::converts_name_cases ... ok
[INFO] [stdout] test local::discriminated_str::tests::rejects_duplicate_discriminants ... ok
[INFO] [stdout] test local::enum_fn::tests::rejects_an_unknown_missing_arm_strategy ... ok
[INFO] [stdout] test flust::literally_literal_string::tests::continues_rewriting_after_declarative_macro_definitions ... ok
[INFO] [stdout] test local::stringify::tests::converts_names_with_functions ... ok
[INFO] [stdout] test local::callable::tests::aliases_a_generic_method ... ok
[INFO] [stdout] test helpers::expand::tests::parses_expander_invocation_before_module_source_is_loaded ... ok
[INFO] [stdout] test local::stringify::tests::normalizes_compound_types ... ok
[INFO] [stdout] test helpers::preprocessing::tests::excludes_exact_raw_macro_name ... ok
[INFO] [stdout] test local::strutuct::tests::accepts_braced_keyword_declarations_and_visibility ... ok
[INFO] [stdout] test helpers::forward_attributes::tests::preserves_invocation_shell ... ok
[INFO] [stdout] test local::strutuct::tests::guards_constructor_macros_with_declaration_cfg ... ok
[INFO] [stdout] test local::strutuct::tests::lowers_declarations_inside_generic_types ... ok
[INFO] [stdout] test local::strutuct::tests::configures_inclusions_per_enum_branch ... ok
[INFO] [stdout] test local::strutuct::tests::does_not_attach_declaration_attrs_to_inlined_struct_variants ... ok
[INFO] [stdout] test local::strutuct::tests::applies_configuration_globally_and_locally ... ok
[INFO] [stdout] test local::strutuct::tests::guards_inclusions_with_constructor_conditions ... ok
[INFO] [stdout] test local::strutuct::tests::applies_forwarded_attributes_as_invocation_defaults ... ok
[INFO] [stdout] test local::strutuct::tests::generates_direct_and_transitive_constructors ... ok
[INFO] [stdout] test local::strutuct::tests::lowers_nested_enum_in_struct_field ... ok
[INFO] [stdout] test local::strutuct::tests::flattens_enum_inclusions_once_per_path ... ok
[INFO] [stdout] test local::strutuct::tests::keeps_documentation_local ... ok
[INFO] [stdout] test local::strutuct::tests::leaves_type_macro_inputs_opaque ... ok
[INFO] [stdout] test local::strutuct::tests::lowers_declarations_from_multiple_generic_arguments ... ok
[INFO] [stdout] test local::strutuct::tests::configures_declarations_inside_generic_types ... ok
[INFO] [stdout] test local::strutuct::tests::local_derive_extends_the_nested_branch ... ok
[INFO] [stdout] test meta::permutation::tests::constructs_a_permutation_from_a_cycle ... ok
[INFO] [stdout] test local::strutuct::tests::propagates_all_outer_declaration_attributes ... ok
[INFO] [stdout] test local::strutuct::tests::lowers_postfix_type_operators ... ok
[INFO] [stdout] test local::strutuct::tests::rejects_the_old_parenthesized_generated_type_spelling ... ok
[INFO] [stdout] test local::strutuct::tests::reverses_inclusion_path_names_incrementally ... ok
[INFO] [stdout] test meta::invocation::tests::constructs_an_invocation_object ... ok
[INFO] [stdout] test meta::invocation::tests::reflects_two_macro_invocations ... ok
[INFO] [stdout] test meta::permutation::tests::composes_cycles_from_right_to_left ... ok
[INFO] [stdout] test local::strutuct::tests::stops_inclusion_join_at_product_boundaries ... ok
[INFO] [stdout] test local::strutuct::tests::validates_decorative_declaration_keywords ... ok
[INFO] [stdout] test meta::permutation::tests::embeds_a_permutation_into_a_longer_stream ... ok
[INFO] [stdout] test meta::permutation::tests::identity_fixes_every_position ... ok
[INFO] [stdout] test meta::permutation::tests::multiplies_permutations_as_function_composition ... ok
[INFO] [stdout] test meta::permutation::tests::permutes_heterogeneous_token_trees ... ok
[INFO] [stdout] test local::strutuct::tests::resolves_relative_names_across_type_contexts ... ok
[INFO] [stdout] test meta::permutation::tests::rejects_repeated_positions_inside_a_cycle ... ok
[INFO] [stdout] test meta::permutation::tests::rejects_a_degree_larger_than_the_stream ... ok
[INFO] [stdout] test meta::permutation::tests::trims_trailing_fixed_positions ... ok
[INFO] [stdout] test local::strutuct::tests::diagnoses_inclusion_and_payload_constructor_collisions ... ok
[INFO] [stdout] test local::strutuct::tests::underive_reduces_the_inherited_branch ... ok
[INFO] [stdout] 
[INFO] [stdout] test result: ok. 75 passed; 0 failed; 0 ignored; 0 measured; 0 filtered out; finished in 0.10s
[INFO] [stdout] 
[INFO] [stderr]      Running tests/callable.rs (/opt/rustwide/target/debug/deps/callable-c3a8a697f7b457d0)
[INFO] [stdout] 
[INFO] [stdout] running 6 tests
[INFO] [stdout] test preserves_async_and_unsafe_method_qualifiers ... ok
[INFO] [stdout] test calls_an_implementation_of_a_generic_trait ... ok
[INFO] [stdout] test calls_a_mutable_object_repeatedly ... ok
[INFO] [stdout] test expands_on_block_local_items ... ok
[INFO] [stdout] test calls_a_generic_method ... ok
[INFO] [stdout] test calls_an_object_without_erasing_its_structure ... ok
[INFO] [stdout] 
[INFO] [stdout] test result: ok. 6 passed; 0 failed; 0 ignored; 0 measured; 0 filtered out; finished in 0.01s
[INFO] [stdout] 
[INFO] [stderr]      Running tests/discriminated_str.rs (/opt/rustwide/target/debug/deps/discriminated_str-741f4cc7f540784f)
[INFO] [stdout] 
[INFO] [stdout] running 3 tests
[INFO] [stdout] test constructs_values_from_literal_discriminants ... ok
[INFO] [stdout] test expands_on_block_local_items ... ok
[INFO] [stdout] test maps_values_to_unique_discriminants ... ok
[INFO] [stdout] 
[INFO] [stdout] test result: ok. 3 passed; 0 failed; 0 ignored; 0 measured; 0 filtered out; finished in 0.00s
[INFO] [stdout] 
[INFO] [stderr]      Running tests/enum_fn.rs (/opt/rustwide/target/debug/deps/enum_fn-cdb20c15b9f9e7ae)
[INFO] [stdout] 
[INFO] [stdout] running 12 tests
[INFO] [stdout] test preserves_deliberately_distinct_string_paths ... ok
[INFO] [stdout] test supports_complete_generic_enum_shapes ... ok
[INFO] [stdout] test supports_optional_borrowed_and_owned_descriptions ... ok
[INFO] [stdout] test supports_owned_and_borrowed_return_types_without_consuming_the_enum ... ok
[INFO] [stdout] test preserves_payloads_and_borrows_dynamic_descriptions ... ok
[INFO] [stdout] test supports_conditional_and_ordinary_rust_expressions ... ok
[INFO] [stdout] test reborrows_distinct_variant_lifetimes_for_the_accessor ... ok
[INFO] [stdout] test selects_dynamic_fields_and_preserves_enum_lifetimes ... ok
[INFO] [stdout] test computes_descriptions_from_variant_products ... ok
[INFO] [stdout] test expands_on_block_local_items ... ok
[INFO] [stdout] test generates_enum_method ... ok
[INFO] [stdout] test supports_panicking_missing_descriptions - should panic ... ok
[INFO] [stdout] 
[INFO] [stdout] test result: ok. 12 passed; 0 failed; 0 ignored; 0 measured; 0 filtered out; finished in 0.06s
[INFO] [stdout] 
[INFO] [stderr]      Running tests/expansions.rs (/opt/rustwide/target/debug/deps/expansions-2375199b9ec91dd7)
[INFO] [stdout] 
[INFO] [stdout] running 1 test
[INFO] [stdout] test expansions_match ... FAILED
[INFO] [stdout] 
[INFO] [stdout] failures:
[INFO] [stdout] 
[INFO] [stdout] ---- expansions_match stdout ----
[INFO] [stdout] 
[INFO] [stdout] thread 'expansions_match' (938) panicked at tests/expansions.rs:68:40:
[INFO] [stdout] called `Result::unwrap()` on an `Err` value: Os { code: 30, kind: ReadOnlyFilesystem, message: "Read-only file system" }
[INFO] [stdout] stack backtrace:
[INFO] [stdout]    0:     0x629b67d29641 - std[70759c8f55707aa4]::backtrace_rs::backtrace::libunwind::trace
[INFO] [stdout]                                at /rustc/dfb0accb7f508ae8be965d8629557221c889dd98/library/std/src/../../backtrace/src/backtrace/libunwind.rs:117:9
[INFO] [stdout]    1:     0x629b67d29641 - std[70759c8f55707aa4]::backtrace_rs::backtrace::trace_unsynchronized::<std[70759c8f55707aa4]::sys::backtrace::_print_fmt::{closure#1}>
[INFO] [stdout]                                at /rustc/dfb0accb7f508ae8be965d8629557221c889dd98/library/std/src/../../backtrace/src/backtrace/mod.rs:66:14
[INFO] [stdout]    2:     0x629b67d29641 - std[70759c8f55707aa4]::sys::backtrace::_print_fmt
[INFO] [stdout]                                at /rustc/dfb0accb7f508ae8be965d8629557221c889dd98/library/std/src/sys/backtrace.rs:74:9
[INFO] [stdout]    3:     0x629b67d29641 - <<std[70759c8f55707aa4]::sys::backtrace::BacktraceLock>::print::DisplayBacktrace as core[df12db4294e9bfd3]::fmt::Display>::fmt
[INFO] [stdout]                                at /rustc/dfb0accb7f508ae8be965d8629557221c889dd98/library/std/src/sys/backtrace.rs:44:26
[INFO] [stdout]    4:     0x629b67d3e24a - <core[df12db4294e9bfd3]::fmt::rt::Argument>::fmt
[INFO] [stdout]                                at /rustc/dfb0accb7f508ae8be965d8629557221c889dd98/library/core/src/fmt/rt.rs:152:76
[INFO] [stdout]    5:     0x629b67d3e24a - core[df12db4294e9bfd3]::fmt::write
[INFO] [stdout]    6:     0x629b67d2de1c - core[df12db4294e9bfd3]::io::write::default_write_fmt::<alloc[2182bb758b4b3781]::vec::Vec<u8>>
[INFO] [stdout]                                at /rustc/dfb0accb7f508ae8be965d8629557221c889dd98/library/core/src/io/write.rs:402:11
[INFO] [stdout]    7:     0x629b67d2de1c - <alloc[2182bb758b4b3781]::vec::Vec<u8> as core[df12db4294e9bfd3]::io::write::Write>::write_fmt
[INFO] [stdout]                                at /rustc/dfb0accb7f508ae8be965d8629557221c889dd98/library/core/src/io/write.rs:335:13
[INFO] [stdout]    8:     0x629b67d03b46 - <std[70759c8f55707aa4]::sys::backtrace::BacktraceLock>::print
[INFO] [stdout]                                at /rustc/dfb0accb7f508ae8be965d8629557221c889dd98/library/std/src/sys/backtrace.rs:47:9
[INFO] [stdout]    9:     0x629b67d03b46 - std[70759c8f55707aa4]::panicking::default_hook::{closure#0}
[INFO] [stdout]                                at /rustc/dfb0accb7f508ae8be965d8629557221c889dd98/library/std/src/panicking.rs:292:27
[INFO] [stdout]   10:     0x629b67d21039 - std[70759c8f55707aa4]::panicking::default_hook
[INFO] [stdout]                                at /rustc/dfb0accb7f508ae8be965d8629557221c889dd98/library/std/src/panicking.rs:316:9
[INFO] [stdout]   11:     0x629b67b926d0 - <alloc[2182bb758b4b3781]::boxed::Box<dyn for<'a, 'b> core[df12db4294e9bfd3]::ops::function::Fn<(&'a std[70759c8f55707aa4]::panic::PanicHookInfo<'b>,), Output = ()> + core[df12db4294e9bfd3]::marker::Send + core[df12db4294e9bfd3]::marker::Sync> as core[df12db4294e9bfd3]::ops::function::Fn<(&std[70759c8f55707aa4]::panic::PanicHookInfo,)>>::call
[INFO] [stdout]                                at /rustc/dfb0accb7f508ae8be965d8629557221c889dd98/library/alloc/src/boxed.rs:2334:9
[INFO] [stdout]   12:     0x629b67b926d0 - test[9d35eded1c95d3be]::test_main_inner::<test[9d35eded1c95d3be]::test_main_static::{closure#0}>::{closure#0}
[INFO] [stdout]                                at /rustc/dfb0accb7f508ae8be965d8629557221c889dd98/library/test/src/lib.rs:155:21
[INFO] [stdout]   13:     0x629b67d21362 - <alloc[2182bb758b4b3781]::boxed::Box<dyn for<'a, 'b> core[df12db4294e9bfd3]::ops::function::Fn<(&'a std[70759c8f55707aa4]::panic::PanicHookInfo<'b>,), Output = ()> + core[df12db4294e9bfd3]::marker::Send + core[df12db4294e9bfd3]::marker::Sync> as core[df12db4294e9bfd3]::ops::function::Fn<(&std[70759c8f55707aa4]::panic::PanicHookInfo,)>>::call
[INFO] [stdout]                                at /rustc/dfb0accb7f508ae8be965d8629557221c889dd98/library/alloc/src/boxed.rs:2334:9
[INFO] [stdout]   14:     0x629b67d21362 - std[70759c8f55707aa4]::panicking::panic_with_hook
[INFO] [stdout]                                at /rustc/dfb0accb7f508ae8be965d8629557221c889dd98/library/std/src/panicking.rs:823:13
[INFO] [stdout]   15:     0x629b67d03bf2 - std[70759c8f55707aa4]::panicking::panic_handler::{closure#0}
[INFO] [stdout]                                at /rustc/dfb0accb7f508ae8be965d8629557221c889dd98/library/std/src/panicking.rs:688:13
[INFO] [stdout]   16:     0x629b67cfc7b9 - std[70759c8f55707aa4]::sys::backtrace::__rust_end_short_backtrace::<std[70759c8f55707aa4]::panicking::panic_handler::{closure#0}, !>
[INFO] [stdout]                                at /rustc/dfb0accb7f508ae8be965d8629557221c889dd98/library/std/src/sys/backtrace.rs:182:18
[INFO] [stdout]   17:     0x629b67d047ed - __rustc[8fa7c3cbc660c2b3]::rust_begin_unwind
[INFO] [stdout]                                at /rustc/dfb0accb7f508ae8be965d8629557221c889dd98/library/std/src/panicking.rs:679:5
[INFO] [stdout]   18:     0x629b67d3ea6c - core[df12db4294e9bfd3]::panicking::panic_fmt
[INFO] [stdout]                                at /rustc/dfb0accb7f508ae8be965d8629557221c889dd98/library/core/src/panicking.rs:80:14
[INFO] [stdout]   19:     0x629b67d3e7c2 - core[df12db4294e9bfd3]::result::unwrap_failed
[INFO] [stdout]                                at /rustc/dfb0accb7f508ae8be965d8629557221c889dd98/library/core/src/result.rs:1871:5
[INFO] [stdout]   20:     0x629b67b3fe8e - <core[df12db4294e9bfd3]::result::Result<(), core[df12db4294e9bfd3]::io::error::Error>>::unwrap
[INFO] [stdout]                                at /rustc/dfb0accb7f508ae8be965d8629557221c889dd98/library/core/src/result.rs:1232:23
[INFO] [stdout]   21:     0x629b67b3fe8e - <expansions[b8a12e3809bcf76e]::ExpansionProject>::new
[INFO] [stdout]                                at /opt/rustwide/workdir/tests/expansions.rs:68:40
[INFO] [stdout]   22:     0x629b67b3ea5c - expansions[b8a12e3809bcf76e]::expansions_match
[INFO] [stdout]                                at /opt/rustwide/workdir/tests/expansions.rs:19:19
[INFO] [stdout]   23:     0x629b67b3d0c7 - expansions[b8a12e3809bcf76e]::expansions_match::{closure#0}
[INFO] [stdout]                                at /opt/rustwide/workdir/tests/expansions.rs:16:22
[INFO] [stdout]   24:     0x629b67b45266 - <expansions[b8a12e3809bcf76e]::expansions_match::{closure#0} as core[df12db4294e9bfd3]::ops::function::FnOnce<()>>::call_once
[INFO] [stdout]                                at /rustc/dfb0accb7f508ae8be965d8629557221c889dd98/library/core/src/ops/function.rs:250:5
[INFO] [stdout]   25:     0x629b67b859bb - <fn() -> core[df12db4294e9bfd3]::result::Result<(), alloc[2182bb758b4b3781]::string::String> as core[df12db4294e9bfd3]::ops::function::FnOnce<()>>::call_once
[INFO] [stdout]                                at /rustc/dfb0accb7f508ae8be965d8629557221c889dd98/library/core/src/ops/function.rs:250:5
[INFO] [stdout]   26:     0x629b67b859bb - test[9d35eded1c95d3be]::__rust_begin_short_backtrace::<core[df12db4294e9bfd3]::result::Result<(), alloc[2182bb758b4b3781]::string::String>, fn() -> core[df12db4294e9bfd3]::result::Result<(), alloc[2182bb758b4b3781]::string::String>>
[INFO] [stdout]                                at /rustc/dfb0accb7f508ae8be965d8629557221c889dd98/library/test/src/lib.rs:733:18
[INFO] [stdout]   27:     0x629b67b93025 - test[9d35eded1c95d3be]::run_test_in_process::{closure#0}
[INFO] [stdout]                                at /rustc/dfb0accb7f508ae8be965d8629557221c889dd98/library/test/src/lib.rs:756:74
[INFO] [stdout]   28:     0x629b67b93025 - <core[df12db4294e9bfd3]::panic::unwind_safe::AssertUnwindSafe<test[9d35eded1c95d3be]::run_test_in_process::{closure#0}> as core[df12db4294e9bfd3]::ops::function::FnOnce<()>>::call_once
[INFO] [stdout]                                at /rustc/dfb0accb7f508ae8be965d8629557221c889dd98/library/core/src/panic/unwind_safe.rs:275:9
[INFO] [stdout]   29:     0x629b67b93025 - std[70759c8f55707aa4]::panicking::catch_unwind::do_call::<core[df12db4294e9bfd3]::panic::unwind_safe::AssertUnwindSafe<test[9d35eded1c95d3be]::run_test_in_process::{closure#0}>, core[df12db4294e9bfd3]::result::Result<(), alloc[2182bb758b4b3781]::string::String>>
[INFO] [stdout]                                at /rustc/dfb0accb7f508ae8be965d8629557221c889dd98/library/std/src/panicking.rs:576:43
[INFO] [stdout]   30:     0x629b67b93025 - std[70759c8f55707aa4]::panicking::catch_unwind::<core[df12db4294e9bfd3]::result::Result<(), alloc[2182bb758b4b3781]::string::String>, core[df12db4294e9bfd3]::panic::unwind_safe::AssertUnwindSafe<test[9d35eded1c95d3be]::run_test_in_process::{closure#0}>>
[INFO] [stdout]                                at /rustc/dfb0accb7f508ae8be965d8629557221c889dd98/library/std/src/panicking.rs:544:19
[INFO] [stdout]   31:     0x629b67b93025 - std[70759c8f55707aa4]::panic::catch_unwind::<core[df12db4294e9bfd3]::panic::unwind_safe::AssertUnwindSafe<test[9d35eded1c95d3be]::run_test_in_process::{closure#0}>, core[df12db4294e9bfd3]::result::Result<(), alloc[2182bb758b4b3781]::string::String>>
[INFO] [stdout]                                at /rustc/dfb0accb7f508ae8be965d8629557221c889dd98/library/std/src/panic.rs:359:14
[INFO] [stdout]   32:     0x629b67b93025 - test[9d35eded1c95d3be]::run_test_in_process
[INFO] [stdout]                                at /rustc/dfb0accb7f508ae8be965d8629557221c889dd98/library/test/src/lib.rs:756:27
[INFO] [stdout]   33:     0x629b67b93025 - test[9d35eded1c95d3be]::run_test::{closure#0}
[INFO] [stdout]                                at /rustc/dfb0accb7f508ae8be965d8629557221c889dd98/library/test/src/lib.rs:677:43
[INFO] [stdout]   34:     0x629b67b8c8e4 - test[9d35eded1c95d3be]::run_test::{closure#1}
[INFO] [stdout]                                at /rustc/dfb0accb7f508ae8be965d8629557221c889dd98/library/test/src/lib.rs:707:41
[INFO] [stdout]   35:     0x629b67b8c8e4 - std[70759c8f55707aa4]::sys::backtrace::__rust_begin_short_backtrace::<test[9d35eded1c95d3be]::run_test::{closure#1}, ()>
[INFO] [stdout]                                at /rustc/dfb0accb7f508ae8be965d8629557221c889dd98/library/std/src/sys/backtrace.rs:166:18
[INFO] [stdout]   36:     0x629b67b96182 - std[70759c8f55707aa4]::thread::lifecycle::spawn_unchecked::<test[9d35eded1c95d3be]::run_test::{closure#1}, ()>::{closure#1}::{closure#0}
[INFO] [stdout]                                at /rustc/dfb0accb7f508ae8be965d8629557221c889dd98/library/std/src/thread/lifecycle.rs:70:13
[INFO] [stdout]   37:     0x629b67b96182 - <core[df12db4294e9bfd3]::panic::unwind_safe::AssertUnwindSafe<std[70759c8f55707aa4]::thread::lifecycle::spawn_unchecked<test[9d35eded1c95d3be]::run_test::{closure#1}, ()>::{closure#1}::{closure#0}> as core[df12db4294e9bfd3]::ops::function::FnOnce<()>>::call_once
[INFO] [stdout]                                at /rustc/dfb0accb7f508ae8be965d8629557221c889dd98/library/core/src/panic/unwind_safe.rs:275:9
[INFO] [stdout]   38:     0x629b67b96182 - std[70759c8f55707aa4]::panicking::catch_unwind::do_call::<core[df12db4294e9bfd3]::panic::unwind_safe::AssertUnwindSafe<std[70759c8f55707aa4]::thread::lifecycle::spawn_unchecked<test[9d35eded1c95d3be]::run_test::{closure#1}, ()>::{closure#1}::{closure#0}>, ()>
[INFO] [stdout]                                at /rustc/dfb0accb7f508ae8be965d8629557221c889dd98/library/std/src/panicking.rs:576:43
[INFO] [stdout]   39:     0x629b67b96182 - std[70759c8f55707aa4]::panicking::catch_unwind::<(), core[df12db4294e9bfd3]::panic::unwind_safe::AssertUnwindSafe<std[70759c8f55707aa4]::thread::lifecycle::spawn_unchecked<test[9d35eded1c95d3be]::run_test::{closure#1}, ()>::{closure#1}::{closure#0}>>
[INFO] [stdout]                                at /rustc/dfb0accb7f508ae8be965d8629557221c889dd98/library/std/src/panicking.rs:544:19
[INFO] [stdout]   40:     0x629b67b96182 - std[70759c8f55707aa4]::panic::catch_unwind::<core[df12db4294e9bfd3]::panic::unwind_safe::AssertUnwindSafe<std[70759c8f55707aa4]::thread::lifecycle::spawn_unchecked<test[9d35eded1c95d3be]::run_test::{closure#1}, ()>::{closure#1}::{closure#0}>, ()>
[INFO] [stdout]                                at /rustc/dfb0accb7f508ae8be965d8629557221c889dd98/library/std/src/panic.rs:359:14
[INFO] [stdout]   41:     0x629b67b96182 - std[70759c8f55707aa4]::thread::lifecycle::spawn_unchecked::<test[9d35eded1c95d3be]::run_test::{closure#1}, ()>::{closure#1}
[INFO] [stdout]                                at /rustc/dfb0accb7f508ae8be965d8629557221c889dd98/library/std/src/thread/lifecycle.rs:68:26
[INFO] [stdout]   42:     0x629b67b96182 - <std[70759c8f55707aa4]::thread::lifecycle::spawn_unchecked<test[9d35eded1c95d3be]::run_test::{closure#1}, ()>::{closure#1} as core[df12db4294e9bfd3]::ops::function::FnOnce<()>>::call_once::{shim:vtable#0}
[INFO] [stdout]                                at /rustc/dfb0accb7f508ae8be965d8629557221c889dd98/library/core/src/ops/function.rs:250:5
[INFO] [stdout]   43:     0x629b67d28d19 - <alloc[2182bb758b4b3781]::boxed::Box<dyn core[df12db4294e9bfd3]::ops::function::FnOnce<(), Output = ()> + core[df12db4294e9bfd3]::marker::Send> as core[df12db4294e9bfd3]::ops::function::FnOnce<()>>::call_once
[INFO] [stdout]                                at /rustc/dfb0accb7f508ae8be965d8629557221c889dd98/library/alloc/src/boxed.rs:2320:9
[INFO] [stdout]   44:     0x629b67d28d19 - <std[70759c8f55707aa4]::sys::thread::unix::Thread>::new::thread_start
[INFO] [stdout]                                at /rustc/dfb0accb7f508ae8be965d8629557221c889dd98/library/std/src/sys/thread/unix.rs:123:17
[INFO] [stdout]   45:     0x732d0fd72dfa - <unknown>
[INFO] [stdout]   46:     0x732d0fe063d4 - clone
[INFO] [stdout]   47:                0x0 - <unknown>
[INFO] [stdout] 
[INFO] [stdout] 
[INFO] [stdout] failures:
[INFO] [stdout]     expansions_match
[INFO] [stdout] 
[INFO] [stdout] test result: FAILED. 0 passed; 1 failed; 0 ignored; 0 measured; 0 filtered out; finished in 0.02s
[INFO] [stdout] 
[INFO] [stderr] error: test failed, to rerun pass `--test expansions`
[INFO] running `Command { std: "docker" "inspect" "116b3bd44822277e9c9b09658b2430b2e05a6d2ff87d572cbfd2bfbdcc1e3329", kill_on_drop: false }`
[INFO] running `Command { std: "docker" "rm" "-f" "116b3bd44822277e9c9b09658b2430b2e05a6d2ff87d572cbfd2bfbdcc1e3329", kill_on_drop: false }`
[INFO] [stdout] 116b3bd44822277e9c9b09658b2430b2e05a6d2ff87d572cbfd2bfbdcc1e3329
