[INFO] fetching crate the-code-graph-cli 0.1.2...
[INFO] testing the-code-graph-cli-0.1.2 against 1.100.0-beta.1 for beta-1.100-2
[INFO] extracting crate the-code-graph-cli 0.1.2 into /workspace/builds/worker-1-tc2/source
[INFO] started tweaking crates.io crate the-code-graph-cli 0.1.2
[INFO] finished tweaking crates.io crate the-code-graph-cli 0.1.2
[INFO] tweaked toml for crates.io crate the-code-graph-cli 0.1.2 written to /workspace/builds/worker-1-tc2/source/Cargo.toml
[INFO] validating manifest of crates.io crate the-code-graph-cli 0.1.2 on toolchain 1.100.0-beta.1
[INFO] running `Command { std: CARGO_HOME="/workspace/cargo-home" RUSTUP_HOME="/workspace/rustup-home" "/workspace/cargo-home/bin/cargo" "+1.100.0-beta.1" "metadata" "--manifest-path" "Cargo.toml" "--no-deps", kill_on_drop: false }`
[INFO] crate crates.io crate the-code-graph-cli 0.1.2 already has a lockfile, it will not be regenerated
[INFO] running `Command { std: CARGO_HOME="/workspace/cargo-home" RUSTUP_HOME="/workspace/rustup-home" "/workspace/cargo-home/bin/cargo" "+1.100.0-beta.1" "fetch" "--manifest-path" "Cargo.toml", kill_on_drop: false }`
[INFO] running `Command { std: "docker" "create" "-v" "/var/lib/crater-agent-workspace/builds/worker-1-tc2/source:/opt/rustwide/workdir:ro,Z" "-v" "/var/lib/crater-agent-workspace/builds/worker-1-tc2/target:/opt/rustwide/target:rw,Z" "-v" "/var/lib/crater-agent-workspace/cargo-home:/opt/rustwide/cargo-home:ro,Z" "-v" "/var/lib/crater-agent-workspace/rustup-home:/opt/rustwide/rustup-home:ro,Z" "-m" "1610612736" "--network" "none" "ghcr.io/rust-lang/crates-build-env/linux@sha256:3111399a4047eeb3a02b7a90e478d715f38a8c6669b5c4b49d30a17385265909" "sleep" "infinity", kill_on_drop: false }`
[INFO] [stdout] 3e4805569723bdfe9bb75ed6c54789d60d6ecb5a8b3e1080de1cb20f0fd1adfe
[INFO] running `Command { std: "docker" "start" "3e4805569723bdfe9bb75ed6c54789d60d6ecb5a8b3e1080de1cb20f0fd1adfe", kill_on_drop: false }`
[INFO] running `Command { std: "docker" "inspect" "3e4805569723bdfe9bb75ed6c54789d60d6ecb5a8b3e1080de1cb20f0fd1adfe", kill_on_drop: false }`
[INFO] running `Command { std: "docker" "exec" "-e" "SOURCE_DIR=/opt/rustwide/workdir" "-e" "CARGO_HOME=/opt/rustwide/cargo-home" "-e" "RUSTUP_HOME=/opt/rustwide/rustup-home" "-e" "CARGO_TARGET_DIR=/opt/rustwide/target" "-w" "/opt/rustwide/workdir" "--user" "0:0" "3e4805569723bdfe9bb75ed6c54789d60d6ecb5a8b3e1080de1cb20f0fd1adfe" "/opt/rustwide/cargo-home/bin/cargo" "+1.100.0-beta.1" "metadata" "--no-deps" "--format-version=1", kill_on_drop: false }`
[INFO] running `Command { std: "docker" "inspect" "3e4805569723bdfe9bb75ed6c54789d60d6ecb5a8b3e1080de1cb20f0fd1adfe", kill_on_drop: false }`
[INFO] running `Command { std: "docker" "exec" "-e" "SOURCE_DIR=/opt/rustwide/workdir" "-e" "CARGO_HOME=/opt/rustwide/cargo-home" "-e" "RUSTUP_HOME=/opt/rustwide/rustup-home" "-e" "CARGO_TARGET_DIR=/opt/rustwide/target" "-e" "CARGO_INCREMENTAL=0" "-e" "RUST_BACKTRACE=full" "-e" "RUSTFLAGS=--cap-lints=warn" "-e" "RUSTDOCFLAGS=--cap-lints=warn" "-w" "/opt/rustwide/workdir" "--user" "0:0" "3e4805569723bdfe9bb75ed6c54789d60d6ecb5a8b3e1080de1cb20f0fd1adfe" "/opt/rustwide/cargo-home/bin/cargo" "+1.100.0-beta.1" "build" "--frozen" "--message-format=json", kill_on_drop: false }`
[INFO] [stderr]    Compiling libc v0.2.183
[INFO] [stderr]    Compiling smallvec v1.15.1
[INFO] [stderr]    Compiling tree-sitter-language v0.1.7
[INFO] [stderr]    Compiling zerofrom-derive v0.1.6
[INFO] [stderr]    Compiling yoke-derive v0.8.1
[INFO] [stderr]    Compiling zerovec-derive v0.11.2
[INFO] [stderr]    Compiling litemap v0.8.1
[INFO] [stderr]    Compiling writeable v0.6.2
[INFO] [stderr]    Compiling icu_normalizer_data v2.1.1
[INFO] [stderr]    Compiling icu_properties_data v2.1.2
[INFO] [stderr]    Compiling rand_core v0.10.0
[INFO] [stderr]    Compiling thiserror v2.0.18
[INFO] [stderr]    Compiling indexmap v2.13.0
[INFO] [stderr]    Compiling rustversion v1.0.22
[INFO] [stderr]    Compiling libsqlite3-sys v0.35.0
[INFO] [stderr]    Compiling serde_json v1.0.149
[INFO] [stderr]    Compiling hashbrown v0.15.5
[INFO] [stderr]    Compiling chacha20 v0.10.0
[INFO] [stderr]    Compiling float-cmp v0.10.0
[INFO] [stderr]    Compiling halfbrown v0.4.0
[INFO] [stderr]    Compiling ref-cast-impl v1.0.25
[INFO] [stderr]    Compiling percent-encoding v2.3.2
[INFO] [stderr]    Compiling value-trait v0.12.1
[INFO] [stderr]    Compiling form_urlencoded v1.2.2
[INFO] [stderr]    Compiling castaway v0.2.4
[INFO] [stderr]    Compiling tree-sitter v0.24.7
[INFO] [stderr]    Compiling hashlink v0.10.0
[INFO] [stderr]    Compiling ref-cast v1.0.25
[INFO] [stderr]    Compiling tree-sitter-python v0.23.6
[INFO] [stderr]    Compiling zerofrom v0.1.6
[INFO] [stderr]    Compiling tree-sitter-rust v0.23.3
[INFO] [stderr]    Compiling tree-sitter-typescript v0.23.2
[INFO] [stderr]    Compiling yoke v0.8.1
[INFO] [stderr]    Compiling tree-sitter-go v0.23.4
[INFO] [stderr]    Compiling getrandom v0.3.4
[INFO] [stderr]    Compiling getrandom v0.4.2
[INFO] [stderr]    Compiling parking_lot_core v0.9.12
[INFO] [stderr]    Compiling rand_core v0.9.5
[INFO] [stderr]    Compiling rand v0.10.0
[INFO] [stderr]    Compiling zerovec v0.11.5
[INFO] [stderr]    Compiling zerotrie v0.2.3
[INFO] [stderr]    Compiling seize v0.5.1
[INFO] [stderr]    Compiling parking_lot v0.12.5
[INFO] [stderr]    Compiling rand_chacha v0.9.0
[INFO] [stderr]    Compiling rand v0.9.2
[INFO] [stderr]    Compiling scheduled-thread-pool v0.2.7
[INFO] [stderr]    Compiling tinystr v0.8.2
[INFO] [stderr]    Compiling potential_utf v0.1.4
[INFO] [stderr]    Compiling icu_collections v2.1.1
[INFO] [stderr]    Compiling inotify-sys v0.1.5
[INFO] [stderr]    Compiling icu_locale_core v2.1.1
[INFO] [stderr]    Compiling tree-sitter-javascript v0.23.1
[INFO] [stderr]    Compiling simdutf8 v0.1.5
[INFO] [stderr]    Compiling compact_str v0.9.0
[INFO] [stderr]    Compiling fast-glob v1.0.1
[INFO] [stderr]    Compiling simd-json v0.17.0
[INFO] [stderr]    Compiling toml_edit v0.22.27
[INFO] [stderr]    Compiling the-code-graph-domain v0.1.2
[INFO] [stderr]    Compiling uuid v1.23.0
[INFO] [stderr]    Compiling icu_provider v2.1.1
[INFO] [stderr]    Compiling inotify v0.11.1
[INFO] [stderr]    Compiling icu_properties v2.1.2
[INFO] [stderr]    Compiling icu_normalizer v2.1.1
[INFO] [stderr]    Compiling r2d2 v0.8.10
[INFO] [stderr]    Compiling papaya v0.2.3
[INFO] [stderr]    Compiling mio v1.2.0
[INFO] [stderr]    Compiling errno v0.3.14
[INFO] [stderr]    Compiling idna_adapter v1.2.1
[INFO] [stderr]    Compiling idna v1.1.0
[INFO] [stderr]    Compiling regex v1.12.3
[INFO] [stderr]    Compiling url v2.5.8
[INFO] [stderr]    Compiling notify-types v2.1.0
[INFO] [stderr]    Compiling json-strip-comments v3.1.0
[INFO] [stderr]    Compiling self_cell v1.2.2
[INFO] [stderr]    Compiling signal-hook v0.3.18
[INFO] [stderr]    Compiling either v1.15.0
[INFO] [stderr]    Compiling streaming-iterator v0.1.9
[INFO] [stderr]    Compiling nodejs-built-in-modules v1.0.0
[INFO] [stderr]    Compiling tracing-subscriber v0.3.23
[INFO] [stderr]    Compiling oxc_resolver v11.19.1
[INFO] [stderr]    Compiling notify v8.2.0
[INFO] [stderr]    Compiling time v0.3.47
[INFO] [stderr]    Compiling toml v0.8.23
[INFO] [stderr]    Compiling signal-hook-registry v1.4.8
[INFO] [stderr]    Compiling crossbeam-channel v0.5.15
[INFO] [stderr]    Compiling strsim v0.11.1
[INFO] [stderr]    Compiling file-id v0.2.3
[INFO] [stderr]    Compiling tempfile v3.27.0
[INFO] [stderr]    Compiling notify-debouncer-full v0.5.0
[INFO] [stderr]    Compiling clap_derive v4.6.0
[INFO] [stderr]    Compiling clap_builder v4.6.0
[INFO] [stderr]    Compiling the-code-graph-parser v0.1.2
[INFO] [stderr]    Compiling rayon v1.11.0
[INFO] [stderr]    Compiling env_home v0.1.0
[INFO] [stderr]    Compiling tracing-appender v0.2.4
[INFO] [stderr]    Compiling the-code-graph-watch v0.1.2
[INFO] [stderr]    Compiling which v7.0.3
[INFO] [stderr]    Compiling clap v4.6.0
[INFO] [stderr]    Compiling rusqlite v0.37.0
[INFO] [stderr]    Compiling r2d2_sqlite v0.31.0
[INFO] [stderr]    Compiling the-code-graph-storage v0.1.2
[INFO] [stderr]    Compiling the-code-graph-eval v0.1.2
[INFO] [stderr]    Compiling the-code-graph-cli v0.1.2 (/opt/rustwide/workdir)
[INFO] [stderr]     Finished `dev` profile [unoptimized + debuginfo] target(s) in 1m 22s
[INFO] running `Command { std: "docker" "inspect" "3e4805569723bdfe9bb75ed6c54789d60d6ecb5a8b3e1080de1cb20f0fd1adfe", kill_on_drop: false }`
[INFO] running `Command { std: "docker" "exec" "-e" "SOURCE_DIR=/opt/rustwide/workdir" "-e" "CARGO_HOME=/opt/rustwide/cargo-home" "-e" "RUSTUP_HOME=/opt/rustwide/rustup-home" "-e" "CARGO_TARGET_DIR=/opt/rustwide/target" "-e" "CARGO_INCREMENTAL=0" "-e" "RUST_BACKTRACE=full" "-e" "RUSTFLAGS=--cap-lints=warn" "-e" "RUSTDOCFLAGS=--cap-lints=warn" "-w" "/opt/rustwide/workdir" "--user" "0:0" "3e4805569723bdfe9bb75ed6c54789d60d6ecb5a8b3e1080de1cb20f0fd1adfe" "/opt/rustwide/cargo-home/bin/cargo" "+1.100.0-beta.1" "test" "--frozen" "--no-run" "--message-format=json", kill_on_drop: false }`
[INFO] [stderr]    Compiling the-code-graph-cli v0.1.2 (/opt/rustwide/workdir)
[INFO] [stderr]     Finished `test` profile [unoptimized + debuginfo] target(s) in 7.26s
[INFO] running `Command { std: "docker" "inspect" "3e4805569723bdfe9bb75ed6c54789d60d6ecb5a8b3e1080de1cb20f0fd1adfe", kill_on_drop: false }`
[INFO] running `Command { std: "docker" "exec" "-e" "SOURCE_DIR=/opt/rustwide/workdir" "-e" "CARGO_HOME=/opt/rustwide/cargo-home" "-e" "RUSTUP_HOME=/opt/rustwide/rustup-home" "-e" "CARGO_TARGET_DIR=/opt/rustwide/target" "-e" "CARGO_INCREMENTAL=0" "-e" "RUST_BACKTRACE=full" "-e" "RUSTFLAGS=--cap-lints=warn" "-e" "RUSTDOCFLAGS=--cap-lints=warn" "-w" "/opt/rustwide/workdir" "--user" "0:0" "3e4805569723bdfe9bb75ed6c54789d60d6ecb5a8b3e1080de1cb20f0fd1adfe" "/opt/rustwide/cargo-home/bin/cargo" "+1.100.0-beta.1" "test" "--frozen", kill_on_drop: false }`
[INFO] [stderr]     Finished `test` profile [unoptimized + debuginfo] target(s) in 0.25s
[INFO] [stderr]      Running unittests src/lib.rs (/opt/rustwide/target/debug/build/the-code-graph-cli/cc151df80edb8f98/out/the_code_graph_cli-cc151df80edb8f98)
[INFO] [stdout] 
[INFO] [stdout] running 162 tests
[INFO] [stdout] test adapters::git::tests::parse_delete_hunk ... ok
[INFO] [stdout] test adapters::fs::tests::list_files_respects_code_graphignore ... ok
[INFO] [stdout] test adapters::fs::tests::file_hash_is_deterministic_sha256 ... ok
[INFO] [stdout] test adapters::git::tests::parse_git_status_both_modified ... ok
[INFO] [stdout] test adapters::fs::tests::list_files_respects_gitignore ... ok
[INFO] [stdout] test adapters::git::tests::parse_empty_output ... ok
[INFO] [stdout] test adapters::git::tests::parse_git_status_deleted_file ... ok
[INFO] [stdout] test adapters::fs::tests::read_file_returns_contents ... ok
[INFO] [stdout] test adapters::git::tests::parse_git_status_empty_output ... ok
[INFO] [stdout] test adapters::fs::tests::list_files_filters_by_extension ... ok
[INFO] [stdout] test adapters::git::tests::parse_git_status_filters_unsupported_extensions ... ok
[INFO] [stdout] test adapters::git::tests::parse_git_status_modified_file ... ok
[INFO] [stdout] test adapters::git::tests::parse_git_status_rename_uses_new_name ... ok
[INFO] [stdout] test adapters::git::tests::parse_git_status_multi_line_mixed ... ok
[INFO] [stdout] test adapters::git::tests::parse_git_status_untracked_file ... ok
[INFO] [stdout] test adapters::git::tests::parse_modify_hunk ... ok
[INFO] [stdout] test adapters::git::tests::parse_rename ... ok
[INFO] [stdout] test adapters::git::tests::parse_multi_file_diff ... ok
[INFO] [stdout] test adapters::git::tests::parse_single_hunk_add ... ok
[INFO] [stdout] test adapters::git::tests::parse_single_line_hunk ... ok
[INFO] [stdout] test adapters::parse::tests::empty_files_returns_empty ... ok
[INFO] [stdout] test commands::eval::tests::displayable_compact_output ... ok
[INFO] [stdout] test commands::eval::tests::displayable_json_output ... ok
[INFO] [stdout] test adapters::parse::tests::unsupported_extension_is_skipped ... ok
[INFO] [stdout] test commands::eval::tests::suite_from_string_all ... ok
[INFO] [stdout] test commands::eval::tests::suite_from_string_impact ... ok
[INFO] [stdout] test commands::eval::tests::suite_from_string_invalid ... ok
[INFO] [stdout] test commands::impact::tests::disambiguate_bare_name_is_symbol ... ok
[INFO] [stdout] test commands::impact::tests::disambiguate_file_path_with_slash ... ok
[INFO] [stdout] test commands::impact::tests::disambiguate_file_with_known_extension ... ok
[INFO] [stdout] test commands::impact::tests::disambiguate_qualified_name ... ok
[INFO] [stdout] test commands::eval::tests::suite_from_string_search ... ok
[INFO] [stdout] test adapters::parse::tests::single_ts_file_returns_file_data ... ok
[INFO] [stdout] test adapters::parse::tests::parse_error_skips_file_others_succeed ... ok
[INFO] [stdout] test adapters::parse::tests::multiple_files_with_imports_have_resolved_edges ... ok
[INFO] [stdout] test commands::setup::tests::check_hook_status_installed ... ok
[INFO] [stdout] test commands::setup::tests::check_hook_status_missing ... ok
[INFO] [stdout] test commands::setup::tests::check_all_installed_reports_ok ... ok
[INFO] [stdout] test commands::setup::tests::check_hook_status_outdated ... ok
[INFO] [stdout] test commands::setup::tests::check_missing_hooks_reports_missing ... ok
[INFO] [stdout] test commands::setup::tests::check_outdated_hook_reports_outdated ... ok
[INFO] [stdout] test commands::setup::tests::hook_definitions_have_correct_structure ... ok
[INFO] [stdout] test commands::setup::tests::full_install_check_remove_cycle ... ok
[INFO] [stdout] test commands::setup::tests::install_adds_gitignore_entry ... ok
[INFO] [stdout] test commands::setup::tests::idempotent_install_no_duplicates_integration ... ok
[INFO] [stdout] test commands::setup::tests::install_creates_hooks_in_empty_settings ... ok
[INFO] [stdout] test commands::setup::tests::install_idempotent_no_duplicates ... ok
[INFO] [stdout] test commands::setup::tests::install_preserves_existing_non_codegraph_hooks ... ok
[INFO] [stdout] test commands::setup::tests::install_on_existing_settings_preserves_other_hooks ... ok
[INFO] [stdout] test commands::setup::tests::install_preserves_existing_settings ... ok
[INFO] [stdout] test commands::setup::tests::install_unknown_platform_errors ... ok
[INFO] [stdout] test commands::setup::tests::is_code_graph_hook_identifies_our_hooks ... ok
[INFO] [stdout] test commands::setup::tests::install_updates_outdated_hooks ... ok
[INFO] [stdout] test commands::setup::tests::is_code_graph_hook_ignores_other_hooks ... ok
[INFO] [stdout] test commands::setup::tests::read_settings_errors_on_invalid_json ... ok
[INFO] [stdout] test commands::setup::tests::read_settings_parses_existing_json ... ok
[INFO] [stdout] test commands::setup::tests::read_settings_returns_empty_for_missing_file ... ok
[INFO] [stdout] test commands::setup::tests::purge_deletes_data_directory_integration ... ok
[INFO] [stdout] test commands::setup::tests::remove_cleans_empty_event_arrays ... ok
[INFO] [stdout] test commands::setup::tests::remove_filters_code_graph_hooks ... ok
[INFO] [stdout] test commands::setup::tests::remove_cleans_empty_hooks_object ... ok
[INFO] [stdout] test commands::setup::tests::remove_preserves_other_settings ... ok
[INFO] [stdout] test commands::setup::tests::remove_with_clean_removes_gitignore ... ok
[INFO] [stdout] test commands::setup::tests::remove_with_purge_deletes_data_dir ... ok
[INFO] [stdout] test commands::setup::tests::write_settings_creates_parent_dirs ... ok
[INFO] [stdout] test commands::setup::tests::write_settings_preserves_key_order ... ok
[INFO] [stdout] test commands::setup_helpers::tests::ensure_gitignore_appends ... ok
[INFO] [stdout] test commands::setup_helpers::tests::ensure_gitignore_creates_file ... ok
[INFO] [stdout] test commands::setup_helpers::tests::ensure_gitignore_handles_no_trailing_newline ... ok
[INFO] [stdout] test commands::setup_helpers::tests::ensure_gitignore_idempotent ... ok
[INFO] [stdout] test commands::setup_helpers::tests::find_on_path_returns_none_for_nonexistent ... ok
[INFO] [stdout] test commands::setup_helpers::tests::find_on_path_returns_some_for_existing_binary ... ok
[INFO] [stdout] test commands::setup_helpers::tests::remove_gitignore_entry_noop_when_absent ... ok
[INFO] [stdout] test commands::setup::tests::remove_noop_when_no_hooks ... ok
[INFO] [stdout] test commands::setup_helpers::tests::remove_gitignore_noop_no_file ... ok
[INFO] [stdout] test commands::setup_helpers::tests::resolve_settings_path_global ... ok
[INFO] [stdout] test commands::setup_helpers::tests::resolve_settings_path_local ... ok
[INFO] [stdout] test commands::setup_helpers::tests::remove_gitignore_entry_removes_line_and_comment ... ok
[INFO] [stdout] test commands::setup_helpers::tests::resolve_settings_path_local_without_root_errors ... ok
[INFO] [stdout] Indexed 2 files, 3 symbols, 3 edges in 0.0s
[INFO] [stdout] test commands::tests::parse_clones_command ... ok
[INFO] [stdout] Indexed 1 files, 1 symbols, 1 edges in 0.0s
[INFO] [stdout] test commands::index::tests::index_on_fixture_project_creates_db ... ok
[INFO] [stdout] test commands::tests::parse_dead_code_command ... ok
[INFO] [stdout] test commands::tests::parse_dead_code_with_flags ... ok
[INFO] [stdout] test commands::tests::parse_find_command ... ok
[INFO] [stdout] test commands::tests::parse_index_command ... ok
[INFO] [stdout] test commands::tests::parse_index_with_embed ... ok
[INFO] [stdout] test commands::tests::parse_index_with_embed_model ... ok
[INFO] [stdout] test commands::tests::parse_json_global_flag ... ok
[INFO] [stdout] test commands::tests::parse_risk_min_score ... ok
[INFO] [stdout] test commands::tests::parse_risk_command ... ok
[INFO] [stdout] Indexed 1 files, 1 symbols, 1 edges in 0.0s
[INFO] [stdout] test commands::tests::parse_risk_symbols ... ok
[INFO] [stdout] test commands::tests::parse_risk_target ... ok
[INFO] [stdout] test commands::tests::parse_search_with_fts_only ... ok
[INFO] [stdout] test commands::tests::parse_search_with_semantic_only ... ok
[INFO] [stdout] test commands::tests::parse_verbose_flag ... ok
[INFO] [stdout] test commands::tests::stub_returns_not_implemented ... ok
[INFO] [stdout] test commands::watch::tests::ensure_fresh_skips_when_daemon_running ... ok
[INFO] [stdout] Indexed 1 files, 1 symbols, 1 edges in 0.0s
[INFO] [stdout] test commands::watch::tests::watch_status_when_not_running ... ok
[INFO] [stdout] test config::tests::communities_config_parses ... ok
[INFO] [stdout] test config::tests::dead_code_config_parses ... ok
[INFO] [stdout] test config::tests::embeddings_config_parses ... ok
[INFO] [stdout] test commands::watch::tests::watch_stop_when_not_running ... ok
[INFO] [stdout] test config::tests::invalid_toml_returns_error ... ok
[INFO] [stdout] test config::tests::missing_config_returns_defaults ... ok
[INFO] [stdout] test config::tests::risk_config_parses ... ok
[INFO] [stdout] test config::tests::valid_config_parses ... ok
[INFO] [stdout] test logging::tests::init_logging_does_not_panic ... ok
[INFO] [stdout] test output::tests::criticality_compact_format ... ok
[INFO] [stdout] test output::tests::criticality_json_format ... ok
[INFO] [stdout] test output::tests::criticality_table_format ... ok
[INFO] [stdout] test output::tests::diff_impact_report_compact_format ... ok
[INFO] [stdout] test output::tests::diff_impact_report_json_format ... ok
[INFO] [stdout] test output::tests::diff_impact_report_table_format ... ok
[INFO] [stdout] test output::tests::find_result_compact_empty_relations ... ok
[INFO] [stdout] test config::tests::flows_config_parses ... ok
[INFO] [stdout] Indexed 1 files, 2 symbols, 2 edges in 0.1s
[INFO] [stdout] test output::tests::find_result_json_format ... ok
[INFO] [stdout] test output::tests::find_result_compact_format ... ok
[INFO] [stdout] test output::tests::flow_analysis_compact_format ... ok
[INFO] [stdout] test output::tests::find_result_table_format ... ok
[INFO] [stdout] test output::tests::flow_analysis_json_format ... ok
[INFO] [stdout] test output::tests::flow_analysis_table_format ... ok
[INFO] [stdout] test output::tests::graph_stats_compact_with_flow_fields ... ok
[INFO] [stdout] test output::tests::graph_stats_compact_with_risk_fields ... ok
[INFO] [stdout] test output::tests::graph_stats_compact_without_flow_fields ... ok
[INFO] [stdout] test output::tests::graph_stats_json_format ... ok
[INFO] [stdout] test output::tests::graph_stats_table_format ... ok
[INFO] [stdout] test output::tests::graph_stats_table_with_risk_fields ... ok
[INFO] [stdout] test output::tests::graph_stats_zero_symbols_shows_zero_flow_fields ... ok
[INFO] [stdout] test output::tests::impact_report_compact_format ... ok
[INFO] [stdout] test commands::index::tests::index_files_updates_specific_files ... ok
[INFO] [stdout] test output::tests::graph_stats_compact_format ... ok
[INFO] [stdout] test output::tests::impact_report_json_format ... ok
[INFO] [stdout] test output::tests::index_stats_compact_format ... ok
[INFO] [stdout] test output::tests::index_stats_json_format ... ok
[INFO] [stdout] test output::tests::index_stats_table_format ... ok
[INFO] [stdout] test output::tests::output_format_from_flags_compact ... ok
[INFO] [stdout] test output::tests::output_format_from_flags_json ... ok
[INFO] [stdout] test output::tests::output_format_from_flags_table ... ok
[INFO] [stdout] test output::tests::output_format_json_takes_precedence ... ok
[INFO] [stdout] test output::tests::reference_compact_format ... ok
[INFO] [stdout] test output::tests::reference_json_format ... ok
[INFO] [stdout] test output::tests::reference_table_format ... ok
[INFO] [stdout] test output::tests::risk_analysis_compact_format ... ok
[INFO] [stdout] test output::tests::risk_analysis_json_format ... ok
[INFO] [stdout] test output::tests::risk_score_detail_compact_format ... ok
[INFO] [stdout] test output::tests::risk_score_vec_compact_format ... ok
[INFO] [stdout] test output::tests::search_result_compact_format ... ok
[INFO] [stdout] test output::tests::search_result_json_format ... ok
[INFO] [stdout] test output::tests::search_result_table_format ... ok
[INFO] [stdout] test project::tests::blocklisted_root_slash ... ok
[INFO] [stdout] test project::tests::ensure_data_dir_creates_directory ... ok
[INFO] [stdout] test output::tests::impact_report_table_format ... ok
[INFO] [stdout] test project::tests::ensure_data_dir_idempotent ... ok
[INFO] [stdout] test project::tests::no_git_dir_returns_no_project_or_blocklisted ... ok
[INFO] [stdout] test project::tests::walks_up_to_find_git_dir ... ok
[INFO] [stdout] test project::tests::finds_root_with_git_dir ... ok
[INFO] [stdout] Indexed 1 files, 2 symbols, 2 edges in 0.1s
[INFO] [stdout] test output::tests::impact_report_sorted_by_confidence_then_depth ... ok
[INFO] [stdout] Indexed 0 files, 0 symbols, 0 edges in 0.0s
[INFO] [stdout] test commands::index::tests::index_incremental_updates_changed_files ... ok
[INFO] [stdout] test commands::index::tests::index_incremental_with_no_changes ... ok
[INFO] [stdout] test commands::tests::all_subcommands_parse ... ok
[INFO] [stdout] test adapters::git::tests::changed_files_returns_paths ... FAILED
[INFO] [stdout] test adapters::git::tests::current_head_returns_40_char_hex ... FAILED
[INFO] [stdout] 
[INFO] [stdout] failures:
[INFO] [stdout] 
[INFO] [stdout] ---- adapters::git::tests::changed_files_returns_paths stdout ----
[INFO] [stdout] 
[INFO] [stdout] thread 'adapters::git::tests::changed_files_returns_paths' (1590) panicked at src/adapters/git.rs:213:60:
[INFO] [stdout] called `Result::unwrap()` on an `Err` value: Git("error: Could not access 'HEAD'")
[INFO] [stdout] stack backtrace:
[INFO] [stdout]    0:     0x57a6bede3991 - std[617be2ca0a6fd877]::backtrace_rs::backtrace::libunwind::trace
[INFO] [stdout]                                at /rustc/e3feeb59cd1bdd011a2bfcc0747b55125d9b8527/library/std/src/../../backtrace/src/backtrace/libunwind.rs:117:9
[INFO] [stdout]    1:     0x57a6bede3991 - std[617be2ca0a6fd877]::backtrace_rs::backtrace::trace_unsynchronized::<std[617be2ca0a6fd877]::sys::backtrace::_print_fmt::{closure#1}>
[INFO] [stdout]                                at /rustc/e3feeb59cd1bdd011a2bfcc0747b55125d9b8527/library/std/src/../../backtrace/src/backtrace/mod.rs:66:14
[INFO] [stdout]    2:     0x57a6bede3991 - std[617be2ca0a6fd877]::sys::backtrace::_print_fmt
[INFO] [stdout]                                at /rustc/e3feeb59cd1bdd011a2bfcc0747b55125d9b8527/library/std/src/sys/backtrace.rs:74:9
[INFO] [stdout]    3:     0x57a6bede3991 - <<std[617be2ca0a6fd877]::sys::backtrace::BacktraceLock>::print::DisplayBacktrace as core[a373ad73a504971]::fmt::Display>::fmt
[INFO] [stdout]                                at /rustc/e3feeb59cd1bdd011a2bfcc0747b55125d9b8527/library/std/src/sys/backtrace.rs:44:26
[INFO] [stdout]    4:     0x57a6bedfba0a - <core[a373ad73a504971]::fmt::rt::Argument>::fmt
[INFO] [stdout]                                at /rustc/e3feeb59cd1bdd011a2bfcc0747b55125d9b8527/library/core/src/fmt/rt.rs:152:76
[INFO] [stdout]    5:     0x57a6bedfba0a - core[a373ad73a504971]::fmt::write
[INFO] [stdout]    6:     0x57a6bede8fbc - core[a373ad73a504971]::io::write::default_write_fmt::<alloc[2e1b2a31b91974c5]::vec::Vec<u8>>
[INFO] [stdout]                                at /rustc/e3feeb59cd1bdd011a2bfcc0747b55125d9b8527/library/core/src/io/write.rs:402:11
[INFO] [stdout]    7:     0x57a6bede8fbc - <alloc[2e1b2a31b91974c5]::vec::Vec<u8> as core[a373ad73a504971]::io::write::Write>::write_fmt
[INFO] [stdout]                                at /rustc/e3feeb59cd1bdd011a2bfcc0747b55125d9b8527/library/core/src/io/write.rs:335:13
[INFO] [stdout]    8:     0x57a6bedbbc16 - <std[617be2ca0a6fd877]::sys::backtrace::BacktraceLock>::print
[INFO] [stdout]                                at /rustc/e3feeb59cd1bdd011a2bfcc0747b55125d9b8527/library/std/src/sys/backtrace.rs:47:9
[INFO] [stdout]    9:     0x57a6bedbbc16 - std[617be2ca0a6fd877]::panicking::default_hook::{closure#0}
[INFO] [stdout]                                at /rustc/e3feeb59cd1bdd011a2bfcc0747b55125d9b8527/library/std/src/panicking.rs:289:27
[INFO] [stdout]   10:     0x57a6bedda5a9 - std[617be2ca0a6fd877]::panicking::default_hook
[INFO] [stdout]                                at /rustc/e3feeb59cd1bdd011a2bfcc0747b55125d9b8527/library/std/src/panicking.rs:313:9
[INFO] [stdout]   11:     0x57a6be31fea0 - <alloc[2e1b2a31b91974c5]::boxed::Box<dyn for<'a, 'b> core[a373ad73a504971]::ops::function::Fn<(&'a std[617be2ca0a6fd877]::panic::PanicHookInfo<'b>,), Output = ()> + core[a373ad73a504971]::marker::Sync + core[a373ad73a504971]::marker::Send> as core[a373ad73a504971]::ops::function::Fn<(&std[617be2ca0a6fd877]::panic::PanicHookInfo,)>>::call
[INFO] [stdout]                                at /rustc/e3feeb59cd1bdd011a2bfcc0747b55125d9b8527/library/alloc/src/boxed.rs:2328:9
[INFO] [stdout]   12:     0x57a6be31fea0 - test[aada8e7e76ba119b]::test_main_inner::{closure#0}
[INFO] [stdout]                                at /rustc/e3feeb59cd1bdd011a2bfcc0747b55125d9b8527/library/test/src/lib.rs:137:21
[INFO] [stdout]   13:     0x57a6bedda8d2 - <alloc[2e1b2a31b91974c5]::boxed::Box<dyn for<'a, 'b> core[a373ad73a504971]::ops::function::Fn<(&'a std[617be2ca0a6fd877]::panic::PanicHookInfo<'b>,), Output = ()> + core[a373ad73a504971]::marker::Sync + core[a373ad73a504971]::marker::Send> as core[a373ad73a504971]::ops::function::Fn<(&std[617be2ca0a6fd877]::panic::PanicHookInfo,)>>::call
[INFO] [stdout]                                at /rustc/e3feeb59cd1bdd011a2bfcc0747b55125d9b8527/library/alloc/src/boxed.rs:2328:9
[INFO] [stdout]   14:     0x57a6bedda8d2 - std[617be2ca0a6fd877]::panicking::panic_with_hook
[INFO] [stdout]                                at /rustc/e3feeb59cd1bdd011a2bfcc0747b55125d9b8527/library/std/src/panicking.rs:819:13
[INFO] [stdout]   15:     0x57a6bedbbcc2 - std[617be2ca0a6fd877]::panicking::panic_handler::{closure#0}
[INFO] [stdout]                                at /rustc/e3feeb59cd1bdd011a2bfcc0747b55125d9b8527/library/std/src/panicking.rs:685:13
[INFO] [stdout]   16:     0x57a6bedb4659 - std[617be2ca0a6fd877]::sys::backtrace::__rust_end_short_backtrace::<std[617be2ca0a6fd877]::panicking::panic_handler::{closure#0}, !>
[INFO] [stdout]                                at /rustc/e3feeb59cd1bdd011a2bfcc0747b55125d9b8527/library/std/src/sys/backtrace.rs:182:18
[INFO] [stdout]   17:     0x57a6bedbc8cd - __rustc[ea4f61d10b84890b]::rust_begin_unwind
[INFO] [stdout]                                at /rustc/e3feeb59cd1bdd011a2bfcc0747b55125d9b8527/library/std/src/panicking.rs:676:5
[INFO] [stdout]   18:     0x57a6bedfc2dc - core[a373ad73a504971]::panicking::panic_fmt
[INFO] [stdout]                                at /rustc/e3feeb59cd1bdd011a2bfcc0747b55125d9b8527/library/core/src/panicking.rs:80:14
[INFO] [stdout]   19:     0x57a6bedfc002 - core[a373ad73a504971]::result::unwrap_failed
[INFO] [stdout]                                at /rustc/e3feeb59cd1bdd011a2bfcc0747b55125d9b8527/library/core/src/result.rs:1870:5
[INFO] [stdout]   20:     0x57a6be219a35 - <core[a373ad73a504971]::result::Result<alloc[2e1b2a31b91974c5]::vec::Vec<std[617be2ca0a6fd877]::path::PathBuf>, the_code_graph_domain[86a8bd809185d04b]::error::CodeGraphError>>::unwrap
[INFO] [stdout]                                at /rustc/e3feeb59cd1bdd011a2bfcc0747b55125d9b8527/library/core/src/result.rs:1232:23
[INFO] [stdout]   21:     0x57a6be219a35 - the_code_graph_cli[e4c411551bd65f65]::adapters::git::tests::changed_files_returns_paths
[INFO] [stdout]                                at /opt/rustwide/workdir/src/adapters/git.rs:213:60
[INFO] [stdout]   22:     0x57a6be216d27 - the_code_graph_cli[e4c411551bd65f65]::adapters::git::tests::changed_files_returns_paths::{closure#0}
[INFO] [stdout]                                at /opt/rustwide/workdir/src/adapters/git.rs:210:37
[INFO] [stdout]   23:     0x57a6be2649c6 - <the_code_graph_cli[e4c411551bd65f65]::adapters::git::tests::changed_files_returns_paths::{closure#0} as core[a373ad73a504971]::ops::function::FnOnce<()>>::call_once
[INFO] [stdout]                                at /rustc/e3feeb59cd1bdd011a2bfcc0747b55125d9b8527/library/core/src/ops/function.rs:250:5
[INFO] [stdout]   24:     0x57a6be3132eb - <fn() -> core[a373ad73a504971]::result::Result<(), alloc[2e1b2a31b91974c5]::string::String> as core[a373ad73a504971]::ops::function::FnOnce<()>>::call_once
[INFO] [stdout]                                at /rustc/e3feeb59cd1bdd011a2bfcc0747b55125d9b8527/library/core/src/ops/function.rs:250:5
[INFO] [stdout]   25:     0x57a6be3132eb - test[aada8e7e76ba119b]::__rust_begin_short_backtrace::<core[a373ad73a504971]::result::Result<(), alloc[2e1b2a31b91974c5]::string::String>, fn() -> core[a373ad73a504971]::result::Result<(), alloc[2e1b2a31b91974c5]::string::String>>
[INFO] [stdout]                                at /rustc/e3feeb59cd1bdd011a2bfcc0747b55125d9b8527/library/test/src/lib.rs:701:18
[INFO] [stdout]   26:     0x57a6be3204c5 - test[aada8e7e76ba119b]::run_test_in_process::{closure#0}
[INFO] [stdout]                                at /rustc/e3feeb59cd1bdd011a2bfcc0747b55125d9b8527/library/test/src/lib.rs:724:74
[INFO] [stdout]   27:     0x57a6be3204c5 - <core[a373ad73a504971]::panic::unwind_safe::AssertUnwindSafe<test[aada8e7e76ba119b]::run_test_in_process::{closure#0}> as core[a373ad73a504971]::ops::function::FnOnce<()>>::call_once
[INFO] [stdout]                                at /rustc/e3feeb59cd1bdd011a2bfcc0747b55125d9b8527/library/core/src/panic/unwind_safe.rs:275:9
[INFO] [stdout]   28:     0x57a6be3204c5 - std[617be2ca0a6fd877]::panicking::catch_unwind::do_call::<core[a373ad73a504971]::panic::unwind_safe::AssertUnwindSafe<test[aada8e7e76ba119b]::run_test_in_process::{closure#0}>, core[a373ad73a504971]::result::Result<(), alloc[2e1b2a31b91974c5]::string::String>>
[INFO] [stdout]                                at /rustc/e3feeb59cd1bdd011a2bfcc0747b55125d9b8527/library/std/src/panicking.rs:573:43
[INFO] [stdout]   29:     0x57a6be3204c5 - std[617be2ca0a6fd877]::panicking::catch_unwind::<core[a373ad73a504971]::result::Result<(), alloc[2e1b2a31b91974c5]::string::String>, core[a373ad73a504971]::panic::unwind_safe::AssertUnwindSafe<test[aada8e7e76ba119b]::run_test_in_process::{closure#0}>>
[INFO] [stdout]                                at /rustc/e3feeb59cd1bdd011a2bfcc0747b55125d9b8527/library/std/src/panicking.rs:541:19
[INFO] [stdout]   30:     0x57a6be3204c5 - std[617be2ca0a6fd877]::panic::catch_unwind::<core[a373ad73a504971]::panic::unwind_safe::AssertUnwindSafe<test[aada8e7e76ba119b]::run_test_in_process::{closure#0}>, core[a373ad73a504971]::result::Result<(), alloc[2e1b2a31b91974c5]::string::String>>
[INFO] [stdout]                                at /rustc/e3feeb59cd1bdd011a2bfcc0747b55125d9b8527/library/std/src/panic.rs:359:14
[INFO] [stdout]   31:     0x57a6be3204c5 - test[aada8e7e76ba119b]::run_test_in_process
[INFO] [stdout]                                at /rustc/e3feeb59cd1bdd011a2bfcc0747b55125d9b8527/library/test/src/lib.rs:724:27
[INFO] [stdout]   32:     0x57a6be3204c5 - test[aada8e7e76ba119b]::run_test::{closure#0}
[INFO] [stdout]                                at /rustc/e3feeb59cd1bdd011a2bfcc0747b55125d9b8527/library/test/src/lib.rs:645:43
[INFO] [stdout]   33:     0x57a6be319db4 - test[aada8e7e76ba119b]::run_test::{closure#1}
[INFO] [stdout]                                at /rustc/e3feeb59cd1bdd011a2bfcc0747b55125d9b8527/library/test/src/lib.rs:675:41
[INFO] [stdout]   34:     0x57a6be319db4 - std[617be2ca0a6fd877]::sys::backtrace::__rust_begin_short_backtrace::<test[aada8e7e76ba119b]::run_test::{closure#1}, ()>
[INFO] [stdout]                                at /rustc/e3feeb59cd1bdd011a2bfcc0747b55125d9b8527/library/std/src/sys/backtrace.rs:166:18
[INFO] [stdout]   35:     0x57a6be323552 - std[617be2ca0a6fd877]::thread::lifecycle::spawn_unchecked::<test[aada8e7e76ba119b]::run_test::{closure#1}, ()>::{closure#1}::{closure#0}
[INFO] [stdout]                                at /rustc/e3feeb59cd1bdd011a2bfcc0747b55125d9b8527/library/std/src/thread/lifecycle.rs:70:13
[INFO] [stdout]   36:     0x57a6be323552 - <core[a373ad73a504971]::panic::unwind_safe::AssertUnwindSafe<std[617be2ca0a6fd877]::thread::lifecycle::spawn_unchecked<test[aada8e7e76ba119b]::run_test::{closure#1}, ()>::{closure#1}::{closure#0}> as core[a373ad73a504971]::ops::function::FnOnce<()>>::call_once
[INFO] [stdout]                                at /rustc/e3feeb59cd1bdd011a2bfcc0747b55125d9b8527/library/core/src/panic/unwind_safe.rs:275:9
[INFO] [stdout]   37:     0x57a6be323552 - std[617be2ca0a6fd877]::panicking::catch_unwind::do_call::<core[a373ad73a504971]::panic::unwind_safe::AssertUnwindSafe<std[617be2ca0a6fd877]::thread::lifecycle::spawn_unchecked<test[aada8e7e76ba119b]::run_test::{closure#1}, ()>::{closure#1}::{closure#0}>, ()>
[INFO] [stdout]                                at /rustc/e3feeb59cd1bdd011a2bfcc0747b55125d9b8527/library/std/src/panicking.rs:573:43
[INFO] [stdout]   38:     0x57a6be323552 - std[617be2ca0a6fd877]::panicking::catch_unwind::<(), core[a373ad73a504971]::panic::unwind_safe::AssertUnwindSafe<std[617be2ca0a6fd877]::thread::lifecycle::spawn_unchecked<test[aada8e7e76ba119b]::run_test::{closure#1}, ()>::{closure#1}::{closure#0}>>
[INFO] [stdout]                                at /rustc/e3feeb59cd1bdd011a2bfcc0747b55125d9b8527/library/std/src/panicking.rs:541:19
[INFO] [stdout]   39:     0x57a6be323552 - std[617be2ca0a6fd877]::panic::catch_unwind::<core[a373ad73a504971]::panic::unwind_safe::AssertUnwindSafe<std[617be2ca0a6fd877]::thread::lifecycle::spawn_unchecked<test[aada8e7e76ba119b]::run_test::{closure#1}, ()>::{closure#1}::{closure#0}>, ()>
[INFO] [stdout]                                at /rustc/e3feeb59cd1bdd011a2bfcc0747b55125d9b8527/library/std/src/panic.rs:359:14
[INFO] [stdout]   40:     0x57a6be323552 - std[617be2ca0a6fd877]::thread::lifecycle::spawn_unchecked::<test[aada8e7e76ba119b]::run_test::{closure#1}, ()>::{closure#1}
[INFO] [stdout]                                at /rustc/e3feeb59cd1bdd011a2bfcc0747b55125d9b8527/library/std/src/thread/lifecycle.rs:68:26
[INFO] [stdout]   41:     0x57a6be323552 - <std[617be2ca0a6fd877]::thread::lifecycle::spawn_unchecked<test[aada8e7e76ba119b]::run_test::{closure#1}, ()>::{closure#1} as core[a373ad73a504971]::ops::function::FnOnce<()>>::call_once::{shim:vtable#0}
[INFO] [stdout]                                at /rustc/e3feeb59cd1bdd011a2bfcc0747b55125d9b8527/library/core/src/ops/function.rs:250:5
[INFO] [stdout]   42:     0x57a6bede295f - <alloc[2e1b2a31b91974c5]::boxed::Box<dyn core[a373ad73a504971]::ops::function::FnOnce<(), Output = ()> + core[a373ad73a504971]::marker::Send> as core[a373ad73a504971]::ops::function::FnOnce<()>>::call_once
[INFO] [stdout]                                at /rustc/e3feeb59cd1bdd011a2bfcc0747b55125d9b8527/library/alloc/src/boxed.rs:2314:9
[INFO] [stdout]   43:     0x57a6bede295f - <std[617be2ca0a6fd877]::sys::thread::unix::Thread>::new::thread_start
[INFO] [stdout]                                at /rustc/e3feeb59cd1bdd011a2bfcc0747b55125d9b8527/library/std/src/sys/thread/unix.rs:127:17
[INFO] [stdout]   44:     0x73bfaa240dfa - <unknown>
[INFO] [stdout]   45:     0x73bfaa2d43d4 - clone
[INFO] [stdout]   46:                0x0 - <unknown>
[INFO] [stdout] 
[INFO] [stdout] ---- adapters::git::tests::current_head_returns_40_char_hex stdout ----
[INFO] [stdout] 
[INFO] [stdout] thread 'adapters::git::tests::current_head_returns_40_char_hex' (1591) panicked at src/adapters/git.rs:201:44:
[INFO] [stdout] called `Result::unwrap()` on an `Err` value: Git("fatal: not a git repository (or any parent up to mount point /opt/rustwide)\nStopping at filesystem boundary (GIT_DISCOVERY_ACROSS_FILESYSTEM not set).")
[INFO] [stdout] stack backtrace:
[INFO] [stdout]    0:     0x57a6bede3991 - std[617be2ca0a6fd877]::backtrace_rs::backtrace::libunwind::trace
[INFO] [stdout]                                at /rustc/e3feeb59cd1bdd011a2bfcc0747b55125d9b8527/library/std/src/../../backtrace/src/backtrace/libunwind.rs:117:9
[INFO] [stdout]    1:     0x57a6bede3991 - std[617be2ca0a6fd877]::backtrace_rs::backtrace::trace_unsynchronized::<std[617be2ca0a6fd877]::sys::backtrace::_print_fmt::{closure#1}>
[INFO] [stdout]                                at /rustc/e3feeb59cd1bdd011a2bfcc0747b55125d9b8527/library/std/src/../../backtrace/src/backtrace/mod.rs:66:14
[INFO] [stdout]    2:     0x57a6bede3991 - std[617be2ca0a6fd877]::sys::backtrace::_print_fmt
[INFO] [stdout]                                at /rustc/e3feeb59cd1bdd011a2bfcc0747b55125d9b8527/library/std/src/sys/backtrace.rs:74:9
[INFO] [stdout]    3:     0x57a6bede3991 - <<std[617be2ca0a6fd877]::sys::backtrace::BacktraceLock>::print::DisplayBacktrace as core[a373ad73a504971]::fmt::Display>::fmt
[INFO] [stdout]                                at /rustc/e3feeb59cd1bdd011a2bfcc0747b55125d9b8527/library/std/src/sys/backtrace.rs:44:26
[INFO] [stdout]    4:     0x57a6bedfba0a - <core[a373ad73a504971]::fmt::rt::Argument>::fmt
[INFO] [stdout]                                at /rustc/e3feeb59cd1bdd011a2bfcc0747b55125d9b8527/library/core/src/fmt/rt.rs:152:76
[INFO] [stdout]    5:     0x57a6bedfba0a - core[a373ad73a504971]::fmt::write
[INFO] [stdout]    6:     0x57a6bede8fbc - core[a373ad73a504971]::io::write::default_write_fmt::<alloc[2e1b2a31b91974c5]::vec::Vec<u8>>
[INFO] [stdout]                                at /rustc/e3feeb59cd1bdd011a2bfcc0747b55125d9b8527/library/core/src/io/write.rs:402:11
[INFO] [stdout]    7:     0x57a6bede8fbc - <alloc[2e1b2a31b91974c5]::vec::Vec<u8> as core[a373ad73a504971]::io::write::Write>::write_fmt
[INFO] [stdout]                                at /rustc/e3feeb59cd1bdd011a2bfcc0747b55125d9b8527/library/core/src/io/write.rs:335:13
[INFO] [stdout]    8:     0x57a6bedbbc16 - <std[617be2ca0a6fd877]::sys::backtrace::BacktraceLock>::print
[INFO] [stdout]                                at /rustc/e3feeb59cd1bdd011a2bfcc0747b55125d9b8527/library/std/src/sys/backtrace.rs:47:9
[INFO] [stdout]    9:     0x57a6bedbbc16 - std[617be2ca0a6fd877]::panicking::default_hook::{closure#0}
[INFO] [stdout]                                at /rustc/e3feeb59cd1bdd011a2bfcc0747b55125d9b8527/library/std/src/panicking.rs:289:27
[INFO] [stdout]   10:     0x57a6bedda5a9 - std[617be2ca0a6fd877]::panicking::default_hook
[INFO] [stdout]                                at /rustc/e3feeb59cd1bdd011a2bfcc0747b55125d9b8527/library/std/src/panicking.rs:313:9
[INFO] [stdout]   11:     0x57a6be31fea0 - <alloc[2e1b2a31b91974c5]::boxed::Box<dyn for<'a, 'b> core[a373ad73a504971]::ops::function::Fn<(&'a std[617be2ca0a6fd877]::panic::PanicHookInfo<'b>,), Output = ()> + core[a373ad73a504971]::marker::Sync + core[a373ad73a504971]::marker::Send> as core[a373ad73a504971]::ops::function::Fn<(&std[617be2ca0a6fd877]::panic::PanicHookInfo,)>>::call
[INFO] [stdout]                                at /rustc/e3feeb59cd1bdd011a2bfcc0747b55125d9b8527/library/alloc/src/boxed.rs:2328:9
[INFO] [stdout]   12:     0x57a6be31fea0 - test[aada8e7e76ba119b]::test_main_inner::{closure#0}
[INFO] [stdout]                                at /rustc/e3feeb59cd1bdd011a2bfcc0747b55125d9b8527/library/test/src/lib.rs:137:21
[INFO] [stdout]   13:     0x57a6bedda8d2 - <alloc[2e1b2a31b91974c5]::boxed::Box<dyn for<'a, 'b> core[a373ad73a504971]::ops::function::Fn<(&'a std[617be2ca0a6fd877]::panic::PanicHookInfo<'b>,), Output = ()> + core[a373ad73a504971]::marker::Sync + core[a373ad73a504971]::marker::Send> as core[a373ad73a504971]::ops::function::Fn<(&std[617be2ca0a6fd877]::panic::PanicHookInfo,)>>::call
[INFO] [stdout]                                at /rustc/e3feeb59cd1bdd011a2bfcc0747b55125d9b8527/library/alloc/src/boxed.rs:2328:9
[INFO] [stdout]   14:     0x57a6bedda8d2 - std[617be2ca0a6fd877]::panicking::panic_with_hook
[INFO] [stdout]                                at /rustc/e3feeb59cd1bdd011a2bfcc0747b55125d9b8527/library/std/src/panicking.rs:819:13
[INFO] [stdout]   15:     0x57a6bedbbcc2 - std[617be2ca0a6fd877]::panicking::panic_handler::{closure#0}
[INFO] [stdout]                                at /rustc/e3feeb59cd1bdd011a2bfcc0747b55125d9b8527/library/std/src/panicking.rs:685:13
[INFO] [stdout]   16:     0x57a6bedb4659 - std[617be2ca0a6fd877]::sys::backtrace::__rust_end_short_backtrace::<std[617be2ca0a6fd877]::panicking::panic_handler::{closure#0}, !>
[INFO] [stdout]                                at /rustc/e3feeb59cd1bdd011a2bfcc0747b55125d9b8527/library/std/src/sys/backtrace.rs:182:18
[INFO] [stdout]   17:     0x57a6bedbc8cd - __rustc[ea4f61d10b84890b]::rust_begin_unwind
[INFO] [stdout]                                at /rustc/e3feeb59cd1bdd011a2bfcc0747b55125d9b8527/library/std/src/panicking.rs:676:5
[INFO] [stdout]   18:     0x57a6bedfc2dc - core[a373ad73a504971]::panicking::panic_fmt
[INFO] [stdout]                                at /rustc/e3feeb59cd1bdd011a2bfcc0747b55125d9b8527/library/core/src/panicking.rs:80:14
[INFO] [stdout]   19:     0x57a6bedfc002 - core[a373ad73a504971]::result::unwrap_failed
[INFO] [stdout]                                at /rustc/e3feeb59cd1bdd011a2bfcc0747b55125d9b8527/library/core/src/result.rs:1870:5
[INFO] [stdout]   20:     0x57a6be21a785 - <core[a373ad73a504971]::result::Result<alloc[2e1b2a31b91974c5]::string::String, the_code_graph_domain[86a8bd809185d04b]::error::CodeGraphError>>::unwrap
[INFO] [stdout]                                at /rustc/e3feeb59cd1bdd011a2bfcc0747b55125d9b8527/library/core/src/result.rs:1232:23
[INFO] [stdout]   21:     0x57a6be21a785 - the_code_graph_cli[e4c411551bd65f65]::adapters::git::tests::current_head_returns_40_char_hex
[INFO] [stdout]                                at /opt/rustwide/workdir/src/adapters/git.rs:201:44
[INFO] [stdout]   22:     0x57a6be216e47 - the_code_graph_cli[e4c411551bd65f65]::adapters::git::tests::current_head_returns_40_char_hex::{closure#0}
[INFO] [stdout]                                at /opt/rustwide/workdir/src/adapters/git.rs:198:42
[INFO] [stdout]   23:     0x57a6be264a86 - <the_code_graph_cli[e4c411551bd65f65]::adapters::git::tests::current_head_returns_40_char_hex::{closure#0} as core[a373ad73a504971]::ops::function::FnOnce<()>>::call_once
[INFO] [stdout]                                at /rustc/e3feeb59cd1bdd011a2bfcc0747b55125d9b8527/library/core/src/ops/function.rs:250:5
[INFO] [stdout]   24:     0x57a6be3132eb - <fn() -> core[a373ad73a504971]::result::Result<(), alloc[2e1b2a31b91974c5]::string::String> as core[a373ad73a504971]::ops::function::FnOnce<()>>::call_once
[INFO] [stdout]                                at /rustc/e3feeb59cd1bdd011a2bfcc0747b55125d9b8527/library/core/src/ops/function.rs:250:5
[INFO] [stdout]   25:     0x57a6be3132eb - test[aada8e7e76ba119b]::__rust_begin_short_backtrace::<core[a373ad73a504971]::result::Result<(), alloc[2e1b2a31b91974c5]::string::String>, fn() -> core[a373ad73a504971]::result::Result<(), alloc[2e1b2a31b91974c5]::string::String>>
[INFO] [stdout]                                at /rustc/e3feeb59cd1bdd011a2bfcc0747b55125d9b8527/library/test/src/lib.rs:701:18
[INFO] [stdout]   26:     0x57a6be3204c5 - test[aada8e7e76ba119b]::run_test_in_process::{closure#0}
[INFO] [stdout]                                at /rustc/e3feeb59cd1bdd011a2bfcc0747b55125d9b8527/library/test/src/lib.rs:724:74
[INFO] [stdout]   27:     0x57a6be3204c5 - <core[a373ad73a504971]::panic::unwind_safe::AssertUnwindSafe<test[aada8e7e76ba119b]::run_test_in_process::{closure#0}> as core[a373ad73a504971]::ops::function::FnOnce<()>>::call_once
[INFO] [stdout]                                at /rustc/e3feeb59cd1bdd011a2bfcc0747b55125d9b8527/library/core/src/panic/unwind_safe.rs:275:9
[INFO] [stdout]   28:     0x57a6be3204c5 - std[617be2ca0a6fd877]::panicking::catch_unwind::do_call::<core[a373ad73a504971]::panic::unwind_safe::AssertUnwindSafe<test[aada8e7e76ba119b]::run_test_in_process::{closure#0}>, core[a373ad73a504971]::result::Result<(), alloc[2e1b2a31b91974c5]::string::String>>
[INFO] [stdout]                                at /rustc/e3feeb59cd1bdd011a2bfcc0747b55125d9b8527/library/std/src/panicking.rs:573:43
[INFO] [stdout]   29:     0x57a6be3204c5 - std[617be2ca0a6fd877]::panicking::catch_unwind::<core[a373ad73a504971]::result::Result<(), alloc[2e1b2a31b91974c5]::string::String>, core[a373ad73a504971]::panic::unwind_safe::AssertUnwindSafe<test[aada8e7e76ba119b]::run_test_in_process::{closure#0}>>
[INFO] [stdout]                                at /rustc/e3feeb59cd1bdd011a2bfcc0747b55125d9b8527/library/std/src/panicking.rs:541:19
[INFO] [stdout]   30:     0x57a6be3204c5 - std[617be2ca0a6fd877]::panic::catch_unwind::<core[a373ad73a504971]::panic::unwind_safe::AssertUnwindSafe<test[aada8e7e76ba119b]::run_test_in_process::{closure#0}>, core[a373ad73a504971]::result::Result<(), alloc[2e1b2a31b91974c5]::string::String>>
[INFO] [stdout]                                at /rustc/e3feeb59cd1bdd011a2bfcc0747b55125d9b8527/library/std/src/panic.rs:359:14
[INFO] [stdout]   31:     0x57a6be3204c5 - test[aada8e7e76ba119b]::run_test_in_process
[INFO] [stdout]                                at /rustc/e3feeb59cd1bdd011a2bfcc0747b55125d9b8527/library/test/src/lib.rs:724:27
[INFO] [stdout]   32:     0x57a6be3204c5 - test[aada8e7e76ba119b]::run_test::{closure#0}
[INFO] [stdout]                                at /rustc/e3feeb59cd1bdd011a2bfcc0747b55125d9b8527/library/test/src/lib.rs:645:43
[INFO] [stdout]   33:     0x57a6be319db4 - test[aada8e7e76ba119b]::run_test::{closure#1}
[INFO] [stdout]                                at /rustc/e3feeb59cd1bdd011a2bfcc0747b55125d9b8527/library/test/src/lib.rs:675:41
[INFO] [stdout]   34:     0x57a6be319db4 - std[617be2ca0a6fd877]::sys::backtrace::__rust_begin_short_backtrace::<test[aada8e7e76ba119b]::run_test::{closure#1}, ()>
[INFO] [stdout]                                at /rustc/e3feeb59cd1bdd011a2bfcc0747b55125d9b8527/library/std/src/sys/backtrace.rs:166:18
[INFO] [stdout]   35:     0x57a6be323552 - std[617be2ca0a6fd877]::thread::lifecycle::spawn_unchecked::<test[aada8e7e76ba119b]::run_test::{closure#1}, ()>::{closure#1}::{closure#0}
[INFO] [stdout]                                at /rustc/e3feeb59cd1bdd011a2bfcc0747b55125d9b8527/library/std/src/thread/lifecycle.rs:70:13
[INFO] [stdout]   36:     0x57a6be323552 - <core[a373ad73a504971]::panic::unwind_safe::AssertUnwindSafe<std[617be2ca0a6fd877]::thread::lifecycle::spawn_unchecked<test[aada8e7e76ba119b]::run_test::{closure#1}, ()>::{closure#1}::{closure#0}> as core[a373ad73a504971]::ops::function::FnOnce<()>>::call_once
[INFO] [stdout]                                at /rustc/e3feeb59cd1bdd011a2bfcc0747b55125d9b8527/library/core/src/panic/unwind_safe.rs:275:9
[INFO] [stdout]   37:     0x57a6be323552 - std[617be2ca0a6fd877]::panicking::catch_unwind::do_call::<core[a373ad73a504971]::panic::unwind_safe::AssertUnwindSafe<std[617be2ca0a6fd877]::thread::lifecycle::spawn_unchecked<test[aada8e7e76ba119b]::run_test::{closure#1}, ()>::{closure#1}::{closure#0}>, ()>
[INFO] [stdout]                                at /rustc/e3feeb59cd1bdd011a2bfcc0747b55125d9b8527/library/std/src/panicking.rs:573:43
[INFO] [stdout]   38:     0x57a6be323552 - std[617be2ca0a6fd877]::panicking::catch_unwind::<(), core[a373ad73a504971]::panic::unwind_safe::AssertUnwindSafe<std[617be2ca0a6fd877]::thread::lifecycle::spawn_unchecked<test[aada8e7e76ba119b]::run_test::{closure#1}, ()>::{closure#1}::{closure#0}>>
[INFO] [stdout]                                at /rustc/e3feeb59cd1bdd011a2bfcc0747b55125d9b8527/library/std/src/panicking.rs:541:19
[INFO] [stdout]   39:     0x57a6be323552 - std[617be2ca0a6fd877]::panic::catch_unwind::<core[a373ad73a504971]::panic::unwind_safe::AssertUnwindSafe<std[617be2ca0a6fd877]::thread::lifecycle::spawn_unchecked<test[aada8e7e76ba119b]::run_test::{closure#1}, ()>::{closure#1}::{closure#0}>, ()>
[INFO] [stdout]                                at /rustc/e3feeb59cd1bdd011a2bfcc0747b55125d9b8527/library/std/src/panic.rs:359:14
[INFO] [stdout]   40:     0x57a6be323552 - std[617be2ca0a6fd877]::thread::lifecycle::spawn_unchecked::<test[aada8e7e76ba119b]::run_test::{closure#1}, ()>::{closure#1}
[INFO] [stdout]                                at /rustc/e3feeb59cd1bdd011a2bfcc0747b55125d9b8527/library/std/src/thread/lifecycle.rs:68:26
[INFO] [stdout]   41:     0x57a6be323552 - <std[617be2ca0a6fd877]::thread::lifecycle::spawn_unchecked<test[aada8e7e76ba119b]::run_test::{closure#1}, ()>::{closure#1} as core[a373ad73a504971]::ops::function::FnOnce<()>>::call_once::{shim:vtable#0}
[INFO] [stdout]                                at /rustc/e3feeb59cd1bdd011a2bfcc0747b55125d9b8527/library/core/src/ops/function.rs:250:5
[INFO] [stdout]   42:     0x57a6bede295f - <alloc[2e1b2a31b91974c5]::boxed::Box<dyn core[a373ad73a504971]::ops::function::FnOnce<(), Output = ()> + core[a373ad73a504971]::marker::Send> as core[a373ad73a504971]::ops::function::FnOnce<()>>::call_once
[INFO] [stdout]                                at /rustc/e3feeb59cd1bdd011a2bfcc0747b55125d9b8527/library/alloc/src/boxed.rs:2314:9
[INFO] [stdout]   43:     0x57a6bede295f - <std[617be2ca0a6fd877]::sys::thread::unix::Thread>::new::thread_start
[INFO] [stdout]                                at /rustc/e3feeb59cd1bdd011a2bfcc0747b55125d9b8527/library/std/src/sys/thread/unix.rs:127:17
[INFO] [stdout]   44:     0x73bfaa240dfa - <unknown>
[INFO] [stdout]   45:     0x73bfaa2d43d4 - clone
[INFO] [stdout]   46:                0x0 - <unknown>
[INFO] [stdout] 
[INFO] [stdout] 
[INFO] [stdout] failures:
[INFO] [stdout]     adapters::git::tests::changed_files_returns_paths
[INFO] [stdout]     adapters::git::tests::current_head_returns_40_char_hex
[INFO] [stdout] 
[INFO] [stdout] test result: FAILED. 160 passed; 2 failed; 0 ignored; 0 measured; 0 filtered out; finished in 0.53s
[INFO] [stdout] 
[INFO] [stderr] error: test failed, to rerun pass `--lib`
[INFO] running `Command { std: "docker" "inspect" "3e4805569723bdfe9bb75ed6c54789d60d6ecb5a8b3e1080de1cb20f0fd1adfe", kill_on_drop: false }`
[INFO] running `Command { std: "docker" "rm" "-f" "3e4805569723bdfe9bb75ed6c54789d60d6ecb5a8b3e1080de1cb20f0fd1adfe", kill_on_drop: false }`
[INFO] [stdout] 3e4805569723bdfe9bb75ed6c54789d60d6ecb5a8b3e1080de1cb20f0fd1adfe
