[INFO] fetching crate tgrep 1.6.15...
[INFO] testing tgrep-1.6.15 against 1.99.0-beta.8 for beta-1.100-2
[INFO] extracting crate tgrep 1.6.15 into /workspace/builds/worker-5-tc1/source
[INFO] removed /workspace/builds/worker-5-tc1/source/rust-toolchain.toml
[INFO] started tweaking crates.io crate tgrep 1.6.15
[INFO] removed 0 missing tests
[INFO] finished tweaking crates.io crate tgrep 1.6.15
[INFO] tweaked toml for crates.io crate tgrep 1.6.15 written to /workspace/builds/worker-5-tc1/source/Cargo.toml
[INFO] validating manifest of crates.io crate tgrep 1.6.15 on toolchain 1.99.0-beta.8
[INFO] running `Command { std: CARGO_HOME="/workspace/cargo-home" RUSTUP_HOME="/workspace/rustup-home" "/workspace/cargo-home/bin/cargo" "+1.99.0-beta.8" "metadata" "--manifest-path" "Cargo.toml" "--no-deps", kill_on_drop: false }`
[INFO] crate crates.io crate tgrep 1.6.15 already has a lockfile, it will not be regenerated
[INFO] running `Command { std: CARGO_HOME="/workspace/cargo-home" RUSTUP_HOME="/workspace/rustup-home" "/workspace/cargo-home/bin/cargo" "+1.99.0-beta.8" "fetch" "--manifest-path" "Cargo.toml", kill_on_drop: false }`
[INFO] [stderr]     Updating crates.io index
[INFO] [stderr]  Downloading crates ...
[INFO] [stderr]   Downloaded path-clean v1.0.1
[INFO] [stderr]   Downloaded jiff-static v0.2.23
[INFO] [stderr]   Downloaded wasm-bindgen-shared v0.2.114
[INFO] [stderr]   Downloaded wasm-bindgen-macro v0.2.114
[INFO] [stderr]   Downloaded page_size v0.6.0
[INFO] [stderr]   Downloaded alloca v0.4.0
[INFO] [stderr]   Downloaded content_inspector v0.2.4
[INFO] [stderr]   Downloaded criterion-plot v0.8.2
[INFO] [stderr]   Downloaded unicode-segmentation v1.13.1
[INFO] [stderr]   Downloaded portable-atomic-util v0.2.6
[INFO] [stderr]   Downloaded wasm-bindgen-macro-support v0.2.114
[INFO] [stderr]   Downloaded wasm-bindgen v0.2.114
[INFO] [stderr]   Downloaded cc v1.2.57
[INFO] [stderr]   Downloaded js-sys v0.3.91
[INFO] [stderr]   Downloaded zerocopy-derive v0.8.47
[INFO] [stderr]   Downloaded criterion v0.8.2
[INFO] [stderr]   Downloaded zerocopy v0.8.47
[INFO] [stderr]   Downloaded web-sys v0.3.91
[INFO] [stderr]   Downloaded jiff v0.2.23
[INFO] running `Command { std: "docker" "create" "-v" "/var/lib/crater-agent-workspace/builds/worker-5-tc1/source:/opt/rustwide/workdir:ro,Z" "-v" "/var/lib/crater-agent-workspace/builds/worker-5-tc1/target:/opt/rustwide/target:rw,Z" "-v" "/var/lib/crater-agent-workspace/cargo-home:/opt/rustwide/cargo-home:ro,Z" "-v" "/var/lib/crater-agent-workspace/rustup-home:/opt/rustwide/rustup-home:ro,Z" "-m" "1610612736" "--network" "none" "ghcr.io/rust-lang/crates-build-env/linux@sha256:3111399a4047eeb3a02b7a90e478d715f38a8c6669b5c4b49d30a17385265909" "sleep" "infinity", kill_on_drop: false }`
[INFO] [stdout] b500d4f800b8045cffca29f48c4272eb209aeae8f14423e267034b1baef01b52
[INFO] running `Command { std: "docker" "start" "b500d4f800b8045cffca29f48c4272eb209aeae8f14423e267034b1baef01b52", kill_on_drop: false }`
[INFO] running `Command { std: "docker" "inspect" "b500d4f800b8045cffca29f48c4272eb209aeae8f14423e267034b1baef01b52", kill_on_drop: false }`
[INFO] running `Command { std: "docker" "exec" "-e" "SOURCE_DIR=/opt/rustwide/workdir" "-e" "CARGO_HOME=/opt/rustwide/cargo-home" "-e" "RUSTUP_HOME=/opt/rustwide/rustup-home" "-e" "CARGO_TARGET_DIR=/opt/rustwide/target" "-w" "/opt/rustwide/workdir" "--user" "0:0" "b500d4f800b8045cffca29f48c4272eb209aeae8f14423e267034b1baef01b52" "/opt/rustwide/cargo-home/bin/cargo" "+1.99.0-beta.8" "metadata" "--no-deps" "--format-version=1", kill_on_drop: false }`
[INFO] running `Command { std: "docker" "inspect" "b500d4f800b8045cffca29f48c4272eb209aeae8f14423e267034b1baef01b52", kill_on_drop: false }`
[INFO] running `Command { std: "docker" "exec" "-e" "SOURCE_DIR=/opt/rustwide/workdir" "-e" "CARGO_HOME=/opt/rustwide/cargo-home" "-e" "RUSTUP_HOME=/opt/rustwide/rustup-home" "-e" "CARGO_TARGET_DIR=/opt/rustwide/target" "-e" "CARGO_INCREMENTAL=0" "-e" "RUST_BACKTRACE=full" "-e" "RUSTFLAGS=--cap-lints=warn" "-e" "RUSTDOCFLAGS=--cap-lints=warn" "-w" "/opt/rustwide/workdir" "--user" "0:0" "b500d4f800b8045cffca29f48c4272eb209aeae8f14423e267034b1baef01b52" "/opt/rustwide/cargo-home/bin/cargo" "+1.99.0-beta.8" "build" "--frozen" "--message-format=json", kill_on_drop: false }`
[INFO] [stderr]    Compiling memchr v2.8.0
[INFO] [stderr]    Compiling libc v0.2.183
[INFO] [stderr]    Compiling futures-sink v0.3.32
[INFO] [stderr]    Compiling regex-syntax v0.8.10
[INFO] [stderr]    Compiling futures-core v0.3.32
[INFO] [stderr]    Compiling futures-task v0.3.32
[INFO] [stderr]    Compiling unicode-segmentation v1.13.1
[INFO] [stderr]    Compiling futures-io v0.3.32
[INFO] [stderr]    Compiling futures-macro v0.3.32
[INFO] [stderr]    Compiling anstyle-parse v1.0.0
[INFO] [stderr]    Compiling syn v1.0.109
[INFO] [stderr]    Compiling proc-macro-error-attr v1.0.4
[INFO] [stderr]    Compiling is_terminal_polyfill v1.70.2
[INFO] [stderr]    Compiling colorchoice v1.0.5
[INFO] [stderr]    Compiling crossbeam-epoch v0.9.18
[INFO] [stderr]    Compiling anstyle-query v1.1.5
[INFO] [stderr]    Compiling strsim v0.8.0
[INFO] [stderr]    Compiling vec_map v0.8.2
[INFO] [stderr]    Compiling ansi_term v0.12.1
[INFO] [stderr]    Compiling log v0.4.29
[INFO] [stderr]    Compiling futures-channel v0.3.32
[INFO] [stderr]    Compiling anyhow v1.0.102
[INFO] [stderr]    Compiling anstream v1.0.0
[INFO] [stderr]    Compiling crossbeam-queue v0.3.12
[INFO] [stderr]    Compiling aho-corasick v1.1.4
[INFO] [stderr]    Compiling crossbeam-channel v0.5.15
[INFO] [stderr]    Compiling crossbeam-deque v0.8.6
[INFO] [stderr]    Compiling jiff v0.2.23
[INFO] [stderr]    Compiling heck v0.3.3
[INFO] [stderr]    Compiling content_inspector v0.2.4
[INFO] [stderr]    Compiling streaming-iterator v0.1.9
[INFO] [stderr]    Compiling path-clean v1.0.1
[INFO] [stderr]    Compiling glob v0.3.3
[INFO] [stderr]    Compiling crossbeam v0.8.4
[INFO] [stderr]    Compiling futures-util v0.3.32
[INFO] [stderr]    Compiling atty v0.2.14
[INFO] [stderr]    Compiling memmap2 v0.9.10
[INFO] [stderr]    Compiling term_size v0.3.2
[INFO] [stderr]    Compiling clap v2.34.0
[INFO] [stderr]    Compiling regex-automata v0.4.14
[INFO] [stderr]    Compiling proc-macro-error v1.0.4
[INFO] [stderr]    Compiling structopt-derive v0.4.18
[INFO] [stderr]    Compiling regex v1.12.3
[INFO] [stderr]    Compiling futures-executor v0.3.32
[INFO] [stderr]    Compiling futures v0.3.32
[INFO] [stderr]    Compiling env_filter v1.0.1
[INFO] [stderr]    Compiling structopt v0.3.26
[INFO] [stderr]    Compiling env_logger v0.11.10
[INFO] [stderr]    Compiling tgrep v1.6.15 (/opt/rustwide/workdir)
[INFO] [stdout] warning: use of deprecated constant `std::i8::MIN`: replaced by the `MIN` associated constant on this type
[INFO] [stdout]    --> src/main.rs:114:18
[INFO] [stdout]     |
[INFO] [stdout] 114 |         std::i8::MIN..=-1 => log::LevelFilter::Off,
[INFO] [stdout]     |                  ^^^
[INFO] [stdout]     |
[INFO] [stdout]     = note: `#[warn(deprecated)]` on by default
[INFO] [stdout] 
[INFO] [stdout] 
[INFO] [stdout] warning: use of deprecated constant `std::i8::MAX`: replaced by the `MAX` associated constant on this type
[INFO] [stdout]    --> src/main.rs:119:22
[INFO] [stdout]     |
[INFO] [stdout] 119 |         4..=std::i8::MAX => log::LevelFilter::Trace,
[INFO] [stdout]     |                      ^^^
[INFO] [stdout] 
[INFO] [stdout] 
[INFO] [stderr]     Finished `dev` profile [unoptimized + debuginfo] target(s) in 14.61s
[INFO] running `Command { std: "docker" "inspect" "b500d4f800b8045cffca29f48c4272eb209aeae8f14423e267034b1baef01b52", kill_on_drop: false }`
[INFO] running `Command { std: "docker" "exec" "-e" "SOURCE_DIR=/opt/rustwide/workdir" "-e" "CARGO_HOME=/opt/rustwide/cargo-home" "-e" "RUSTUP_HOME=/opt/rustwide/rustup-home" "-e" "CARGO_TARGET_DIR=/opt/rustwide/target" "-e" "CARGO_INCREMENTAL=0" "-e" "RUST_BACKTRACE=full" "-e" "RUSTFLAGS=--cap-lints=warn" "-e" "RUSTDOCFLAGS=--cap-lints=warn" "-w" "/opt/rustwide/workdir" "--user" "0:0" "b500d4f800b8045cffca29f48c4272eb209aeae8f14423e267034b1baef01b52" "/opt/rustwide/cargo-home/bin/cargo" "+1.99.0-beta.8" "test" "--frozen" "--no-run" "--message-format=json", kill_on_drop: false }`
[INFO] [stderr]    Compiling zerocopy v0.8.47
[INFO] [stderr]    Compiling shlex v1.3.0
[INFO] [stderr]    Compiling find-msvc-tools v0.1.9
[INFO] [stderr]    Compiling crossbeam-epoch v0.9.18
[INFO] [stderr]    Compiling zerocopy-derive v0.8.47
[INFO] [stderr]    Compiling crossbeam-channel v0.5.15
[INFO] [stderr]    Compiling crossbeam-queue v0.3.12
[INFO] [stderr]    Compiling clap_builder v4.6.0
[INFO] [stderr]    Compiling serde_json v1.0.149
[INFO] [stderr]    Compiling itertools v0.13.0
[INFO] [stderr]    Compiling page_size v0.6.0
[INFO] [stderr]    Compiling cc v1.2.57
[INFO] [stderr]    Compiling crossbeam-deque v0.8.6
[INFO] [stderr]    Compiling rayon-core v1.13.0
[INFO] [stderr]    Compiling crossbeam v0.8.4
[INFO] [stderr]    Compiling tgrep v1.6.15 (/opt/rustwide/workdir)
[INFO] [stderr]    Compiling rayon v1.11.0
[INFO] [stderr]    Compiling tinytemplate v1.2.1
[INFO] [stderr]    Compiling alloca v0.4.0
[INFO] [stdout] warning: use of deprecated constant `std::i8::MIN`: replaced by the `MIN` associated constant on this type
[INFO] [stdout]    --> src/main.rs:114:18
[INFO] [stdout]     |
[INFO] [stdout] 114 |         std::i8::MIN..=-1 => log::LevelFilter::Off,
[INFO] [stdout]     |                  ^^^
[INFO] [stdout]     |
[INFO] [stdout]     = note: `#[warn(deprecated)]` on by default
[INFO] [stdout] 
[INFO] [stdout] 
[INFO] [stdout] warning: use of deprecated constant `std::i8::MAX`: replaced by the `MAX` associated constant on this type
[INFO] [stdout]    --> src/main.rs:119:22
[INFO] [stdout]     |
[INFO] [stdout] 119 |         4..=std::i8::MAX => log::LevelFilter::Trace,
[INFO] [stdout]     |                      ^^^
[INFO] [stdout] 
[INFO] [stdout] 
[INFO] [stderr]    Compiling criterion-plot v0.8.2
[INFO] [stderr]    Compiling clap v4.6.0
[INFO] [stderr]    Compiling half v2.7.1
[INFO] [stderr]    Compiling ciborium-ll v0.2.2
[INFO] [stderr]    Compiling ciborium v0.2.2
[INFO] [stderr]    Compiling criterion v0.8.2
[INFO] [stderr]     Finished `test` profile [unoptimized + debuginfo] target(s) in 19.82s
[INFO] running `Command { std: "docker" "inspect" "b500d4f800b8045cffca29f48c4272eb209aeae8f14423e267034b1baef01b52", kill_on_drop: false }`
[INFO] running `Command { std: "docker" "exec" "-e" "SOURCE_DIR=/opt/rustwide/workdir" "-e" "CARGO_HOME=/opt/rustwide/cargo-home" "-e" "RUSTUP_HOME=/opt/rustwide/rustup-home" "-e" "CARGO_TARGET_DIR=/opt/rustwide/target" "-e" "CARGO_INCREMENTAL=0" "-e" "RUST_BACKTRACE=full" "-e" "RUSTFLAGS=--cap-lints=warn" "-e" "RUSTDOCFLAGS=--cap-lints=warn" "-w" "/opt/rustwide/workdir" "--user" "0:0" "b500d4f800b8045cffca29f48c4272eb209aeae8f14423e267034b1baef01b52" "/opt/rustwide/cargo-home/bin/cargo" "+1.99.0-beta.8" "test" "--frozen", kill_on_drop: false }`
[INFO] [stderr] warning: use of deprecated constant `std::i8::MIN`: replaced by the `MIN` associated constant on this type
[INFO] [stderr]    --> src/main.rs:114:18
[INFO] [stderr]     |
[INFO] [stderr] 114 |         std::i8::MIN..=-1 => log::LevelFilter::Off,
[INFO] [stderr]     |                  ^^^
[INFO] [stderr]     |
[INFO] [stderr]     = note: `#[warn(deprecated)]` on by default
[INFO] [stderr] 
[INFO] [stderr] warning: use of deprecated constant `std::i8::MAX`: replaced by the `MAX` associated constant on this type
[INFO] [stderr]    --> src/main.rs:119:22
[INFO] [stderr]     |
[INFO] [stderr] 119 |         4..=std::i8::MAX => log::LevelFilter::Trace,
[INFO] [stderr]     |                      ^^^
[INFO] [stderr] 
[INFO] [stderr] warning: `tgrep` (bin "tgrep") generated 2 warnings
[INFO] [stderr]     Finished `test` profile [unoptimized + debuginfo] target(s) in 0.20s
[INFO] [stderr]      Running unittests src/lib.rs (/opt/rustwide/target/debug/deps/tgrep-e476659b2fea8d30)
[INFO] [stdout] 
[INFO] [stdout] running 25 tests
[INFO] [stdout] test utils::grep::tests::grep_skips_line_iteration_when_fuzzy_match_fails ... ok
[INFO] [stdout] test utils::display::tests::terminal_format ... ok
[INFO] [stdout] test utils::mapped::tests::mapped_reader_trims_cr_before_lf ... ok
[INFO] [stdout] test utils::grep::tests::grep_matches_once_stops_after_first_match ... ok
[INFO] [stdout] test utils::grep::tests::grep_with_context_prints_context_and_separator_between_groups ... ok
[INFO] [stdout] test utils::lines::tests::lines_trim_lf_and_crlf_endings ... ok
[INFO] [stdout] test utils::lines::tests::zero_reader_maps_to_empty_and_has_no_lines ... ok
[INFO] [stdout] test utils::grep::tests::grep_matches_all_lines_prints_only_matching_path ... ok
[INFO] [stdout] test utils::grep::tests::grep_count_prints_number_of_matching_lines ... ok
[INFO] [stdout] test utils::patterns::tests::test_find_in_string ... ok
[INFO] [stdout] test utils::mapped::tests::mapped_reader_falls_back_for_invalid_utf8 ... ok
[INFO] [stdout] test utils::walker::tests::does_not_search_beyond_repository_root_for_parent_gitignores ... ok
[INFO] [stdout] test utils::walker::tests::walk_follows_external_directory_symlinks ... ok
[INFO] [stdout] test utils::walker::tests::walk_outputs_files_in_global_lexicographic_order ... ok
[INFO] [stdout] test utils::mapped::tests::mapped_reader_returns_lines ... ok
[INFO] [stdout] test utils::grep::tests::grep_outputs_all_matching_lines ... ok
[INFO] [stdout] test utils::walker::tests::force_ignore_patterns_override_walk_results ... ok
[INFO] [stdout] test utils::walker::tests::walk_skips_symlinks_when_configured ... ok
[INFO] [stdout] test utils::writer::tests::buffered_writer_tracks_presence_and_flushes_in_order ... ok
[INFO] [stdout] test utils::filters::tests::matches_prefixed_glob_filters ... ok
[INFO] [stdout] test utils::filters::tests::preserves_double_star_prefixes ... ok
[INFO] [stdout] test utils::walker::tests::walk_honors_gitignore_and_file_filters ... ok
[INFO] [stdout] test utils::walker::tests::finds_parent_gitignore_until_git_dir ... ok
[INFO] [stdout] test utils::walker::tests::walk_skips_unreadable_directories_without_panicking ... FAILED
[INFO] [stdout] test utils::patterns::tests::gitignore ... ok
[INFO] [stdout] 
[INFO] [stdout] failures:
[INFO] [stdout] 
[INFO] [stdout] ---- utils::walker::tests::walk_skips_unreadable_directories_without_panicking stdout ----
[INFO] [stdout] 
[INFO] [stdout] thread 'utils::walker::tests::walk_skips_unreadable_directories_without_panicking' (1220) panicked at src/utils/walker.rs:696:9:
[INFO] [stdout] assertion `left == right` failed
[INFO] [stdout]   left: ["visible.txt"]
[INFO] [stdout]  right: ["hidden.txt", "visible.txt"]
[INFO] [stdout] stack backtrace:
[INFO] [stdout]    0:     0x5c5bde6001a1 - std[70759c8f55707aa4]::backtrace_rs::backtrace::libunwind::trace
[INFO] [stdout]                                at /rustc/dfb0accb7f508ae8be965d8629557221c889dd98/library/std/src/../../backtrace/src/backtrace/libunwind.rs:117:9
[INFO] [stdout]    1:     0x5c5bde6001a1 - std[70759c8f55707aa4]::backtrace_rs::backtrace::trace_unsynchronized::<std[70759c8f55707aa4]::sys::backtrace::_print_fmt::{closure#1}>
[INFO] [stdout]                                at /rustc/dfb0accb7f508ae8be965d8629557221c889dd98/library/std/src/../../backtrace/src/backtrace/mod.rs:66:14
[INFO] [stdout]    2:     0x5c5bde6001a1 - std[70759c8f55707aa4]::sys::backtrace::_print_fmt
[INFO] [stdout]                                at /rustc/dfb0accb7f508ae8be965d8629557221c889dd98/library/std/src/sys/backtrace.rs:74:9
[INFO] [stdout]    3:     0x5c5bde6001a1 - <<std[70759c8f55707aa4]::sys::backtrace::BacktraceLock>::print::DisplayBacktrace as core[df12db4294e9bfd3]::fmt::Display>::fmt
[INFO] [stdout]                                at /rustc/dfb0accb7f508ae8be965d8629557221c889dd98/library/std/src/sys/backtrace.rs:44:26
[INFO] [stdout]    4:     0x5c5bde61824a - <core[df12db4294e9bfd3]::fmt::rt::Argument>::fmt
[INFO] [stdout]                                at /rustc/dfb0accb7f508ae8be965d8629557221c889dd98/library/core/src/fmt/rt.rs:152:76
[INFO] [stdout]    5:     0x5c5bde61824a - core[df12db4294e9bfd3]::fmt::write
[INFO] [stdout]    6:     0x5c5bde60663c - core[df12db4294e9bfd3]::io::write::default_write_fmt::<alloc[2182bb758b4b3781]::vec::Vec<u8>>
[INFO] [stdout]                                at /rustc/dfb0accb7f508ae8be965d8629557221c889dd98/library/core/src/io/write.rs:402:11
[INFO] [stdout]    7:     0x5c5bde60663c - <alloc[2182bb758b4b3781]::vec::Vec<u8> as core[df12db4294e9bfd3]::io::write::Write>::write_fmt
[INFO] [stdout]                                at /rustc/dfb0accb7f508ae8be965d8629557221c889dd98/library/core/src/io/write.rs:335:13
[INFO] [stdout]    8:     0x5c5bde5d9426 - <std[70759c8f55707aa4]::sys::backtrace::BacktraceLock>::print
[INFO] [stdout]                                at /rustc/dfb0accb7f508ae8be965d8629557221c889dd98/library/std/src/sys/backtrace.rs:47:9
[INFO] [stdout]    9:     0x5c5bde5d9426 - std[70759c8f55707aa4]::panicking::default_hook::{closure#0}
[INFO] [stdout]                                at /rustc/dfb0accb7f508ae8be965d8629557221c889dd98/library/std/src/panicking.rs:292:27
[INFO] [stdout]   10:     0x5c5bde5f7289 - std[70759c8f55707aa4]::panicking::default_hook
[INFO] [stdout]                                at /rustc/dfb0accb7f508ae8be965d8629557221c889dd98/library/std/src/panicking.rs:316:9
[INFO] [stdout]   11:     0x5c5bde2e4520 - <alloc[2182bb758b4b3781]::boxed::Box<dyn for<'a, 'b> core[df12db4294e9bfd3]::ops::function::Fn<(&'a std[70759c8f55707aa4]::panic::PanicHookInfo<'b>,), Output = ()> + core[df12db4294e9bfd3]::marker::Send + core[df12db4294e9bfd3]::marker::Sync> as core[df12db4294e9bfd3]::ops::function::Fn<(&std[70759c8f55707aa4]::panic::PanicHookInfo,)>>::call
[INFO] [stdout]                                at /rustc/dfb0accb7f508ae8be965d8629557221c889dd98/library/alloc/src/boxed.rs:2334:9
[INFO] [stdout]   12:     0x5c5bde2e4520 - test[9d35eded1c95d3be]::test_main_inner::<test[9d35eded1c95d3be]::test_main_static::{closure#0}>::{closure#0}
[INFO] [stdout]                                at /rustc/dfb0accb7f508ae8be965d8629557221c889dd98/library/test/src/lib.rs:155:21
[INFO] [stdout]   13:     0x5c5bde5f7442 - <alloc[2182bb758b4b3781]::boxed::Box<dyn for<'a, 'b> core[df12db4294e9bfd3]::ops::function::Fn<(&'a std[70759c8f55707aa4]::panic::PanicHookInfo<'b>,), Output = ()> + core[df12db4294e9bfd3]::marker::Send + core[df12db4294e9bfd3]::marker::Sync> as core[df12db4294e9bfd3]::ops::function::Fn<(&std[70759c8f55707aa4]::panic::PanicHookInfo,)>>::call
[INFO] [stdout]                                at /rustc/dfb0accb7f508ae8be965d8629557221c889dd98/library/alloc/src/boxed.rs:2334:9
[INFO] [stdout]   14:     0x5c5bde5f7442 - std[70759c8f55707aa4]::panicking::panic_with_hook
[INFO] [stdout]                                at /rustc/dfb0accb7f508ae8be965d8629557221c889dd98/library/std/src/panicking.rs:823:13
[INFO] [stdout]   15:     0x5c5bde5d94d2 - std[70759c8f55707aa4]::panicking::panic_handler::{closure#0}
[INFO] [stdout]                                at /rustc/dfb0accb7f508ae8be965d8629557221c889dd98/library/std/src/panicking.rs:688:13
[INFO] [stdout]   16:     0x5c5bde5d1a19 - std[70759c8f55707aa4]::sys::backtrace::__rust_end_short_backtrace::<std[70759c8f55707aa4]::panicking::panic_handler::{closure#0}, !>
[INFO] [stdout]                                at /rustc/dfb0accb7f508ae8be965d8629557221c889dd98/library/std/src/sys/backtrace.rs:182:18
[INFO] [stdout]   17:     0x5c5bde5da38d - __rustc[8fa7c3cbc660c2b3]::rust_begin_unwind
[INFO] [stdout]                                at /rustc/dfb0accb7f508ae8be965d8629557221c889dd98/library/std/src/panicking.rs:679:5
[INFO] [stdout]   18:     0x5c5bde618b1c - core[df12db4294e9bfd3]::panicking::panic_fmt
[INFO] [stdout]                                at /rustc/dfb0accb7f508ae8be965d8629557221c889dd98/library/core/src/panicking.rs:80:14
[INFO] [stdout]   19:     0x5c5bde618983 - core[df12db4294e9bfd3]::panicking::assert_failed_inner
[INFO] [stdout]                                at /rustc/dfb0accb7f508ae8be965d8629557221c889dd98/library/core/src/panicking.rs:452:17
[INFO] [stdout]   20:     0x5c5bde26830b - core[df12db4294e9bfd3]::panicking::assert_failed::<alloc[2182bb758b4b3781]::vec::Vec<&str>, alloc[2182bb758b4b3781]::vec::Vec<alloc[2182bb758b4b3781]::string::String>>
[INFO] [stdout]                                at /rustc/dfb0accb7f508ae8be965d8629557221c889dd98/library/core/src/panicking.rs:407:5
[INFO] [stdout]   21:     0x5c5bde2a5fc3 - tgrep[9c1caafa5a918d34]::utils::walker::tests::walk_skips_unreadable_directories_without_panicking
[INFO] [stdout]                                at /opt/rustwide/workdir/src/utils/walker.rs:696:9
[INFO] [stdout]   22:     0x5c5bde29f0f7 - tgrep[9c1caafa5a918d34]::utils::walker::tests::walk_skips_unreadable_directories_without_panicking::{closure#0}
[INFO] [stdout]                                at /opt/rustwide/workdir/src/utils/walker.rs:669:61
[INFO] [stdout]   23:     0x5c5bde291036 - <tgrep[9c1caafa5a918d34]::utils::walker::tests::walk_skips_unreadable_directories_without_panicking::{closure#0} as core[df12db4294e9bfd3]::ops::function::FnOnce<()>>::call_once
[INFO] [stdout]                                at /rustc/dfb0accb7f508ae8be965d8629557221c889dd98/library/core/src/ops/function.rs:250:5
[INFO] [stdout]   24:     0x5c5bde2d780b - <fn() -> core[df12db4294e9bfd3]::result::Result<(), alloc[2182bb758b4b3781]::string::String> as core[df12db4294e9bfd3]::ops::function::FnOnce<()>>::call_once
[INFO] [stdout]                                at /rustc/dfb0accb7f508ae8be965d8629557221c889dd98/library/core/src/ops/function.rs:250:5
[INFO] [stdout]   25:     0x5c5bde2d780b - test[9d35eded1c95d3be]::__rust_begin_short_backtrace::<core[df12db4294e9bfd3]::result::Result<(), alloc[2182bb758b4b3781]::string::String>, fn() -> core[df12db4294e9bfd3]::result::Result<(), alloc[2182bb758b4b3781]::string::String>>
[INFO] [stdout]                                at /rustc/dfb0accb7f508ae8be965d8629557221c889dd98/library/test/src/lib.rs:733:18
[INFO] [stdout]   26:     0x5c5bde2e4e75 - test[9d35eded1c95d3be]::run_test_in_process::{closure#0}
[INFO] [stdout]                                at /rustc/dfb0accb7f508ae8be965d8629557221c889dd98/library/test/src/lib.rs:756:74
[INFO] [stdout]   27:     0x5c5bde2e4e75 - <core[df12db4294e9bfd3]::panic::unwind_safe::AssertUnwindSafe<test[9d35eded1c95d3be]::run_test_in_process::{closure#0}> as core[df12db4294e9bfd3]::ops::function::FnOnce<()>>::call_once
[INFO] [stdout]                                at /rustc/dfb0accb7f508ae8be965d8629557221c889dd98/library/core/src/panic/unwind_safe.rs:275:9
[INFO] [stdout]   28:     0x5c5bde2e4e75 - std[70759c8f55707aa4]::panicking::catch_unwind::do_call::<core[df12db4294e9bfd3]::panic::unwind_safe::AssertUnwindSafe<test[9d35eded1c95d3be]::run_test_in_process::{closure#0}>, core[df12db4294e9bfd3]::result::Result<(), alloc[2182bb758b4b3781]::string::String>>
[INFO] [stdout]                                at /rustc/dfb0accb7f508ae8be965d8629557221c889dd98/library/std/src/panicking.rs:576:43
[INFO] [stdout]   29:     0x5c5bde2e4e75 - std[70759c8f55707aa4]::panicking::catch_unwind::<core[df12db4294e9bfd3]::result::Result<(), alloc[2182bb758b4b3781]::string::String>, core[df12db4294e9bfd3]::panic::unwind_safe::AssertUnwindSafe<test[9d35eded1c95d3be]::run_test_in_process::{closure#0}>>
[INFO] [stdout]                                at /rustc/dfb0accb7f508ae8be965d8629557221c889dd98/library/std/src/panicking.rs:544:19
[INFO] [stdout]   30:     0x5c5bde2e4e75 - std[70759c8f55707aa4]::panic::catch_unwind::<core[df12db4294e9bfd3]::panic::unwind_safe::AssertUnwindSafe<test[9d35eded1c95d3be]::run_test_in_process::{closure#0}>, core[df12db4294e9bfd3]::result::Result<(), alloc[2182bb758b4b3781]::string::String>>
[INFO] [stdout]                                at /rustc/dfb0accb7f508ae8be965d8629557221c889dd98/library/std/src/panic.rs:359:14
[INFO] [stdout]   31:     0x5c5bde2e4e75 - test[9d35eded1c95d3be]::run_test_in_process
[INFO] [stdout]                                at /rustc/dfb0accb7f508ae8be965d8629557221c889dd98/library/test/src/lib.rs:756:27
[INFO] [stdout]   32:     0x5c5bde2e4e75 - test[9d35eded1c95d3be]::run_test::{closure#0}
[INFO] [stdout]                                at /rustc/dfb0accb7f508ae8be965d8629557221c889dd98/library/test/src/lib.rs:677:43
[INFO] [stdout]   33:     0x5c5bde2de734 - test[9d35eded1c95d3be]::run_test::{closure#1}
[INFO] [stdout]                                at /rustc/dfb0accb7f508ae8be965d8629557221c889dd98/library/test/src/lib.rs:707:41
[INFO] [stdout]   34:     0x5c5bde2de734 - std[70759c8f55707aa4]::sys::backtrace::__rust_begin_short_backtrace::<test[9d35eded1c95d3be]::run_test::{closure#1}, ()>
[INFO] [stdout]                                at /rustc/dfb0accb7f508ae8be965d8629557221c889dd98/library/std/src/sys/backtrace.rs:166:18
[INFO] [stdout]   35:     0x5c5bde2e7fd2 - std[70759c8f55707aa4]::thread::lifecycle::spawn_unchecked::<test[9d35eded1c95d3be]::run_test::{closure#1}, ()>::{closure#1}::{closure#0}
[INFO] [stdout]                                at /rustc/dfb0accb7f508ae8be965d8629557221c889dd98/library/std/src/thread/lifecycle.rs:70:13
[INFO] [stdout]   36:     0x5c5bde2e7fd2 - <core[df12db4294e9bfd3]::panic::unwind_safe::AssertUnwindSafe<std[70759c8f55707aa4]::thread::lifecycle::spawn_unchecked<test[9d35eded1c95d3be]::run_test::{closure#1}, ()>::{closure#1}::{closure#0}> as core[df12db4294e9bfd3]::ops::function::FnOnce<()>>::call_once
[INFO] [stdout]                                at /rustc/dfb0accb7f508ae8be965d8629557221c889dd98/library/core/src/panic/unwind_safe.rs:275:9
[INFO] [stdout]   37:     0x5c5bde2e7fd2 - std[70759c8f55707aa4]::panicking::catch_unwind::do_call::<core[df12db4294e9bfd3]::panic::unwind_safe::AssertUnwindSafe<std[70759c8f55707aa4]::thread::lifecycle::spawn_unchecked<test[9d35eded1c95d3be]::run_test::{closure#1}, ()>::{closure#1}::{closure#0}>, ()>
[INFO] [stdout]                                at /rustc/dfb0accb7f508ae8be965d8629557221c889dd98/library/std/src/panicking.rs:576:43
[INFO] [stdout]   38:     0x5c5bde2e7fd2 - std[70759c8f55707aa4]::panicking::catch_unwind::<(), core[df12db4294e9bfd3]::panic::unwind_safe::AssertUnwindSafe<std[70759c8f55707aa4]::thread::lifecycle::spawn_unchecked<test[9d35eded1c95d3be]::run_test::{closure#1}, ()>::{closure#1}::{closure#0}>>
[INFO] [stdout]                                at /rustc/dfb0accb7f508ae8be965d8629557221c889dd98/library/std/src/panicking.rs:544:19
[INFO] [stdout]   39:     0x5c5bde2e7fd2 - std[70759c8f55707aa4]::panic::catch_unwind::<core[df12db4294e9bfd3]::panic::unwind_safe::AssertUnwindSafe<std[70759c8f55707aa4]::thread::lifecycle::spawn_unchecked<test[9d35eded1c95d3be]::run_test::{closure#1}, ()>::{closure#1}::{closure#0}>, ()>
[INFO] [stdout]                                at /rustc/dfb0accb7f508ae8be965d8629557221c889dd98/library/std/src/panic.rs:359:14
[INFO] [stdout]   40:     0x5c5bde2e7fd2 - std[70759c8f55707aa4]::thread::lifecycle::spawn_unchecked::<test[9d35eded1c95d3be]::run_test::{closure#1}, ()>::{closure#1}
[INFO] [stdout]                                at /rustc/dfb0accb7f508ae8be965d8629557221c889dd98/library/std/src/thread/lifecycle.rs:68:26
[INFO] [stdout]   41:     0x5c5bde2e7fd2 - <std[70759c8f55707aa4]::thread::lifecycle::spawn_unchecked<test[9d35eded1c95d3be]::run_test::{closure#1}, ()>::{closure#1} as core[df12db4294e9bfd3]::ops::function::FnOnce<()>>::call_once::{shim:vtable#0}
[INFO] [stdout]                                at /rustc/dfb0accb7f508ae8be965d8629557221c889dd98/library/core/src/ops/function.rs:250:5
[INFO] [stdout]   42:     0x5c5bde5ff859 - <alloc[2182bb758b4b3781]::boxed::Box<dyn core[df12db4294e9bfd3]::ops::function::FnOnce<(), Output = ()> + core[df12db4294e9bfd3]::marker::Send> as core[df12db4294e9bfd3]::ops::function::FnOnce<()>>::call_once
[INFO] [stdout]                                at /rustc/dfb0accb7f508ae8be965d8629557221c889dd98/library/alloc/src/boxed.rs:2320:9
[INFO] [stdout]   43:     0x5c5bde5ff859 - <std[70759c8f55707aa4]::sys::thread::unix::Thread>::new::thread_start
[INFO] [stdout]                                at /rustc/dfb0accb7f508ae8be965d8629557221c889dd98/library/std/src/sys/thread/unix.rs:123:17
[INFO] [stdout]   44:     0x790de5242dfa - <unknown>
[INFO] [stdout]   45:     0x790de52d63d4 - clone
[INFO] [stdout]   46:                0x0 - <unknown>
[INFO] [stdout] 
[INFO] [stdout] 
[INFO] [stdout] failures:
[INFO] [stdout]     utils::walker::tests::walk_skips_unreadable_directories_without_panicking
[INFO] [stdout] 
[INFO] [stdout] test result: FAILED. 24 passed; 1 failed; 0 ignored; 0 measured; 0 filtered out; finished in 0.17s
[INFO] [stdout] 
[INFO] [stderr] error: test failed, to rerun pass `--lib`
[INFO] running `Command { std: "docker" "inspect" "b500d4f800b8045cffca29f48c4272eb209aeae8f14423e267034b1baef01b52", kill_on_drop: false }`
[INFO] running `Command { std: "docker" "rm" "-f" "b500d4f800b8045cffca29f48c4272eb209aeae8f14423e267034b1baef01b52", kill_on_drop: false }`
[INFO] [stdout] b500d4f800b8045cffca29f48c4272eb209aeae8f14423e267034b1baef01b52
