[INFO] fetching crate tg-linker 0.4.2-preview.1...
[INFO] testing tg-linker-0.4.2-preview.1 against 1.100.0-beta.1 for beta-1.100-2
[INFO] extracting crate tg-linker 0.4.2-preview.1 into /workspace/builds/worker-2-tc2/source
[INFO] started tweaking crates.io crate tg-linker 0.4.2-preview.1
[INFO] finished tweaking crates.io crate tg-linker 0.4.2-preview.1
[INFO] tweaked toml for crates.io crate tg-linker 0.4.2-preview.1 written to /workspace/builds/worker-2-tc2/source/Cargo.toml
[INFO] validating manifest of crates.io crate tg-linker 0.4.2-preview.1 on toolchain 1.100.0-beta.1
[INFO] running `Command { std: CARGO_HOME="/workspace/cargo-home" RUSTUP_HOME="/workspace/rustup-home" "/workspace/cargo-home/bin/cargo" "+1.100.0-beta.1" "metadata" "--manifest-path" "Cargo.toml" "--no-deps", kill_on_drop: false }`
[INFO] crate crates.io crate tg-linker 0.4.2-preview.1 already has a lockfile, it will not be regenerated
[INFO] running `Command { std: CARGO_HOME="/workspace/cargo-home" RUSTUP_HOME="/workspace/rustup-home" "/workspace/cargo-home/bin/cargo" "+1.100.0-beta.1" "fetch" "--manifest-path" "Cargo.toml", kill_on_drop: false }`
[INFO] [stderr] warning: `package.homepage` is redundant with `package.repository`
[INFO] [stderr]   --> Cargo.toml:19:12
[INFO] [stderr]    |
[INFO] [stderr] 19 | homepage = "https://github.com/rcore-os/rCore-Tutorial-in-single-workspace"
[INFO] [stderr]    |            ^^^^^^^^^^^^^^^^^^^^^^^^^^^^^^^^^^^^^^^^^^^^^^^^^^^^^^^^^^^^^^^^
[INFO] [stderr] ...
[INFO] [stderr] 24 | repository = "https://github.com/rcore-os/rCore-Tutorial-in-single-workspace"
[INFO] [stderr]    |              ----------------------------------------------------------------
[INFO] [stderr]    |
[INFO] [stderr]    = note: `cargo::redundant_homepage` is set to `warn` by default
[INFO] [stderr] help: consider removing `package.homepage`
[INFO] [stderr] warning: `tg-linker` (manifest) generated 1 warning
[INFO] running `Command { std: "docker" "create" "-v" "/var/lib/crater-agent-workspace/builds/worker-2-tc2/source:/opt/rustwide/workdir:ro,Z" "-v" "/var/lib/crater-agent-workspace/builds/worker-2-tc2/target:/opt/rustwide/target:rw,Z" "-v" "/var/lib/crater-agent-workspace/cargo-home:/opt/rustwide/cargo-home:ro,Z" "-v" "/var/lib/crater-agent-workspace/rustup-home:/opt/rustwide/rustup-home:ro,Z" "-m" "1610612736" "--network" "none" "ghcr.io/rust-lang/crates-build-env/linux@sha256:3111399a4047eeb3a02b7a90e478d715f38a8c6669b5c4b49d30a17385265909" "sleep" "infinity", kill_on_drop: false }`
[INFO] [stdout] 7fda006c9545d4792f2d34dd7f7bee5a179d65ccf226974b1dfd6a0b247c3936
[INFO] running `Command { std: "docker" "start" "7fda006c9545d4792f2d34dd7f7bee5a179d65ccf226974b1dfd6a0b247c3936", kill_on_drop: false }`
[INFO] running `Command { std: "docker" "inspect" "7fda006c9545d4792f2d34dd7f7bee5a179d65ccf226974b1dfd6a0b247c3936", kill_on_drop: false }`
[INFO] running `Command { std: "docker" "exec" "-e" "SOURCE_DIR=/opt/rustwide/workdir" "-e" "CARGO_HOME=/opt/rustwide/cargo-home" "-e" "RUSTUP_HOME=/opt/rustwide/rustup-home" "-e" "CARGO_TARGET_DIR=/opt/rustwide/target" "-w" "/opt/rustwide/workdir" "--user" "0:0" "7fda006c9545d4792f2d34dd7f7bee5a179d65ccf226974b1dfd6a0b247c3936" "/opt/rustwide/cargo-home/bin/cargo" "+1.100.0-beta.1" "metadata" "--no-deps" "--format-version=1", kill_on_drop: false }`
[INFO] running `Command { std: "docker" "inspect" "7fda006c9545d4792f2d34dd7f7bee5a179d65ccf226974b1dfd6a0b247c3936", kill_on_drop: false }`
[INFO] running `Command { std: "docker" "exec" "-e" "SOURCE_DIR=/opt/rustwide/workdir" "-e" "CARGO_HOME=/opt/rustwide/cargo-home" "-e" "RUSTUP_HOME=/opt/rustwide/rustup-home" "-e" "CARGO_TARGET_DIR=/opt/rustwide/target" "-e" "CARGO_INCREMENTAL=0" "-e" "RUST_BACKTRACE=full" "-e" "RUSTFLAGS=--cap-lints=warn" "-e" "RUSTDOCFLAGS=--cap-lints=warn" "-w" "/opt/rustwide/workdir" "--user" "0:0" "7fda006c9545d4792f2d34dd7f7bee5a179d65ccf226974b1dfd6a0b247c3936" "/opt/rustwide/cargo-home/bin/cargo" "+1.100.0-beta.1" "build" "--frozen" "--message-format=json", kill_on_drop: false }`
[INFO] [stderr] warning: `package.homepage` is redundant with `package.repository`
[INFO] [stderr]   --> Cargo.toml:19:12
[INFO] [stderr]    |
[INFO] [stderr] 19 | homepage = "https://github.com/rcore-os/rCore-Tutorial-in-single-workspace"
[INFO] [stderr]    |            ^^^^^^^^^^^^^^^^^^^^^^^^^^^^^^^^^^^^^^^^^^^^^^^^^^^^^^^^^^^^^^^^
[INFO] [stderr] ...
[INFO] [stderr] 24 | repository = "https://github.com/rcore-os/rCore-Tutorial-in-single-workspace"
[INFO] [stderr]    |              ----------------------------------------------------------------
[INFO] [stderr]    |
[INFO] [stderr]    = note: `cargo::redundant_homepage` is set to `warn` by default
[INFO] [stderr] help: consider removing `package.homepage`
[INFO] [stderr] warning: `tg-linker` (manifest) generated 1 warning
[INFO] [stderr]    Compiling tg-linker v0.4.2-preview.1 (/opt/rustwide/workdir)
[INFO] [stderr]     Finished `dev` profile [unoptimized + debuginfo] target(s) in 0.12s
[INFO] running `Command { std: "docker" "inspect" "7fda006c9545d4792f2d34dd7f7bee5a179d65ccf226974b1dfd6a0b247c3936", kill_on_drop: false }`
[INFO] running `Command { std: "docker" "exec" "-e" "SOURCE_DIR=/opt/rustwide/workdir" "-e" "CARGO_HOME=/opt/rustwide/cargo-home" "-e" "RUSTUP_HOME=/opt/rustwide/rustup-home" "-e" "CARGO_TARGET_DIR=/opt/rustwide/target" "-e" "CARGO_INCREMENTAL=0" "-e" "RUST_BACKTRACE=full" "-e" "RUSTFLAGS=--cap-lints=warn" "-e" "RUSTDOCFLAGS=--cap-lints=warn" "-w" "/opt/rustwide/workdir" "--user" "0:0" "7fda006c9545d4792f2d34dd7f7bee5a179d65ccf226974b1dfd6a0b247c3936" "/opt/rustwide/cargo-home/bin/cargo" "+1.100.0-beta.1" "test" "--frozen" "--no-run" "--message-format=json", kill_on_drop: false }`
[INFO] [stderr] warning: `package.homepage` is redundant with `package.repository`
[INFO] [stderr]   --> Cargo.toml:19:12
[INFO] [stderr]    |
[INFO] [stderr] 19 | homepage = "https://github.com/rcore-os/rCore-Tutorial-in-single-workspace"
[INFO] [stderr]    |            ^^^^^^^^^^^^^^^^^^^^^^^^^^^^^^^^^^^^^^^^^^^^^^^^^^^^^^^^^^^^^^^^
[INFO] [stderr] ...
[INFO] [stderr] 24 | repository = "https://github.com/rcore-os/rCore-Tutorial-in-single-workspace"
[INFO] [stderr]    |              ----------------------------------------------------------------
[INFO] [stderr]    |
[INFO] [stderr]    = note: `cargo::redundant_homepage` is set to `warn` by default
[INFO] [stderr] help: consider removing `package.homepage`
[INFO] [stderr] warning: `tg-linker` (manifest) generated 1 warning
[INFO] [stderr]    Compiling tg-linker v0.4.2-preview.1 (/opt/rustwide/workdir)
[INFO] [stderr]     Finished `test` profile [unoptimized + debuginfo] target(s) in 0.29s
[INFO] running `Command { std: "docker" "inspect" "7fda006c9545d4792f2d34dd7f7bee5a179d65ccf226974b1dfd6a0b247c3936", kill_on_drop: false }`
[INFO] running `Command { std: "docker" "exec" "-e" "SOURCE_DIR=/opt/rustwide/workdir" "-e" "CARGO_HOME=/opt/rustwide/cargo-home" "-e" "RUSTUP_HOME=/opt/rustwide/rustup-home" "-e" "CARGO_TARGET_DIR=/opt/rustwide/target" "-e" "CARGO_INCREMENTAL=0" "-e" "RUST_BACKTRACE=full" "-e" "RUSTFLAGS=--cap-lints=warn" "-e" "RUSTDOCFLAGS=--cap-lints=warn" "-w" "/opt/rustwide/workdir" "--user" "0:0" "7fda006c9545d4792f2d34dd7f7bee5a179d65ccf226974b1dfd6a0b247c3936" "/opt/rustwide/cargo-home/bin/cargo" "+1.100.0-beta.1" "test" "--frozen", kill_on_drop: false }`
[INFO] [stderr] warning: `package.homepage` is redundant with `package.repository`
[INFO] [stderr]   --> Cargo.toml:19:12
[INFO] [stderr]    |
[INFO] [stderr] 19 | homepage = "https://github.com/rcore-os/rCore-Tutorial-in-single-workspace"
[INFO] [stderr]    |            ^^^^^^^^^^^^^^^^^^^^^^^^^^^^^^^^^^^^^^^^^^^^^^^^^^^^^^^^^^^^^^^^
[INFO] [stderr] ...
[INFO] [stderr] 24 | repository = "https://github.com/rcore-os/rCore-Tutorial-in-single-workspace"
[INFO] [stderr]    |              ----------------------------------------------------------------
[INFO] [stderr]    |
[INFO] [stderr]    = note: `cargo::redundant_homepage` is set to `warn` by default
[INFO] [stderr] help: consider removing `package.homepage`
[INFO] [stderr] warning: `tg-linker` (manifest) generated 1 warning
[INFO] [stderr]     Finished `test` profile [unoptimized + debuginfo] target(s) in 0.03s
[INFO] [stderr]      Running unittests src/lib.rs (/opt/rustwide/target/debug/build/tg-linker/299c6a50c59e5b41/out/tg_linker-299c6a50c59e5b41)
[INFO] [stdout] 
[INFO] [stderr]    Doc-tests tg_linker
[INFO] [stdout] running 0 tests
[INFO] [stdout] 
[INFO] [stdout] test result: ok. 0 passed; 0 failed; 0 ignored; 0 measured; 0 filtered out; finished in 0.00s
[INFO] [stdout] 
[INFO] [stdout] 
[INFO] [stdout] running 2 tests
[INFO] [stdout] test src/lib.rs - (line 17) ... FAILED
[INFO] [stdout] test src/lib.rs - (line 5) ... FAILED
[INFO] [stdout] 
[INFO] [stdout] failures:
[INFO] [stdout] 
[INFO] [stdout] ---- src/lib.rs - (line 17) stdout ----
[INFO] [stdout] error[E0433]: cannot find module or crate `linker` in this scope
[INFO] [stdout]   --> src/lib.rs:18:1
[INFO] [stdout]    |
[INFO] [stdout] 18 | linker::boot0!(rust_main; stack = 4 * 4096);
[INFO] [stdout]    | ^^^^^^ use of unresolved module or unlinked crate `linker`
[INFO] [stdout] 
[INFO] [stdout] error: aborting due to 1 previous error
[INFO] [stdout] 
[INFO] [stdout] For more information about this error, try `rustc --explain E0433`.
[INFO] [stdout] Couldn't compile the test.
[INFO] [stdout] ---- src/lib.rs - (line 5) stdout ----
[INFO] [stdout] error[E0433]: cannot find module or crate `linker` in this scope
[INFO] [stdout]  --> src/lib.rs:9:15
[INFO] [stdout]   |
[INFO] [stdout] 9 | fs::write(ld, linker::SCRIPT).unwrap();
[INFO] [stdout]   |               ^^^^^^ use of unresolved module or unlinked crate `linker`
[INFO] [stdout]   |
[INFO] [stdout]   = help: if you wanted to use a crate named `linker`, use `cargo add linker` to add it to your `Cargo.toml`
[INFO] [stdout] 
[INFO] [stdout] error: aborting due to 1 previous error
[INFO] [stdout] 
[INFO] [stdout] For more information about this error, try `rustc --explain E0433`.
[INFO] [stdout] Couldn't compile the test.
[INFO] [stdout] 
[INFO] [stdout] failures:
[INFO] [stdout]     src/lib.rs - (line 17)
[INFO] [stdout]     src/lib.rs - (line 5)
[INFO] [stdout] 
[INFO] [stdout] test result: FAILED. 0 passed; 2 failed; 0 ignored; 0 measured; 0 filtered out; finished in 0.15s
[INFO] [stdout] 
[INFO] [stdout] all doctests ran in 0.52s; merged doctests compilation took 0.37s
[INFO] [stderr] error: doctest failed, to rerun pass `--doc`
[INFO] running `Command { std: "docker" "inspect" "7fda006c9545d4792f2d34dd7f7bee5a179d65ccf226974b1dfd6a0b247c3936", kill_on_drop: false }`
[INFO] running `Command { std: "docker" "rm" "-f" "7fda006c9545d4792f2d34dd7f7bee5a179d65ccf226974b1dfd6a0b247c3936", kill_on_drop: false }`
[INFO] [stdout] 7fda006c9545d4792f2d34dd7f7bee5a179d65ccf226974b1dfd6a0b247c3936
