[INFO] fetching crate textgridde-rs 0.1.6...
[INFO] testing textgridde-rs-0.1.6 against 1.100.0-beta.1 for beta-1.100-2
[INFO] extracting crate textgridde-rs 0.1.6 into /workspace/builds/worker-3-tc2/source
[INFO] started tweaking crates.io crate textgridde-rs 0.1.6
[INFO] finished tweaking crates.io crate textgridde-rs 0.1.6
[INFO] tweaked toml for crates.io crate textgridde-rs 0.1.6 written to /workspace/builds/worker-3-tc2/source/Cargo.toml
[INFO] validating manifest of crates.io crate textgridde-rs 0.1.6 on toolchain 1.100.0-beta.1
[INFO] running `Command { std: CARGO_HOME="/workspace/cargo-home" RUSTUP_HOME="/workspace/rustup-home" "/workspace/cargo-home/bin/cargo" "+1.100.0-beta.1" "metadata" "--manifest-path" "Cargo.toml" "--no-deps", kill_on_drop: false }`
[INFO] crate crates.io crate textgridde-rs 0.1.6 already has a lockfile, it will not be regenerated
[INFO] running `Command { std: CARGO_HOME="/workspace/cargo-home" RUSTUP_HOME="/workspace/rustup-home" "/workspace/cargo-home/bin/cargo" "+1.100.0-beta.1" "fetch" "--manifest-path" "Cargo.toml", kill_on_drop: false }`
[INFO] running `Command { std: "docker" "create" "-v" "/var/lib/crater-agent-workspace/builds/worker-3-tc2/source:/opt/rustwide/workdir:ro,Z" "-v" "/var/lib/crater-agent-workspace/builds/worker-3-tc2/target:/opt/rustwide/target:rw,Z" "-v" "/var/lib/crater-agent-workspace/cargo-home:/opt/rustwide/cargo-home:ro,Z" "-v" "/var/lib/crater-agent-workspace/rustup-home:/opt/rustwide/rustup-home:ro,Z" "-m" "1610612736" "--network" "none" "ghcr.io/rust-lang/crates-build-env/linux@sha256:3111399a4047eeb3a02b7a90e478d715f38a8c6669b5c4b49d30a17385265909" "sleep" "infinity", kill_on_drop: false }`
[INFO] [stdout] 69f00f4ccd6f92668c31ae506e55a3e5164d3ee5d93e4bcff2b77a41794959ae
[INFO] running `Command { std: "docker" "start" "69f00f4ccd6f92668c31ae506e55a3e5164d3ee5d93e4bcff2b77a41794959ae", kill_on_drop: false }`
[INFO] running `Command { std: "docker" "inspect" "69f00f4ccd6f92668c31ae506e55a3e5164d3ee5d93e4bcff2b77a41794959ae", kill_on_drop: false }`
[INFO] running `Command { std: "docker" "exec" "-e" "SOURCE_DIR=/opt/rustwide/workdir" "-e" "CARGO_HOME=/opt/rustwide/cargo-home" "-e" "RUSTUP_HOME=/opt/rustwide/rustup-home" "-e" "CARGO_TARGET_DIR=/opt/rustwide/target" "-w" "/opt/rustwide/workdir" "--user" "0:0" "69f00f4ccd6f92668c31ae506e55a3e5164d3ee5d93e4bcff2b77a41794959ae" "/opt/rustwide/cargo-home/bin/cargo" "+1.100.0-beta.1" "metadata" "--no-deps" "--format-version=1", kill_on_drop: false }`
[INFO] running `Command { std: "docker" "inspect" "69f00f4ccd6f92668c31ae506e55a3e5164d3ee5d93e4bcff2b77a41794959ae", kill_on_drop: false }`
[INFO] running `Command { std: "docker" "exec" "-e" "SOURCE_DIR=/opt/rustwide/workdir" "-e" "CARGO_HOME=/opt/rustwide/cargo-home" "-e" "RUSTUP_HOME=/opt/rustwide/rustup-home" "-e" "CARGO_TARGET_DIR=/opt/rustwide/target" "-e" "CARGO_INCREMENTAL=0" "-e" "RUST_BACKTRACE=full" "-e" "RUSTFLAGS=--cap-lints=warn" "-e" "RUSTDOCFLAGS=--cap-lints=warn" "-w" "/opt/rustwide/workdir" "--user" "0:0" "69f00f4ccd6f92668c31ae506e55a3e5164d3ee5d93e4bcff2b77a41794959ae" "/opt/rustwide/cargo-home/bin/cargo" "+1.100.0-beta.1" "build" "--frozen" "--message-format=json", kill_on_drop: false }`
[INFO] [stderr]    Compiling proc-macro2 v1.0.106
[INFO] [stderr]    Compiling quote v1.0.45
[INFO] [stderr]    Compiling memchr v2.8.0
[INFO] [stderr]    Compiling regex-syntax v0.8.10
[INFO] [stderr]    Compiling convert_case v0.4.0
[INFO] [stderr]    Compiling encoding_rs v0.8.35
[INFO] [stderr]    Compiling aho-corasick v1.1.4
[INFO] [stderr]    Compiling syn v2.0.117
[INFO] [stderr]    Compiling proc-macro-error-attr2 v2.0.0
[INFO] [stderr]    Compiling regex-automata v0.4.14
[INFO] [stderr]    Compiling proc-macro-error2 v2.0.1
[INFO] [stderr]    Compiling derive_more v0.99.20
[INFO] [stderr]    Compiling getset v0.1.6
[INFO] [stderr]    Compiling regex v1.12.3
[INFO] [stderr]    Compiling textgridde-rs v0.1.6 (/opt/rustwide/workdir)
[INFO] [stderr]     Finished `dev` profile [unoptimized + debuginfo] target(s) in 11.25s
[INFO] [stderr] warning: the following packages contain code that will be rejected by a future version of Rust: proc-macro-error2 v2.0.1
[INFO] [stderr] note: to see what the problems were, use the option `--future-incompat-report`, or run `cargo report future-incompatibilities --id 1`
[INFO] running `Command { std: "docker" "inspect" "69f00f4ccd6f92668c31ae506e55a3e5164d3ee5d93e4bcff2b77a41794959ae", kill_on_drop: false }`
[INFO] running `Command { std: "docker" "exec" "-e" "SOURCE_DIR=/opt/rustwide/workdir" "-e" "CARGO_HOME=/opt/rustwide/cargo-home" "-e" "RUSTUP_HOME=/opt/rustwide/rustup-home" "-e" "CARGO_TARGET_DIR=/opt/rustwide/target" "-e" "CARGO_INCREMENTAL=0" "-e" "RUST_BACKTRACE=full" "-e" "RUSTFLAGS=--cap-lints=warn" "-e" "RUSTDOCFLAGS=--cap-lints=warn" "-w" "/opt/rustwide/workdir" "--user" "0:0" "69f00f4ccd6f92668c31ae506e55a3e5164d3ee5d93e4bcff2b77a41794959ae" "/opt/rustwide/cargo-home/bin/cargo" "+1.100.0-beta.1" "test" "--frozen" "--no-run" "--message-format=json", kill_on_drop: false }`
[INFO] [stderr]    Compiling textgridde-rs v0.1.6 (/opt/rustwide/workdir)
[INFO] [stderr]     Finished `test` profile [unoptimized + debuginfo] target(s) in 1.06s
[INFO] [stderr] warning: the following packages contain code that will be rejected by a future version of Rust: proc-macro-error2 v2.0.1
[INFO] [stderr] note: to see what the problems were, use the option `--future-incompat-report`, or run `cargo report future-incompatibilities --id 1`
[INFO] running `Command { std: "docker" "inspect" "69f00f4ccd6f92668c31ae506e55a3e5164d3ee5d93e4bcff2b77a41794959ae", kill_on_drop: false }`
[INFO] running `Command { std: "docker" "exec" "-e" "SOURCE_DIR=/opt/rustwide/workdir" "-e" "CARGO_HOME=/opt/rustwide/cargo-home" "-e" "RUSTUP_HOME=/opt/rustwide/rustup-home" "-e" "CARGO_TARGET_DIR=/opt/rustwide/target" "-e" "CARGO_INCREMENTAL=0" "-e" "RUST_BACKTRACE=full" "-e" "RUSTFLAGS=--cap-lints=warn" "-e" "RUSTDOCFLAGS=--cap-lints=warn" "-w" "/opt/rustwide/workdir" "--user" "0:0" "69f00f4ccd6f92668c31ae506e55a3e5164d3ee5d93e4bcff2b77a41794959ae" "/opt/rustwide/cargo-home/bin/cargo" "+1.100.0-beta.1" "test" "--frozen", kill_on_drop: false }`
[INFO] [stderr]     Finished `test` profile [unoptimized + debuginfo] target(s) in 0.03s
[INFO] [stderr] warning: the following packages contain code that will be rejected by a future version of Rust: proc-macro-error2 v2.0.1
[INFO] [stderr] note: to see what the problems were, use the option `--future-incompat-report`, or run `cargo report future-incompatibilities --id 1`
[INFO] [stderr]      Running unittests src/lib.rs (/opt/rustwide/target/debug/build/textgridde-rs/81e5ecdde0cb6e65/out/textgridde_rs-81e5ecdde0cb6e65)
[INFO] [stdout] 
[INFO] [stdout] running 55 tests
[INFO] [stdout] test interval::test_interval_tier::get_duration ... ok
[INFO] [stdout] test interval::test_interval_tier::set_xmax ... ok
[INFO] [stdout] test interval::test_tier::check_overlaps::no_overlap ... ok
[INFO] [stdout] test interval::test_interval_tier::to_string ... ok
[INFO] [stdout] test interval::test_interval_tier::get_midpoint ... ok
[INFO] [stdout] test interval::test_interval_tier::set_xmin ... ok
[INFO] [stdout] test input::test_input::get_file_content ... ok
[INFO] [stdout] test interval::test_tier::fix_boundaries::prefer_last ... ok
[INFO] [stdout] test interval::test_tier::get_size ... ok
[INFO] [stdout] test point::test_point_tier::check_overlaps ... ok
[INFO] [stdout] test interval::test_tier::to_string ... ok
[INFO] [stdout] test point::test_point_tier::reorder ... ok
[INFO] [stdout] test interval::test_tier::push_intervals ... ok
[INFO] [stdout] test interval::test_tier::push_interval ... ok
[INFO] [stdout] test interval::test_tier::set_xmin ... ok
[INFO] [stdout] test point::test_point_tier::push_points ... ok
[INFO] [stdout] test interval::test_tier::check_overlaps::overlap ... ok
[INFO] [stdout] test point::test_point::test_point ... ok
[INFO] [stdout] test interval::test_tier::fill_gaps ... ok
[INFO] [stdout] test point::test_point_tier::set_xmax ... ok
[INFO] [stdout] test point::test_point_tier::push_point ... ok
[INFO] [stdout] test interval::test_tier::reorder ... ok
[INFO] [stdout] test interval::test_tier::fix_boundaries::prefer_first ... ok
[INFO] [stdout] test point::test_point_tier::get_size ... ok
[INFO] [stdout] test point::test_point_tier::set_xmin ... ok
[INFO] [stdout] test interval::test_tier::set_intervals ... ok
[INFO] [stdout] test interval::test_tier::set_xmax ... ok
[INFO] [stdout] test test::verify_start_of_textgrid ... ok
[INFO] [stdout] test test::parse_point ... ok
[INFO] [stdout] test test::parse_interval ... ok
[INFO] [stdout] test test::parse_tiers ... ok
[INFO] [stdout] test textgrid::test_textgrid::format_as_short ... ok
[INFO] [stdout] test textgrid::test_textgrid::push_tier ... ok
[INFO] [stdout] test textgrid::test_textgrid::format_as_long ... ok
[INFO] [stdout] test test::parse_textgrid_from_invalid_string ... ok
[INFO] [stdout] test textgrid::test_textgrid::set_xmin::more_than_xmax ... ok
[INFO] [stdout] test textgrid::test_textgrid::set_xmin::negative_with_warn ... ok
[INFO] [stdout] test textgrid::test_textgrid::set_xmax::normal ... ok
[INFO] [stdout] test textgrid::test_textgrid::set_xmax::less_than_xmin ... ok
[INFO] [stdout] test textgrid::test_textgrid::set_xmin::normal ... ok
[INFO] [stdout] test test::parse_textgrid_from_stream ... ok
[INFO] [stdout] test textgrid::test_textgrid::set_xmax::negative ... ok
[INFO] [stdout] test textgrid::test_tier::default ... ok
[INFO] [stdout] test test::parse_textgrid_from_file ... ok
[INFO] [stdout] test textgrid::test_tier::get_point_tier ... ok
[INFO] [stdout] test textgrid::test_tier::get_interval_tier ... ok
[INFO] [stdout] test textgrid::test_tier::to_string ... ok
[INFO] [stdout] test utilities::test_utilities::process_lines ... ok
[INFO] [stdout] test utilities::test_utilities::pull_next_number ... ok
[INFO] [stdout] test test::parse_textgrid_from_vector ... ok
[INFO] [stdout] test utilities::test_utilities::split_line_with_regex ... ok
[INFO] [stdout] test textgrid::test_textgrid::from_pathbuf ... ok
[INFO] [stdout] test test::parse_textgrid_from_path ... ok
[INFO] [stdout] test test::parse_textgrid_from_string ... ok
[INFO] [stdout] test input::test_input::utf16 ... FAILED
[INFO] [stdout] 
[INFO] [stdout] failures:
[INFO] [stdout] 
[INFO] [stdout] ---- input::test_input::utf16 stdout ----
[INFO] [stdout] 
[INFO] [stdout] thread 'input::test_input::utf16' (481) panicked at src/input.rs:167:9:
[INFO] [stdout] assertion `left == right` failed
[INFO] [stdout]   left: ["File type = \"ooTextFile\"\r", "Object class = \"TextGrid\"\r", "\r", "xmin = 0\r", "xmax = 2.3\r", "tiers? <exists>\r", "size = 3\r", "item []:\r", "\titem [1]:\r", "\t\tclass = \"IntervalTier\"\r", "\t\tname = \"John\"\r", "\t\txmin = 0\r", "\t\txmax = 2.3\r", "\t\tintervals: size = 1\r", "\t\tintervals [1]:\r", "\t\t\txmin = 0\r", "\t\t\txmax = 2.3\r", "\t\t\ttext = \"daisy bell\"\r", "\titem [2]:\r", "\t\tclass = \"IntervalTier\"\r", "\t\tname = \"Kelly\"\r", "\t\txmin = 0\r", "\t\txmax = 2.3\r", "\t\tintervals: size = 1\r", "\t\tintervals [1]:\r", "\t\t\txmin = 0\r", "\t\t\txmax = 2.3\r", "\t\t\ttext = \"\" ! comment test\r", "\titem [3]:\r", "\t\tclass = \"TextTier\"\r", "\t\tname = \"Bell\"\r", "\t\txmin = 0\r", "\t\txmax = 2.3\r", "\t\tpoints: size = 1\r", "\t\tpoints [1]:\r", "\t\t\tnumber = 1\r", "\t\t\tmark = \"give me your answer do\""]
[INFO] [stdout]  right: ["File type = \"ooTextFile\"", "Object class = \"TextGrid\"", "", "xmin = 0", "xmax = 2.3", "tiers? <exists>", "size = 3", "item []:", "\titem [1]:", "\t\tclass = \"IntervalTier\"", "\t\tname = \"John\"", "\t\txmin = 0", "\t\txmax = 2.3", "\t\tintervals: size = 1", "\t\tintervals [1]:", "\t\t\txmin = 0", "\t\t\txmax = 2.3", "\t\t\ttext = \"daisy bell\"", "\titem [2]:", "\t\tclass = \"IntervalTier\"", "\t\tname = \"Kelly\"", "\t\txmin = 0", "\t\txmax = 2.3", "\t\tintervals: size = 1", "\t\tintervals [1]:", "\t\t\txmin = 0", "\t\t\txmax = 2.3", "\t\t\ttext = \"\" ! comment test", "\titem [3]:", "\t\tclass = \"TextTier\"", "\t\tname = \"Bell\"", "\t\txmin = 0", "\t\txmax = 2.3", "\t\tpoints: size = 1", "\t\tpoints [1]:", "\t\t\tnumber = 1", "\t\t\tmark = \"give me your answer do\""]
[INFO] [stdout] stack backtrace:
[INFO] [stdout]    0:     0x5ce89c2af2a1 - std[617be2ca0a6fd877]::backtrace_rs::backtrace::libunwind::trace
[INFO] [stdout]                                at /rustc/e3feeb59cd1bdd011a2bfcc0747b55125d9b8527/library/std/src/../../backtrace/src/backtrace/libunwind.rs:117:9
[INFO] [stdout]    1:     0x5ce89c2af2a1 - std[617be2ca0a6fd877]::backtrace_rs::backtrace::trace_unsynchronized::<std[617be2ca0a6fd877]::sys::backtrace::_print_fmt::{closure#1}>
[INFO] [stdout]                                at /rustc/e3feeb59cd1bdd011a2bfcc0747b55125d9b8527/library/std/src/../../backtrace/src/backtrace/mod.rs:66:14
[INFO] [stdout]    2:     0x5ce89c2af2a1 - std[617be2ca0a6fd877]::sys::backtrace::_print_fmt
[INFO] [stdout]                                at /rustc/e3feeb59cd1bdd011a2bfcc0747b55125d9b8527/library/std/src/sys/backtrace.rs:74:9
[INFO] [stdout]    3:     0x5ce89c2af2a1 - <<std[617be2ca0a6fd877]::sys::backtrace::BacktraceLock>::print::DisplayBacktrace as core[a373ad73a504971]::fmt::Display>::fmt
[INFO] [stdout]                                at /rustc/e3feeb59cd1bdd011a2bfcc0747b55125d9b8527/library/std/src/sys/backtrace.rs:44:26
[INFO] [stdout]    4:     0x5ce89c2c546a - <core[a373ad73a504971]::fmt::rt::Argument>::fmt
[INFO] [stdout]                                at /rustc/e3feeb59cd1bdd011a2bfcc0747b55125d9b8527/library/core/src/fmt/rt.rs:152:76
[INFO] [stdout]    5:     0x5ce89c2c546a - core[a373ad73a504971]::fmt::write
[INFO] [stdout]    6:     0x5ce89c2b34bc - core[a373ad73a504971]::io::write::default_write_fmt::<alloc[2e1b2a31b91974c5]::vec::Vec<u8>>
[INFO] [stdout]                                at /rustc/e3feeb59cd1bdd011a2bfcc0747b55125d9b8527/library/core/src/io/write.rs:402:11
[INFO] [stdout]    7:     0x5ce89c2b34bc - <alloc[2e1b2a31b91974c5]::vec::Vec<u8> as core[a373ad73a504971]::io::write::Write>::write_fmt
[INFO] [stdout]                                at /rustc/e3feeb59cd1bdd011a2bfcc0747b55125d9b8527/library/core/src/io/write.rs:335:13
[INFO] [stdout]    8:     0x5ce89c28b446 - <std[617be2ca0a6fd877]::sys::backtrace::BacktraceLock>::print
[INFO] [stdout]                                at /rustc/e3feeb59cd1bdd011a2bfcc0747b55125d9b8527/library/std/src/sys/backtrace.rs:47:9
[INFO] [stdout]    9:     0x5ce89c28b446 - std[617be2ca0a6fd877]::panicking::default_hook::{closure#0}
[INFO] [stdout]                                at /rustc/e3feeb59cd1bdd011a2bfcc0747b55125d9b8527/library/std/src/panicking.rs:289:27
[INFO] [stdout]   10:     0x5ce89c2a7919 - std[617be2ca0a6fd877]::panicking::default_hook
[INFO] [stdout]                                at /rustc/e3feeb59cd1bdd011a2bfcc0747b55125d9b8527/library/std/src/panicking.rs:313:9
[INFO] [stdout]   11:     0x5ce89bfbca20 - <alloc[2e1b2a31b91974c5]::boxed::Box<dyn for<'a, 'b> core[a373ad73a504971]::ops::function::Fn<(&'a std[617be2ca0a6fd877]::panic::PanicHookInfo<'b>,), Output = ()> + core[a373ad73a504971]::marker::Sync + core[a373ad73a504971]::marker::Send> as core[a373ad73a504971]::ops::function::Fn<(&std[617be2ca0a6fd877]::panic::PanicHookInfo,)>>::call
[INFO] [stdout]                                at /rustc/e3feeb59cd1bdd011a2bfcc0747b55125d9b8527/library/alloc/src/boxed.rs:2328:9
[INFO] [stdout]   12:     0x5ce89bfbca20 - test[aada8e7e76ba119b]::test_main_inner::{closure#0}
[INFO] [stdout]                                at /rustc/e3feeb59cd1bdd011a2bfcc0747b55125d9b8527/library/test/src/lib.rs:137:21
[INFO] [stdout]   13:     0x5ce89c2a7ad2 - <alloc[2e1b2a31b91974c5]::boxed::Box<dyn for<'a, 'b> core[a373ad73a504971]::ops::function::Fn<(&'a std[617be2ca0a6fd877]::panic::PanicHookInfo<'b>,), Output = ()> + core[a373ad73a504971]::marker::Sync + core[a373ad73a504971]::marker::Send> as core[a373ad73a504971]::ops::function::Fn<(&std[617be2ca0a6fd877]::panic::PanicHookInfo,)>>::call
[INFO] [stdout]                                at /rustc/e3feeb59cd1bdd011a2bfcc0747b55125d9b8527/library/alloc/src/boxed.rs:2328:9
[INFO] [stdout]   14:     0x5ce89c2a7ad2 - std[617be2ca0a6fd877]::panicking::panic_with_hook
[INFO] [stdout]                                at /rustc/e3feeb59cd1bdd011a2bfcc0747b55125d9b8527/library/std/src/panicking.rs:819:13
[INFO] [stdout]   15:     0x5ce89c28b4f2 - std[617be2ca0a6fd877]::panicking::panic_handler::{closure#0}
[INFO] [stdout]                                at /rustc/e3feeb59cd1bdd011a2bfcc0747b55125d9b8527/library/std/src/panicking.rs:685:13
[INFO] [stdout]   16:     0x5ce89c284209 - std[617be2ca0a6fd877]::sys::backtrace::__rust_end_short_backtrace::<std[617be2ca0a6fd877]::panicking::panic_handler::{closure#0}, !>
[INFO] [stdout]                                at /rustc/e3feeb59cd1bdd011a2bfcc0747b55125d9b8527/library/std/src/sys/backtrace.rs:182:18
[INFO] [stdout]   17:     0x5ce89c28c0fd - __rustc[ea4f61d10b84890b]::rust_begin_unwind
[INFO] [stdout]                                at /rustc/e3feeb59cd1bdd011a2bfcc0747b55125d9b8527/library/std/src/panicking.rs:676:5
[INFO] [stdout]   18:     0x5ce89c2c5d0c - core[a373ad73a504971]::panicking::panic_fmt
[INFO] [stdout]                                at /rustc/e3feeb59cd1bdd011a2bfcc0747b55125d9b8527/library/core/src/panicking.rs:80:14
[INFO] [stdout]   19:     0x5ce89c2c5ba3 - core[a373ad73a504971]::panicking::assert_failed_inner
[INFO] [stdout]                                at /rustc/e3feeb59cd1bdd011a2bfcc0747b55125d9b8527/library/core/src/panicking.rs:452:17
[INFO] [stdout]   20:     0x5ce89bf6c18f - core[a373ad73a504971]::panicking::assert_failed::<alloc[2e1b2a31b91974c5]::vec::Vec<alloc[2e1b2a31b91974c5]::string::String>, alloc[2e1b2a31b91974c5]::vec::Vec<alloc[2e1b2a31b91974c5]::string::String>>
[INFO] [stdout]                                at /rustc/e3feeb59cd1bdd011a2bfcc0747b55125d9b8527/library/core/src/panicking.rs:407:5
[INFO] [stdout]   21:     0x5ce89bf786a2 - textgridde_rs[f28302d87af3ce52]::input::test_input::utf16
[INFO] [stdout]                                at /opt/rustwide/workdir/src/input.rs:167:9
[INFO] [stdout]   22:     0x5ce89bf75437 - textgridde_rs[f28302d87af3ce52]::input::test_input::utf16::{closure#0}
[INFO] [stdout]                                at /opt/rustwide/workdir/src/input.rs:157:15
[INFO] [stdout]   23:     0x5ce89bf71a16 - <textgridde_rs[f28302d87af3ce52]::input::test_input::utf16::{closure#0} as core[a373ad73a504971]::ops::function::FnOnce<()>>::call_once
[INFO] [stdout]                                at /rustc/e3feeb59cd1bdd011a2bfcc0747b55125d9b8527/library/core/src/ops/function.rs:250:5
[INFO] [stdout]   24:     0x5ce89bfafe6b - <fn() -> core[a373ad73a504971]::result::Result<(), alloc[2e1b2a31b91974c5]::string::String> as core[a373ad73a504971]::ops::function::FnOnce<()>>::call_once
[INFO] [stdout]                                at /rustc/e3feeb59cd1bdd011a2bfcc0747b55125d9b8527/library/core/src/ops/function.rs:250:5
[INFO] [stdout]   25:     0x5ce89bfafe6b - test[aada8e7e76ba119b]::__rust_begin_short_backtrace::<core[a373ad73a504971]::result::Result<(), alloc[2e1b2a31b91974c5]::string::String>, fn() -> core[a373ad73a504971]::result::Result<(), alloc[2e1b2a31b91974c5]::string::String>>
[INFO] [stdout]                                at /rustc/e3feeb59cd1bdd011a2bfcc0747b55125d9b8527/library/test/src/lib.rs:701:18
[INFO] [stdout]   26:     0x5ce89bfbd045 - test[aada8e7e76ba119b]::run_test_in_process::{closure#0}
[INFO] [stdout]                                at /rustc/e3feeb59cd1bdd011a2bfcc0747b55125d9b8527/library/test/src/lib.rs:724:74
[INFO] [stdout]   27:     0x5ce89bfbd045 - <core[a373ad73a504971]::panic::unwind_safe::AssertUnwindSafe<test[aada8e7e76ba119b]::run_test_in_process::{closure#0}> as core[a373ad73a504971]::ops::function::FnOnce<()>>::call_once
[INFO] [stdout]                                at /rustc/e3feeb59cd1bdd011a2bfcc0747b55125d9b8527/library/core/src/panic/unwind_safe.rs:275:9
[INFO] [stdout]   28:     0x5ce89bfbd045 - std[617be2ca0a6fd877]::panicking::catch_unwind::do_call::<core[a373ad73a504971]::panic::unwind_safe::AssertUnwindSafe<test[aada8e7e76ba119b]::run_test_in_process::{closure#0}>, core[a373ad73a504971]::result::Result<(), alloc[2e1b2a31b91974c5]::string::String>>
[INFO] [stdout]                                at /rustc/e3feeb59cd1bdd011a2bfcc0747b55125d9b8527/library/std/src/panicking.rs:573:43
[INFO] [stdout]   29:     0x5ce89bfbd045 - std[617be2ca0a6fd877]::panicking::catch_unwind::<core[a373ad73a504971]::result::Result<(), alloc[2e1b2a31b91974c5]::string::String>, core[a373ad73a504971]::panic::unwind_safe::AssertUnwindSafe<test[aada8e7e76ba119b]::run_test_in_process::{closure#0}>>
[INFO] [stdout]                                at /rustc/e3feeb59cd1bdd011a2bfcc0747b55125d9b8527/library/std/src/panicking.rs:541:19
[INFO] [stdout]   30:     0x5ce89bfbd045 - std[617be2ca0a6fd877]::panic::catch_unwind::<core[a373ad73a504971]::panic::unwind_safe::AssertUnwindSafe<test[aada8e7e76ba119b]::run_test_in_process::{closure#0}>, core[a373ad73a504971]::result::Result<(), alloc[2e1b2a31b91974c5]::string::String>>
[INFO] [stdout]                                at /rustc/e3feeb59cd1bdd011a2bfcc0747b55125d9b8527/library/std/src/panic.rs:359:14
[INFO] [stdout]   31:     0x5ce89bfbd045 - test[aada8e7e76ba119b]::run_test_in_process
[INFO] [stdout]                                at /rustc/e3feeb59cd1bdd011a2bfcc0747b55125d9b8527/library/test/src/lib.rs:724:27
[INFO] [stdout]   32:     0x5ce89bfbd045 - test[aada8e7e76ba119b]::run_test::{closure#0}
[INFO] [stdout]                                at /rustc/e3feeb59cd1bdd011a2bfcc0747b55125d9b8527/library/test/src/lib.rs:645:43
[INFO] [stdout]   33:     0x5ce89bfb6934 - test[aada8e7e76ba119b]::run_test::{closure#1}
[INFO] [stdout]                                at /rustc/e3feeb59cd1bdd011a2bfcc0747b55125d9b8527/library/test/src/lib.rs:675:41
[INFO] [stdout]   34:     0x5ce89bfb6934 - std[617be2ca0a6fd877]::sys::backtrace::__rust_begin_short_backtrace::<test[aada8e7e76ba119b]::run_test::{closure#1}, ()>
[INFO] [stdout]                                at /rustc/e3feeb59cd1bdd011a2bfcc0747b55125d9b8527/library/std/src/sys/backtrace.rs:166:18
[INFO] [stdout]   35:     0x5ce89bfc00d2 - std[617be2ca0a6fd877]::thread::lifecycle::spawn_unchecked::<test[aada8e7e76ba119b]::run_test::{closure#1}, ()>::{closure#1}::{closure#0}
[INFO] [stdout]                                at /rustc/e3feeb59cd1bdd011a2bfcc0747b55125d9b8527/library/std/src/thread/lifecycle.rs:70:13
[INFO] [stdout]   36:     0x5ce89bfc00d2 - <core[a373ad73a504971]::panic::unwind_safe::AssertUnwindSafe<std[617be2ca0a6fd877]::thread::lifecycle::spawn_unchecked<test[aada8e7e76ba119b]::run_test::{closure#1}, ()>::{closure#1}::{closure#0}> as core[a373ad73a504971]::ops::function::FnOnce<()>>::call_once
[INFO] [stdout]                                at /rustc/e3feeb59cd1bdd011a2bfcc0747b55125d9b8527/library/core/src/panic/unwind_safe.rs:275:9
[INFO] [stdout]   37:     0x5ce89bfc00d2 - std[617be2ca0a6fd877]::panicking::catch_unwind::do_call::<core[a373ad73a504971]::panic::unwind_safe::AssertUnwindSafe<std[617be2ca0a6fd877]::thread::lifecycle::spawn_unchecked<test[aada8e7e76ba119b]::run_test::{closure#1}, ()>::{closure#1}::{closure#0}>, ()>
[INFO] [stdout]                                at /rustc/e3feeb59cd1bdd011a2bfcc0747b55125d9b8527/library/std/src/panicking.rs:573:43
[INFO] [stdout]   38:     0x5ce89bfc00d2 - std[617be2ca0a6fd877]::panicking::catch_unwind::<(), core[a373ad73a504971]::panic::unwind_safe::AssertUnwindSafe<std[617be2ca0a6fd877]::thread::lifecycle::spawn_unchecked<test[aada8e7e76ba119b]::run_test::{closure#1}, ()>::{closure#1}::{closure#0}>>
[INFO] [stdout]                                at /rustc/e3feeb59cd1bdd011a2bfcc0747b55125d9b8527/library/std/src/panicking.rs:541:19
[INFO] [stdout]   39:     0x5ce89bfc00d2 - std[617be2ca0a6fd877]::panic::catch_unwind::<core[a373ad73a504971]::panic::unwind_safe::AssertUnwindSafe<std[617be2ca0a6fd877]::thread::lifecycle::spawn_unchecked<test[aada8e7e76ba119b]::run_test::{closure#1}, ()>::{closure#1}::{closure#0}>, ()>
[INFO] [stdout]                                at /rustc/e3feeb59cd1bdd011a2bfcc0747b55125d9b8527/library/std/src/panic.rs:359:14
[INFO] [stdout]   40:     0x5ce89bfc00d2 - std[617be2ca0a6fd877]::thread::lifecycle::spawn_unchecked::<test[aada8e7e76ba119b]::run_test::{closure#1}, ()>::{closure#1}
[INFO] [stdout]                                at /rustc/e3feeb59cd1bdd011a2bfcc0747b55125d9b8527/library/std/src/thread/lifecycle.rs:68:26
[INFO] [stdout]   41:     0x5ce89bfc00d2 - <std[617be2ca0a6fd877]::thread::lifecycle::spawn_unchecked<test[aada8e7e76ba119b]::run_test::{closure#1}, ()>::{closure#1} as core[a373ad73a504971]::ops::function::FnOnce<()>>::call_once::{shim:vtable#0}
[INFO] [stdout]                                at /rustc/e3feeb59cd1bdd011a2bfcc0747b55125d9b8527/library/core/src/ops/function.rs:250:5
[INFO] [stdout]   42:     0x5ce89c2aeaff - <alloc[2e1b2a31b91974c5]::boxed::Box<dyn core[a373ad73a504971]::ops::function::FnOnce<(), Output = ()> + core[a373ad73a504971]::marker::Send> as core[a373ad73a504971]::ops::function::FnOnce<()>>::call_once
[INFO] [stdout]                                at /rustc/e3feeb59cd1bdd011a2bfcc0747b55125d9b8527/library/alloc/src/boxed.rs:2314:9
[INFO] [stdout]   43:     0x5ce89c2aeaff - <std[617be2ca0a6fd877]::sys::thread::unix::Thread>::new::thread_start
[INFO] [stdout]                                at /rustc/e3feeb59cd1bdd011a2bfcc0747b55125d9b8527/library/std/src/sys/thread/unix.rs:127:17
[INFO] [stdout]   44:     0x7d4648221dfa - <unknown>
[INFO] [stdout]   45:     0x7d46482b53d4 - clone
[INFO] [stdout]   46:                0x0 - <unknown>
[INFO] [stdout] 
[INFO] [stdout] 
[INFO] [stdout] failures:
[INFO] [stdout]     input::test_input::utf16
[INFO] [stdout] 
[INFO] [stdout] test result: FAILED. 54 passed; 1 failed; 0 ignored; 0 measured; 0 filtered out; finished in 0.03s
[INFO] [stdout] 
[INFO] [stderr] error: test failed, to rerun pass `--lib`
[INFO] running `Command { std: "docker" "inspect" "69f00f4ccd6f92668c31ae506e55a3e5164d3ee5d93e4bcff2b77a41794959ae", kill_on_drop: false }`
[INFO] running `Command { std: "docker" "rm" "-f" "69f00f4ccd6f92668c31ae506e55a3e5164d3ee5d93e4bcff2b77a41794959ae", kill_on_drop: false }`
[INFO] [stdout] 69f00f4ccd6f92668c31ae506e55a3e5164d3ee5d93e4bcff2b77a41794959ae
