[INFO] fetching crate termosaic 0.3.0...
[INFO] testing termosaic-0.3.0 against 1.99.0-beta.8 for beta-1.100-2
[INFO] extracting crate termosaic 0.3.0 into /workspace/builds/worker-3-tc1/source
[INFO] started tweaking crates.io crate termosaic 0.3.0
[INFO] removed 0 missing examples
[INFO] removed 0 missing tests
[INFO] finished tweaking crates.io crate termosaic 0.3.0
[INFO] tweaked toml for crates.io crate termosaic 0.3.0 written to /workspace/builds/worker-3-tc1/source/Cargo.toml
[INFO] validating manifest of crates.io crate termosaic 0.3.0 on toolchain 1.99.0-beta.8
[INFO] running `Command { std: CARGO_HOME="/workspace/cargo-home" RUSTUP_HOME="/workspace/rustup-home" "/workspace/cargo-home/bin/cargo" "+1.99.0-beta.8" "metadata" "--manifest-path" "Cargo.toml" "--no-deps", kill_on_drop: false }`
[INFO] crate crates.io crate termosaic 0.3.0 already has a lockfile, it will not be regenerated
[INFO] running `Command { std: CARGO_HOME="/workspace/cargo-home" RUSTUP_HOME="/workspace/rustup-home" "/workspace/cargo-home/bin/cargo" "+1.99.0-beta.8" "fetch" "--manifest-path" "Cargo.toml", kill_on_drop: false }`
[INFO] [stderr]     Blocking waiting for file lock on package cache
[INFO] [stderr]     Updating crates.io index
[INFO] [stderr]  Downloading crates ...
[INFO] [stderr]   Downloaded trybuild v1.0.118
[INFO] [stderr]   Downloaded laidout v0.3.0
[INFO] [stderr]   Downloaded syn v3.0.0
[INFO] running `Command { std: "docker" "create" "-v" "/var/lib/crater-agent-workspace/builds/worker-3-tc1/source:/opt/rustwide/workdir:ro,Z" "-v" "/var/lib/crater-agent-workspace/builds/worker-3-tc1/target:/opt/rustwide/target:rw,Z" "-v" "/var/lib/crater-agent-workspace/cargo-home:/opt/rustwide/cargo-home:ro,Z" "-v" "/var/lib/crater-agent-workspace/rustup-home:/opt/rustwide/rustup-home:ro,Z" "-m" "1610612736" "--network" "none" "ghcr.io/rust-lang/crates-build-env/linux@sha256:3111399a4047eeb3a02b7a90e478d715f38a8c6669b5c4b49d30a17385265909" "sleep" "infinity", kill_on_drop: false }`
[INFO] [stdout] be96df2ad0972d4301810cf36124cb11e9e991a6e1ebe869ed0af2937fbb7307
[INFO] running `Command { std: "docker" "start" "be96df2ad0972d4301810cf36124cb11e9e991a6e1ebe869ed0af2937fbb7307", kill_on_drop: false }`
[INFO] running `Command { std: "docker" "inspect" "be96df2ad0972d4301810cf36124cb11e9e991a6e1ebe869ed0af2937fbb7307", kill_on_drop: false }`
[INFO] running `Command { std: "docker" "exec" "-e" "SOURCE_DIR=/opt/rustwide/workdir" "-e" "CARGO_HOME=/opt/rustwide/cargo-home" "-e" "RUSTUP_HOME=/opt/rustwide/rustup-home" "-e" "CARGO_TARGET_DIR=/opt/rustwide/target" "-w" "/opt/rustwide/workdir" "--user" "0:0" "be96df2ad0972d4301810cf36124cb11e9e991a6e1ebe869ed0af2937fbb7307" "/opt/rustwide/cargo-home/bin/cargo" "+1.99.0-beta.8" "metadata" "--no-deps" "--format-version=1", kill_on_drop: false }`
[INFO] running `Command { std: "docker" "inspect" "be96df2ad0972d4301810cf36124cb11e9e991a6e1ebe869ed0af2937fbb7307", kill_on_drop: false }`
[INFO] running `Command { std: "docker" "exec" "-e" "SOURCE_DIR=/opt/rustwide/workdir" "-e" "CARGO_HOME=/opt/rustwide/cargo-home" "-e" "RUSTUP_HOME=/opt/rustwide/rustup-home" "-e" "CARGO_TARGET_DIR=/opt/rustwide/target" "-e" "CARGO_INCREMENTAL=0" "-e" "RUST_BACKTRACE=full" "-e" "RUSTFLAGS=--cap-lints=warn" "-e" "RUSTDOCFLAGS=--cap-lints=warn" "-w" "/opt/rustwide/workdir" "--user" "0:0" "be96df2ad0972d4301810cf36124cb11e9e991a6e1ebe869ed0af2937fbb7307" "/opt/rustwide/cargo-home/bin/cargo" "+1.99.0-beta.8" "build" "--frozen" "--message-format=json", kill_on_drop: false }`
[INFO] [stderr]    Compiling syn v3.0.0
[INFO] [stderr]    Compiling portable-atomic v1.14.0
[INFO] [stderr]    Compiling unit-prefix v0.5.2
[INFO] [stderr]    Compiling unicode-segmentation v1.13.3
[INFO] [stderr]    Compiling console v0.16.4
[INFO] [stderr]    Compiling serde_json v1.0.150
[INFO] [stderr]    Compiling indicatif v0.18.6
[INFO] [stderr]    Compiling thiserror-impl v2.0.19
[INFO] [stderr]    Compiling serde_derive v1.0.229
[INFO] [stderr]    Compiling thiserror v2.0.19
[INFO] [stderr]    Compiling laidout v0.3.0
[INFO] [stderr]    Compiling serde v1.0.229
[INFO] [stderr]    Compiling termosaic v0.3.0 (/opt/rustwide/workdir)
[INFO] [stderr]     Finished `dev` profile [unoptimized + debuginfo] target(s) in 8.98s
[INFO] running `Command { std: "docker" "inspect" "be96df2ad0972d4301810cf36124cb11e9e991a6e1ebe869ed0af2937fbb7307", kill_on_drop: false }`
[INFO] running `Command { std: "docker" "exec" "-e" "SOURCE_DIR=/opt/rustwide/workdir" "-e" "CARGO_HOME=/opt/rustwide/cargo-home" "-e" "RUSTUP_HOME=/opt/rustwide/rustup-home" "-e" "CARGO_TARGET_DIR=/opt/rustwide/target" "-e" "CARGO_INCREMENTAL=0" "-e" "RUST_BACKTRACE=full" "-e" "RUSTFLAGS=--cap-lints=warn" "-e" "RUSTDOCFLAGS=--cap-lints=warn" "-w" "/opt/rustwide/workdir" "--user" "0:0" "be96df2ad0972d4301810cf36124cb11e9e991a6e1ebe869ed0af2937fbb7307" "/opt/rustwide/cargo-home/bin/cargo" "+1.99.0-beta.8" "test" "--frozen" "--no-run" "--message-format=json", kill_on_drop: false }`
[INFO] [stderr]    Compiling unicode-ident v1.0.24
[INFO] [stderr]    Compiling zerocopy v0.8.54
[INFO] [stderr]    Compiling winnow v1.0.4
[INFO] [stderr]    Compiling getrandom v0.3.4
[INFO] [stderr]    Compiling getrandom v0.4.3
[INFO] [stderr]    Compiling serde_spanned v1.1.1
[INFO] [stderr]    Compiling proc-macro2 v1.0.107
[INFO] [stderr]    Compiling target-triple v1.0.1
[INFO] [stderr]    Compiling fastrand v2.4.1
[INFO] [stderr]    Compiling toml_writer v1.1.2+spec-1.1.0
[INFO] [stderr]    Compiling serde_json v1.0.150
[INFO] [stderr]    Compiling quote v1.0.47
[INFO] [stderr]    Compiling toml_datetime v1.1.1+spec-1.1.0
[INFO] [stderr]    Compiling wait-timeout v0.2.1
[INFO] [stderr]    Compiling toml_datetime v0.7.5+spec-1.1.0
[INFO] [stderr]    Compiling glob v0.3.3
[INFO] [stderr]    Compiling termcolor v1.4.1
[INFO] [stderr]    Compiling tempfile v3.27.0
[INFO] [stderr]    Compiling winnow v0.7.15
[INFO] [stderr]    Compiling rand_core v0.9.5
[INFO] [stderr]    Compiling rand_xorshift v0.4.0
[INFO] [stderr]    Compiling rand v0.9.5
[INFO] [stderr]    Compiling rusty-fork v0.3.1
[INFO] [stderr]    Compiling toml_parser v1.1.2+spec-1.1.0
[INFO] [stderr]    Compiling syn v2.0.119
[INFO] [stderr]    Compiling toml v1.1.3+spec-1.1.0
[INFO] [stderr]    Compiling syn v3.0.0
[INFO] [stderr]    Compiling toml v0.9.12+spec-1.1.0
[INFO] [stderr]    Compiling serde_derive v1.0.229
[INFO] [stderr]    Compiling thiserror-impl v2.0.19
[INFO] [stderr]    Compiling thiserror v2.0.19
[INFO] [stderr]    Compiling laidout v0.3.0
[INFO] [stderr]    Compiling ppv-lite86 v0.2.21
[INFO] [stderr]    Compiling rand_chacha v0.9.0
[INFO] [stderr]    Compiling proptest v1.11.0
[INFO] [stderr]    Compiling serde v1.0.229
[INFO] [stderr]    Compiling trybuild v1.0.118
[INFO] [stderr]    Compiling termosaic v0.3.0 (/opt/rustwide/workdir)
[INFO] [stderr]     Finished `test` profile [unoptimized + debuginfo] target(s) in 24.53s
[INFO] running `Command { std: "docker" "inspect" "be96df2ad0972d4301810cf36124cb11e9e991a6e1ebe869ed0af2937fbb7307", kill_on_drop: false }`
[INFO] running `Command { std: "docker" "exec" "-e" "SOURCE_DIR=/opt/rustwide/workdir" "-e" "CARGO_HOME=/opt/rustwide/cargo-home" "-e" "RUSTUP_HOME=/opt/rustwide/rustup-home" "-e" "CARGO_TARGET_DIR=/opt/rustwide/target" "-e" "CARGO_INCREMENTAL=0" "-e" "RUST_BACKTRACE=full" "-e" "RUSTFLAGS=--cap-lints=warn" "-e" "RUSTDOCFLAGS=--cap-lints=warn" "-w" "/opt/rustwide/workdir" "--user" "0:0" "be96df2ad0972d4301810cf36124cb11e9e991a6e1ebe869ed0af2937fbb7307" "/opt/rustwide/cargo-home/bin/cargo" "+1.99.0-beta.8" "test" "--frozen", kill_on_drop: false }`
[INFO] [stderr]     Finished `test` profile [unoptimized + debuginfo] target(s) in 0.12s
[INFO] [stderr]      Running unittests src/lib.rs (/opt/rustwide/target/debug/deps/termosaic-76373837f6e34291)
[INFO] [stdout] 
[INFO] [stdout] running 33 tests
[INFO] [stdout] test attr::tests::invalid_names_are_rejected ... ok
[INFO] [stdout] test background::tests::colorfgbg_without_a_background_field_is_unknown ... ok
[INFO] [stdout] test console_api::tests::color_choice_and_stdio_environment_precedence_are_pinned ... ok
[INFO] [stdout] test console_api::tests::mixed_case_stdio_depth_detection_is_pinned ... ok
[INFO] [stdout] test attr::tests::removing_preserves_the_order_of_remaining_entries ... ok
[INFO] [stdout] test console_api::tests::span_flush_failures_are_typed_write_errors ... ok
[INFO] [stdout] test console_api::tests::span_records_are_flushed_before_returning ... ok
[INFO] [stdout] test formatters::byte_size_tests::bytes_below_one_kilobyte_are_whole ... ok
[INFO] [stdout] test formatters::byte_size_tests::rounding_is_half_away_from_zero ... ok
[INFO] [stdout] test formatters::byte_size_tests::the_reported_scan_size_renders_at_gigabyte_scale ... ok
[INFO] [stdout] test formatters::byte_size_tests::unit_constructors_agree_with_byte_counts ... ok
[INFO] [stdout] test formatters::byte_size_tests::unit_boundaries_are_exact ... ok
[INFO] [stdout] test progress::tests::lifecycle_operations_hold_the_serialization_guard_for_their_full_extent ... ok
[INFO] [stdout] test render::tests::non_bright_ansi_colors_emit_a_single_sequence ... ok
[INFO] [stdout] test progress::tests::every_human_operation_uses_one_whole_progress_suspension ... ok
[INFO] [stdout] test formatters::byte_size_tests::large_sizes_keep_full_integer_precision ... ok
[INFO] [stdout] test render::tests::bright_ansi_colors_win_over_their_normal_fallback ... ok
[INFO] [stdout] test render::tests::every_bright_value_pairs_with_its_own_normal_code ... ok
[INFO] [stdout] test render::tests::pinned_rgb_index_and_direct_ansi_color_are_depth_invariant ... ok
[INFO] [stdout] test attr::tests::attribute_count_is_not_artificially_capped ... ok
[INFO] [stdout] test table::tests::fixed_alignment_and_all_overflow_modes_are_exact ... ok
[INFO] [stdout] test render::tests::a_style_with_both_colors_and_every_attribute_fits_the_fixed_prefix ... ok
[INFO] [stdout] test formatters::byte_size_tests::rounding_carries_into_the_next_unit ... ok
[INFO] [stdout] test render::tests::attributes_alone_produce_no_escape_bytes ... ok
[INFO] [stdout] test render::tests::background_uses_the_48_selector_at_every_depth ... ok
[INFO] [stdout] test render::tests::rgb_quantization_matches_independent_reference_boundaries ... ok
[INFO] [stdout] test attr::tests::setting_the_same_name_replaces_rather_than_appends ... ok
[INFO] [stdout] test progress::tests::adapter_error_slot_is_drained_on_mutation_suspension_finish_clear_and_drop ... ok
[INFO] [stdout] test background::tests::colorfgbg_background_is_the_last_field ... ok
[INFO] [stdout] test attr::tests::attributes_round_trip_by_name ... ok
[INFO] [stdout] test table::tests::truncation_never_splits_extended_grapheme_clusters ... ok
[INFO] [stdout] test render::tests::foreground_and_background_encode_independently ... ok
[INFO] [stderr]      Running tests/compile_contract.rs (/opt/rustwide/target/debug/deps/compile_contract-192c1290ba8504d7)
[INFO] [stdout] test attr::tests::merging_lets_the_patch_win ... ok
[INFO] [stdout] 
[INFO] [stdout] test result: ok. 33 passed; 0 failed; 0 ignored; 0 measured; 0 filtered out; finished in 0.06s
[INFO] [stdout] 
[INFO] [stdout] 
[INFO] [stdout] running 1 test
[INFO] [stderr]    Compiling libc v0.2.186
[INFO] [stderr]    Compiling proc-macro2 v1.0.107
[INFO] [stderr]     Checking cfg-if v1.0.4
[INFO] [stderr]    Compiling quote v1.0.47
[INFO] [stderr]    Compiling unicode-ident v1.0.24
[INFO] [stderr]    Compiling serde_core v1.0.229
[INFO] [stderr]    Compiling getrandom v0.3.4
[INFO] [stderr]    Compiling rustix v1.1.4
[INFO] [stderr]    Compiling getrandom v0.4.3
[INFO] [stderr]    Compiling zerocopy v0.8.54
[INFO] [stderr]    Compiling zmij v1.0.23
[INFO] [stderr]    Compiling thiserror v2.0.19
[INFO] [stderr]     Checking linux-raw-sys v0.12.1
[INFO] [stderr]    Compiling portable-atomic v1.14.0
[INFO] [stderr]     Checking unicode-width v0.2.2
[INFO] [stderr]    Compiling autocfg v1.5.1
[INFO] [stderr]     Checking bitflags v2.13.1
[INFO] [stderr]    Compiling serde v1.0.229
[INFO] [stderr]     Checking once_cell v1.21.4
[INFO] [stderr]    Compiling serde_json v1.0.150
[INFO] [stderr]     Checking fastrand v2.4.1
[INFO] [stderr]     Checking itoa v1.0.18
[INFO] [stderr]     Checking quick-error v1.2.3
[INFO] [stderr]     Checking fnv v1.0.7
[INFO] [stderr]     Checking memchr v2.8.3
[INFO] [stderr]     Checking winnow v1.0.4
[INFO] [stderr]     Checking unit-prefix v0.5.2
[INFO] [stderr]     Checking bit-vec v0.8.0
[INFO] [stderr]     Checking winnow v0.7.15
[INFO] [stderr]     Checking regex-syntax v0.8.11
[INFO] [stderr]     Checking same-file v1.0.6
[INFO] [stderr]     Checking unarray v0.1.4
[INFO] [stderr]     Checking unicode-segmentation v1.13.3
[INFO] [stderr]     Checking toml_parser v1.1.2+spec-1.1.0
[INFO] [stderr]     Checking toml_writer v1.1.2+spec-1.1.0
[INFO] [stderr]     Checking bit-set v0.8.0
[INFO] [stderr]    Compiling num-traits v0.2.19
[INFO] [stderr]     Checking walkdir v2.5.0
[INFO] [stderr]     Checking static_assertions v1.1.0
[INFO] [stderr]     Checking syn v2.0.119
[INFO] [stderr]    Compiling syn v3.0.0
[INFO] [stderr]     Checking wait-timeout v0.2.1
[INFO] [stderr]     Checking console v0.16.4
[INFO] [stderr]     Checking rand_core v0.9.5
[INFO] [stderr]     Checking rand v0.9.5
[INFO] [stderr]     Checking rand_xorshift v0.4.0
[INFO] [stderr]     Checking tempfile v3.27.0
[INFO] [stderr]     Checking indicatif v0.18.6
[INFO] [stderr]     Checking rusty-fork v0.3.1
[INFO] [stderr]     Checking toml_datetime v0.7.5+spec-1.1.0
[INFO] [stderr]     Checking serde_spanned v1.1.1
[INFO] [stderr]     Checking toml v0.9.12+spec-1.1.0
[INFO] [stderr]    Compiling thiserror-impl v2.0.19
[INFO] [stderr]    Compiling serde_derive v1.0.229
[INFO] [stderr]     Checking ppv-lite86 v0.2.21
[INFO] [stderr]     Checking rand_chacha v0.9.0
[INFO] [stderr]     Checking proptest v1.11.0
[INFO] [stderr]     Checking laidout v0.3.0
[INFO] [stderr]     Checking termosaic v0.3.0 (/opt/rustwide/workdir)
[INFO] [stderr]     Checking termosaic-tests v0.0.0 (/opt/rustwide/target/tests/trybuild/termosaic)
[INFO] [stderr]     Finished `dev` profile [unoptimized + debuginfo] target(s) in 21.25s
[INFO] [stderr] 
[INFO] [stderr] 
[INFO] [stderr] test tests/ui/machine_writer_document.rs ... ok
[INFO] [stderr] test tests/ui/opaque_writer_document.rs ... ok
[INFO] [stderr] 
[INFO] [stderr] 
[INFO] [stdout] test nonhuman_writers_cannot_route_documents ... ok
[INFO] [stdout] 
[INFO] [stdout] test result: ok. 1 passed; 0 failed; 0 ignored; 0 measured; 0 filtered out; finished in 30.86s
[INFO] [stdout] 
[INFO] [stderr]      Running tests/contract.rs (/opt/rustwide/target/debug/deps/contract-9b72cfcc83a03a70)
[INFO] [stdout] 
[INFO] [stdout] running 19 tests
[INFO] [stdout] test document_layout_root_groups_fill_and_structural_ingestion_are_stable ... ok
[INFO] [stdout] test document_writer_empty_trailing_default_width_and_styling_contracts_are_exact ... ok
[INFO] [stdout] test invalid_cursor_capabilities_and_write_failures_are_typed ... ok
[INFO] [stdout] test explicit_console_presets_cover_stdio_and_injected_writer_onboarding ... ok
[INFO] [stdout] test output_classes_are_capabilities_and_mixed_streams_do_not_leak_policy ... ok
[INFO] [stdout] test human_and_machine_text_safety_are_disjoint ... ok
[INFO] [stdout] test concurrent_progress_start_reserves_exactly_one_active_slot ... ok
[INFO] [stdout] test hidden_progress_owns_one_slot_and_drop_releases_it ... ok
[INFO] [stdout] test json_modes_are_byte_stable_and_serialization_errors_are_owned ... ok
[INFO] [stdout] test fixed_table_empty_header_gutters_alignment_and_overflow_matrix_is_exact ... ok
[INFO] [stdout] test progress_requires_human_stderr_and_surfaces_adapter_write_failures ... ok
[INFO] [stdout] test public_error_surface_has_direct_invalid_fixtures ... ok
[INFO] [stdout] test token_validation_variants_and_ancestry_are_pinned ... ok
[INFO] [stdout] test serde_string_interoperability_revalidates_tokens_and_theme_names ... ok
[INFO] [stdout] test rejected_machine_text_writes_nothing_and_opaque_bytes_are_exact ... ok
[INFO] [stdout] test rgb_depth_mapping_and_console_instance_isolation_are_pinned ... ok
[INFO] [stdout] test theme_validation_building_catalog_and_fallback_are_pinned ... ok
[INFO] [stdout] test fixed_tables_pin_gutters_headers_unicode_and_trailing_bytes ... ok
[INFO] [stdout] test visible_progress_and_multiline_diagnostics_share_the_injected_stderr_sink ... ok
[INFO] [stdout] 
[INFO] [stdout] test result: ok. 19 passed; 0 failed; 0 ignored; 0 measured; 0 filtered out; finished in 0.01s
[INFO] [stdout] 
[INFO] [stderr]      Running tests/fixed_allocation.rs (/opt/rustwide/target/debug/deps/fixed_allocation-2cc0a8f9bf9a675c)
[INFO] [stdout] 
[INFO] [stdout] running 5 tests
[INFO] [stdout] test complete_strict_fast_and_exact_document_calls_allocate_nothing ... FAILED
[INFO] [stdout] test every_termosaic_strict_resource_failure_is_allocation_free ... ok
[INFO] [stdout] test prewarmed_growable_document_call_does_not_grow_or_release_storage ... ok
[INFO] [stdout] test warmed_styled_workspace_reuses_layout_lines_runs_and_text ... ok
[INFO] [stdout] test undersized_ansi_failure_is_typed_and_allocation_free ... ok
[INFO] [stdout] 
[INFO] [stdout] failures:
[INFO] [stdout] 
[INFO] [stdout] ---- complete_strict_fast_and_exact_document_calls_allocate_nothing stdout ----
[INFO] [stdout] 
[INFO] [stdout] thread 'complete_strict_fast_and_exact_document_calls_allocate_nothing' (2479) panicked at tests/fixed_allocation.rs:187:9:
[INFO] [stdout] assertion `left == right` failed: Exact, allocation sizes [48, 0]
[INFO] [stdout]   left: [1, 0, 2]
[INFO] [stdout]  right: [0, 0, 0]
[INFO] [stdout] stack backtrace:
[INFO] [stdout]    0:     0x573700f966f1 - std[70759c8f55707aa4]::backtrace_rs::backtrace::libunwind::trace
[INFO] [stdout]                                at /rustc/dfb0accb7f508ae8be965d8629557221c889dd98/library/std/src/../../backtrace/src/backtrace/libunwind.rs:117:9
[INFO] [stdout]    1:     0x573700f966f1 - std[70759c8f55707aa4]::backtrace_rs::backtrace::trace_unsynchronized::<std[70759c8f55707aa4]::sys::backtrace::_print_fmt::{closure#1}>
[INFO] [stdout]                                at /rustc/dfb0accb7f508ae8be965d8629557221c889dd98/library/std/src/../../backtrace/src/backtrace/mod.rs:66:14
[INFO] [stdout]    2:     0x573700f966f1 - std[70759c8f55707aa4]::sys::backtrace::_print_fmt
[INFO] [stdout]                                at /rustc/dfb0accb7f508ae8be965d8629557221c889dd98/library/std/src/sys/backtrace.rs:74:9
[INFO] [stdout]    3:     0x573700f966f1 - <<std[70759c8f55707aa4]::sys::backtrace::BacktraceLock>::print::DisplayBacktrace as core[df12db4294e9bfd3]::fmt::Display>::fmt
[INFO] [stdout]                                at /rustc/dfb0accb7f508ae8be965d8629557221c889dd98/library/std/src/sys/backtrace.rs:44:26
[INFO] [stdout]    4:     0x573700fac1aa - <core[df12db4294e9bfd3]::fmt::rt::Argument>::fmt
[INFO] [stdout]                                at /rustc/dfb0accb7f508ae8be965d8629557221c889dd98/library/core/src/fmt/rt.rs:152:76
[INFO] [stdout]    5:     0x573700fac1aa - core[df12db4294e9bfd3]::fmt::write
[INFO] [stdout]    6:     0x573700f9aeac - core[df12db4294e9bfd3]::io::write::default_write_fmt::<alloc[2182bb758b4b3781]::vec::Vec<u8>>
[INFO] [stdout]                                at /rustc/dfb0accb7f508ae8be965d8629557221c889dd98/library/core/src/io/write.rs:402:11
[INFO] [stdout]    7:     0x573700f9aeac - <alloc[2182bb758b4b3781]::vec::Vec<u8> as core[df12db4294e9bfd3]::io::write::Write>::write_fmt
[INFO] [stdout]                                at /rustc/dfb0accb7f508ae8be965d8629557221c889dd98/library/core/src/io/write.rs:335:13
[INFO] [stdout]    8:     0x573700f72d56 - <std[70759c8f55707aa4]::sys::backtrace::BacktraceLock>::print
[INFO] [stdout]                                at /rustc/dfb0accb7f508ae8be965d8629557221c889dd98/library/std/src/sys/backtrace.rs:47:9
[INFO] [stdout]    9:     0x573700f72d56 - std[70759c8f55707aa4]::panicking::default_hook::{closure#0}
[INFO] [stdout]                                at /rustc/dfb0accb7f508ae8be965d8629557221c889dd98/library/std/src/panicking.rs:292:27
[INFO] [stdout]   10:     0x573700f8edb9 - std[70759c8f55707aa4]::panicking::default_hook
[INFO] [stdout]                                at /rustc/dfb0accb7f508ae8be965d8629557221c889dd98/library/std/src/panicking.rs:316:9
[INFO] [stdout]   11:     0x573700e6acc0 - <alloc[2182bb758b4b3781]::boxed::Box<dyn for<'a, 'b> core[df12db4294e9bfd3]::ops::function::Fn<(&'a std[70759c8f55707aa4]::panic::PanicHookInfo<'b>,), Output = ()> + core[df12db4294e9bfd3]::marker::Send + core[df12db4294e9bfd3]::marker::Sync> as core[df12db4294e9bfd3]::ops::function::Fn<(&std[70759c8f55707aa4]::panic::PanicHookInfo,)>>::call
[INFO] [stdout]                                at /rustc/dfb0accb7f508ae8be965d8629557221c889dd98/library/alloc/src/boxed.rs:2334:9
[INFO] [stdout]   12:     0x573700e6acc0 - test[9d35eded1c95d3be]::test_main_inner::<test[9d35eded1c95d3be]::test_main_static::{closure#0}>::{closure#0}
[INFO] [stdout]                                at /rustc/dfb0accb7f508ae8be965d8629557221c889dd98/library/test/src/lib.rs:155:21
[INFO] [stdout]   13:     0x573700f8ef72 - <alloc[2182bb758b4b3781]::boxed::Box<dyn for<'a, 'b> core[df12db4294e9bfd3]::ops::function::Fn<(&'a std[70759c8f55707aa4]::panic::PanicHookInfo<'b>,), Output = ()> + core[df12db4294e9bfd3]::marker::Send + core[df12db4294e9bfd3]::marker::Sync> as core[df12db4294e9bfd3]::ops::function::Fn<(&std[70759c8f55707aa4]::panic::PanicHookInfo,)>>::call
[INFO] [stdout]                                at /rustc/dfb0accb7f508ae8be965d8629557221c889dd98/library/alloc/src/boxed.rs:2334:9
[INFO] [stdout]   14:     0x573700f8ef72 - std[70759c8f55707aa4]::panicking::panic_with_hook
[INFO] [stdout]                                at /rustc/dfb0accb7f508ae8be965d8629557221c889dd98/library/std/src/panicking.rs:823:13
[INFO] [stdout]   15:     0x573700f72e02 - std[70759c8f55707aa4]::panicking::panic_handler::{closure#0}
[INFO] [stdout]                                at /rustc/dfb0accb7f508ae8be965d8629557221c889dd98/library/std/src/panicking.rs:688:13
[INFO] [stdout]   16:     0x573700f6bb89 - std[70759c8f55707aa4]::sys::backtrace::__rust_end_short_backtrace::<std[70759c8f55707aa4]::panicking::panic_handler::{closure#0}, !>
[INFO] [stdout]                                at /rustc/dfb0accb7f508ae8be965d8629557221c889dd98/library/std/src/sys/backtrace.rs:182:18
[INFO] [stdout]   17:     0x573700f738dd - __rustc[8fa7c3cbc660c2b3]::rust_begin_unwind
[INFO] [stdout]                                at /rustc/dfb0accb7f508ae8be965d8629557221c889dd98/library/std/src/panicking.rs:679:5
[INFO] [stdout]   18:     0x573700fac93c - core[df12db4294e9bfd3]::panicking::panic_fmt
[INFO] [stdout]                                at /rustc/dfb0accb7f508ae8be965d8629557221c889dd98/library/core/src/panicking.rs:80:14
[INFO] [stdout]   19:     0x573700fac853 - core[df12db4294e9bfd3]::panicking::assert_failed_inner
[INFO] [stdout]                                at /rustc/dfb0accb7f508ae8be965d8629557221c889dd98/library/core/src/panicking.rs:447:23
[INFO] [stdout]   20:     0x573700e545f6 - core[df12db4294e9bfd3]::panicking::assert_failed::<[u64; 3usize], [u64; 3usize]>
[INFO] [stdout]                                at /rustc/dfb0accb7f508ae8be965d8629557221c889dd98/library/core/src/panicking.rs:407:5
[INFO] [stdout]   21:     0x573700e582c5 - fixed_allocation[ed3531c2553ca8f3]::complete_strict_fast_and_exact_document_calls_allocate_nothing
[INFO] [stdout]                                at /opt/rustwide/workdir/tests/fixed_allocation.rs:187:9
[INFO] [stdout]   22:     0x573700e54e67 - fixed_allocation[ed3531c2553ca8f3]::complete_strict_fast_and_exact_document_calls_allocate_nothing::{closure#0}
[INFO] [stdout]                                at /opt/rustwide/workdir/tests/fixed_allocation.rs:175:68
[INFO] [stdout]   23:     0x573700e5daa6 - <fixed_allocation[ed3531c2553ca8f3]::complete_strict_fast_and_exact_document_calls_allocate_nothing::{closure#0} as core[df12db4294e9bfd3]::ops::function::FnOnce<()>>::call_once
[INFO] [stdout]                                at /rustc/dfb0accb7f508ae8be965d8629557221c889dd98/library/core/src/ops/function.rs:250:5
[INFO] [stdout]   24:     0x573700e5dfab - <fn() -> core[df12db4294e9bfd3]::result::Result<(), alloc[2182bb758b4b3781]::string::String> as core[df12db4294e9bfd3]::ops::function::FnOnce<()>>::call_once
[INFO] [stdout]                                at /rustc/dfb0accb7f508ae8be965d8629557221c889dd98/library/core/src/ops/function.rs:250:5
[INFO] [stdout]   25:     0x573700e5dfab - test[9d35eded1c95d3be]::__rust_begin_short_backtrace::<core[df12db4294e9bfd3]::result::Result<(), alloc[2182bb758b4b3781]::string::String>, fn() -> core[df12db4294e9bfd3]::result::Result<(), alloc[2182bb758b4b3781]::string::String>>
[INFO] [stdout]                                at /rustc/dfb0accb7f508ae8be965d8629557221c889dd98/library/test/src/lib.rs:733:18
[INFO] [stdout]   26:     0x573700e6b615 - test[9d35eded1c95d3be]::run_test_in_process::{closure#0}
[INFO] [stdout]                                at /rustc/dfb0accb7f508ae8be965d8629557221c889dd98/library/test/src/lib.rs:756:74
[INFO] [stdout]   27:     0x573700e6b615 - <core[df12db4294e9bfd3]::panic::unwind_safe::AssertUnwindSafe<test[9d35eded1c95d3be]::run_test_in_process::{closure#0}> as core[df12db4294e9bfd3]::ops::function::FnOnce<()>>::call_once
[INFO] [stdout]                                at /rustc/dfb0accb7f508ae8be965d8629557221c889dd98/library/core/src/panic/unwind_safe.rs:275:9
[INFO] [stdout]   28:     0x573700e6b615 - std[70759c8f55707aa4]::panicking::catch_unwind::do_call::<core[df12db4294e9bfd3]::panic::unwind_safe::AssertUnwindSafe<test[9d35eded1c95d3be]::run_test_in_process::{closure#0}>, core[df12db4294e9bfd3]::result::Result<(), alloc[2182bb758b4b3781]::string::String>>
[INFO] [stdout]                                at /rustc/dfb0accb7f508ae8be965d8629557221c889dd98/library/std/src/panicking.rs:576:43
[INFO] [stdout]   29:     0x573700e6b615 - std[70759c8f55707aa4]::panicking::catch_unwind::<core[df12db4294e9bfd3]::result::Result<(), alloc[2182bb758b4b3781]::string::String>, core[df12db4294e9bfd3]::panic::unwind_safe::AssertUnwindSafe<test[9d35eded1c95d3be]::run_test_in_process::{closure#0}>>
[INFO] [stdout]                                at /rustc/dfb0accb7f508ae8be965d8629557221c889dd98/library/std/src/panicking.rs:544:19
[INFO] [stdout]   30:     0x573700e6b615 - std[70759c8f55707aa4]::panic::catch_unwind::<core[df12db4294e9bfd3]::panic::unwind_safe::AssertUnwindSafe<test[9d35eded1c95d3be]::run_test_in_process::{closure#0}>, core[df12db4294e9bfd3]::result::Result<(), alloc[2182bb758b4b3781]::string::String>>
[INFO] [stdout]                                at /rustc/dfb0accb7f508ae8be965d8629557221c889dd98/library/std/src/panic.rs:359:14
[INFO] [stdout]   31:     0x573700e6b615 - test[9d35eded1c95d3be]::run_test_in_process
[INFO] [stdout]                                at /rustc/dfb0accb7f508ae8be965d8629557221c889dd98/library/test/src/lib.rs:756:27
[INFO] [stdout]   32:     0x573700e6b615 - test[9d35eded1c95d3be]::run_test::{closure#0}
[INFO] [stdout]                                at /rustc/dfb0accb7f508ae8be965d8629557221c889dd98/library/test/src/lib.rs:677:43
[INFO] [stdout]   33:     0x573700e64ed4 - test[9d35eded1c95d3be]::run_test::{closure#1}
[INFO] [stdout]                                at /rustc/dfb0accb7f508ae8be965d8629557221c889dd98/library/test/src/lib.rs:707:41
[INFO] [stdout]   34:     0x573700e64ed4 - std[70759c8f55707aa4]::sys::backtrace::__rust_begin_short_backtrace::<test[9d35eded1c95d3be]::run_test::{closure#1}, ()>
[INFO] [stdout]                                at /rustc/dfb0accb7f508ae8be965d8629557221c889dd98/library/std/src/sys/backtrace.rs:166:18
[INFO] [stdout]   35:     0x573700e6e772 - std[70759c8f55707aa4]::thread::lifecycle::spawn_unchecked::<test[9d35eded1c95d3be]::run_test::{closure#1}, ()>::{closure#1}::{closure#0}
[INFO] [stdout]                                at /rustc/dfb0accb7f508ae8be965d8629557221c889dd98/library/std/src/thread/lifecycle.rs:70:13
[INFO] [stdout]   36:     0x573700e6e772 - <core[df12db4294e9bfd3]::panic::unwind_safe::AssertUnwindSafe<std[70759c8f55707aa4]::thread::lifecycle::spawn_unchecked<test[9d35eded1c95d3be]::run_test::{closure#1}, ()>::{closure#1}::{closure#0}> as core[df12db4294e9bfd3]::ops::function::FnOnce<()>>::call_once
[INFO] [stdout]                                at /rustc/dfb0accb7f508ae8be965d8629557221c889dd98/library/core/src/panic/unwind_safe.rs:275:9
[INFO] [stdout]   37:     0x573700e6e772 - std[70759c8f55707aa4]::panicking::catch_unwind::do_call::<core[df12db4294e9bfd3]::panic::unwind_safe::AssertUnwindSafe<std[70759c8f55707aa4]::thread::lifecycle::spawn_unchecked<test[9d35eded1c95d3be]::run_test::{closure#1}, ()>::{closure#1}::{closure#0}>, ()>
[INFO] [stdout]                                at /rustc/dfb0accb7f508ae8be965d8629557221c889dd98/library/std/src/panicking.rs:576:43
[INFO] [stdout]   38:     0x573700e6e772 - std[70759c8f55707aa4]::panicking::catch_unwind::<(), core[df12db4294e9bfd3]::panic::unwind_safe::AssertUnwindSafe<std[70759c8f55707aa4]::thread::lifecycle::spawn_unchecked<test[9d35eded1c95d3be]::run_test::{closure#1}, ()>::{closure#1}::{closure#0}>>
[INFO] [stdout]                                at /rustc/dfb0accb7f508ae8be965d8629557221c889dd98/library/std/src/panicking.rs:544:19
[INFO] [stdout]   39:     0x573700e6e772 - std[70759c8f55707aa4]::panic::catch_unwind::<core[df12db4294e9bfd3]::panic::unwind_safe::AssertUnwindSafe<std[70759c8f55707aa4]::thread::lifecycle::spawn_unchecked<test[9d35eded1c95d3be]::run_test::{closure#1}, ()>::{closure#1}::{closure#0}>, ()>
[INFO] [stdout]                                at /rustc/dfb0accb7f508ae8be965d8629557221c889dd98/library/std/src/panic.rs:359:14
[INFO] [stdout]   40:     0x573700e6e772 - std[70759c8f55707aa4]::thread::lifecycle::spawn_unchecked::<test[9d35eded1c95d3be]::run_test::{closure#1}, ()>::{closure#1}
[INFO] [stdout]                                at /rustc/dfb0accb7f508ae8be965d8629557221c889dd98/library/std/src/thread/lifecycle.rs:68:26
[INFO] [stdout]   41:     0x573700e6e772 - <std[70759c8f55707aa4]::thread::lifecycle::spawn_unchecked<test[9d35eded1c95d3be]::run_test::{closure#1}, ()>::{closure#1} as core[df12db4294e9bfd3]::ops::function::FnOnce<()>>::call_once::{shim:vtable#0}
[INFO] [stdout]                                at /rustc/dfb0accb7f508ae8be965d8629557221c889dd98/library/core/src/ops/function.rs:250:5
[INFO] [stdout]   42:     0x573700f95fc9 - <alloc[2182bb758b4b3781]::boxed::Box<dyn core[df12db4294e9bfd3]::ops::function::FnOnce<(), Output = ()> + core[df12db4294e9bfd3]::marker::Send> as core[df12db4294e9bfd3]::ops::function::FnOnce<()>>::call_once
[INFO] [stdout]                                at /rustc/dfb0accb7f508ae8be965d8629557221c889dd98/library/alloc/src/boxed.rs:2320:9
[INFO] [stdout]   43:     0x573700f95fc9 - <std[70759c8f55707aa4]::sys::thread::unix::Thread>::new::thread_start
[INFO] [stdout]                                at /rustc/dfb0accb7f508ae8be965d8629557221c889dd98/library/std/src/sys/thread/unix.rs:123:17
[INFO] [stdout]   44:     0x7cfc4e760dfa - <unknown>
[INFO] [stdout]   45:     0x7cfc4e7f43d4 - clone
[INFO] [stdout]   46:                0x0 - <unknown>
[INFO] [stdout] 
[INFO] [stdout] 
[INFO] [stdout] failures:
[INFO] [stdout]     complete_strict_fast_and_exact_document_calls_allocate_nothing
[INFO] [stdout] 
[INFO] [stdout] test result: FAILED. 4 passed; 1 failed; 0 ignored; 0 measured; 0 filtered out; finished in 0.04s
[INFO] [stdout] 
[INFO] [stderr] error: test failed, to rerun pass `--test fixed_allocation`
[INFO] running `Command { std: "docker" "inspect" "be96df2ad0972d4301810cf36124cb11e9e991a6e1ebe869ed0af2937fbb7307", kill_on_drop: false }`
[INFO] running `Command { std: "docker" "rm" "-f" "be96df2ad0972d4301810cf36124cb11e9e991a6e1ebe869ed0af2937fbb7307", kill_on_drop: false }`
[INFO] [stdout] be96df2ad0972d4301810cf36124cb11e9e991a6e1ebe869ed0af2937fbb7307
