[INFO] fetching crate terminal-commanderd 0.3.10...
[INFO] testing terminal-commanderd-0.3.10 against 1.99.0-beta.8 for beta-1.100-2
[INFO] extracting crate terminal-commanderd 0.3.10 into /workspace/builds/worker-0-tc1/source
[INFO] started tweaking crates.io crate terminal-commanderd 0.3.10
[INFO] removed 0 missing examples
[INFO] removed 0 missing tests
[INFO] finished tweaking crates.io crate terminal-commanderd 0.3.10
[INFO] tweaked toml for crates.io crate terminal-commanderd 0.3.10 written to /workspace/builds/worker-0-tc1/source/Cargo.toml
[INFO] validating manifest of crates.io crate terminal-commanderd 0.3.10 on toolchain 1.99.0-beta.8
[INFO] running `Command { std: CARGO_HOME="/workspace/cargo-home" RUSTUP_HOME="/workspace/rustup-home" "/workspace/cargo-home/bin/cargo" "+1.99.0-beta.8" "metadata" "--manifest-path" "Cargo.toml" "--no-deps", kill_on_drop: false }`
[INFO] crate crates.io crate terminal-commanderd 0.3.10 already has a lockfile, it will not be regenerated
[INFO] running `Command { std: CARGO_HOME="/workspace/cargo-home" RUSTUP_HOME="/workspace/rustup-home" "/workspace/cargo-home/bin/cargo" "+1.99.0-beta.8" "fetch" "--manifest-path" "Cargo.toml", kill_on_drop: false }`
[INFO] [stderr]     Updating crates.io index
[INFO] [stderr]  Downloading crates ...
[INFO] [stderr]   Downloaded terminal-commander-supervisor v0.3.10
[INFO] [stderr]   Downloaded clap_lex v1.1.1
[INFO] [stderr]   Downloaded pty-process v0.5.3
[INFO] [stderr]   Downloaded terminal-commander-sifters v0.3.10
[INFO] [stderr]   Downloaded rsqlite-vfs v0.1.1
[INFO] [stderr]   Downloaded hashlink v0.12.2
[INFO] [stderr]   Downloaded terminal-commander-store v0.3.10
[INFO] [stderr]   Downloaded terminal-commander-probes v0.3.10
[INFO] [stderr]   Downloaded terminal-commander-ipc v0.3.10
[INFO] [stderr]   Downloaded terminal-commander-core v0.3.10
[INFO] [stderr]   Downloaded cc v1.5.1
[INFO] [stderr]   Downloaded rusqlite v0.40.2
[INFO] [stderr]   Downloaded sqlite-wasm-rs v0.5.5
[INFO] [stderr]   Downloaded libsqlite3-sys v0.38.2
[INFO] running `Command { std: "docker" "create" "-v" "/var/lib/crater-agent-workspace/builds/worker-0-tc1/source:/opt/rustwide/workdir:ro,Z" "-v" "/var/lib/crater-agent-workspace/builds/worker-0-tc1/target:/opt/rustwide/target:rw,Z" "-v" "/var/lib/crater-agent-workspace/cargo-home:/opt/rustwide/cargo-home:ro,Z" "-v" "/var/lib/crater-agent-workspace/rustup-home:/opt/rustwide/rustup-home:ro,Z" "-m" "1610612736" "--network" "none" "ghcr.io/rust-lang/crates-build-env/linux@sha256:3111399a4047eeb3a02b7a90e478d715f38a8c6669b5c4b49d30a17385265909" "sleep" "infinity", kill_on_drop: false }`
[INFO] [stdout] 12125a5215277b5a4d346cf5a3b4263ff43fb970ca112f9f57dcff22ff115877
[INFO] running `Command { std: "docker" "start" "12125a5215277b5a4d346cf5a3b4263ff43fb970ca112f9f57dcff22ff115877", kill_on_drop: false }`
[INFO] running `Command { std: "docker" "inspect" "12125a5215277b5a4d346cf5a3b4263ff43fb970ca112f9f57dcff22ff115877", kill_on_drop: false }`
[INFO] running `Command { std: "docker" "exec" "-e" "SOURCE_DIR=/opt/rustwide/workdir" "-e" "CARGO_HOME=/opt/rustwide/cargo-home" "-e" "RUSTUP_HOME=/opt/rustwide/rustup-home" "-e" "CARGO_TARGET_DIR=/opt/rustwide/target" "-w" "/opt/rustwide/workdir" "--user" "0:0" "12125a5215277b5a4d346cf5a3b4263ff43fb970ca112f9f57dcff22ff115877" "/opt/rustwide/cargo-home/bin/cargo" "+1.99.0-beta.8" "metadata" "--no-deps" "--format-version=1", kill_on_drop: false }`
[INFO] running `Command { std: "docker" "inspect" "12125a5215277b5a4d346cf5a3b4263ff43fb970ca112f9f57dcff22ff115877", kill_on_drop: false }`
[INFO] running `Command { std: "docker" "exec" "-e" "SOURCE_DIR=/opt/rustwide/workdir" "-e" "CARGO_HOME=/opt/rustwide/cargo-home" "-e" "RUSTUP_HOME=/opt/rustwide/rustup-home" "-e" "CARGO_TARGET_DIR=/opt/rustwide/target" "-e" "CARGO_INCREMENTAL=0" "-e" "RUST_BACKTRACE=full" "-e" "RUSTFLAGS=--cap-lints=warn" "-e" "RUSTDOCFLAGS=--cap-lints=warn" "-w" "/opt/rustwide/workdir" "--user" "0:0" "12125a5215277b5a4d346cf5a3b4263ff43fb970ca112f9f57dcff22ff115877" "/opt/rustwide/cargo-home/bin/cargo" "+1.99.0-beta.8" "build" "--frozen" "--message-format=json", kill_on_drop: false }`
[INFO] [stderr]    Compiling log v0.4.34
[INFO] [stderr]    Compiling syn v3.0.6
[INFO] [stderr]    Compiling aho-corasick v1.1.5
[INFO] [stderr]    Compiling smallvec v1.16.2
[INFO] [stderr]    Compiling thiserror v2.0.21
[INFO] [stderr]    Compiling errno v0.3.14
[INFO] [stderr]    Compiling hashbrown v0.17.1
[INFO] [stderr]    Compiling time-macros v0.2.32
[INFO] [stderr]    Compiling signal-hook-registry v1.4.8
[INFO] [stderr]    Compiling mio v1.2.3
[INFO] [stderr]    Compiling deranged v0.5.8
[INFO] [stderr]    Compiling getrandom v0.4.3
[INFO] [stderr]    Compiling parking_lot_core v0.9.12
[INFO] [stderr]    Compiling sha1_smol v1.0.1
[INFO] [stderr]    Compiling cc v1.5.1
[INFO] [stderr]    Compiling parking_lot v0.12.5
[INFO] [stderr]    Compiling indexmap v2.14.2
[INFO] [stderr]    Compiling uuid v1.26.1
[INFO] [stderr]    Compiling regex-automata v0.4.18
[INFO] [stderr]    Compiling syn v2.0.119
[INFO] [stderr]    Compiling inotify-sys v0.1.8
[INFO] [stderr]    Compiling rustix v1.1.5
[INFO] [stderr]    Compiling crossbeam-utils v0.8.23
[INFO] [stderr]    Compiling linux-raw-sys v0.12.1
[INFO] [stderr]    Compiling time v0.3.55
[INFO] [stderr]    Compiling inotify v0.11.5
[INFO] [stderr]    Compiling libsqlite3-sys v0.38.2
[INFO] [stderr]    Compiling tracing-log v0.2.0
[INFO] [stderr]    Compiling hashlink v0.12.2
[INFO] [stderr]    Compiling notify-types v2.1.0
[INFO] [stderr]    Compiling thread_local v1.1.10
[INFO] [stderr]    Compiling clap_lex v1.1.1
[INFO] [stderr]    Compiling arrayvec v0.7.8
[INFO] [stderr]    Compiling clap_builder v4.6.7
[INFO] [stderr]    Compiling vte v0.15.0
[INFO] [stderr]    Compiling toml_parser v1.1.3+spec-1.1.0
[INFO] [stderr]    Compiling notify v8.2.0
[INFO] [stderr]    Compiling regex v1.13.1
[INFO] [stderr]    Compiling thiserror-impl v2.0.21
[INFO] [stderr]    Compiling tokio-macros v2.7.2
[INFO] [stderr]    Compiling serde_derive v1.0.229
[INFO] [stderr]    Compiling tokio v1.53.1
[INFO] [stderr]    Compiling matchers v0.2.0
[INFO] [stderr]    Compiling clap_derive v4.6.7
[INFO] [stderr]    Compiling crossbeam-channel v0.5.17
[INFO] [stderr]    Compiling toml_datetime v1.1.1+spec-1.1.0
[INFO] [stderr]    Compiling tracing-attributes v0.1.31
[INFO] [stderr]    Compiling serde_spanned v1.1.1
[INFO] [stderr]    Compiling symlink v0.1.0
[INFO] [stderr]    Compiling toml v1.1.6+spec-1.1.0
[INFO] [stderr]    Compiling tracing v0.1.44
[INFO] [stderr]    Compiling clap v4.6.7
[INFO] [stderr]    Compiling tracing-subscriber v0.3.23
[INFO] [stderr]    Compiling serde v1.0.229
[INFO] [stderr]    Compiling tracing-appender v0.2.5
[INFO] [stderr]    Compiling terminal-commander-core v0.3.10
[INFO] [stderr]    Compiling pty-process v0.5.3
[INFO] [stderr]    Compiling terminal-commander-supervisor v0.3.10
[INFO] [stderr]    Compiling rusqlite v0.40.2
[INFO] [stderr]    Compiling terminal-commander-sifters v0.3.10
[INFO] [stderr]    Compiling terminal-commander-ipc v0.3.10
[INFO] [stderr]    Compiling terminal-commander-store v0.3.10
[INFO] [stderr]    Compiling terminal-commander-probes v0.3.10
[INFO] [stderr]    Compiling terminal-commanderd v0.3.10 (/opt/rustwide/workdir)
[INFO] [stderr]     Finished `dev` profile [unoptimized + debuginfo] target(s) in 1m 54s
[INFO] running `Command { std: "docker" "inspect" "12125a5215277b5a4d346cf5a3b4263ff43fb970ca112f9f57dcff22ff115877", kill_on_drop: false }`
[INFO] running `Command { std: "docker" "exec" "-e" "SOURCE_DIR=/opt/rustwide/workdir" "-e" "CARGO_HOME=/opt/rustwide/cargo-home" "-e" "RUSTUP_HOME=/opt/rustwide/rustup-home" "-e" "CARGO_TARGET_DIR=/opt/rustwide/target" "-e" "CARGO_INCREMENTAL=0" "-e" "RUST_BACKTRACE=full" "-e" "RUSTFLAGS=--cap-lints=warn" "-e" "RUSTDOCFLAGS=--cap-lints=warn" "-w" "/opt/rustwide/workdir" "--user" "0:0" "12125a5215277b5a4d346cf5a3b4263ff43fb970ca112f9f57dcff22ff115877" "/opt/rustwide/cargo-home/bin/cargo" "+1.99.0-beta.8" "test" "--frozen" "--no-run" "--message-format=json", kill_on_drop: false }`
[INFO] [stderr]    Compiling tempfile v3.27.0
[INFO] [stderr]    Compiling terminal-commanderd v0.3.10 (/opt/rustwide/workdir)
[INFO] [stderr]     Finished `test` profile [unoptimized + debuginfo] target(s) in 2m 51s
[INFO] running `Command { std: "docker" "inspect" "12125a5215277b5a4d346cf5a3b4263ff43fb970ca112f9f57dcff22ff115877", kill_on_drop: false }`
[INFO] running `Command { std: "docker" "exec" "-e" "SOURCE_DIR=/opt/rustwide/workdir" "-e" "CARGO_HOME=/opt/rustwide/cargo-home" "-e" "RUSTUP_HOME=/opt/rustwide/rustup-home" "-e" "CARGO_TARGET_DIR=/opt/rustwide/target" "-e" "CARGO_INCREMENTAL=0" "-e" "RUST_BACKTRACE=full" "-e" "RUSTFLAGS=--cap-lints=warn" "-e" "RUSTDOCFLAGS=--cap-lints=warn" "-w" "/opt/rustwide/workdir" "--user" "0:0" "12125a5215277b5a4d346cf5a3b4263ff43fb970ca112f9f57dcff22ff115877" "/opt/rustwide/cargo-home/bin/cargo" "+1.99.0-beta.8" "test" "--frozen", kill_on_drop: false }`
[INFO] [stderr]     Finished `test` profile [unoptimized + debuginfo] target(s) in 0.26s
[INFO] [stderr]      Running unittests src/lib.rs (/opt/rustwide/target/debug/deps/terminal_commanderd-f8d1490d7c1bd8ea)
[INFO] [stdout] 
[INFO] [stdout] running 278 tests
[INFO] [stdout] test activation::tests::activate_global_then_snapshot_returns_rule ... ok
[INFO] [stdout] test activation::tests::from_entries_loads_persistent_state ... ok
[INFO] [stdout] test activation::tests::empty_registry_has_zero_entries ... ok
[INFO] [stdout] test activation::tests::re_activating_same_key_replaces_definition ... ok
[INFO] [stdout] test activation::tests::deactivate_returns_true_only_when_present ... ok
[INFO] [stdout] test activation::tests::snapshot_dedupes_same_rule_across_scopes ... ok
[INFO] [stdout] test activation::tests::snapshot_entries_keeps_all_scopes ... ok
[INFO] [stdout] test activation::tests::same_rule_can_be_active_under_multiple_scopes ... ok
[INFO] [stdout] test audit::tests::inmem_emit_and_read ... ok
[INFO] [stdout] test activation::tests::snapshot_for_job_returns_only_matching_scopes ... ok
[INFO] [stdout] test command::pipeline_tests::bracket_test_is_not_a_pipeline ... ok
[INFO] [stdout] test audit::tests::inmem_cursor_and_filters ... ok
[INFO] [stdout] test audit::tests::inmem_rejects_unknown_decision ... ok
[INFO] [stdout] test command::pipeline_tests::detects_pipeline_outside_quotes ... ok
[INFO] [stdout] test command::redact_tests::attached_long_token_flag_value_is_masked ... ok
[INFO] [stdout] test command::redact_tests::attached_passwd_alias_flag_value_is_masked ... ok
[INFO] [stdout] test command::pipeline_tests::flags_pipelines_in_any_shell_script_only ... ok
[INFO] [stdout] test command::redact_tests::attached_short_basic_auth_user_is_masked ... ok
[INFO] [stdout] test command::redact_tests::attached_api_key_alias_flag_value_is_masked ... ok
[INFO] [stdout] test command::redact_tests::attached_custom_header_vault_token_is_masked ... ok
[INFO] [stdout] test command::redact_tests::attached_long_user_flag_is_masked ... ok
[INFO] [stdout] test command::redact_tests::bare_env_password_key_is_masked ... ok
[INFO] [stdout] test command::redact_tests::bare_env_apikey_key_is_masked ... ok
[INFO] [stdout] test command::redact_tests::attached_short_password_flag_is_masked ... ok
[INFO] [stdout] test command::redact_tests::bare_env_mysql_pwd_key_is_masked ... ok
[INFO] [stdout] test command::redact_tests::bare_env_secret_key_is_masked ... ok
[INFO] [stdout] test command::redact_tests::bare_sort_u_does_not_mask_following_arg ... ok
[INFO] [stdout] test command::redact_tests::casing_does_not_bypass_alias_flag_masking ... ok
[INFO] [stdout] test command::redact_tests::bare_id_u_does_not_panic_and_stays_visible ... ok
[INFO] [stdout] test command::redact_tests::casing_does_not_bypass_header_masking ... ok
[INFO] [stdout] test command::redact_tests::custom_header_x_api_key_is_masked ... ok
[INFO] [stdout] test command::redact_tests::format_argv_metadata_masks_url_userinfo_and_env_secret_anywhere ... ok
[INFO] [stdout] test command::redact_tests::env_style_password_assignment_is_masked ... ok
[INFO] [stdout] test command::redact_tests::format_argv_metadata_no_panic_on_multibyte ... ok
[INFO] [stdout] test command::redact_tests::format_shell_argv_metadata_masks_all_secret_forms_in_field ... ok
[INFO] [stdout] test activation::tests::snapshot_order_is_deterministic ... ok
[INFO] [stdout] test command::redact_tests::bare_env_pgpassword_key_is_masked ... ok
[INFO] [stdout] test command::redact_tests::bare_env_token_key_is_masked ... ok
[INFO] [stdout] test command::redact_tests::password_flag_url_value_is_wholly_masked ... ok
[INFO] [stdout] test command::redact_tests::redact_argv_head_still_bounded_to_three ... ok
[INFO] [stdout] test command::redact_tests::redact_env_pairs_masks_credential_shaped_value_on_benign_key ... ok
[INFO] [stdout] test command::redact_tests::redact_env_pairs_masks_secret_keyed_value_keeps_key ... ok
[INFO] [stdout] test command::redact_tests::head_is_bounded_to_three_items ... ok
[INFO] [stdout] test command::redact_tests::format_shell_argv_metadata_falls_back_for_non_shell_shape ... ok
[INFO] [stdout] test command::redact_tests::header_bearer_value_is_masked_label_kept ... ok
[INFO] [stdout] test command::redact_tests::format_argv_metadata_redacts_secret_at_deep_index ... ok
[INFO] [stdout] test command::redact_tests::redact_shell_line_does_not_overmask_benign_line ... ok
[INFO] [stdout] test command::redact_tests::no_panic_on_degenerate_inputs ... ok
[INFO] [stdout] test command::redact_tests::redact_shell_line_is_byte_capped_on_char_boundary ... ok
[INFO] [stdout] test command::redact_tests::redact_shell_line_masks_unterminated_quoted_header ... ok
[INFO] [stdout] test command::redact_tests::space_separated_basic_auth_user_is_masked ... ok
[INFO] [stdout] test command::redact_tests::space_separated_long_password_flag_value_is_masked ... ok
[INFO] [stdout] test command::redact_tests::space_separated_long_user_flag_is_masked ... ok
[INFO] [stdout] test command::redact_tests::space_separated_secret_flag_aliases_are_masked ... ok
[INFO] [stdout] test command::redact_tests::redact_shell_line_keeps_visible_structure ... ok
[INFO] [stdout] test command::redact_tests::truncation_is_char_boundary_safe_after_masking ... ok
[INFO] [stdout] test command::redact_tests::url_userinfo_with_embedded_at_in_password_is_masked ... ok
[INFO] [stdout] test command::redact_tests::validate_argv_accepts_item_at_cap_and_rejects_one_over ... ok
[INFO] [stdout] test command::redact_tests::redact_env_pairs_preserves_value_with_equals_for_benign_key ... ok
[INFO] [stdout] test command::redact_tests::redact_shell_line_no_panic_on_degenerate_input ... ok
[INFO] [stdout] test command::wsl_carrier_tests::wsl_carrier_trailing_dot_space_and_data_stream_classified ... ok
[INFO] [stdout] test config::tests::caps_absent_is_none_not_error ... ok
[INFO] [stdout] test config::tests::clamps_bucket_read_limit_to_hard_cap ... ok
[INFO] [stdout] test command::resolve_tests::shell_interpreters_still_denied_by_bare_name ... ok
[INFO] [stdout] test config::tests::clamps_file_window_to_hard_cap ... ok
[INFO] [stdout] test command::redact_tests::redact_shell_line_masks_all_secret_forms_in_subject ... ok
[INFO] [stdout] test command::redact_tests::url_userinfo_password_is_masked_host_kept ... ok
[INFO] [stdout] test command::redact_tests::redact_env_pairs_leaves_benign_pair_intact ... ok
[INFO] [stdout] test command::redact_tests::redact_env_pairs_masks_secret_suffix_keys ... ok
[INFO] [stdout] test command::wsl_carrier_tests::wsl_carrier_behind_wrapper_classified ... ok
[INFO] [stdout] test config::tests::db_path_under_data_dir ... ok
[INFO] [stdout] test config::tests::default_state_dir_matches_supervisor_resolver ... ok
[INFO] [stdout] test config::tests::defaults_round_trip_toml ... ok
[INFO] [stdout] test config::tests::full_access_explicit_false_revokes_shell ... ok
[INFO] [stdout] test config::tests::full_access_profile_presets_all_caps_true ... ok
[INFO] [stdout] test config::tests::llm_can_activate_recipes_defaults_to_none_and_parses_explicit ... ok
[INFO] [stdout] test config::tests::developer_local_profile_presets_allow_shell_true ... ok
[INFO] [stdout] test config::tests::loads_minimal_toml_with_defaults ... ok
[INFO] [stdout] test config::tests::developer_local_without_repo_root_still_loads ... ok
[INFO] [stdout] test config::tests::rejects_empty_data_dir ... ok
[INFO] [stdout] test config::tests::rejects_mnt_c_data_dir ... ok
[INFO] [stdout] test config::tests::rejects_zero_retention ... ok
[INFO] [stdout] test config::tests::repo_only_with_repo_root_loads ... ok
[INFO] [stdout] test config::tests::repo_only_without_repo_root_is_rejected ... ok
[INFO] [stdout] test config::tests::developer_local_explicit_false_hardens_shell ... ok
[INFO] [stdout] test config::tests::sifters_section_defaults_off_and_parses_when_present ... ok
[INFO] [stdout] test config::tests::targets_optional_fields_default_to_none ... ok
[INFO] [stdout] test config::tests::parses_policy_caps_block ... ok
[INFO] [stdout] test config::tests::policy_commands_section_parses ... ok
[INFO] [stdout] test config::tests::targets_default_is_empty_local_only ... ok
[INFO] [stdout] test config::tests::targets_reject_duplicate_target_id ... ok
[INFO] [stdout] test config::tests::targets_reject_duplicate_forward_socket ... ok
[INFO] [stdout] test config::tests::targets_empty_toml_parses_to_no_targets ... ok
[INFO] [stdout] test config::tests::targets_reject_empty_target_id ... ok
[INFO] [stdout] test config::tests::targets_parse_ssh_forward_target ... ok
[INFO] [stdout] test config::tests::targets_load_missing_file_is_local_only_not_error ... ok
[INFO] [stdout] test credential::tests::only_owner_action_required_carries_the_cli_command ... ok
[INFO] [stdout] test credential::tests::test_seam_never_reaches_a_native_prompt ... ok
[INFO] [stdout] test credential::native::tests::assuan_escaping_round_trips ... ok
[INFO] [stdout] test file_watch::tests::combine_events_emitted_is_max_snapshot_greater ... ok
[INFO] [stdout] test config::tests::unknown_policy_profile_is_a_parse_error ... ok
[INFO] [stdout] test file_watch::tests::combine_takes_workload_counters_from_probe_not_snapshot ... ok
[INFO] [stdout] test ipc::peer::tests::audit_string_with_pid ... ok
[INFO] [stdout] test ipc::server::handlers::audit::tests::audit_row_maps_field_for_field_to_wire ... ok
[INFO] [stdout] test file_watch::tests::combine_events_emitted_is_max_probe_greater ... ok
[INFO] [stdout] test ipc::peer::tests::audit_string_without_pid ... ok
[INFO] [stdout] test credential::tests::prompt_text_names_job_and_strips_markup ... ok
[INFO] [stdout] test ipc::server::handlers::audit::tests::audit_row_optional_fields_pass_through_as_none ... ok
[INFO] [stdout] test ipc::server::handlers::common::tests::absolute_existing_path_is_authorized ... ok
[INFO] [stdout] test ipc::server::handlers::command::tests::an_identifier_with_no_trace_reports_unknown_job ... ok
[INFO] [stdout] test ipc::server::handlers::common::tests::env_split_string_deny_example_is_a_real_argv ... ok
[INFO] [stdout] test ipc::server::handlers::common::tests::allow_roots_with_explicit_allow_shell_true_allows_shell ... ok
[INFO] [stdout] test ipc::server::handlers::common::tests::generic_spawn_error_still_maps_to_internal ... ok
[INFO] [stdout] test ipc::server::handlers::common::tests::io_error_still_maps_to_internal ... ok
[INFO] [stdout] test ipc::server::handlers::common::tests::allow_roots_withholds_default_shell_with_teaching_text ... ok
[INFO] [stdout] test ipc::server::handlers::common::tests::program_not_found_maps_to_program_not_found_code_naming_argv0 ... ok
[INFO] [stdout] test ipc::server::handlers::common::tests::program_not_found_typed_argv0_carries_apostrophe_program_name ... ok
[INFO] [stdout] test ipc::server::handlers::common::tests::dotdot_write_target_rejected_before_any_filesystem_touch ... ok
[INFO] [stdout] test ipc::server::handlers::common::tests::shell_teach_classifies_cap_off_profile_forbid_and_interpreter ... ok
[INFO] [stdout] test ipc::server::handlers::common::tests::shell_teach_keeps_lane_text_and_names_profile_forbid ... ok
[INFO] [stdout] test ipc::server::handlers::common::tests::sifter_rule_compile_failure_maps_to_rule_invalid ... ok
[INFO] [stdout] test ipc::server::handlers::file::tests::center_snippet_contains_match_far_from_column_zero ... ok
[INFO] [stdout] test ipc::server::handlers::file::tests::center_snippet_match_near_column_zero ... ok
[INFO] [stdout] test ipc::server::handlers::command::tests::a_started_job_with_no_receipt_reports_job_lost ... ok
[INFO] [stdout] test ipc::server::handlers::file::tests::center_snippet_query_longer_than_budget ... ok
[INFO] [stdout] test ipc::server::handlers::file::tests::center_snippet_utf8_snaps_offboundary_edges ... ok
[INFO] [stdout] test ipc::server::handlers::file::tests::center_snippet_short_line_unchanged ... ok
[INFO] [stdout] test ipc::server::handlers::recipe::tests::admin_grant_is_the_cli_image_not_the_from_mcp_bit ... ok
[INFO] [stdout] test ipc::server::handlers::common::tests::existing_write_symlink_is_authorized_by_its_real_target ... ok
[INFO] [stdout] test ipc::server::handlers::common::tests::native_sensitive_path_is_denied_before_file_access ... ok
[INFO] [stdout] test config::tests::committed_example_toml_parses ... FAILED
[INFO] [stdout] test config::tests::committed_targets_example_toml_parses ... FAILED
[INFO] [stdout] test ipc::server::handlers::recipe::tests::default_profile_lets_the_model_administer_recipes ... ok
[INFO] [stdout] test ipc::server::handlers::pty::tests::missing_program_maps_to_program_not_found ... ok
[INFO] [stdout] test ipc::server::handlers::recipe::tests::known_peer_recipe_run_keeps_image_actor ... ok
[INFO] [stdout] test ipc::server::handlers::recipe::tests::program_role_names ... ok
[INFO] [stdout] test ipc::server::handlers::recipe::tests::this_process_is_not_the_admin_cli ... ok
[INFO] [stdout] test ipc::server::handlers::recipe::tests::unknown_peer_activate_and_tombstone_are_not_labeled_admin ... ok
[INFO] [stdout] test ipc::server::handlers::recipe::tests::unknown_peer_recipe_run_is_not_labeled_admin ... ok
[INFO] [stdout] test ipc::server::handlers::registry::tests::empty_failed_is_omitted_from_serialized_response ... ok
[INFO] [stdout] test ipc::server::handlers::recipe::tests::daemon_spawned_peer_is_refused_recipe_admin ... ok
[INFO] [stdout] test ipc::server::handlers::common::tests::relative_path_is_rejected_with_teaching_error ... ok
[INFO] [stdout] test ipc::server::tests::system_discover_advertises_previously_missing_methods ... ok
[INFO] [stdout] test ipc::server::tests::system_discover_methods_match_dispatch ... ok
[INFO] [stdout] test ipc::server::handlers::recipe::tests::unresolved_peer_image_deny_names_the_config_knob ... ok
[INFO] [stdout] test liveness::tests::command_liveness_maps_jobstate_without_folding_cancel_into_failed ... ok
[INFO] [stdout] test policy::tests::admin_debug_denies_registry_create ... ok
[INFO] [stdout] test ipc::server::handlers::registry::tests::one_failed_activation_yields_partial_success_not_bare_error ... ok
[INFO] [stdout] test policy::tests::allow_list_matches_by_basename_not_full_path ... ok
[INFO] [stdout] test policy::tests::allow_list_does_not_widen_repo_only_containment ... ok
[INFO] [stdout] test ipc::server::handlers::registry::tests::all_eligible_rules_activate_with_empty_failed ... ok
[INFO] [stdout] test policy::tests::default_profile_is_full_access_and_denies_nothing ... ok
[INFO] [stdout] test policy::tests::default_deny_path_denied ... ok
[INFO] [stdout] test environment::probe::tests::shell_disabled_environment_keeps_only_direct_argv_routes ... ok
[INFO] [stdout] test ipc::server::handlers::registry::tests::stream_filtered_rule_flags_stream_mismatch_not_silent_zero ... ok
[INFO] [stdout] test policy::tests::developer_local_no_list_allows_any_non_deny_command ... ok
[INFO] [stdout] test policy::tests::default_deny_suffix_still_denies_under_path_lists ... ok
[INFO] [stdout] test policy::tests::developer_local_allows_normal_command ... ok
[INFO] [stdout] test policy::tests::developer_local_registry_activate_requires_audit ... ok
[INFO] [stdout] test ipc::server::handlers::registry::tests::stream_none_rule_never_flags_mismatch ... ok
[INFO] [stdout] test policy::tests::developer_local_with_list_denies_off_list_allows_on_list ... ok
[INFO] [stdout] test policy::tests::empty_allow_lists_preserve_zero_config_allow ... ok
[INFO] [stdout] test policy::tests::file_read_allowed_when_not_in_default_deny ... ok
[INFO] [stdout] test policy::tests::documented_default_deny_set_is_enforced ... ok
[INFO] [stdout] test policy::tests::glob_combined_target_pattern_matches_nested ... ok
[INFO] [stdout] test policy::tests::glob_is_anchored_both_ends ... ok
[INFO] [stdout] test policy::tests::glob_list_broken_pattern_fails_safe ... ok
[INFO] [stdout] test policy::tests::glob_literal_dot_is_not_wildcard ... ok
[INFO] [stdout] test policy::tests::glob_question_matches_single_non_separator ... ok
[INFO] [stdout] test policy::tests::probe_kind_deny_beats_allow ... ok
[INFO] [stdout] test policy::tests::llm_can_activate_recipes_explicit_override_wins_both_ways ... ok
[INFO] [stdout] test policy::tests::probe_kind_empty_allow_kinds_allows ... ok
[INFO] [stdout] test policy::tests::probe_kind_in_allow_kinds_allowed ... ok
[INFO] [stdout] test policy::tests::probe_kind_in_deny_kinds_denied ... ok
[INFO] [stdout] test policy::tests::probe_kind_not_in_nonempty_allow_kinds_denied ... ok
[INFO] [stdout] test policy::tests::deny_extra_beats_allow_list ... ok
[INFO] [stdout] test policy::tests::read_only_observer_denies_command_start ... ok
[INFO] [stdout] test policy::tests::repo_only_allows_non_path_actions ... ok
[INFO] [stdout] test policy::tests::read_only_observer_denies_file_write ... ok
[INFO] [stdout] test policy::tests::repo_only_denies_command_with_cwd_outside_root ... ok
[INFO] [stdout] test policy::tests::repo_only_denies_file_read_outside_root_allows_inside ... ok
[INFO] [stdout] test policy::tests::repo_only_denies_write_outside_root_allows_inside ... ok
[INFO] [stdout] test policy::tests::repo_only_no_list_allows_in_repo_command ... ok
[INFO] [stdout] test policy::tests::glob_double_star_matches_across_separators ... ok
[INFO] [stdout] test policy::tests::repo_only_with_list_enforces_both_containment_and_allow_list ... ok
[INFO] [stdout] test policy::tests::repo_only_without_root_fails_safe_deny ... ok
[INFO] [stdout] test policy::tests::session_cap_independent_of_shell_cap ... ok
[INFO] [stdout] test policy::tests::repo_only_still_denies_cross_profile_sudo ... ok
[INFO] [stdout] test policy::tests::session_start_allowed_with_audit_when_cap_on ... ok
[INFO] [stdout] test policy::tests::session_start_denied_in_read_only_observer_even_with_cap ... ok
[INFO] [stdout] test policy::tests::session_start_denied_in_repo_only_even_with_cap ... ok
[INFO] [stdout] test policy::tests::shell_start_allowed_with_audit_on_default_developer_local ... ok
[INFO] [stdout] test policy::tests::shell_start_allowed_with_audit_when_cap_on ... ok
[INFO] [stdout] test policy::tests::shell_start_denied_in_read_only_observer_even_with_cap ... ok
[INFO] [stdout] test policy::tests::shell_start_denied_in_repo_only_even_with_cap ... ok
[INFO] [stdout] test policy::tests::shell_start_denied_when_allow_shell_off ... ok
[INFO] [stdout] test policy::tests::shell_start_denies_structural_commands_in_shell_line ... ok
[INFO] [stdout] test policy::tests::sudo_denied_in_every_hardened_profile ... ok
[INFO] [stdout] test policy::tests::session_start_denied_by_default ... ok
[INFO] [stdout] test policy::tests::shell_start_deny_scan_ignores_data_words_and_redirect_targets ... ok
[INFO] [stdout] test policy::tests::read_allow_nonempty_allows_match_denies_miss ... ok
[INFO] [stdout] test policy::tests::glob_single_star_stops_at_separator ... ok
[INFO] [stdout] test policy::tests::traversal_in_allow_canonical_path_still_allows ... ok
[INFO] [stdout] test policy::tests::traversal_watch_allow_denies_dotdot_escape ... ok
[INFO] [stdout] test policy::tests::traversal_read_allow_denies_dotdot_escape ... ok
[INFO] [stdout] test policy::tests::traversal_deny_extra_matches_canonical_form ... ok
[INFO] [stdout] test ipc::server::tests::policy_status_default_reports_full_trust ... ok
[INFO] [stdout] test policy::tests::traversal_write_allow_denies_dotdot_escape ... ok
[INFO] [stdout] test policy::tests::write_empty_allow_preserves_zero_config_allow ... ok
[INFO] [stdout] test pty_command::runtime::tests::combine_events_emitted_is_max_probe_greater ... ok
[INFO] [stdout] test pty_command::runtime::tests::combine_events_emitted_is_max_snapshot_greater ... ok
[INFO] [stdout] test pty_command::runtime::tests::combine_takes_workload_counters_from_probe_not_snapshot ... ok
[INFO] [stdout] test router::tests::router_audit_records_actions ... ok
[INFO] [stdout] test policy::tests::write_allow_nonempty_allows_match_denies_miss ... ok
[INFO] [stdout] test policy::tests::watch_allow_nonempty_allows_match_denies_miss ... ok
[INFO] [stdout] test policy::tests::write_deny_extra_beats_write_allow ... ok
[INFO] [stdout] test policy::tests::write_default_deny_suffix_still_denies ... ok
[INFO] [stdout] test router::tests::router_creates_bucket_and_appends ... ok
[INFO] [stdout] test router::tests::router_event_context_round_trip ... ok
[INFO] [stdout] test router::tests::router_job_lifecycle_emits_drafts ... ok
[INFO] [stdout] test router::tests::router_reads_with_cursor ... ok
[INFO] [stdout] test policy::tests::write_allow_independent_from_read_allow ... ok
[INFO] [stdout] test policy::tests::deny_extra_applies_to_watch_too ... ok
[INFO] [stdout] test runtime::tests::reassert_leaves_ours_untouched ... ok
[INFO] [stdout] test runtime::tests::reassert_pidfile_once_recreates_a_missing_pidfile ... ok
[INFO] [stdout] test runtime::tests::bind_claim_does_not_steal_a_foreign_live_pidfile ... ok
[INFO] [stdout] test runtime::tests::reassert_rewrites_when_pidfile_missing ... ok
[INFO] [stdout] test runtime::tests::reassert_rewrites_when_recorded_pid_is_dead ... ok
[INFO] [stdout] test runtime::tests::bind_claim_writes_a_missing_pidfile ... ok
[INFO] [stdout] test runtime::tests::reassert_refuses_when_different_live_pid_on_different_endpoint ... ok
[INFO] [stdout] test runtime::tests::reassert_rewrites_when_ours_but_endpoint_drifted ... ok
[INFO] [stdout] test shell_session::tests::env_key_safety ... ok
[INFO] [stdout] test shell_session::tests::limit_reached_message_reports_live_distinct_from_cap ... ok
[INFO] [stdout] test runtime::tests::reassert_pidfile_once_does_not_clobber_a_foreign_live_pidfile ... ok
[INFO] [stdout] test runtime::tests::reassert_refuses_when_different_live_pid_on_our_endpoint ... ok
[INFO] [stdout] test shell_session::tests::parse_cd_target_plain ... ok
[INFO] [stdout] test shell_session::tests::parse_cd_target_quoted_no_space ... ok
[INFO] [stdout] test shell_session::tests::parse_cd_target_rejects_compound_and_dash ... ok
[INFO] [stdout] test shell_session::tests::parse_cd_target_rejects_quoted_with_space ... ok
[INFO] [stdout] test shell_session::tests::released_reservation_frees_the_slot ... ok
[INFO] [stdout] test shell_session::tests::shell_single_quote_escapes_inner_quote ... ok
[INFO] [stdout] test shell_session::tests::concurrent_reservations_never_exceed_cap ... ok
[INFO] [stdout] test ipc::server::tests::system_discover_routes_obey_the_active_shell_capability ... ok
[INFO] [stdout] test state::tests::boot_id_is_stable_within_session ... ok
[INFO] [stdout] test state::tests::bootstrap_creates_data_dir_and_opens_store ... ok
[INFO] [stdout] test runtime::tests::self_check_passes_on_clean_bootstrap ... ok
[INFO] [stdout] test state::tests::bootstrap_constructs_shell_runtime_and_threads_caps ... ok
[INFO] [stdout] test runtime::tests::self_check_reports_wired_capabilities_not_stale_scope_text ... ok
[INFO] [stdout] test state::tests::bootstrap_router_uses_persistent_audit ... ok
[INFO] [stdout] test state::tests::embedded_discovery_applies_the_state_policy_capability ... ok
[INFO] [stdout] test store_actor::tests::call_after_shutdown_errors_cleanly ... ok
[INFO] [stdout] test store_actor::tests::panicking_op_is_isolated_as_unavailable_not_thread_death ... ok
[INFO] [stdout] test subscriptions::model::tests::bucket_in_scope_all_is_always_true ... ok
[INFO] [stdout] test store_actor::tests::audit_since_returns_rows_in_order ... ok
[INFO] [stdout] test subscriptions::model::tests::bucket_in_scope_jobs_matches_source_job ... ok
[INFO] [stdout] test subscriptions::model::tests::bucket_in_scope_buckets_matches_id_only ... ok
[INFO] [stdout] test subscriptions::model::tests::bucket_in_scope_probes_matches_source_probe ... ok
[INFO] [stdout] test state::tests::last_activity_bumps_and_reads_idle ... ok
[INFO] [stdout] test subscriptions::model::tests::distinct_opens_get_distinct_sub_ids ... ok
[INFO] [stdout] test subscriptions::model::tests::distinct_predicates_hash_differently ... ok
[INFO] [stdout] test subscriptions::model::tests::normalized_hash_includes_tag ... ok
[INFO] [stdout] test subscriptions::model::tests::reordered_vec_predicates_hash_equal ... ok
[INFO] [stdout] test subscriptions::model::tests::tag_predicate_matches_only_tagged_source ... ok
[INFO] [stdout] test store_actor::tests::open_writer_and_round_trip_record_audit ... ok
[INFO] [stdout] test subscriptions::registry::tests::close_removes_and_reports_presence ... ok
[INFO] [stdout] test subscriptions::registry::tests::open_beyond_cap_returns_limit_exceeded ... ok
[INFO] [stdout] test subscriptions::registry::tests::two_opens_same_predicate_get_distinct_ids_and_independent_offsets ... ok
[INFO] [stdout] test subscriptions::registry::tests::with_sub_unknown_returns_unknown_subscription ... ok
[INFO] [stdout] test subscriptions::source::tests::dirty_epoch_increments_on_each_record ... ok
[INFO] [stdout] test subscriptions::source::tests::record_then_get_returns_recorded_source ... ok
[INFO] [stdout] test subscriptions::source::tests::snapshot_returns_all_recorded_pairs ... ok
[INFO] [stdout] test subscriptions::pull::tests::source_without_job_id_fails_safe_stopped ... ok
[INFO] [stdout] test subscriptions::pull::tests::naturally_terminated_file_watch_reports_stopped_liveness ... ok
[INFO] [stdout] test subscriptions::pull::tests::stopped_file_watch_reports_stopped_liveness ... ok
[INFO] [stdout] test state::tests::embedded_discovery_omits_routes_denied_by_probe_policy ... ok
[INFO] [stdout] test state::tests::embedded_discovery_uses_repo_root_and_omits_shell_routes_in_repo_only ... ok
[INFO] [stdout] test state::tests::embedded_discovery_omits_routes_denied_by_command_policy ... ok
[INFO] [stdout] test store_actor::tests::concurrent_emit_no_deadlock_and_monotonic_ids ... ok
[INFO] [stdout] 
[INFO] [stdout] failures:
[INFO] [stdout] 
[INFO] [stdout] ---- config::tests::committed_example_toml_parses stdout ----
[INFO] [stdout] 
[INFO] [stdout] thread 'config::tests::committed_example_toml_parses' (2595) panicked at src/config.rs:1080:14:
[INFO] [stdout] read example toml: Os { code: 2, kind: NotFound, message: "No such file or directory" }
[INFO] [stdout] stack backtrace:
[INFO] [stdout]    0:     0x55ade87f0a31 - std[70759c8f55707aa4]::backtrace_rs::backtrace::libunwind::trace
[INFO] [stdout]                                at /rustc/dfb0accb7f508ae8be965d8629557221c889dd98/library/std/src/../../backtrace/src/backtrace/libunwind.rs:117:9
[INFO] [stdout]    1:     0x55ade87f0a31 - std[70759c8f55707aa4]::backtrace_rs::backtrace::trace_unsynchronized::<std[70759c8f55707aa4]::sys::backtrace::_print_fmt::{closure#1}>
[INFO] [stdout]                                at /rustc/dfb0accb7f508ae8be965d8629557221c889dd98/library/std/src/../../backtrace/src/backtrace/mod.rs:66:14
[INFO] [stdout]    2:     0x55ade87f0a31 - std[70759c8f55707aa4]::sys::backtrace::_print_fmt
[INFO] [stdout]                                at /rustc/dfb0accb7f508ae8be965d8629557221c889dd98/library/std/src/sys/backtrace.rs:74:9
[INFO] [stdout]    3:     0x55ade87f0a31 - <<std[70759c8f55707aa4]::sys::backtrace::BacktraceLock>::print::DisplayBacktrace as core[df12db4294e9bfd3]::fmt::Display>::fmt
[INFO] [stdout]                                at /rustc/dfb0accb7f508ae8be965d8629557221c889dd98/library/std/src/sys/backtrace.rs:44:26
[INFO] [stdout]    4:     0x55ade88087ba - <core[df12db4294e9bfd3]::fmt::rt::Argument>::fmt
[INFO] [stdout]                                at /rustc/dfb0accb7f508ae8be965d8629557221c889dd98/library/core/src/fmt/rt.rs:152:76
[INFO] [stdout]    5:     0x55ade88087ba - core[df12db4294e9bfd3]::fmt::write
[INFO] [stdout]    6:     0x55ade87f550c - core[df12db4294e9bfd3]::io::write::default_write_fmt::<alloc[2182bb758b4b3781]::vec::Vec<u8>>
[INFO] [stdout]                                at /rustc/dfb0accb7f508ae8be965d8629557221c889dd98/library/core/src/io/write.rs:402:11
[INFO] [stdout]    7:     0x55ade87f550c - <alloc[2182bb758b4b3781]::vec::Vec<u8> as core[df12db4294e9bfd3]::io::write::Write>::write_fmt
[INFO] [stdout]                                at /rustc/dfb0accb7f508ae8be965d8629557221c889dd98/library/core/src/io/write.rs:335:13
[INFO] [stdout]    8:     0x55ade87c8816 - <std[70759c8f55707aa4]::sys::backtrace::BacktraceLock>::print
[INFO] [stdout]                                at /rustc/dfb0accb7f508ae8be965d8629557221c889dd98/library/std/src/sys/backtrace.rs:47:9
[INFO] [stdout]    9:     0x55ade87c8816 - std[70759c8f55707aa4]::panicking::default_hook::{closure#0}
[INFO] [stdout]                                at /rustc/dfb0accb7f508ae8be965d8629557221c889dd98/library/std/src/panicking.rs:292:27
[INFO] [stdout]   10:     0x55ade87e7099 - std[70759c8f55707aa4]::panicking::default_hook
[INFO] [stdout]                                at /rustc/dfb0accb7f508ae8be965d8629557221c889dd98/library/std/src/panicking.rs:316:9
[INFO] [stdout]   11:     0x55ade802e640 - <alloc[2182bb758b4b3781]::boxed::Box<dyn for<'a, 'b> core[df12db4294e9bfd3]::ops::function::Fn<(&'a std[70759c8f55707aa4]::panic::PanicHookInfo<'b>,), Output = ()> + core[df12db4294e9bfd3]::marker::Send + core[df12db4294e9bfd3]::marker::Sync> as core[df12db4294e9bfd3]::ops::function::Fn<(&std[70759c8f55707aa4]::panic::PanicHookInfo,)>>::call
[INFO] [stdout]                                at /rustc/dfb0accb7f508ae8be965d8629557221c889dd98/library/alloc/src/boxed.rs:2334:9
[INFO] [stdout]   12:     0x55ade802e640 - test[9d35eded1c95d3be]::test_main_inner::<test[9d35eded1c95d3be]::test_main_static::{closure#0}>::{closure#0}
[INFO] [stdout]                                at /rustc/dfb0accb7f508ae8be965d8629557221c889dd98/library/test/src/lib.rs:155:21
[INFO] [stdout]   13:     0x55ade87e73c2 - <alloc[2182bb758b4b3781]::boxed::Box<dyn for<'a, 'b> core[df12db4294e9bfd3]::ops::function::Fn<(&'a std[70759c8f55707aa4]::panic::PanicHookInfo<'b>,), Output = ()> + core[df12db4294e9bfd3]::marker::Send + core[df12db4294e9bfd3]::marker::Sync> as core[df12db4294e9bfd3]::ops::function::Fn<(&std[70759c8f55707aa4]::panic::PanicHookInfo,)>>::call
[INFO] [stdout]                                at /rustc/dfb0accb7f508ae8be965d8629557221c889dd98/library/alloc/src/boxed.rs:2334:9
[INFO] [stdout]   14:     0x55ade87e73c2 - std[70759c8f55707aa4]::panicking::panic_with_hook
[INFO] [stdout]                                at /rustc/dfb0accb7f508ae8be965d8629557221c889dd98/library/std/src/panicking.rs:823:13
[INFO] [stdout]   15:     0x55ade87c88c2 - std[70759c8f55707aa4]::panicking::panic_handler::{closure#0}
[INFO] [stdout]                                at /rustc/dfb0accb7f508ae8be965d8629557221c889dd98/library/std/src/panicking.rs:688:13
[INFO] [stdout]   16:     0x55ade87c11b9 - std[70759c8f55707aa4]::sys::backtrace::__rust_end_short_backtrace::<std[70759c8f55707aa4]::panicking::panic_handler::{closure#0}, !>
[INFO] [stdout]                                at /rustc/dfb0accb7f508ae8be965d8629557221c889dd98/library/std/src/sys/backtrace.rs:182:18
[INFO] [stdout]   17:     0x55ade87c971d - __rustc[8fa7c3cbc660c2b3]::rust_begin_unwind
[INFO] [stdout]                                at /rustc/dfb0accb7f508ae8be965d8629557221c889dd98/library/std/src/panicking.rs:679:5
[INFO] [stdout]   18:     0x55ade880908c - core[df12db4294e9bfd3]::panicking::panic_fmt
[INFO] [stdout]                                at /rustc/dfb0accb7f508ae8be965d8629557221c889dd98/library/core/src/panicking.rs:80:14
[INFO] [stdout]   19:     0x55ade8808db2 - core[df12db4294e9bfd3]::result::unwrap_failed
[INFO] [stdout]                                at /rustc/dfb0accb7f508ae8be965d8629557221c889dd98/library/core/src/result.rs:1871:5
[INFO] [stdout]   20:     0x55ade7f99f73 - <core[df12db4294e9bfd3]::result::Result<alloc[2182bb758b4b3781]::string::String, core[df12db4294e9bfd3]::io::error::Error>>::expect
[INFO] [stdout]                                at /rustc/dfb0accb7f508ae8be965d8629557221c889dd98/library/core/src/result.rs:1184:23
[INFO] [stdout]   21:     0x55ade7dfa9d9 - terminal_commanderd[98d6017da0ebf297]::config::tests::committed_example_toml_parses
[INFO] [stdout]                                at /opt/rustwide/workdir/src/config.rs:1080:14
[INFO] [stdout]   22:     0x55ade7deefc7 - terminal_commanderd[98d6017da0ebf297]::config::tests::committed_example_toml_parses::{closure#0}
[INFO] [stdout]                                at /opt/rustwide/workdir/src/config.rs:1076:39
[INFO] [stdout]   23:     0x55ade7f1d666 - <terminal_commanderd[98d6017da0ebf297]::config::tests::committed_example_toml_parses::{closure#0} as core[df12db4294e9bfd3]::ops::function::FnOnce<()>>::call_once
[INFO] [stdout]                                at /rustc/dfb0accb7f508ae8be965d8629557221c889dd98/library/core/src/ops/function.rs:250:5
[INFO] [stdout]   24:     0x55ade802192b - <fn() -> core[df12db4294e9bfd3]::result::Result<(), alloc[2182bb758b4b3781]::string::String> as core[df12db4294e9bfd3]::ops::function::FnOnce<()>>::call_once
[INFO] [stdout]                                at /rustc/dfb0accb7f508ae8be965d8629557221c889dd98/library/core/src/ops/function.rs:250:5
[INFO] [stdout]   25:     0x55ade802192b - test[9d35eded1c95d3be]::__rust_begin_short_backtrace::<core[df12db4294e9bfd3]::result::Result<(), alloc[2182bb758b4b3781]::string::String>, fn() -> core[df12db4294e9bfd3]::result::Result<(), alloc[2182bb758b4b3781]::string::String>>
[INFO] [stdout]                                at /rustc/dfb0accb7f508ae8be965d8629557221c889dd98/library/test/src/lib.rs:733:18
[INFO] [stdout]   26:     0x55ade802ef95 - test[9d35eded1c95d3be]::run_test_in_process::{closure#0}
[INFO] [stdout]                                at /rustc/dfb0accb7f508ae8be965d8629557221c889dd98/library/test/src/lib.rs:756:74
[INFO] [stdout]   27:     0x55ade802ef95 - <core[df12db4294e9bfd3]::panic::unwind_safe::AssertUnwindSafe<test[9d35eded1c95d3be]::run_test_in_process::{closure#0}> as core[df12db4294e9bfd3]::ops::function::FnOnce<()>>::call_once
[INFO] [stdout]                                at /rustc/dfb0accb7f508ae8be965d8629557221c889dd98/library/core/src/panic/unwind_safe.rs:275:9
[INFO] [stdout]   28:     0x55ade802ef95 - std[70759c8f55707aa4]::panicking::catch_unwind::do_call::<core[df12db4294e9bfd3]::panic::unwind_safe::AssertUnwindSafe<test[9d35eded1c95d3be]::run_test_in_process::{closure#0}>, core[df12db4294e9bfd3]::result::Result<(), alloc[2182bb758b4b3781]::string::String>>
[INFO] [stdout]                                at /rustc/dfb0accb7f508ae8be965d8629557221c889dd98/library/std/src/panicking.rs:576:43
[INFO] [stdout]   29:     0x55ade802ef95 - std[70759c8f55707aa4]::panicking::catch_unwind::<core[df12db4294e9bfd3]::result::Result<(), alloc[2182bb758b4b3781]::string::String>, core[df12db4294e9bfd3]::panic::unwind_safe::AssertUnwindSafe<test[9d35eded1c95d3be]::run_test_in_process::{closure#0}>>
[INFO] [stdout]                                at /rustc/dfb0accb7f508ae8be965d8629557221c889dd98/library/std/src/panicking.rs:544:19
[INFO] [stdout]   30:     0x55ade802ef95 - std[70759c8f55707aa4]::panic::catch_unwind::<core[df12db4294e9bfd3]::panic::unwind_safe::AssertUnwindSafe<test[9d35eded1c95d3be]::run_test_in_process::{closure#0}>, core[df12db4294e9bfd3]::result::Result<(), alloc[2182bb758b4b3781]::string::String>>
[INFO] [stdout]                                at /rustc/dfb0accb7f508ae8be965d8629557221c889dd98/library/std/src/panic.rs:359:14
[INFO] [stdout]   31:     0x55ade802ef95 - test[9d35eded1c95d3be]::run_test_in_process
[INFO] [stdout]                                at /rustc/dfb0accb7f508ae8be965d8629557221c889dd98/library/test/src/lib.rs:756:27
[INFO] [stdout]   32:     0x55ade802ef95 - test[9d35eded1c95d3be]::run_test::{closure#0}
[INFO] [stdout]                                at /rustc/dfb0accb7f508ae8be965d8629557221c889dd98/library/test/src/lib.rs:677:43
[INFO] [stdout]   33:     0x55ade8028854 - test[9d35eded1c95d3be]::run_test::{closure#1}
[INFO] [stdout]                                at /rustc/dfb0accb7f508ae8be965d8629557221c889dd98/library/test/src/lib.rs:707:41
[INFO] [stdout]   34:     0x55ade8028854 - std[70759c8f55707aa4]::sys::backtrace::__rust_begin_short_backtrace::<test[9d35eded1c95d3be]::run_test::{closure#1}, ()>
[INFO] [stdout]                                at /rustc/dfb0accb7f508ae8be965d8629557221c889dd98/library/std/src/sys/backtrace.rs:166:18
[INFO] [stdout]   35:     0x55ade80320f2 - std[70759c8f55707aa4]::thread::lifecycle::spawn_unchecked::<test[9d35eded1c95d3be]::run_test::{closure#1}, ()>::{closure#1}::{closure#0}
[INFO] [stdout]                                at /rustc/dfb0accb7f508ae8be965d8629557221c889dd98/library/std/src/thread/lifecycle.rs:70:13
[INFO] [stdout]   36:     0x55ade80320f2 - <core[df12db4294e9bfd3]::panic::unwind_safe::AssertUnwindSafe<std[70759c8f55707aa4]::thread::lifecycle::spawn_unchecked<test[9d35eded1c95d3be]::run_test::{closure#1}, ()>::{closure#1}::{closure#0}> as core[df12db4294e9bfd3]::ops::function::FnOnce<()>>::call_once
[INFO] [stdout]                                at /rustc/dfb0accb7f508ae8be965d8629557221c889dd98/library/core/src/panic/unwind_safe.rs:275:9
[INFO] [stdout]   37:     0x55ade80320f2 - std[70759c8f55707aa4]::panicking::catch_unwind::do_call::<core[df12db4294e9bfd3]::panic::unwind_safe::AssertUnwindSafe<std[70759c8f55707aa4]::thread::lifecycle::spawn_unchecked<test[9d35eded1c95d3be]::run_test::{closure#1}, ()>::{closure#1}::{closure#0}>, ()>
[INFO] [stdout]                                at /rustc/dfb0accb7f508ae8be965d8629557221c889dd98/library/std/src/panicking.rs:576:43
[INFO] [stdout]   38:     0x55ade80320f2 - std[70759c8f55707aa4]::panicking::catch_unwind::<(), core[df12db4294e9bfd3]::panic::unwind_safe::AssertUnwindSafe<std[70759c8f55707aa4]::thread::lifecycle::spawn_unchecked<test[9d35eded1c95d3be]::run_test::{closure#1}, ()>::{closure#1}::{closure#0}>>
[INFO] [stdout]                                at /rustc/dfb0accb7f508ae8be965d8629557221c889dd98/library/std/src/panicking.rs:544:19
[INFO] [stdout]   39:     0x55ade80320f2 - std[70759c8f55707aa4]::panic::catch_unwind::<core[df12db4294e9bfd3]::panic::unwind_safe::AssertUnwindSafe<std[70759c8f55707aa4]::thread::lifecycle::spawn_unchecked<test[9d35eded1c95d3be]::run_test::{closure#1}, ()>::{closure#1}::{closure#0}>, ()>
[INFO] [stdout]                                at /rustc/dfb0accb7f508ae8be965d8629557221c889dd98/library/std/src/panic.rs:359:14
[INFO] [stdout]   40:     0x55ade80320f2 - std[70759c8f55707aa4]::thread::lifecycle::spawn_unchecked::<test[9d35eded1c95d3be]::run_test::{closure#1}, ()>::{closure#1}
[INFO] [stdout]                                at /rustc/dfb0accb7f508ae8be965d8629557221c889dd98/library/std/src/thread/lifecycle.rs:68:26
[INFO] [stdout]   41:     0x55ade80320f2 - <std[70759c8f55707aa4]::thread::lifecycle::spawn_unchecked<test[9d35eded1c95d3be]::run_test::{closure#1}, ()>::{closure#1} as core[df12db4294e9bfd3]::ops::function::FnOnce<()>>::call_once::{shim:vtable#0}
[INFO] [stdout]                                at /rustc/dfb0accb7f508ae8be965d8629557221c889dd98/library/core/src/ops/function.rs:250:5
[INFO] [stdout]   42:     0x55ade87efa49 - <alloc[2182bb758b4b3781]::boxed::Box<dyn core[df12db4294e9bfd3]::ops::function::FnOnce<(), Output = ()> + core[df12db4294e9bfd3]::marker::Send> as core[df12db4294e9bfd3]::ops::function::FnOnce<()>>::call_once
[INFO] [stdout]                                at /rustc/dfb0accb7f508ae8be965d8629557221c889dd98/library/alloc/src/boxed.rs:2320:9
[INFO] [stdout]   43:     0x55ade87efa49 - <std[70759c8f55707aa4]::sys::thread::unix::Thread>::new::thread_start
[INFO] [stdout]                                at /rustc/dfb0accb7f508ae8be965d8629557221c889dd98/library/std/src/sys/thread/unix.rs:123:17
[INFO] [stdout]   44:     0x7bbe44c31dfa - <unknown>
[INFO] [stdout]   45:     0x7bbe44cc53d4 - clone
[INFO] [stdout]   46:                0x0 - <unknown>
[INFO] [stdout] 
[INFO] [stdout] ---- config::tests::committed_targets_example_toml_parses stdout ----
[INFO] [stdout] 
[INFO] [stdout] thread 'config::tests::committed_targets_example_toml_parses' (2596) panicked at src/config.rs:1090:14:
[INFO] [stdout] read targets example toml: Os { code: 2, kind: NotFound, message: "No such file or directory" }
[INFO] [stdout] stack backtrace:
[INFO] [stdout]    0:     0x55ade87f0a31 - std[70759c8f55707aa4]::backtrace_rs::backtrace::libunwind::trace
[INFO] [stdout]                                at /rustc/dfb0accb7f508ae8be965d8629557221c889dd98/library/std/src/../../backtrace/src/backtrace/libunwind.rs:117:9
[INFO] [stdout]    1:     0x55ade87f0a31 - std[70759c8f55707aa4]::backtrace_rs::backtrace::trace_unsynchronized::<std[70759c8f55707aa4]::sys::backtrace::_print_fmt::{closure#1}>
[INFO] [stdout]                                at /rustc/dfb0accb7f508ae8be965d8629557221c889dd98/library/std/src/../../backtrace/src/backtrace/mod.rs:66:14
[INFO] [stdout]    2:     0x55ade87f0a31 - std[70759c8f55707aa4]::sys::backtrace::_print_fmt
[INFO] [stdout]                                at /rustc/dfb0accb7f508ae8be965d8629557221c889dd98/library/std/src/sys/backtrace.rs:74:9
[INFO] [stdout]    3:     0x55ade87f0a31 - <<std[70759c8f55707aa4]::sys::backtrace::BacktraceLock>::print::DisplayBacktrace as core[df12db4294e9bfd3]::fmt::Display>::fmt
[INFO] [stdout]                                at /rustc/dfb0accb7f508ae8be965d8629557221c889dd98/library/std/src/sys/backtrace.rs:44:26
[INFO] [stdout]    4:     0x55ade88087ba - <core[df12db4294e9bfd3]::fmt::rt::Argument>::fmt
[INFO] [stdout]                                at /rustc/dfb0accb7f508ae8be965d8629557221c889dd98/library/core/src/fmt/rt.rs:152:76
[INFO] [stdout]    5:     0x55ade88087ba - core[df12db4294e9bfd3]::fmt::write
[INFO] [stdout]    6:     0x55ade87f550c - core[df12db4294e9bfd3]::io::write::default_write_fmt::<alloc[2182bb758b4b3781]::vec::Vec<u8>>
[INFO] [stdout]                                at /rustc/dfb0accb7f508ae8be965d8629557221c889dd98/library/core/src/io/write.rs:402:11
[INFO] [stdout]    7:     0x55ade87f550c - <alloc[2182bb758b4b3781]::vec::Vec<u8> as core[df12db4294e9bfd3]::io::write::Write>::write_fmt
[INFO] [stdout]                                at /rustc/dfb0accb7f508ae8be965d8629557221c889dd98/library/core/src/io/write.rs:335:13
[INFO] [stdout]    8:     0x55ade87c8816 - <std[70759c8f55707aa4]::sys::backtrace::BacktraceLock>::print
[INFO] [stdout]                                at /rustc/dfb0accb7f508ae8be965d8629557221c889dd98/library/std/src/sys/backtrace.rs:47:9
[INFO] [stdout]    9:     0x55ade87c8816 - std[70759c8f55707aa4]::panicking::default_hook::{closure#0}
[INFO] [stdout]                                at /rustc/dfb0accb7f508ae8be965d8629557221c889dd98/library/std/src/panicking.rs:292:27
[INFO] [stdout]   10:     0x55ade87e7099 - std[70759c8f55707aa4]::panicking::default_hook
[INFO] [stdout]                                at /rustc/dfb0accb7f508ae8be965d8629557221c889dd98/library/std/src/panicking.rs:316:9
[INFO] [stdout]   11:     0x55ade802e640 - <alloc[2182bb758b4b3781]::boxed::Box<dyn for<'a, 'b> core[df12db4294e9bfd3]::ops::function::Fn<(&'a std[70759c8f55707aa4]::panic::PanicHookInfo<'b>,), Output = ()> + core[df12db4294e9bfd3]::marker::Send + core[df12db4294e9bfd3]::marker::Sync> as core[df12db4294e9bfd3]::ops::function::Fn<(&std[70759c8f55707aa4]::panic::PanicHookInfo,)>>::call
[INFO] [stdout]                                at /rustc/dfb0accb7f508ae8be965d8629557221c889dd98/library/alloc/src/boxed.rs:2334:9
[INFO] [stdout]   12:     0x55ade802e640 - test[9d35eded1c95d3be]::test_main_inner::<test[9d35eded1c95d3be]::test_main_static::{closure#0}>::{closure#0}
[INFO] [stdout]                                at /rustc/dfb0accb7f508ae8be965d8629557221c889dd98/library/test/src/lib.rs:155:21
[INFO] [stdout]   13:     0x55ade87e73c2 - <alloc[2182bb758b4b3781]::boxed::Box<dyn for<'a, 'b> core[df12db4294e9bfd3]::ops::function::Fn<(&'a std[70759c8f55707aa4]::panic::PanicHookInfo<'b>,), Output = ()> + core[df12db4294e9bfd3]::marker::Send + core[df12db4294e9bfd3]::marker::Sync> as core[df12db4294e9bfd3]::ops::function::Fn<(&std[70759c8f55707aa4]::panic::PanicHookInfo,)>>::call
[INFO] [stdout]                                at /rustc/dfb0accb7f508ae8be965d8629557221c889dd98/library/alloc/src/boxed.rs:2334:9
[INFO] [stdout]   14:     0x55ade87e73c2 - std[70759c8f55707aa4]::panicking::panic_with_hook
[INFO] [stdout]                                at /rustc/dfb0accb7f508ae8be965d8629557221c889dd98/library/std/src/panicking.rs:823:13
[INFO] [stdout]   15:     0x55ade87c88c2 - std[70759c8f55707aa4]::panicking::panic_handler::{closure#0}
[INFO] [stdout]                                at /rustc/dfb0accb7f508ae8be965d8629557221c889dd98/library/std/src/panicking.rs:688:13
[INFO] [stdout]   16:     0x55ade87c11b9 - std[70759c8f55707aa4]::sys::backtrace::__rust_end_short_backtrace::<std[70759c8f55707aa4]::panicking::panic_handler::{closure#0}, !>
[INFO] [stdout]                                at /rustc/dfb0accb7f508ae8be965d8629557221c889dd98/library/std/src/sys/backtrace.rs:182:18
[INFO] [stdout]   17:     0x55ade87c971d - __rustc[8fa7c3cbc660c2b3]::rust_begin_unwind
[INFO] [stdout]                                at /rustc/dfb0accb7f508ae8be965d8629557221c889dd98/library/std/src/panicking.rs:679:5
[INFO] [stdout]   18:     0x55ade880908c - core[df12db4294e9bfd3]::panicking::panic_fmt
[INFO] [stdout]                                at /rustc/dfb0accb7f508ae8be965d8629557221c889dd98/library/core/src/panicking.rs:80:14
[INFO] [stdout]   19:     0x55ade8808db2 - core[df12db4294e9bfd3]::result::unwrap_failed
[INFO] [stdout]                                at /rustc/dfb0accb7f508ae8be965d8629557221c889dd98/library/core/src/result.rs:1871:5
[INFO] [stdout]   20:     0x55ade7f99f73 - <core[df12db4294e9bfd3]::result::Result<alloc[2182bb758b4b3781]::string::String, core[df12db4294e9bfd3]::io::error::Error>>::expect
[INFO] [stdout]                                at /rustc/dfb0accb7f508ae8be965d8629557221c889dd98/library/core/src/result.rs:1184:23
[INFO] [stdout]   21:     0x55ade7dfbf29 - terminal_commanderd[98d6017da0ebf297]::config::tests::committed_targets_example_toml_parses
[INFO] [stdout]                                at /opt/rustwide/workdir/src/config.rs:1090:14
[INFO] [stdout]   22:     0x55ade7def1a7 - terminal_commanderd[98d6017da0ebf297]::config::tests::committed_targets_example_toml_parses::{closure#0}
[INFO] [stdout]                                at /opt/rustwide/workdir/src/config.rs:1086:47
[INFO] [stdout]   23:     0x55ade7f1d7a6 - <terminal_commanderd[98d6017da0ebf297]::config::tests::committed_targets_example_toml_parses::{closure#0} as core[df12db4294e9bfd3]::ops::function::FnOnce<()>>::call_once
[INFO] [stdout]                                at /rustc/dfb0accb7f508ae8be965d8629557221c889dd98/library/core/src/ops/function.rs:250:5
[INFO] [stdout]   24:     0x55ade802192b - <fn() -> core[df12db4294e9bfd3]::result::Result<(), alloc[2182bb758b4b3781]::string::String> as core[df12db4294e9bfd3]::ops::function::FnOnce<()>>::call_once
[INFO] [stdout]                                at /rustc/dfb0accb7f508ae8be965d8629557221c889dd98/library/core/src/ops/function.rs:250:5
[INFO] [stdout]   25:     0x55ade802192b - test[9d35eded1c95d3be]::__rust_begin_short_backtrace::<core[df12db4294e9bfd3]::result::Result<(), alloc[2182bb758b4b3781]::string::String>, fn() -> core[df12db4294e9bfd3]::result::Result<(), alloc[2182bb758b4b3781]::string::String>>
[INFO] [stdout]                                at /rustc/dfb0accb7f508ae8be965d8629557221c889dd98/library/test/src/lib.rs:733:18
[INFO] [stdout]   26:     0x55ade802ef95 - test[9d35eded1c95d3be]::run_test_in_process::{closure#0}
[INFO] [stdout]                                at /rustc/dfb0accb7f508ae8be965d8629557221c889dd98/library/test/src/lib.rs:756:74
[INFO] [stdout]   27:     0x55ade802ef95 - <core[df12db4294e9bfd3]::panic::unwind_safe::AssertUnwindSafe<test[9d35eded1c95d3be]::run_test_in_process::{closure#0}> as core[df12db4294e9bfd3]::ops::function::FnOnce<()>>::call_once
[INFO] [stdout]                                at /rustc/dfb0accb7f508ae8be965d8629557221c889dd98/library/core/src/panic/unwind_safe.rs:275:9
[INFO] [stdout]   28:     0x55ade802ef95 - std[70759c8f55707aa4]::panicking::catch_unwind::do_call::<core[df12db4294e9bfd3]::panic::unwind_safe::AssertUnwindSafe<test[9d35eded1c95d3be]::run_test_in_process::{closure#0}>, core[df12db4294e9bfd3]::result::Result<(), alloc[2182bb758b4b3781]::string::String>>
[INFO] [stdout]                                at /rustc/dfb0accb7f508ae8be965d8629557221c889dd98/library/std/src/panicking.rs:576:43
[INFO] [stdout]   29:     0x55ade802ef95 - std[70759c8f55707aa4]::panicking::catch_unwind::<core[df12db4294e9bfd3]::result::Result<(), alloc[2182bb758b4b3781]::string::String>, core[df12db4294e9bfd3]::panic::unwind_safe::AssertUnwindSafe<test[9d35eded1c95d3be]::run_test_in_process::{closure#0}>>
[INFO] [stdout]                                at /rustc/dfb0accb7f508ae8be965d8629557221c889dd98/library/std/src/panicking.rs:544:19
[INFO] [stdout]   30:     0x55ade802ef95 - std[70759c8f55707aa4]::panic::catch_unwind::<core[df12db4294e9bfd3]::panic::unwind_safe::AssertUnwindSafe<test[9d35eded1c95d3be]::run_test_in_process::{closure#0}>, core[df12db4294e9bfd3]::result::Result<(), alloc[2182bb758b4b3781]::string::String>>
[INFO] [stdout]                                at /rustc/dfb0accb7f508ae8be965d8629557221c889dd98/library/std/src/panic.rs:359:14
[INFO] [stdout]   31:     0x55ade802ef95 - test[9d35eded1c95d3be]::run_test_in_process
[INFO] [stdout]                                at /rustc/dfb0accb7f508ae8be965d8629557221c889dd98/library/test/src/lib.rs:756:27
[INFO] [stdout]   32:     0x55ade802ef95 - test[9d35eded1c95d3be]::run_test::{closure#0}
[INFO] [stdout]                                at /rustc/dfb0accb7f508ae8be965d8629557221c889dd98/library/test/src/lib.rs:677:43
[INFO] [stdout]   33:     0x55ade8028854 - test[9d35eded1c95d3be]::run_test::{closure#1}
[INFO] [stdout]                                at /rustc/dfb0accb7f508ae8be965d8629557221c889dd98/library/test/src/lib.rs:707:41
[INFO] [stdout]   34:     0x55ade8028854 - std[70759c8f55707aa4]::sys::backtrace::__rust_begin_short_backtrace::<test[9d35eded1c95d3be]::run_test::{closure#1}, ()>
[INFO] [stdout]                                at /rustc/dfb0accb7f508ae8be965d8629557221c889dd98/library/std/src/sys/backtrace.rs:166:18
[INFO] [stdout]   35:     0x55ade80320f2 - std[70759c8f55707aa4]::thread::lifecycle::spawn_unchecked::<test[9d35eded1c95d3be]::run_test::{closure#1}, ()>::{closure#1}::{closure#0}
[INFO] [stdout]                                at /rustc/dfb0accb7f508ae8be965d8629557221c889dd98/library/std/src/thread/lifecycle.rs:70:13
[INFO] [stdout]   36:     0x55ade80320f2 - <core[df12db4294e9bfd3]::panic::unwind_safe::AssertUnwindSafe<std[70759c8f55707aa4]::thread::lifecycle::spawn_unchecked<test[9d35eded1c95d3be]::run_test::{closure#1}, ()>::{closure#1}::{closure#0}> as core[df12db4294e9bfd3]::ops::function::FnOnce<()>>::call_once
[INFO] [stdout]                                at /rustc/dfb0accb7f508ae8be965d8629557221c889dd98/library/core/src/panic/unwind_safe.rs:275:9
[INFO] [stdout]   37:     0x55ade80320f2 - std[70759c8f55707aa4]::panicking::catch_unwind::do_call::<core[df12db4294e9bfd3]::panic::unwind_safe::AssertUnwindSafe<std[70759c8f55707aa4]::thread::lifecycle::spawn_unchecked<test[9d35eded1c95d3be]::run_test::{closure#1}, ()>::{closure#1}::{closure#0}>, ()>
[INFO] [stdout]                                at /rustc/dfb0accb7f508ae8be965d8629557221c889dd98/library/std/src/panicking.rs:576:43
[INFO] [stdout]   38:     0x55ade80320f2 - std[70759c8f55707aa4]::panicking::catch_unwind::<(), core[df12db4294e9bfd3]::panic::unwind_safe::AssertUnwindSafe<std[70759c8f55707aa4]::thread::lifecycle::spawn_unchecked<test[9d35eded1c95d3be]::run_test::{closure#1}, ()>::{closure#1}::{closure#0}>>
[INFO] [stdout]                                at /rustc/dfb0accb7f508ae8be965d8629557221c889dd98/library/std/src/panicking.rs:544:19
[INFO] [stdout]   39:     0x55ade80320f2 - std[70759c8f55707aa4]::panic::catch_unwind::<core[df12db4294e9bfd3]::panic::unwind_safe::AssertUnwindSafe<std[70759c8f55707aa4]::thread::lifecycle::spawn_unchecked<test[9d35eded1c95d3be]::run_test::{closure#1}, ()>::{closure#1}::{closure#0}>, ()>
[INFO] [stdout]                                at /rustc/dfb0accb7f508ae8be965d8629557221c889dd98/library/std/src/panic.rs:359:14
[INFO] [stdout]   40:     0x55ade80320f2 - std[70759c8f55707aa4]::thread::lifecycle::spawn_unchecked::<test[9d35eded1c95d3be]::run_test::{closure#1}, ()>::{closure#1}
[INFO] [stdout]                                at /rustc/dfb0accb7f508ae8be965d8629557221c889dd98/library/std/src/thread/lifecycle.rs:68:26
[INFO] [stdout]   41:     0x55ade80320f2 - <std[70759c8f55707aa4]::thread::lifecycle::spawn_unchecked<test[9d35eded1c95d3be]::run_test::{closure#1}, ()>::{closure#1} as core[df12db4294e9bfd3]::ops::function::FnOnce<()>>::call_once::{shim:vtable#0}
[INFO] [stdout]                                at /rustc/dfb0accb7f508ae8be965d8629557221c889dd98/library/core/src/ops/function.rs:250:5
[INFO] [stdout]   42:     0x55ade87efa49 - <alloc[2182bb758b4b3781]::boxed::Box<dyn core[df12db4294e9bfd3]::ops::function::FnOnce<(), Output = ()> + core[df12db4294e9bfd3]::marker::Send> as core[df12db4294e9bfd3]::ops::function::FnOnce<()>>::call_once
[INFO] [stdout]                                at /rustc/dfb0accb7f508ae8be965d8629557221c889dd98/library/alloc/src/boxed.rs:2320:9
[INFO] [stdout]   43:     0x55ade87efa49 - <std[70759c8f55707aa4]::sys::thread::unix::Thread>::new::thread_start
[INFO] [stdout]                                at /rustc/dfb0accb7f508ae8be965d8629557221c889dd98/library/std/src/sys/thread/unix.rs:123:17
[INFO] [stdout]   44:     0x7bbe44c31dfa - <unknown>
[INFO] [stdout]   45:     0x7bbe44cc53d4 - clone
[INFO] [stdout]   46:                0x0 - <unknown>
[INFO] [stdout] 
[INFO] [stdout] 
[INFO] [stdout] failures:
[INFO] [stdout]     config::tests::committed_example_toml_parses
[INFO] [stdout]     config::tests::committed_targets_example_toml_parses
[INFO] [stdout] 
[INFO] [stdout] test result: FAILED. 276 passed; 2 failed; 0 ignored; 0 measured; 0 filtered out; finished in 1.73s
[INFO] [stdout] 
[INFO] [stderr] error: test failed, to rerun pass `--lib`
[INFO] running `Command { std: "docker" "inspect" "12125a5215277b5a4d346cf5a3b4263ff43fb970ca112f9f57dcff22ff115877", kill_on_drop: false }`
[INFO] running `Command { std: "docker" "rm" "-f" "12125a5215277b5a4d346cf5a3b4263ff43fb970ca112f9f57dcff22ff115877", kill_on_drop: false }`
[INFO] [stdout] 12125a5215277b5a4d346cf5a3b4263ff43fb970ca112f9f57dcff22ff115877
