[INFO] fetching crate termaid-mermaid 0.1.0...
[INFO] testing termaid-mermaid-0.1.0 against 1.100.0-beta.1 for beta-1.100-2
[INFO] extracting crate termaid-mermaid 0.1.0 into /workspace/builds/worker-6-tc2/source
[INFO] started tweaking crates.io crate termaid-mermaid 0.1.0
[INFO] removed 0 missing tests
[INFO] finished tweaking crates.io crate termaid-mermaid 0.1.0
[INFO] tweaked toml for crates.io crate termaid-mermaid 0.1.0 written to /workspace/builds/worker-6-tc2/source/Cargo.toml
[INFO] validating manifest of crates.io crate termaid-mermaid 0.1.0 on toolchain 1.100.0-beta.1
[INFO] running `Command { std: CARGO_HOME="/workspace/cargo-home" RUSTUP_HOME="/workspace/rustup-home" "/workspace/cargo-home/bin/cargo" "+1.100.0-beta.1" "metadata" "--manifest-path" "Cargo.toml" "--no-deps", kill_on_drop: false }`
[INFO] crate crates.io crate termaid-mermaid 0.1.0 already has a lockfile, it will not be regenerated
[INFO] running `Command { std: CARGO_HOME="/workspace/cargo-home" RUSTUP_HOME="/workspace/rustup-home" "/workspace/cargo-home/bin/cargo" "+1.100.0-beta.1" "fetch" "--manifest-path" "Cargo.toml", kill_on_drop: false }`
[INFO] [stderr] warning: `package.homepage` is redundant with `package.repository`
[INFO] [stderr]   --> Cargo.toml:20:12
[INFO] [stderr]    |
[INFO] [stderr] 20 | homepage = "https://github.com/fasouto/termaid"
[INFO] [stderr]    |            ^^^^^^^^^^^^^^^^^^^^^^^^^^^^^^^^^^^^
[INFO] [stderr] ...
[INFO] [stderr] 24 | repository = "https://github.com/fasouto/termaid"
[INFO] [stderr]    |              ------------------------------------
[INFO] [stderr]    |
[INFO] [stderr]    = note: `cargo::redundant_homepage` is set to `warn` by default
[INFO] [stderr] help: consider removing `package.homepage`
[INFO] [stderr] warning: `termaid-mermaid` (manifest) generated 1 warning
[INFO] running `Command { std: "docker" "create" "-v" "/var/lib/crater-agent-workspace/builds/worker-6-tc2/source:/opt/rustwide/workdir:ro,Z" "-v" "/var/lib/crater-agent-workspace/builds/worker-6-tc2/target:/opt/rustwide/target:rw,Z" "-v" "/var/lib/crater-agent-workspace/cargo-home:/opt/rustwide/cargo-home:ro,Z" "-v" "/var/lib/crater-agent-workspace/rustup-home:/opt/rustwide/rustup-home:ro,Z" "-m" "1610612736" "--network" "none" "ghcr.io/rust-lang/crates-build-env/linux@sha256:3111399a4047eeb3a02b7a90e478d715f38a8c6669b5c4b49d30a17385265909" "sleep" "infinity", kill_on_drop: false }`
[INFO] [stdout] 1c09573f75d2004a0440f13e41f35f7098562f58072cf7bba94985ffb952ed03
[INFO] running `Command { std: "docker" "start" "1c09573f75d2004a0440f13e41f35f7098562f58072cf7bba94985ffb952ed03", kill_on_drop: false }`
[INFO] running `Command { std: "docker" "inspect" "1c09573f75d2004a0440f13e41f35f7098562f58072cf7bba94985ffb952ed03", kill_on_drop: false }`
[INFO] running `Command { std: "docker" "exec" "-e" "SOURCE_DIR=/opt/rustwide/workdir" "-e" "CARGO_HOME=/opt/rustwide/cargo-home" "-e" "RUSTUP_HOME=/opt/rustwide/rustup-home" "-e" "CARGO_TARGET_DIR=/opt/rustwide/target" "-w" "/opt/rustwide/workdir" "--user" "0:0" "1c09573f75d2004a0440f13e41f35f7098562f58072cf7bba94985ffb952ed03" "/opt/rustwide/cargo-home/bin/cargo" "+1.100.0-beta.1" "metadata" "--no-deps" "--format-version=1", kill_on_drop: false }`
[INFO] running `Command { std: "docker" "inspect" "1c09573f75d2004a0440f13e41f35f7098562f58072cf7bba94985ffb952ed03", kill_on_drop: false }`
[INFO] running `Command { std: "docker" "exec" "-e" "SOURCE_DIR=/opt/rustwide/workdir" "-e" "CARGO_HOME=/opt/rustwide/cargo-home" "-e" "RUSTUP_HOME=/opt/rustwide/rustup-home" "-e" "CARGO_TARGET_DIR=/opt/rustwide/target" "-e" "CARGO_INCREMENTAL=0" "-e" "RUST_BACKTRACE=full" "-e" "RUSTFLAGS=--cap-lints=warn" "-e" "RUSTDOCFLAGS=--cap-lints=warn" "-w" "/opt/rustwide/workdir" "--user" "0:0" "1c09573f75d2004a0440f13e41f35f7098562f58072cf7bba94985ffb952ed03" "/opt/rustwide/cargo-home/bin/cargo" "+1.100.0-beta.1" "build" "--frozen" "--message-format=json", kill_on_drop: false }`
[INFO] [stderr] warning: `package.homepage` is redundant with `package.repository`
[INFO] [stderr]   --> Cargo.toml:20:12
[INFO] [stderr]    |
[INFO] [stderr] 20 | homepage = "https://github.com/fasouto/termaid"
[INFO] [stderr]    |            ^^^^^^^^^^^^^^^^^^^^^^^^^^^^^^^^^^^^
[INFO] [stderr] ...
[INFO] [stderr] 24 | repository = "https://github.com/fasouto/termaid"
[INFO] [stderr]    |              ------------------------------------
[INFO] [stderr]    |
[INFO] [stderr]    = note: `cargo::redundant_homepage` is set to `warn` by default
[INFO] [stderr] help: consider removing `package.homepage`
[INFO] [stderr] warning: `termaid-mermaid` (manifest) generated 1 warning
[INFO] [stderr]    Compiling syn v2.0.117
[INFO] [stderr]    Compiling unicode-width v0.2.2
[INFO] [stderr]    Compiling thiserror-impl v2.0.18
[INFO] [stderr]    Compiling thiserror v2.0.18
[INFO] [stderr]    Compiling termaid-core v0.1.0
[INFO] [stderr]    Compiling termaid-mermaid v0.1.0 (/opt/rustwide/workdir)
[INFO] [stderr]     Finished `dev` profile [unoptimized + debuginfo] target(s) in 8.79s
[INFO] running `Command { std: "docker" "inspect" "1c09573f75d2004a0440f13e41f35f7098562f58072cf7bba94985ffb952ed03", kill_on_drop: false }`
[INFO] running `Command { std: "docker" "exec" "-e" "SOURCE_DIR=/opt/rustwide/workdir" "-e" "CARGO_HOME=/opt/rustwide/cargo-home" "-e" "RUSTUP_HOME=/opt/rustwide/rustup-home" "-e" "CARGO_TARGET_DIR=/opt/rustwide/target" "-e" "CARGO_INCREMENTAL=0" "-e" "RUST_BACKTRACE=full" "-e" "RUSTFLAGS=--cap-lints=warn" "-e" "RUSTDOCFLAGS=--cap-lints=warn" "-w" "/opt/rustwide/workdir" "--user" "0:0" "1c09573f75d2004a0440f13e41f35f7098562f58072cf7bba94985ffb952ed03" "/opt/rustwide/cargo-home/bin/cargo" "+1.100.0-beta.1" "test" "--frozen" "--no-run" "--message-format=json", kill_on_drop: false }`
[INFO] [stderr] warning: `package.homepage` is redundant with `package.repository`
[INFO] [stderr]   --> Cargo.toml:20:12
[INFO] [stderr]    |
[INFO] [stderr] 20 | homepage = "https://github.com/fasouto/termaid"
[INFO] [stderr]    |            ^^^^^^^^^^^^^^^^^^^^^^^^^^^^^^^^^^^^
[INFO] [stderr] ...
[INFO] [stderr] 24 | repository = "https://github.com/fasouto/termaid"
[INFO] [stderr]    |              ------------------------------------
[INFO] [stderr]    |
[INFO] [stderr]    = note: `cargo::redundant_homepage` is set to `warn` by default
[INFO] [stderr] help: consider removing `package.homepage`
[INFO] [stderr] warning: `termaid-mermaid` (manifest) generated 1 warning
[INFO] [stderr]    Compiling termaid-mermaid v0.1.0 (/opt/rustwide/workdir)
[INFO] [stderr]     Finished `test` profile [unoptimized + debuginfo] target(s) in 1.47s
[INFO] running `Command { std: "docker" "inspect" "1c09573f75d2004a0440f13e41f35f7098562f58072cf7bba94985ffb952ed03", kill_on_drop: false }`
[INFO] running `Command { std: "docker" "exec" "-e" "SOURCE_DIR=/opt/rustwide/workdir" "-e" "CARGO_HOME=/opt/rustwide/cargo-home" "-e" "RUSTUP_HOME=/opt/rustwide/rustup-home" "-e" "CARGO_TARGET_DIR=/opt/rustwide/target" "-e" "CARGO_INCREMENTAL=0" "-e" "RUST_BACKTRACE=full" "-e" "RUSTFLAGS=--cap-lints=warn" "-e" "RUSTDOCFLAGS=--cap-lints=warn" "-w" "/opt/rustwide/workdir" "--user" "0:0" "1c09573f75d2004a0440f13e41f35f7098562f58072cf7bba94985ffb952ed03" "/opt/rustwide/cargo-home/bin/cargo" "+1.100.0-beta.1" "test" "--frozen", kill_on_drop: false }`
[INFO] [stderr] warning: `package.homepage` is redundant with `package.repository`
[INFO] [stderr]   --> Cargo.toml:20:12
[INFO] [stderr]    |
[INFO] [stderr] 20 | homepage = "https://github.com/fasouto/termaid"
[INFO] [stderr]    |            ^^^^^^^^^^^^^^^^^^^^^^^^^^^^^^^^^^^^
[INFO] [stderr] ...
[INFO] [stderr] 24 | repository = "https://github.com/fasouto/termaid"
[INFO] [stderr]    |              ------------------------------------
[INFO] [stderr]    |
[INFO] [stderr]    = note: `cargo::redundant_homepage` is set to `warn` by default
[INFO] [stderr] help: consider removing `package.homepage`
[INFO] [stderr] warning: `termaid-mermaid` (manifest) generated 1 warning
[INFO] [stderr]     Finished `test` profile [unoptimized + debuginfo] target(s) in 0.04s
[INFO] [stderr]      Running unittests src/lib.rs (/opt/rustwide/target/debug/build/termaid-mermaid/7fd8b9cc65034dd7/out/termaid_mermaid-7fd8b9cc65034dd7)
[INFO] [stdout] 
[INFO] [stdout] running 26 tests
[INFO] [stdout] test detect::tests::skips_init_blocks_before_non_git_detection ... ok
[INFO] [stdout] test detect::tests::strips_yaml_frontmatter_before_detection ... ok
[INFO] [stdout] test detect::tests::detects_git_graph_inside_init_block ... ok
[INFO] [stdout] test detect::tests::unknown_diagrams_return_none ... ok
[INFO] [stdout] test detect::tests::skips_leading_mermaid_comments_before_detection ... ok
[INFO] [stdout] test flowchart::tests::ampersand_inside_label_is_not_split ... ok
[INFO] [stdout] test flowchart::tests::degenerate_slash_labels_do_not_panic ... ok
[INFO] [stdout] test flowchart::tests::parses_ampersand_groups ... ok
[INFO] [stdout] test flowchart::tests::parses_open_edges_and_labels ... ok
[INFO] [stdout] test flowchart::tests::parses_rectangle_labels_with_inner_delimiters ... ok
[INFO] [stdout] test flowchart::tests::preserves_semicolons_inside_edge_labels ... ok
[INFO] [stdout] test sequence::tests::does_not_treat_keyword_prefixes_inside_participant_ids_as_syntax ... ok
[INFO] [stdout] test sequence::tests::parses_basic_sequence_messages ... ok
[INFO] [stdout] test sequence::tests::parses_parallel_blocks_and_extra_participant_kinds ... ok
[INFO] [stdout] test state::tests::parses_choice_stereotype_as_diamond ... ok
[INFO] [stdout] test flowchart::tests::parses_shaped_nodes ... ok
[INFO] [stdout] test flowchart::tests::parses_bidirectional_edges ... ok
[INFO] [stdout] test state::tests::parses_composite_states_and_aliases ... ok
[INFO] [stdout] test sequence::tests::parses_notes_and_destroy_events ... ok
[INFO] [stdout] test sequence::tests::parses_participant_declarations_and_blocks ... ok
[INFO] [stdout] test state::tests::parses_left_state_notes ... ok
[INFO] [stderr]      Running tests/detect.rs (/opt/rustwide/target/debug/build/termaid-mermaid/9cb07d4e88076056/out/detect-9cb07d4e88076056)
[INFO] [stdout] test flowchart::tests::parses_dotted_and_thick_edges ... ok
[INFO] [stdout] test flowchart::tests::parses_linear_chain ... ok
[INFO] [stdout] test flowchart::tests::parses_nested_subgraphs ... ok
[INFO] [stdout] test state::tests::parses_start_and_end_states ... ok
[INFO] [stdout] test state::tests::parses_state_notes ... ok
[INFO] [stdout] 
[INFO] [stdout] test result: ok. 26 passed; 0 failed; 0 ignored; 0 measured; 0 filtered out; finished in 0.00s
[INFO] [stdout] 
[INFO] [stdout] 
[INFO] [stdout] running 7 tests
[INFO] [stdout] test marks_non_goal_families_as_out_of_scope ... ok
[INFO] [stdout] test detects_all_repo_fixtures ... FAILED
[INFO] [stdout] test parse_normalizes_frontmatter ... ok
[INFO] [stdout] test parses_supported_sequence_diagram_into_typed_model ... ok
[INFO] [stdout] test fixture_pairs_include_expected_outputs ... FAILED
[INFO] [stdout] test supported_kind_preserves_detected_kind_even_before_render_validation ... ok
[INFO] [stdout] test unknown_fixture_directory_fails_closed ... ok
[INFO] [stdout] 
[INFO] [stdout] failures:
[INFO] [stdout] 
[INFO] [stdout] ---- detects_all_repo_fixtures stdout ----
[INFO] [stdout] Error: Os { code: 2, kind: NotFound, message: "No such file or directory" }
[INFO] [stdout] 
[INFO] [stdout] ---- fixture_pairs_include_expected_outputs stdout ----
[INFO] [stdout] Error: Os { code: 2, kind: NotFound, message: "No such file or directory" }
[INFO] [stdout] 
[INFO] [stdout] 
[INFO] [stdout] failures:
[INFO] [stdout]     detects_all_repo_fixtures
[INFO] [stdout]     fixture_pairs_include_expected_outputs
[INFO] [stdout] 
[INFO] [stdout] test result: FAILED. 5 passed; 2 failed; 0 ignored; 0 measured; 0 filtered out; finished in 0.00s
[INFO] [stdout] 
[INFO] [stderr] error: test failed, to rerun pass `--test detect`
[INFO] running `Command { std: "docker" "inspect" "1c09573f75d2004a0440f13e41f35f7098562f58072cf7bba94985ffb952ed03", kill_on_drop: false }`
[INFO] running `Command { std: "docker" "rm" "-f" "1c09573f75d2004a0440f13e41f35f7098562f58072cf7bba94985ffb952ed03", kill_on_drop: false }`
[INFO] [stdout] 1c09573f75d2004a0440f13e41f35f7098562f58072cf7bba94985ffb952ed03
