[INFO] fetching crate tenuo 0.3.1...
[INFO] testing tenuo-0.3.1 against 1.99.0-beta.8 for beta-1.100-2
[INFO] extracting crate tenuo 0.3.1 into /workspace/builds/worker-7-tc1/source
[INFO] started tweaking crates.io crate tenuo 0.3.1
[INFO] removed 0 missing examples
[INFO] removed 0 missing tests
[INFO] finished tweaking crates.io crate tenuo 0.3.1
[INFO] tweaked toml for crates.io crate tenuo 0.3.1 written to /workspace/builds/worker-7-tc1/source/Cargo.toml
[INFO] validating manifest of crates.io crate tenuo 0.3.1 on toolchain 1.99.0-beta.8
[INFO] running `Command { std: CARGO_HOME="/workspace/cargo-home" RUSTUP_HOME="/workspace/rustup-home" "/workspace/cargo-home/bin/cargo" "+1.99.0-beta.8" "metadata" "--manifest-path" "Cargo.toml" "--no-deps", kill_on_drop: false }`
[INFO] crate crates.io crate tenuo 0.3.1 already has a lockfile, it will not be regenerated
[INFO] running `Command { std: CARGO_HOME="/workspace/cargo-home" RUSTUP_HOME="/workspace/rustup-home" "/workspace/cargo-home/bin/cargo" "+1.99.0-beta.8" "fetch" "--manifest-path" "Cargo.toml", kill_on_drop: false }`
[INFO] [stderr]     Blocking waiting for file lock on package cache
[INFO] [stderr]     Updating crates.io index
[INFO] [stderr]  Downloading crates ...
[INFO] [stderr]   Downloaded uuid v1.24.1
[INFO] [stderr]   Downloaded wasm-bindgen-macro v0.2.125
[INFO] [stderr]   Downloaded wasm-bindgen-shared v0.2.125
[INFO] [stderr]   Downloaded wasm-bindgen-macro-support v0.2.125
[INFO] [stderr]   Downloaded wasm-bindgen-futures v0.4.75
[INFO] [stderr]   Downloaded wasm-bindgen v0.2.125
[INFO] [stderr]   Downloaded hybrid-array v0.4.12
[INFO] [stderr]   Downloaded js-sys v0.3.102
[INFO] [stderr]   Downloaded cc v1.2.65
[INFO] [stderr]   Downloaded ipnetwork v0.21.1
[INFO] [stderr]   Downloaded zerocopy-derive v0.8.52
[INFO] [stderr]   Downloaded pyo3-macros v0.29.0
[INFO] [stderr]   Downloaded pyo3-build-config v0.29.0
[INFO] [stderr]   Downloaded webpki-root-certs v1.0.8
[INFO] [stderr]   Downloaded pyo3-macros-backend v0.29.0
[INFO] [stderr]   Downloaded pyo3-ffi v0.29.0
[INFO] [stderr]   Downloaded opentelemetry v0.30.0
[INFO] [stderr]   Downloaded matchit v0.9.2
[INFO] [stderr]   Downloaded rand v0.10.1
[INFO] [stderr]   Downloaded simd_cesu8 v1.1.1
[INFO] [stderr]   Downloaded zerocopy v0.8.52
[INFO] [stderr]   Downloaded moka v0.12.16
[INFO] [stderr]   Downloaded web-sys v0.3.102
[INFO] [stderr]   Downloaded pyo3 v0.29.0
[INFO] [stderr]   Downloaded ci_group v0.1.0
[INFO] [stderr]   Downloaded murmur3 v0.4.1
[INFO] [stderr]   Downloaded better_any v0.2.1
[INFO] [stderr]   Downloaded cel-parser v0.10.1
[INFO] [stderr]   Downloaded antlr4rust v0.3.0-rc2
[INFO] [stderr]   Downloaded cel-interpreter v0.10.0
[INFO] running `Command { std: "docker" "create" "-v" "/var/lib/crater-agent-workspace/builds/worker-7-tc1/source:/opt/rustwide/workdir:ro,Z" "-v" "/var/lib/crater-agent-workspace/builds/worker-7-tc1/target:/opt/rustwide/target:rw,Z" "-v" "/var/lib/crater-agent-workspace/cargo-home:/opt/rustwide/cargo-home:ro,Z" "-v" "/var/lib/crater-agent-workspace/rustup-home:/opt/rustwide/rustup-home:ro,Z" "-m" "1610612736" "--network" "none" "ghcr.io/rust-lang/crates-build-env/linux@sha256:3111399a4047eeb3a02b7a90e478d715f38a8c6669b5c4b49d30a17385265909" "sleep" "infinity", kill_on_drop: false }`
[INFO] [stdout] b029827e4d01b3f84088afc3e1ab2abb8643657c5eef0cbf1d597e120f41123b
[INFO] running `Command { std: "docker" "start" "b029827e4d01b3f84088afc3e1ab2abb8643657c5eef0cbf1d597e120f41123b", kill_on_drop: false }`
[INFO] running `Command { std: "docker" "inspect" "b029827e4d01b3f84088afc3e1ab2abb8643657c5eef0cbf1d597e120f41123b", kill_on_drop: false }`
[INFO] running `Command { std: "docker" "exec" "-e" "SOURCE_DIR=/opt/rustwide/workdir" "-e" "CARGO_HOME=/opt/rustwide/cargo-home" "-e" "RUSTUP_HOME=/opt/rustwide/rustup-home" "-e" "CARGO_TARGET_DIR=/opt/rustwide/target" "-w" "/opt/rustwide/workdir" "--user" "0:0" "b029827e4d01b3f84088afc3e1ab2abb8643657c5eef0cbf1d597e120f41123b" "/opt/rustwide/cargo-home/bin/cargo" "+1.99.0-beta.8" "metadata" "--no-deps" "--format-version=1", kill_on_drop: false }`
[INFO] running `Command { std: "docker" "inspect" "b029827e4d01b3f84088afc3e1ab2abb8643657c5eef0cbf1d597e120f41123b", kill_on_drop: false }`
[INFO] running `Command { std: "docker" "exec" "-e" "SOURCE_DIR=/opt/rustwide/workdir" "-e" "CARGO_HOME=/opt/rustwide/cargo-home" "-e" "RUSTUP_HOME=/opt/rustwide/rustup-home" "-e" "CARGO_TARGET_DIR=/opt/rustwide/target" "-e" "CARGO_INCREMENTAL=0" "-e" "RUST_BACKTRACE=full" "-e" "RUSTFLAGS=--cap-lints=warn" "-e" "RUSTDOCFLAGS=--cap-lints=warn" "-w" "/opt/rustwide/workdir" "--user" "0:0" "b029827e4d01b3f84088afc3e1ab2abb8643657c5eef0cbf1d597e120f41123b" "/opt/rustwide/cargo-home/bin/cargo" "+1.99.0-beta.8" "build" "--frozen" "--message-format=json", kill_on_drop: false }`
[INFO] [stderr]    Compiling proc-macro2 v1.0.106
[INFO] [stderr]    Compiling quote v1.0.45
[INFO] [stderr]    Compiling unicode-ident v1.0.24
[INFO] [stderr]    Compiling stable_deref_trait v1.2.1
[INFO] [stderr]    Compiling serde_core v1.0.229
[INFO] [stderr]    Compiling typenum v1.20.1
[INFO] [stderr]    Compiling cfg-if v1.0.4
[INFO] [stderr]    Compiling version_check v0.9.5
[INFO] [stderr]    Compiling serde v1.0.229
[INFO] [stderr]    Compiling litemap v0.8.2
[INFO] [stderr]    Compiling writeable v0.6.3
[INFO] [stderr]    Compiling icu_normalizer_data v2.2.0
[INFO] [stderr]    Compiling icu_properties_data v2.2.0
[INFO] [stderr]    Compiling utf8_iter v1.0.4
[INFO] [stderr]    Compiling base64ct v1.8.3
[INFO] [stderr]    Compiling zerocopy v0.8.52
[INFO] [stderr]    Compiling const-oid v0.9.6
[INFO] [stderr]    Compiling libc v0.2.186
[INFO] [stderr]    Compiling semver v1.0.28
[INFO] [stderr]    Compiling getrandom v0.4.3
[INFO] [stderr]    Compiling utf8parse v0.2.2
[INFO] [stderr]    Compiling autocfg v1.5.1
[INFO] [stderr]    Compiling rand_core v0.10.1
[INFO] [stderr]    Compiling smallvec v1.15.2
[INFO] [stderr]    Compiling memchr v2.8.2
[INFO] [stderr]    Compiling pem-rfc7468 v0.7.0
[INFO] [stderr]    Compiling anstyle-parse v1.0.0
[INFO] [stderr]    Compiling zmij v1.0.21
[INFO] [stderr]    Compiling cpufeatures v0.3.0
[INFO] [stderr]    Compiling is_terminal_polyfill v1.70.2
[INFO] [stderr]    Compiling rustc_version v0.4.1
[INFO] [stderr]    Compiling cpufeatures v0.2.17
[INFO] [stderr]    Compiling anstyle v1.0.14
[INFO] [stderr]    Compiling colorchoice v1.0.5
[INFO] [stderr]    Compiling anstyle-query v1.1.5
[INFO] [stderr]    Compiling clap_lex v1.1.0
[INFO] [stderr]    Compiling heck v0.5.0
[INFO] [stderr]    Compiling hashbrown v0.17.1
[INFO] [stderr]    Compiling anstream v1.0.0
[INFO] [stderr]    Compiling serde_json v1.0.151
[INFO] [stderr]    Compiling aho-corasick v1.1.4
[INFO] [stderr]    Compiling hybrid-array v0.4.12
[INFO] [stderr]    Compiling equivalent v1.0.2
[INFO] [stderr]    Compiling const-oid v0.10.2
[INFO] [stderr]    Compiling signature v2.2.0
[INFO] [stderr]    Compiling subtle v2.6.1
[INFO] [stderr]    Compiling itoa v1.0.18
[INFO] [stderr]    Compiling thiserror v2.0.18
[INFO] [stderr]    Compiling percent-encoding v2.3.2
[INFO] [stderr]    Compiling generic-array v0.14.7
[INFO] [stderr]    Compiling regex-syntax v0.8.11
[INFO] [stderr]    Compiling rand_core v0.6.4
[INFO] [stderr]    Compiling keccak v0.1.6
[INFO] [stderr]    Compiling curve25519-dalek v4.1.3
[INFO] [stderr]    Compiling byteorder v1.5.0
[INFO] [stderr]    Compiling strsim v0.11.1
[INFO] [stderr]    Compiling ciborium-io v0.2.2
[INFO] [stderr]    Compiling form_urlencoded v1.2.2
[INFO] [stderr]    Compiling indexmap v2.14.0
[INFO] [stderr]    Compiling block-buffer v0.12.1
[INFO] [stderr]    Compiling crypto-common v0.2.2
[INFO] [stderr]    Compiling syn v2.0.118
[INFO] [stderr]    Compiling syn v3.0.4
[INFO] [stderr]    Compiling num-traits v0.2.19
[INFO] [stderr]    Compiling crypto-common v0.1.7
[INFO] [stderr]    Compiling block-buffer v0.10.4
[INFO] [stderr]    Compiling digest v0.10.7
[INFO] [stderr]    Compiling sha2 v0.10.9
[INFO] [stderr]    Compiling clap_builder v4.6.0
[INFO] [stderr]    Compiling chacha20 v0.10.0
[INFO] [stderr]    Compiling iana-time-zone v0.1.65
[INFO] [stderr]    Compiling unsafe-libyaml v0.2.11
[INFO] [stderr]    Compiling digest v0.11.3
[INFO] [stderr]    Compiling base64 v0.22.1
[INFO] [stderr]    Compiling ryu v1.0.23
[INFO] [stderr]    Compiling sha2 v0.11.0
[INFO] [stderr]    Compiling rand v0.10.1
[INFO] [stderr]    Compiling pem v3.0.6
[INFO] [stderr]    Compiling ipnetwork v0.21.1
[INFO] [stderr]    Compiling base64 v0.23.1
[INFO] [stderr]    Compiling humantime v2.4.0
[INFO] [stderr]    Compiling regex-automata v0.4.18
[INFO] [stderr]    Compiling uuid v1.24.1
[INFO] [stderr]    Compiling serde_bytes v0.11.19
[INFO] [stderr]    Compiling hex v0.4.3
[INFO] [stderr]    Compiling glob v0.3.3
[INFO] [stderr]    Compiling matchit v0.9.2
[INFO] [stderr]    Compiling synstructure v0.13.2
[INFO] [stderr]    Compiling regex v1.13.1
[INFO] [stderr]    Compiling serde_derive v1.0.229
[INFO] [stderr]    Compiling zerofrom-derive v0.1.7
[INFO] [stderr]    Compiling yoke-derive v0.8.2
[INFO] [stderr]    Compiling zerovec-derive v0.11.3
[INFO] [stderr]    Compiling displaydoc v0.2.6
[INFO] [stderr]    Compiling zeroize_derive v1.5.0
[INFO] [stderr]    Compiling zerocopy-derive v0.8.52
[INFO] [stderr]    Compiling curve25519-dalek-derive v0.1.1
[INFO] [stderr]    Compiling clap_derive v4.6.1
[INFO] [stderr]    Compiling thiserror-impl v2.0.18
[INFO] [stderr]    Compiling serde_yaml v0.9.34+deprecated
[INFO] [stderr]    Compiling chrono v0.4.45
[INFO] [stderr]    Compiling zeroize v1.9.0
[INFO] [stderr]    Compiling der v0.7.10
[INFO] [stderr]    Compiling spki v0.7.3
[INFO] [stderr]    Compiling merlin v3.0.0
[INFO] [stderr]    Compiling pkcs8 v0.10.2
[INFO] [stderr]    Compiling secrecy v0.10.3
[INFO] [stderr]    Compiling ed25519 v2.2.3
[INFO] [stderr]    Compiling zerofrom v0.1.8
[INFO] [stderr]    Compiling ed25519-dalek v2.2.0
[INFO] [stderr]    Compiling yoke v0.8.3
[INFO] [stderr]    Compiling zerovec v0.11.6
[INFO] [stderr]    Compiling zerotrie v0.2.4
[INFO] [stderr]    Compiling tinystr v0.8.3
[INFO] [stderr]    Compiling potential_utf v0.1.5
[INFO] [stderr]    Compiling icu_collections v2.2.0
[INFO] [stderr]    Compiling icu_locale_core v2.2.0
[INFO] [stderr]    Compiling icu_provider v2.2.0
[INFO] [stderr]    Compiling clap v4.6.1
[INFO] [stderr]    Compiling icu_properties v2.2.0
[INFO] [stderr]    Compiling icu_normalizer v2.2.0
[INFO] [stderr]    Compiling idna_adapter v1.2.2
[INFO] [stderr]    Compiling idna v1.1.0
[INFO] [stderr]    Compiling url v2.5.8
[INFO] [stderr]    Compiling half v2.7.1
[INFO] [stderr]    Compiling ciborium-ll v0.2.2
[INFO] [stderr]    Compiling ciborium v0.2.2
[INFO] [stderr]    Compiling tenuo v0.3.1 (/opt/rustwide/workdir)
[INFO] [stdout] warning: method `srl` is never used
[INFO] [stdout]    --> src/verification.rs:121:19
[INFO] [stdout]     |
[INFO] [stdout]  85 | impl RevocationSnapshot {
[INFO] [stdout]     | ----------------------- method in this implementation
[INFO] [stdout] ...
[INFO] [stdout] 121 |     pub(crate) fn srl(&self) -> &SignedRevocationList {
[INFO] [stdout]     |                   ^^^
[INFO] [stdout]     |
[INFO] [stdout]     = note: `#[warn(dead_code)]` (part of `#[warn(unused)]`) on by default
[INFO] [stdout] 
[INFO] [stdout] 
[INFO] [stderr]     Finished `dev` profile [unoptimized + debuginfo] target(s) in 2m 43s
[INFO] running `Command { std: "docker" "inspect" "b029827e4d01b3f84088afc3e1ab2abb8643657c5eef0cbf1d597e120f41123b", kill_on_drop: false }`
[INFO] running `Command { std: "docker" "exec" "-e" "SOURCE_DIR=/opt/rustwide/workdir" "-e" "CARGO_HOME=/opt/rustwide/cargo-home" "-e" "RUSTUP_HOME=/opt/rustwide/rustup-home" "-e" "CARGO_TARGET_DIR=/opt/rustwide/target" "-e" "CARGO_INCREMENTAL=0" "-e" "RUST_BACKTRACE=full" "-e" "RUSTFLAGS=--cap-lints=warn" "-e" "RUSTDOCFLAGS=--cap-lints=warn" "-w" "/opt/rustwide/workdir" "--user" "0:0" "b029827e4d01b3f84088afc3e1ab2abb8643657c5eef0cbf1d597e120f41123b" "/opt/rustwide/cargo-home/bin/cargo" "+1.99.0-beta.8" "test" "--frozen" "--no-run" "--message-format=json", kill_on_drop: false }`
[INFO] [stderr]    Compiling num-traits v0.2.19
[INFO] [stderr]    Compiling getrandom v0.3.4
[INFO] [stderr]    Compiling crossbeam-utils v0.8.21
[INFO] [stderr]    Compiling crossbeam-epoch v0.9.20
[INFO] [stderr]    Compiling find-msvc-tools v0.1.9
[INFO] [stderr]    Compiling shlex v2.0.1
[INFO] [stderr]    Compiling rustix v1.1.4
[INFO] [stderr]    Compiling linux-raw-sys v0.12.1
[INFO] [stderr]    Compiling parking_lot_core v0.9.12
[INFO] [stderr]    Compiling bitflags v2.13.0
[INFO] [stderr]    Compiling rayon-core v1.13.0
[INFO] [stderr]    Compiling either v1.16.0
[INFO] [stderr]    Compiling fastrand v2.4.1
[INFO] [stderr]    Compiling scopeguard v1.2.0
[INFO] [stderr]    Compiling plotters-backend v0.3.7
[INFO] [stderr]    Compiling once_cell v1.21.4
[INFO] [stderr]    Compiling lock_api v0.4.14
[INFO] [stderr]    Compiling cc v1.2.65
[INFO] [stderr]    Compiling plotters-svg v0.3.7
[INFO] [stderr]    Compiling itertools v0.13.0
[INFO] [stderr]    Compiling ppv-lite86 v0.2.21
[INFO] [stderr]    Compiling errno v0.3.14
[INFO] [stderr]    Compiling wait-timeout v0.2.1
[INFO] [stderr]    Compiling quick-error v1.2.3
[INFO] [stderr]    Compiling bit-vec v0.8.0
[INFO] [stderr]    Compiling cast v0.3.0
[INFO] [stderr]    Compiling fnv v1.0.7
[INFO] [stderr]    Compiling same-file v1.0.6
[INFO] [stderr]    Compiling rand_core v0.9.5
[INFO] [stderr]    Compiling walkdir v2.5.0
[INFO] [stderr]    Compiling bit-set v0.8.0
[INFO] [stderr]    Compiling rand v0.9.4
[INFO] [stderr]    Compiling rand_chacha v0.9.0
[INFO] [stderr]    Compiling rand_xorshift v0.4.0
[INFO] [stderr]    Compiling parking_lot v0.12.5
[INFO] [stderr]    Compiling signal-hook-registry v1.4.8
[INFO] [stderr]    Compiling crossbeam-deque v0.8.6
[INFO] [stderr]    Compiling tinytemplate v1.2.1
[INFO] [stderr]    Compiling tokio-macros v2.7.0
[INFO] [stderr]    Compiling mio v1.2.1
[INFO] [stderr]    Compiling socket2 v0.6.4
[INFO] [stderr]    Compiling page_size v0.6.0
[INFO] [stderr]    Compiling unarray v0.1.4
[INFO] [stderr]    Compiling pin-project-lite v0.2.17
[INFO] [stderr]    Compiling anes v0.1.6
[INFO] [stderr]    Compiling oorandom v11.1.5
[INFO] [stderr]    Compiling bytes v1.12.0
[INFO] [stderr]    Compiling ci_group v0.1.0
[INFO] [stderr]    Compiling rayon v1.12.0
[INFO] [stderr]    Compiling chrono v0.4.45
[INFO] [stderr]    Compiling plotters v0.3.7
[INFO] [stderr]    Compiling tempfile v3.27.0
[INFO] [stderr]    Compiling rusty-fork v0.3.1
[INFO] [stderr]    Compiling criterion-plot v0.8.2
[INFO] [stderr]    Compiling proptest v1.11.0
[INFO] [stderr]    Compiling tenuo v0.3.1 (/opt/rustwide/workdir)
[INFO] [stderr]    Compiling tokio v1.52.3
[INFO] [stderr]    Compiling alloca v0.4.0
[INFO] [stderr]    Compiling criterion v0.8.2
[INFO] [stdout] warning: method `srl` is never used
[INFO] [stdout]    --> src/verification.rs:121:19
[INFO] [stdout]     |
[INFO] [stdout]  85 | impl RevocationSnapshot {
[INFO] [stdout]     | ----------------------- method in this implementation
[INFO] [stdout] ...
[INFO] [stdout] 121 |     pub(crate) fn srl(&self) -> &SignedRevocationList {
[INFO] [stdout]     |                   ^^^
[INFO] [stdout]     |
[INFO] [stdout]     = note: `#[warn(dead_code)]` (part of `#[warn(unused)]`) on by default
[INFO] [stdout] 
[INFO] [stdout] 
[INFO] [stdout] warning: method `srl` is never used
[INFO] [stdout]    --> src/verification.rs:121:19
[INFO] [stdout]     |
[INFO] [stdout]  85 | impl RevocationSnapshot {
[INFO] [stdout]     | ----------------------- method in this implementation
[INFO] [stdout] ...
[INFO] [stdout] 121 |     pub(crate) fn srl(&self) -> &SignedRevocationList {
[INFO] [stdout]     |                   ^^^
[INFO] [stdout]     |
[INFO] [stdout]     = note: `#[warn(dead_code)]` (part of `#[warn(unused)]`) on by default
[INFO] [stdout] 
[INFO] [stdout] 
[INFO] [stderr]     Finished `test` profile [unoptimized + debuginfo] target(s) in 1m 22s
[INFO] running `Command { std: "docker" "inspect" "b029827e4d01b3f84088afc3e1ab2abb8643657c5eef0cbf1d597e120f41123b", kill_on_drop: false }`
[INFO] running `Command { std: "docker" "exec" "-e" "SOURCE_DIR=/opt/rustwide/workdir" "-e" "CARGO_HOME=/opt/rustwide/cargo-home" "-e" "RUSTUP_HOME=/opt/rustwide/rustup-home" "-e" "CARGO_TARGET_DIR=/opt/rustwide/target" "-e" "CARGO_INCREMENTAL=0" "-e" "RUST_BACKTRACE=full" "-e" "RUSTFLAGS=--cap-lints=warn" "-e" "RUSTDOCFLAGS=--cap-lints=warn" "-w" "/opt/rustwide/workdir" "--user" "0:0" "b029827e4d01b3f84088afc3e1ab2abb8643657c5eef0cbf1d597e120f41123b" "/opt/rustwide/cargo-home/bin/cargo" "+1.99.0-beta.8" "test" "--frozen", kill_on_drop: false }`
[INFO] [stderr] warning: method `srl` is never used
[INFO] [stderr]    --> src/verification.rs:121:19
[INFO] [stderr]     |
[INFO] [stderr]  85 | impl RevocationSnapshot {
[INFO] [stderr]     | ----------------------- method in this implementation
[INFO] [stderr] ...
[INFO] [stderr] 121 |     pub(crate) fn srl(&self) -> &SignedRevocationList {
[INFO] [stderr]     |                   ^^^
[INFO] [stderr]     |
[INFO] [stderr]     = note: `#[warn(dead_code)]` (part of `#[warn(unused)]`) on by default
[INFO] [stderr] 
[INFO] [stderr] warning: `tenuo` (lib) generated 1 warning
[INFO] [stderr] warning: `tenuo` (lib test) generated 1 warning (1 duplicate)
[INFO] [stderr]     Finished `test` profile [unoptimized + debuginfo] target(s) in 0.40s
[INFO] [stderr]      Running unittests src/lib.rs (/opt/rustwide/target/debug/deps/tenuo-f610c9de6be6ebc8)
[INFO] [stdout] 
[INFO] [stdout] running 509 tests
[INFO] [stdout] test approval::tests::test_domain_separation_prevents_cross_context_replay ... ok
[INFO] [stdout] test approval::tests::test_notary_registry_lifecycle ... ok
[INFO] [stdout] test approval::tests::test_key_revocation ... ok
[INFO] [stdout] test approval::tests::test_registration_proof_roundtrip ... ok
[INFO] [stdout] test approval::tests::test_request_hash_deterministic ... ok
[INFO] [stdout] test approval::tests::test_signed_approval_create_verify_roundtrip ... ok
[INFO] [stdout] test approval::tests::test_signed_approval_matches_request ... ok
[INFO] [stdout] test approval::tests::test_rotation_proof_roundtrip ... ok
[INFO] [stdout] test approval::tests::test_signed_approval_rejects_wrong_key ... ok
[INFO] [stdout] test approval::tests::test_signed_approval_rejects_bad_expiry_order ... ok
[INFO] [stdout] test approval_gate::tests::test_approval_gate_map_roundtrip_per_arg ... ok
[INFO] [stdout] test approval::tests::test_signed_approval_rejects_future_timestamp ... ok
[INFO] [stdout] test approval::tests::approval_context_attestation_verify_rejects_wrong_args ... ok
[INFO] [stdout] test approval::tests::test_signed_approval_rejects_tampered_payload ... ok
[INFO] [stdout] test approval::tests::test_unknown_provider_fails ... ok
[INFO] [stdout] test approval::tests::test_request_hash_cbor_determinism ... ok
[INFO] [stdout] test approval_gate::tests::test_exempt_absent_argument_fires_gate ... ok
[INFO] [stdout] test approval_gate::tests::test_exempt_monotonicity_all_child_is_valid ... ok
[INFO] [stdout] test approval_gate::tests::test_exempt_monotonicity_child_of_all_parent_fails ... ok
[INFO] [stdout] test approval_gate::tests::test_exempt_monotonicity_child_subset_of_parent_ok ... ok
[INFO] [stdout] test approval_gate::tests::test_exempt_monotonicity_child_superset_of_parent_fails ... ok
[INFO] [stdout] test approval_gate::tests::test_exempt_monotonicity_equal_ok ... ok
[INFO] [stdout] test approval_gate::tests::test_exempt_monotonicity_exact_into_one_of_ok ... ok
[INFO] [stdout] test approval_gate::tests::test_exempt_monotonicity_cross_type_exempt_constraint_fails ... ok
[INFO] [stdout] test approval_gate::tests::test_exempt_monotonicity_different_order_ok ... ok
[INFO] [stdout] test approval_gate::tests::test_exempt_one_of_in_set_no_fire ... ok
[INFO] [stdout] test approval::tests::test_key_rotation ... ok
[INFO] [stdout] test approval_gate::tests::test_exempt_one_of_outside_set_fires ... ok
[INFO] [stdout] test approval_gate::tests::test_exempt_pattern_matching_no_fire ... ok
[INFO] [stdout] test approval_gate::tests::test_exempt_pattern_no_match_fires ... ok
[INFO] [stdout] test approval_gate::tests::test_exempt_range_outside_fires ... ok
[INFO] [stdout] test approval_gate::tests::test_exempt_range_within_no_fire ... ok
[INFO] [stdout] test approval_gate::tests::test_exempt_rejects_any ... ok
[INFO] [stdout] test approval::tests::approval_context_attestation_round_trip ... ok
[INFO] [stdout] test approval_gate::tests::test_approval_gate_map_roundtrip_whole_tool ... ok
[INFO] [stdout] test approval_gate::tests::test_exempt_rejects_wildcard ... ok
[INFO] [stdout] test approval_gate::tests::test_constraint_constraint_monotonicity_semantic_narrowing ... ok
[INFO] [stdout] test approval_gate::tests::test_empty_message_omitted ... ok
[INFO] [stdout] test approval_gate::tests::test_exempt_roundtrip_cbor ... ok
[INFO] [stdout] test approval_gate::tests::test_exempt_accepts_one_of ... ok
[INFO] [stdout] test approval_gate::tests::test_gate_message_roundtrip_and_cap ... ok
[INFO] [stdout] test approval_gate::tests::test_exempt_deserializes_reject_invalid_inner ... ok
[INFO] [stdout] test approval_gate::tests::test_gate_without_message_still_parses ... ok
[INFO] [stdout] test approval_gate::tests::test_exempt_monotonicity_cross_type_constraint_exempt_fails ... ok
[INFO] [stdout] test approval_gate::tests::test_inspect_distinguishes_whole_tool_and_conditional ... ok
[INFO] [stdout] test approval_gate::tests::test_merge_inherits_parent_message_when_child_unset ... ok
[INFO] [stdout] test approval_gate::tests::test_mixed_approval_gate_map ... ok
[INFO] [stdout] test approval_gate::tests::test_monotonicity_constraint_equal_ok ... ok
[INFO] [stdout] test approval_gate::tests::test_monotonicity_gates_dropped_when_gated_tools_removed_ok ... ok
[INFO] [stdout] test approval_gate::tests::test_monotonicity_no_parent_gates_always_ok ... ok
[INFO] [stdout] test approval_gate::tests::test_monotonicity_per_arg_to_whole_strengthening_ok ... ok
[INFO] [stdout] test approval_gate::tests::test_monotonicity_skips_tools_child_doesnt_have ... ok
[INFO] [stdout] test approval_gate::tests::test_monotonicity_tool_gate_removed_fails ... ok
[INFO] [stdout] test approval_gate::tests::test_no_approval_gate_map_allows ... ok
[INFO] [stdout] test approval_gate::tests::test_parse_approval_gate_map_absent ... ok
[INFO] [stdout] test approval_gate::tests::test_merge_message_does_not_weaken_gate ... ok
[INFO] [stdout] test approval_gate::tests::test_parse_approval_gate_map_empty_bytes ... ok
[INFO] [stdout] test approval_gate::tests::test_per_arg_absent_argument_fires_gate ... ok
[INFO] [stdout] test approval_gate::tests::test_per_arg_all_triggers ... ok
[INFO] [stdout] test approval_gate::tests::test_per_arg_constraint_absent_argument_fires_gate ... ok
[INFO] [stdout] test approval_gate::tests::test_per_arg_constraint_matches_triggers ... ok
[INFO] [stdout] test approval_gate::tests::test_per_arg_constraint_no_match_allows ... ok
[INFO] [stdout] test approval_gate::tests::test_propagate_approval_gates_returns_none_when_no_overlap ... ok
[INFO] [stdout] test approval_gate::tests::test_propagate_approval_gates_scopes_to_child_tools ... ok
[INFO] [stdout] test approval_gate::tests::test_tool_not_in_approval_gate_map_allows ... ok
[INFO] [stdout] test approval_gate::tests::test_unknown_cbor_key_ignored ... ok
[INFO] [stdout] test approval_gate::tests::test_exempt_rejects_cel ... ok
[INFO] [stdout] test approval_gate::tests::test_exempt_rejects_not ... ok
[INFO] [stdout] test approval_gate::tests::test_write_approval_exempt_range_float_456_50 ... ok
[INFO] [stdout] test connect_token::tests::debug_and_serialize_redact_secrets ... ok
[INFO] [stdout] test connect_token::tests::parse_authorizer_only_token ... ok
[INFO] [stdout] test connect_token::tests::parse_full_token ... ok
[INFO] [stdout] test connect_token::tests::parse_padded_base64url_and_registration_alias ... ok
[INFO] [stdout] test connect_token::tests::parse_token_with_trailing_slash ... ok
[INFO] [stdout] test approval_gate::tests::test_merge_child_message_wins_when_set ... ok
[INFO] [stdout] test approval_gate::tests::test_monotonicity_arg_gate_all_to_constraint_weakening_fails ... ok
[INFO] [stdout] test connect_token::tests::parse_token_without_v1_suffix ... ok
[INFO] [stdout] test approval_gate::tests::test_unknown_constraint_in_gate_fails_closed ... ok
[INFO] [stdout] test approval_gate::tests::test_monotonicity_constraint_changed_fails ... ok
[INFO] [stdout] test connect_token::tests::parse_trims_whitespace_and_accepts_standard_base64 ... ok
[INFO] [stdout] test approval_gate::tests::test_monotonicity_constraint_to_all_strengthening_ok ... ok
[INFO] [stdout] test connect_token::tests::parse_v0_token_without_version ... ok
[INFO] [stdout] test connect_token::tests::resolve_endpoint_rejects_empty_or_relative_base ... ok
[INFO] [stdout] test constraints::tests::test_adding_key_to_empty_parent_allowed ... ok
[INFO] [stdout] test constraints::tests::test_adding_key_to_nonempty_parent_rejected ... ok
[INFO] [stdout] test connect_token::tests::reject_empty_endpoint ... ok
[INFO] [stdout] test approval_gate::tests::test_whole_tool_gate_triggers ... ok
[INFO] [stdout] test connect_token::tests::reject_version_out_of_u8_range ... ok
[INFO] [stdout] test approval_gate::tests::test_monotonicity_parent_gates_child_stripped_fails ... ok
[INFO] [stdout] test constraints::tests::test_all_attenuates_to_exact ... ok
[INFO] [stdout] test constraints::tests::test_all_constraint ... ok
[INFO] [stdout] test approval_gate::tests::test_monotonicity_whole_to_per_arg_weakening_fails ... ok
[INFO] [stdout] test connect_token::tests::reject_empty_api_key ... ok
[INFO] [stdout] test constraints::tests::test_all_constraint_type_ids_wire_format ... ok
[INFO] [stdout] test connect_token::tests::reject_future_version ... ok
[INFO] [stdout] test connect_token::tests::reject_missing_prefix ... ok
[INFO] [stdout] test constraints::tests::test_any_attenuation_new_branch_rejected ... ok
[INFO] [stdout] test constraints::tests::test_any_attenuation_subset ... ok
[INFO] [stdout] test constraints::tests::test_any_attenuation_superset_rejected ... ok
[INFO] [stdout] test constraints::tests::test_balanced_outer_parens ... ok
[INFO] [stdout] test constraints::tests::test_cannot_attenuate_to_wildcard ... ok
[INFO] [stdout] test constraints::tests::test_cidr_attenuation_invalid_not_subset ... ok
[INFO] [stdout] test constraints::tests::test_any_attenuation_identity ... ok
[INFO] [stdout] test constraints::tests::test_any_constraint ... ok
[INFO] [stdout] test constraints::tests::test_cidr_all_ips_prefix0 ... ok
[INFO] [stdout] test constraints::tests::test_cidr_attenuation_invalid_wider ... ok
[INFO] [stdout] test constraints::tests::test_cidr_attenuation_to_single_ip ... ok
[INFO] [stdout] test connect_token::tests::resolve_endpoint_does_not_replace_absolute_origin ... ok
[INFO] [stdout] test constraints::tests::test_cidr_attenuation_valid_subnet ... ok
[INFO] [stdout] test connect_token::tests::resolve_endpoint_joins_remaining_relative_path ... ok
[INFO] [stdout] test connect_token::tests::relative_v1_endpoint_needs_caller_base ... ok
[INFO] [stdout] test constraints::tests::test_cidr_constraint_attenuation ... ok
[INFO] [stdout] test constraints::tests::test_cidr_serialization_roundtrip ... ok
[INFO] [stdout] test constraints::tests::test_cidr_single_ip_prefix32 ... ok
[INFO] [stdout] test constraints::tests::test_cidr_constraint_serialization ... ok
[INFO] [stdout] test constraints::tests::test_cidr_contains_ip ... ok
[INFO] [stdout] test constraints::tests::test_cidr_invalid ... ok
[INFO] [stdout] test constraints::tests::test_cidr_to_exact_attenuation ... ok
[INFO] [stdout] test constraints::tests::test_cidr_to_exact_attenuation_invalid ... ok
[INFO] [stdout] test constraints::tests::test_constraint_set_validation ... ok
[INFO] [stdout] test constraints::tests::test_contains_constraint ... ok
[INFO] [stdout] test constraints::tests::test_cross_type_attenuation_incompatible_types ... ok
[INFO] [stdout] test constraints::tests::test_cidr_contains_ip_ipv6 ... ok
[INFO] [stdout] test constraints::tests::test_cross_type_attenuation_oneof_to_exact ... ok
[INFO] [stdout] test constraints::tests::test_cross_type_attenuation_pattern_to_exact ... ok
[INFO] [stdout] test constraints::tests::test_exact_matches_various_types ... ok
[INFO] [stdout] test constraints::tests::test_not_attenuation_identity ... ok
[INFO] [stdout] test constraints::tests::test_not_attenuation_narrower_inner_rejected ... ok
[INFO] [stdout] test constraints::tests::test_not_attenuation_wider_inner_valid ... ok
[INFO] [stdout] test constraints::tests::test_not_constraint ... ok
[INFO] [stdout] test constraints::tests::test_notoneof_attenuation_can_add_exclusions ... ok
[INFO] [stdout] test constraints::tests::test_notoneof_attenuation_cannot_remove_exclusions ... ok
[INFO] [stdout] test constraints::tests::test_notoneof_matches ... ok
[INFO] [stdout] test constraints::tests::test_oneof_to_notoneof_full_exclusion_also_forbidden ... ok
[INFO] [stdout] test constraints::tests::test_cidr_invalid_ip_string ... ok
[INFO] [stdout] test constraints::tests::test_cidr_ipv4_ipv6_mismatch ... ok
[INFO] [stdout] test constraints::tests::test_cidr_creation_ipv6 ... ok
[INFO] [stdout] test constraints::tests::test_cidr_ipv6_attenuation ... ok
[INFO] [stdout] test constraints::tests::test_cidr_matches_constraint_value ... ok
[INFO] [stdout] test constraints::tests::test_cidr_attenuation_narrower_prefix ... ok
[INFO] [stdout] test constraints::tests::test_cidr_attenuation_prefix32_to_prefix32 ... ok
[INFO] [stdout] test constraints::tests::test_cidr_attenuation_same_network ... ok
[INFO] [stdout] test constraints::tests::test_cidr_boundary_ips ... ok
[INFO] [stdout] test constraints::tests::test_cidr_creation_ipv4 ... ok
[INFO] [stdout] test constraints::tests::test_notoneof_to_notoneof ... ok
[INFO] [stdout] test constraints::tests::test_oneof_to_notoneof_forbidden ... ok
[INFO] [stdout] test constraints::tests::test_pattern_bidirectional_attenuation ... ok
[INFO] [stdout] test constraints::tests::test_pattern_bidirectional_wildcard ... ok
[INFO] [stdout] test constraints::tests::test_pattern_character_class ... ok
[INFO] [stdout] test constraints::tests::test_pattern_middle_wildcard ... ok
[INFO] [stdout] test constraints::tests::test_pattern_multiple_wildcards ... ok
[INFO] [stdout] test constraints::tests::test_pattern_question_mark ... ok
[INFO] [stdout] test constraints::tests::test_pattern_single_wildcard ... ok
[INFO] [stdout] test constraints::tests::test_pattern_suffix_wildcard ... ok
[INFO] [stdout] test constraints::tests::test_range_exclusive_to_exact_boundary ... ok
[INFO] [stdout] test constraints::tests::test_range_inclusivity_can_narrow ... ok
[INFO] [stdout] test constraints::tests::test_range_inclusivity_cannot_expand ... ok
[INFO] [stdout] test constraints::tests::test_range_matches ... ok
[INFO] [stdout] test constraints::tests::test_range_to_exact_invalid ... ok
[INFO] [stdout] test constraints::tests::test_range_to_exact_valid ... ok
[INFO] [stdout] test constraints::tests::test_regex_matches ... ok
[INFO] [stdout] test constraints::tests::test_pattern_prefix_wildcard ... ok
[INFO] [stdout] test constraints::tests::test_pattern_complex_attenuation ... ok
[INFO] [stdout] test constraints::tests::test_range_rejects_nan ... ok
[INFO] [stdout] test constraints::tests::test_shlex_backslash_not_rejected ... ok
[INFO] [stdout] test constraints::tests::test_shlex_empty_allow_list ... ok
[INFO] [stdout] test constraints::tests::test_shlex_exclamation_not_rejected ... ok
[INFO] [stdout] test constraints::tests::test_shlex_hash_not_rejected ... ok
[INFO] [stdout] test constraints::tests::test_shlex_path_traversal_in_binary ... ok
[INFO] [stdout] test constraints::tests::test_shlex_attenuation_valid ... ok
[INFO] [stdout] test constraints::tests::test_shlex_rejects_control_chars ... ok
[INFO] [stdout] test constraints::tests::test_shlex_double_dash_not_dangerous ... ok
[INFO] [stdout] test constraints::tests::test_shlex_rejects_metacharacters ... ok
[INFO] [stdout] test constraints::tests::test_shlex_empty_and_non_string ... ok
[INFO] [stdout] test constraints::tests::test_shlex_basic_allow ... ok
[INFO] [stdout] test constraints::tests::test_shlex_path_binary ... ok
[INFO] [stdout] test constraints::tests::test_shlex_roundtrip_cbor ... ok
[INFO] [stdout] test constraints::tests::test_shlex_quoted_operators_rejected_by_rust ... ok
[INFO] [stdout] test constraints::tests::test_shlex_tab_separated ... ok
[INFO] [stdout] test constraints::tests::test_shlex_attenuation_invalid_expansion ... ok
[INFO] [stdout] test constraints::tests::test_range_attenuation ... ok
[INFO] [stdout] test constraints::tests::test_subpath_matches ... ok
[INFO] [stdout] test constraints::tests::test_subpath_null_bytes ... ok
[INFO] [stdout] test constraints::tests::test_range_inclusivity_stricter_value_ok ... ok
[INFO] [stdout] test constraints::tests::test_subpath_relative_path_rejected ... ok
[INFO] [stdout] test constraints::tests::test_subpath_traversal_blocking ... ok
[INFO] [stdout] test constraints::tests::test_unknown_constraint_behavior ... ok
[INFO] [stdout] test constraints::tests::test_unknown_constraint_type_id ... ok
[INFO] [stdout] test constraints::tests::test_shlex_tilde_not_rejected ... ok
[INFO] [stdout] test constraints::tests::test_shlex_unicode_binary_names ... ok
[INFO] [stdout] test constraints::tests::test_subpath_basic_containment ... ok
[INFO] [stdout] test constraints::tests::test_subset_attenuation ... ok
[INFO] [stdout] test constraints::tests::test_url_constraint_attenuation ... ok
[INFO] [stdout] test constraints::tests::test_subset_constraint ... ok
[INFO] [stdout] test constraints::tests::test_url_pattern_bare_wildcard_host ... ignored, URLP-001: Bare wildcard host not yet supported - see UrlPattern::new() for details
[INFO] [stdout] test constraints::tests::test_url_pattern_attenuation_invalid_host_expansion ... ok
[INFO] [stdout] test constraints::tests::test_url_pattern_attenuation_invalid_scheme_expansion ... ok
[INFO] [stdout] test constraints::tests::test_url_pattern_attenuation_narrower_path ... ok
[INFO] [stdout] test constraints::tests::test_url_pattern_attenuation_wildcard_scheme_widening_blocked ... ok
[INFO] [stdout] test constraints::tests::test_url_pattern_attenuation_same ... ok
[INFO] [stdout] test constraints::tests::test_url_pattern_attenuation_wildcard_to_specific_allowed ... ok
[INFO] [stdout] test constraints::tests::test_url_pattern_matches_wildcard_host ... ok
[INFO] [stdout] test constraints::tests::test_url_pattern_matches_basic ... ok
[INFO] [stdout] test constraints::tests::test_url_pattern_creation ... ok
[INFO] [stdout] test constraints::tests::test_url_pattern_matches_wildcard_scheme ... ok
[INFO] [stdout] test constraints::tests::test_url_pattern_matches_path ... ok
[INFO] [stdout] test constraints::tests::test_url_pattern_matches_port ... ok
[INFO] [stdout] test constraints::tests::test_url_pattern_placeholder_collision_rejected ... ok
[INFO] [stdout] test constraints::tests::test_url_pattern_serialization_roundtrip ... ok
[INFO] [stdout] test constraints::tests::test_url_safe_blocks_decimal_ip ... ok
[INFO] [stdout] test constraints::tests::test_url_pattern_wildcard_host ... ok
[INFO] [stdout] test constraints::tests::test_url_safe_blocks_hex_ip ... ok
[INFO] [stdout] test constraints::tests::test_url_pattern_wildcard_scheme ... ok
[INFO] [stdout] test constraints::tests::test_url_pattern_with_port ... ok
[INFO] [stdout] test constraints::tests::test_url_safe_blocks_private_ips ... ok
[INFO] [stdout] test constraints::tests::test_url_safe_deny_domains_blocks_ip_addresses ... ok
[INFO] [stdout] test constraints::tests::test_url_safe_blocks_ipv4_compatible_ipv6 ... ok
[INFO] [stdout] test constraints::tests::test_url_safe_blocks_loopback ... ok
[INFO] [stdout] test constraints::tests::test_url_safe_blocks_metadata ... ok
[INFO] [stdout] test constraints::tests::test_url_safe_deny_domains_basic ... ok
[INFO] [stdout] test constraints::tests::test_url_safe_basic ... ok
[INFO] [stdout] test constraints::tests::test_shlex_whitespace_only ... ok
[INFO] [stdout] test constraints::tests::test_url_pattern_attenuation_add_scheme ... ok
[INFO] [stdout] test constraints::tests::test_url_pattern_attenuation_invalid_path_expansion ... ok
[INFO] [stdout] test constraints::tests::test_url_pattern_attenuation_narrower_host ... ok
[INFO] [stdout] test constraints::tests::test_url_pattern_invalid ... ok
[INFO] [stdout] test constraints::tests::test_pattern_no_wildcard ... ok
[INFO] [stdout] test constraints::tests::test_shlex_binary_with_spaces_in_arguments ... ok
[INFO] [stdout] test constraints::tests::test_shlex_constraint_attenuation_dispatch ... ok
[INFO] [stdout] test constraints::tests::test_url_safe_matches ... ok
[INFO] [stdout] test constraints::tests::test_url_safe_domain_allowlist ... ok
[INFO] [stdout] test constraints::tests::test_url_safe_deny_overrides_allow ... ok
[INFO] [stdout] test constraints::tests::test_url_safe_empty_host ... ok
[INFO] [stdout] test constraints::tests::test_url_safe_port_restriction ... ok
[INFO] [stdout] test constraints::tests::test_url_safe_null_bytes ... ok
[INFO] [stdout] test constraints::tests::test_url_safe_octal_ip_normalization ... ok
[INFO] [stdout] test constraints::tests::test_wildcard_to_url_attenuation ... ok
[INFO] [stdout] test constraints::tests::test_wildcard_to_notoneof ... ok
[INFO] [stdout] test constraints::tests::test_url_safe_scheme_blocking ... ok
[INFO] [stdout] test constraints::tests::test_wildcard_can_attenuate_to_anything ... ok
[INFO] [stdout] test constraints::tests::test_wildcard_matches_everything ... ok
[INFO] [stdout] test constraints::tests::test_zero_trust_allow_unknown_explicit_opt_out ... ok
[INFO] [stdout] test constraints::tests::test_zero_trust_allow_unknown_still_enforces_defined_constraints ... ok
[INFO] [stdout] test constraints::tests::test_zero_trust_attenuation_allow_unknown_not_inherited ... ok
[INFO] [stdout] test constraints::tests::test_zero_trust_attenuation_parent_open_child_can_close ... ok
[INFO] [stdout] test constraints::tests::test_zero_trust_default_allow_unknown_is_false ... ok
[INFO] [stdout] test constraints::tests::test_zero_trust_attenuation_child_cannot_enable_allow_unknown ... ok
[INFO] [stdout] test constraints::tests::test_zero_trust_empty_constraint_set_allows_unknown_fields ... ok
[INFO] [stdout] test constraints::tests::test_zero_trust_one_constraint_rejects_unknown_fields ... ok
[INFO] [stdout] test constraints::tests::test_zero_trust_serialization_roundtrip ... ok
[INFO] [stdout] test constraints::tests::test_zero_trust_wildcard_allows_any_value_for_field ... ok
[INFO] [stdout] test constraints::tests::test_url_to_exact_attenuation ... ok
[INFO] [stdout] test constraints::tests::test_url_to_exact_attenuation_invalid ... ok
[INFO] [stdout] test crypto::tests::test_context_prefix_prevents_cross_protocol ... ok
[INFO] [stdout] test crypto::tests::test_batch_verification ... ok
[INFO] [stdout] test crypto::tests::test_keypair_from_bytes ... ok
[INFO] [stdout] test constraints::tests::test_wildcard_in_constraint_set ... ok
[INFO] [stdout] test crypto::tests::test_keypair_generation ... ok
[INFO] [stdout] test constraints::tests::test_wildcard_to_cidr_attenuation ... ok
[INFO] [stdout] test diff::tests::test_change_type_as_str ... ok
[INFO] [stdout] test crypto::tests::test_sign_and_verify ... ok
[INFO] [stdout] test crypto::tests::test_verify_wrong_key_fails ... ok
[INFO] [stdout] test crypto::tests::test_verify_wrong_message_fails ... ok
[INFO] [stdout] test diff::tests::test_clearance_diff ... ok
[INFO] [stdout] test error::tests::test_error_code_http_status ... ok
[INFO] [stdout] test diff::tests::test_ttl_diff ... ok
[INFO] [stdout] test error::tests::test_all_error_variants_map ... ok
[INFO] [stdout] test error::tests::test_error_code_descriptions ... ok
[INFO] [stdout] test diff::tests::test_tools_diff ... ok
[INFO] [stdout] test error::tests::test_error_code_names ... ok
[INFO] [stdout] test error::tests::test_error_name_format ... ok
[INFO] [stdout] test error::tests::test_error_to_code_mapping ... ok
[INFO] [stdout] test extraction::tests::test_array_index ... ok
[INFO] [stdout] test extraction::tests::test_compiled_path_simple ... ok
[INFO] [stdout] test error::tests::test_error_code_values ... ok
[INFO] [stdout] test extraction::tests::test_compiled_extraction_rule ... ok
[INFO] [stdout] test extraction::tests::test_compiled_path_wildcard ... ok
[INFO] [stdout] test extraction::tests::test_extract_all_with_defaults ... ok
[INFO] [stdout] test extraction::tests::test_float_extraction ... ok
[INFO] [stdout] test extraction::tests::test_integer_preservation ... ok
[INFO] [stdout] test extraction::tests::test_missing_required_field ... ok
[INFO] [stdout] test extraction::tests::test_nested_extraction ... ok
[INFO] [stdout] test extraction::tests::test_request_context ... ok
[INFO] [stdout] test extraction::tests::test_compiled_extraction_rules ... ok
[INFO] [stdout] test extraction::tests::test_compiled_path_array_index ... ok
[INFO] [stdout] test gateway_config::tests::test_custom_http_methods ... ok
[INFO] [stdout] test extraction::tests::test_compiled_path_nested ... ok
[INFO] [stdout] test gateway_config::tests::test_matchit_directly ... ok
[INFO] [stdout] test extraction::tests::test_simple_extraction ... ok
[INFO] [stdout] test extraction::tests::test_wildcard_extraction ... ok
[INFO] [stdout] test gateway_config::tests::test_route_method_mismatch ... ok
[INFO] [stdout] test gateway_config::tests::test_compiled_constraint_extraction ... ok
[INFO] [stdout] test gateway_config::tests::test_compiled_method_mask ... ok
[INFO] [stdout] test gateway_config::tests::test_compiled_method_mismatch ... ok
[INFO] [stdout] test gateway_config::tests::test_pattern_matching ... ok
[INFO] [stdout] test gateway_config::tests::test_route_matching ... ok
[INFO] [stdout] test gateway_config::tests::test_parse_config ... ok
[INFO] [stdout] test gateway_config::tests::test_compiled_path_with_query ... ok
[INFO] [stdout] test gateway_config::tests::test_compiled_route_matching ... ok
[INFO] [stdout] test gateway_config::tests::test_config_validation ... ok
[INFO] [stdout] test gateway_config::tests::test_constraint_extraction ... ok
[INFO] [stdout] test gateway_config::tests::test_method_mask_all ... ok
[INFO] [stdout] test extraction::tests::test_object_extraction ... ok
[INFO] [stdout] test mcp::tests::test_auth_error_distinguishes_tool_scope_from_argument_constraint ... ok
[INFO] [stdout] test mcp::tests::test_compiled_mcp_config_compile ... ok
[INFO] [stdout] test mcp::tests::test_compiled_mcp_config_validate ... ok
[INFO] [stdout] test mcp::tests::test_compiled_mcp_config_validate_incompatible_source ... ok
[INFO] [stdout] test mcp::tests::test_mcp_config_from_file ... ok
[INFO] [stdout] test mcp::tests::test_extract_constraints_no_warrant_fields ... ok
[INFO] [stdout] test mcp::tests::test_mcp_config_invalid_file ... ok
[INFO] [stdout] test planes::receipt_plumbing_tests::a_caller_cannot_rename_the_authorized_tool ... ok
[INFO] [stdout] test planes::receipt_plumbing_tests::builds_an_allow_receipt_from_the_verification_that_authorized_it ... ok
[INFO] [stdout] test planes::receipt_plumbing_tests::a_different_invocation_commits_to_different_bytes ... ok
[INFO] [stdout] test mcp::tests::test_mcp_config_minimal_without_settings ... ok
[INFO] [stdout] test planes::receipt_plumbing_tests::carries_the_pop_out_of_a_verified_invocation ... ok
[INFO] [stdout] test constraints::tests::test_url_safe_deny_domains_attenuation ... ok
[INFO] [stdout] test mcp::tests::test_auth_error_copies_approval_request_message ... ok
[INFO] [stdout] test planes::receipt_plumbing_tests::leaves_both_absent_when_there_is_no_invocation ... ok
[INFO] [stdout] test planes::receipt_plumbing_tests::builds_a_deny_before_pop_receipt_when_possession_was_never_proven ... ok
[INFO] [stdout] test planes::tests::test_approval_gate_bypass_with_garbage_approvals_blocked ... ok
[INFO] [stdout] test planes::tests::replay_as_of_out_of_range_is_an_error ... ok
[INFO] [stdout] test planes::receipt_plumbing_tests::derives_the_request_hash_from_the_authorized_invocation ... ok
[INFO] [stdout] test planes::tests::test_approval_gate_custom_message_on_request ... ok
[INFO] [stdout] test planes::tests::test_authorize_with_approvals_no_multisig ... ok
[INFO] [stdout] test planes::tests::test_approval_gate_triggered_on_gated_tool_no_approvals ... ok
[INFO] [stdout] test planes::tests::test_authorize_wrong_approver ... ok
[INFO] [stdout] test planes::tests::test_approval_gate_without_required_approvers_is_config_error ... ok
[INFO] [stdout] test planes::receipt_plumbing_tests::refuses_to_build_an_allow_without_a_pop ... ok
[INFO] [stdout] test planes::tests::test_authorizer_allows_idempotent_same_version_srl_refresh ... ok
[INFO] [stdout] test planes::tests::test_authorize_2_of_3 ... ok
[INFO] [stdout] test planes::tests::test_approval_gate_propagation_through_delegation ... ok
[INFO] [stdout] test planes::tests::test_authorizer_rejects_same_version_srl_replacement ... ok
[INFO] [stdout] test planes::tests::test_authorizer_allows_resigned_same_version_srl_refresh ... ok
[INFO] [stdout] test planes::tests::test_authorize_requires_approval_when_multisig ... ok
[INFO] [stdout] test planes::tests::test_authorizer_multiple_trusted_roots ... ok
[INFO] [stdout] test planes::receipt_plumbing_tests::the_built_payload_signs_and_verifies ... ok
[INFO] [stdout] test planes::tests::test_authorizer_rejects_srl_from_untrusted_issuer ... ok
[INFO] [stdout] test planes::tests::test_authorizer_verify_chain_strict ... ok
[INFO] [stdout] test planes::tests::test_authorizer_rejects_untrusted_issuer ... ok
[INFO] [stdout] test planes::tests::test_authorizer_install_verified_ids_rejects_version_rollback ... ok
[INFO] [stdout] test planes::tests::test_authorizer_allows_trusted_issuer ... ok
[INFO] [stdout] test planes::tests::test_authorizer_chainable_clearance_api ... ok
[INFO] [stdout] test planes::tests::test_authorizer_trust_requirements ... ok
[INFO] [stdout] test planes::tests::test_authorizer_install_verified_ids_rejects_same_version_content_change ... ok
[INFO] [stdout] test planes::tests::test_authorize_valid_approval ... ok
[INFO] [stdout] test planes::tests::test_authorizer_chain_verification ... ok
[INFO] [stdout] test planes::tests::test_authorizer_builder_pattern_validation ... ok
[INFO] [stdout] test planes::tests::test_authorizer_rejects_srl_version_rollback ... ok
[INFO] [stdout] test planes::tests::test_cascading_revocation ... ok
[INFO] [stdout] test planes::tests::test_authorizer_no_trusted_roots_rejects ... ok
[INFO] [stdout] test planes::tests::test_chain_verification_single_warrant ... ok
[INFO] [stdout] test planes::tests::test_data_plane_attenuation ... ok
[INFO] [stdout] test planes::tests::test_chain_verification_fails_broken_linkage ... ok
[INFO] [stdout] test planes::tests::test_chain_verification_fails_untrusted_root ... ok
[INFO] [stdout] test planes::tests::test_data_plane_rejects_srl_version_rollback ... ok
[INFO] [stdout] test planes::tests::test_chain_verification_delegation ... ok
[INFO] [stdout] test planes::tests::test_empty_chain_fails ... ok
[INFO] [stdout] test planes::tests::test_chain_verification_and_authorization ... ok
[INFO] [stdout] test planes::tests::test_execution_warrant_self_attenuation_allowed ... ok
[INFO] [stdout] test planes::tests::test_chain_verification_fails_wrong_depth ... ok
[INFO] [stdout] test planes::tests::test_gated_tool_passes_with_valid_approval ... ok
[INFO] [stdout] test planes::tests::test_extension_cannot_override_inherited_approval_gates ... ok
[INFO] [stdout] test planes::tests::test_chain_verification_three_levels ... ok
[INFO] [stdout] test planes::tests::test_malformed_approval_gates_extension_fails_closed ... ok
[INFO] [stdout] test planes::tests::test_clearance_monotonicity_execution_to_execution ... ok
[INFO] [stdout] test planes::tests::test_minimal_authorizer ... ok
[INFO] [stdout] test planes::tests::test_pin_expired_approval_rejected ... ok
[INFO] [stdout] test planes::tests::test_missing_warrant_clearance ... ok
[INFO] [stdout] test planes::tests::test_no_clearance_requirements_configured ... ok
[INFO] [stdout] test planes::tests::test_issue_bound_warrant_and_audit_serialization ... ok
[INFO] [stdout] test planes::tests::test_pin_forged_signature_rejected_at_check_chain ... ok
[INFO] [stdout] test planes::tests::test_pin_duplicate_approver_does_not_double_count ... ok
[INFO] [stdout] test planes::tests::test_pin_no_approvals_when_not_required ... ok
[INFO] [stdout] test planes::tests::test_pin_wrong_request_hash_rejected ... ok
[INFO] [stdout] test planes::tests::test_pin_verified_approvals_in_chain_result ... ok
[INFO] [stdout] test planes::tests::test_pop_required_rejects_none ... ok
[INFO] [stdout] test planes::tests::test_verify_chain_rejects_execution_to_issuer ... ok
[INFO] [stdout] test planes::tests::test_tool_trust_requirements_enforcement ... ok
[INFO] [stdout] test planes::tests::test_tool_trust_requirements_glob_patterns ... ok
[INFO] [stdout] test planes::tests::test_verify_chain_rejects_issuer_execution_constraint_violation ... ok
[INFO] [stdout] test receipt::tests::a_denial_before_pop_verification_may_omit_the_pop_signature ... ok
[INFO] [stdout] test planes::tests::test_verify_chain_rejects_issuer_holder_loop ... ok
[INFO] [stdout] test receipt::tests::a_denial_without_a_decision_code_is_rejected_by_the_conditional_check ... ok
[INFO] [stdout] test planes::tests::test_verify_chain_issuer_to_execution ... ok
[INFO] [stdout] test planes::tests::test_tool_trust_requirements_hierarchy ... ok
[INFO] [stdout] test receipt::tests::absent_optional_fields_are_omitted_not_null ... ok
[INFO] [stdout] test receipt::tests::byte_fields_encode_as_cbor_byte_strings_not_arrays ... ok
[INFO] [stdout] test planes::tests::test_verify_chain_strict_mixed_session_ids ... ok
[INFO] [stdout] test planes::tests::test_ungated_tool_passes_with_approval_gate_map_present ... ok
[INFO] [stdout] test receipt::tests::an_allow_without_a_pop_signature_is_rejected_by_the_conditional_check ... ok
[INFO] [stdout] test receipt::tests::an_empty_root_set_has_its_own_commitment ... ok
[INFO] [stdout] test receipt::tests::omits_revocation_keys_when_no_list_was_loaded ... ok
[INFO] [stdout] test planes::tests::test_verify_chain_strict_matching_sessions ... ok
[INFO] [stdout] test receipt::tests::artifact_version_cannot_be_downgraded_without_detection ... ok
[INFO] [stdout] test receipt::tests::encoding_is_deterministic ... ok
[INFO] [stdout] test receipt::tests::integer_keys_are_encoded_in_numeric_order ... ok
[INFO] [stdout] test receipt::tests::omits_the_chain_link_when_there_is_no_predecessor ... ok
[INFO] [stdout] test receipt::tests::domain_separation_rejects_a_signature_over_the_bare_payload ... ok
[INFO] [stdout] test planes::tests::test_verify_chain_rejects_self_issuance ... ok
[INFO] [stdout] test receipt::tests::outcome_encodes_as_text_not_boolean ... ok
[INFO] [stdout] test receipt::tests::payload_version_must_match_artifact_version ... ok
[INFO] [stdout] test receipt::tests::rejects_a_boolean_outcome ... ok
[INFO] [stdout] test planes::tests::test_clearance_pattern_precedence ... ok
[INFO] [stdout] test planes::tests::test_clearance_pattern_validation ... ok
[INFO] [stdout] test receipt::tests::rejects_a_chain_link_that_is_not_32_bytes ... ok
[INFO] [stdout] test receipt::tests::rejects_a_wrong_length_request_hash ... ok
[INFO] [stdout] test receipt::tests::rejects_an_srl_hash_that_is_not_32_bytes ... ok
[INFO] [stdout] test planes::tests::test_pin_only_contributing_approvals_in_result ... ok
[INFO] [stdout] test receipt::tests::rejects_unknown_payload_keys ... ok
[INFO] [stdout] test receipt::tests::round_trips_a_minimal_payload ... ok
[INFO] [stdout] test receipt::tests::round_trips_a_payload_with_every_field_present ... ok
[INFO] [stdout] test receipt::tests::round_trips_an_unversioned_revocation_commitment ... ok
[INFO] [stdout] test planes::tests::test_pin_mixed_valid_and_invalid_approvals_threshold_met ... ok
[INFO] [stdout] test receipt::tests::the_artifact_round_trips_through_cbor ... ok
[INFO] [stdout] test receipt::tests::verification_fails_under_a_different_signer_key ... ok
[INFO] [stdout] test revocation::tests::test_empty_srl ... ok
[INFO] [stdout] test receipt::tests::verification_fails_when_payload_is_tampered_with ... ok
[INFO] [stdout] test revocation::tests::test_from_existing_adds_new_revocations ... ok
[INFO] [stdout] test receipt::tests::round_trips_the_chain_link_and_root_commitment ... ok
[INFO] [stdout] test receipt::tests::the_root_commitment_is_order_and_duplicate_independent ... ok
[INFO] [stdout] test receipt::tests::verification_rejects_a_signed_allow_without_pop_signature ... ok
[INFO] [stdout] test receipt::tests::signs_and_verifies ... ok
[INFO] [stdout] test receipt::tests::verification_rejects_a_signed_deny_without_decision_code ... ok
[INFO] [stdout] test revocation::tests::signed_revocation_list_base64_round_trip ... ok
[INFO] [stdout] test revocation::tests::test_pruning_expired_warrants ... ok
[INFO] [stdout] test revocation::tests::test_revocation_request_authorization_control_plane ... ok
[INFO] [stdout] test planes::tests::test_conditional_exempt_range_capability_vs_gate ... ok
[INFO] [stdout] test revocation::tests::test_revocation_request_authorization_issuer ... ok
[INFO] [stdout] test revocation::tests::test_revocation_request_creation_and_verification ... ok
[INFO] [stdout] test revocation::tests::test_revocation_request_expired_warrant ... ok
[INFO] [stdout] test revocation::tests::test_anti_rollback_version ... ok
[INFO] [stdout] test revocation::tests::test_revocation_request_serialization ... ok
[INFO] [stdout] test revocation::tests::test_revocation_request_authorization_holder_surrender ... ok
[INFO] [stdout] test revocation::tests::test_revocation_request_unauthorized ... ok
[INFO] [stdout] test revocation::tests::test_revocation_request_unauthorized_requestor ... ok
[INFO] [stdout] test revocation::tests::test_revocation_request_wrong_warrant_id ... ok
[INFO] [stdout] test planes::tests::test_control_data_plane_separation ... ok
[INFO] [stdout] test revocation::tests::test_revocation_request_full_validation ... ok
[INFO] [stdout] test revocation::tests::test_signed_revocation_list_basic ... ok
[INFO] [stdout] test revocation::tests::test_signed_revocation_list_serialization ... ok
[INFO] [stdout] test revocation::tests::test_signed_revocation_list_wrong_key ... ok
[INFO] [stdout] test revocation_manager::tests::test_revocation_manager_flow ... ok
[INFO] [stdout] test revocation_manager::tests::test_cascade_from_key_revocation ... ok
[INFO] [stdout] test revocation_tracker::tests::accept_then_rollback_and_equivocation ... ok
[INFO] [stdout] test revocation_tracker::tests::has_accepted_is_false_until_first_list ... ok
[INFO] [stdout] test tests::test_attenuation_narrows_constraints ... ok
[INFO] [stdout] test revocation_tracker::tests::untrusted_and_future_fetch_denied ... ok
[INFO] [stdout] test tests::test_basic_warrant_creation ... ok
[INFO] [stdout] test verification::tests::as_of_determines_expiry_and_pop_window ... ok
[INFO] [stdout] test verification::tests::one_instant_one_pop_window ... ok
[INFO] [stdout] test verification::tests::pop_preimage_matches_verify_reconstruction ... ok
[INFO] [stdout] test verification::tests::sign_with_timestamp_uses_pop_preimage ... ok
[INFO] [stdout] test verification::tests::ttl_only_rejects_over_ceiling_on_every_warrant ... ok
[INFO] [stdout] test warrant::tests::test_attenuation_basic ... ok
[INFO] [stdout] test revocation_tracker::tests::file_floor_survives_restart ... ok
[INFO] [stdout] test verification::tests::wrapper_none_is_not_configured_not_ttl_only ... ok
[INFO] [stdout] test verification::tests::context_revocation_not_authorizer_list ... ok
[INFO] [stdout] test planes::tests::test_data_plane_rejects_same_version_srl_replacement ... ok
[INFO] [stdout] test warrant::tests::test_execution_warrant_cannot_issue ... ok
[INFO] [stdout] test warrant::tests::test_issuance_validates_constraint_bounds ... ok
[INFO] [stdout] test warrant::tests::test_attenuation_ttl_cannot_exceed_parent ... ok
[INFO] [stdout] test warrant::tests::test_issuance_validates_max_issue_depth ... ok
[INFO] [stdout] test warrant::tests::test_attenuation_depth_limit_with_max_depth ... ok
[INFO] [stdout] test warrant::tests::test_holder_cycling_allowed_with_monotonicity ... ok
[INFO] [stdout] test warrant::tests::test_effective_max_depth_latching ... ok
[INFO] [stdout] test warrant::tests::test_issuance_validates_tool_in_issuable_tools ... ok
[INFO] [stdout] test warrant::tests::test_issuance_validates_clearance ... ok
[INFO] [stdout] test warrant::tests::test_attenuation_monotonicity_enforced ... ok
[INFO] [stdout] test warrant::tests::test_clearance_ordering ... ok
[INFO] [stdout] test warrant::tests::test_issued_in_future_rejection ... ok
[INFO] [stdout] test warrant::tests::test_max_depth_policy_limit ... ok
[INFO] [stdout] test warrant::tests::test_attenuation_max_depth_limit ... ok
[INFO] [stdout] test warrant::tests::test_max_depth_protocol_cap ... ok
[INFO] [stdout] test warrant::tests::test_multisig_default_all_must_sign ... ok
[INFO] [stdout] test warrant::tests::test_no_max_depth_uses_protocol_default ... ok
[INFO] [stdout] test warrant::tests::test_multisig_root_warrant ... ok
[INFO] [stdout] test warrant::tests::test_multisig_min_approvals_exceeds_approvers ... ok
[INFO] [stdout] test warrant::tests::test_multisig_attenuation_add_approvers ... ok
[INFO] [stdout] test warrant::tests::test_multisig_attenuation_cannot_lower_threshold ... ok
[INFO] [stdout] test warrant::tests::test_pop_signature_wrong_args ... ok
[INFO] [stdout] test warrant::tests::test_no_multisig_by_default ... ok
[INFO] [stdout] test warrant::tests::test_pop_signature_no_signature ... ok
[INFO] [stdout] test warrant::tests::test_warrant_creation ... ok
[INFO] [stdout] test warrant::tests::test_issuer_cannot_issue_to_self ... ok
[INFO] [stdout] test warrant::tests::test_pop_signature_wrong_tool ... ok
[INFO] [stdout] test warrant::tests::test_pop_signature_wrong_keypair ... ok
[INFO] [stdout] test warrant::tests::test_warrant_id_format ... ok
[INFO] [stdout] test warrant::tests::test_session_binding ... ok
[INFO] [stdout] test warrant::tests::test_warrant_verification ... ok
[INFO] [stdout] test warrant::tests::test_range_constraint_attenuation ... ok
[INFO] [stdout] test wire::tests::test_base64_roundtrip ... ok
[INFO] [stdout] test wire::tests::test_cbor_encoding_consistency ... ok
[INFO] [stdout] test warrant::tests::test_issuer_holder_separation ... ok
[INFO] [stdout] test wire::tests::test_compact_encoding ... ok
[INFO] [stdout] test wire::tests::test_deterministic_serialization ... ok
[INFO] [stdout] test warrant::tests::test_multisig_attenuation_cannot_remove_approvers ... ok
[INFO] [stdout] test wire::tests::test_encode_decode_roundtrip ... ok
[INFO] [stdout] test wire::tests::test_deterministic_constraint_set_serialization ... ok
[INFO] [stdout] test wire::tests::test_normalize_token ... ok
[INFO] [stdout] test wire::tests::test_unknown_constraint_fail_closed ... ok
[INFO] [stdout] test wire::tests::test_envelope_is_array ... ok
[INFO] [stdout] test wire::tests::test_pem_chain_and_encode ... ok
[INFO] [stdout] test warrant::tests::test_warrant_authorization ... ok
[INFO] [stdout] test wire::tests::test_version_check ... ok
[INFO] [stdout] test warrant::tests::test_issuer_warrant_issues_execution_warrant ... ok
[INFO] [stdout] test warrant::tests::test_max_depth_monotonicity ... ok
[INFO] [stdout] test wire::tests::test_stack_size_limit ... ok
[INFO] [stdout] test planes::tests::test_authorizer_rejects_expired_single_root_chain ... ok
[INFO] [stdout] test warrant::tests::test_pop_signature_expired_warrant ... ok
[INFO] [stdout] 
[INFO] [stdout] test result: ok. 508 passed; 0 failed; 1 ignored; 0 measured; 0 filtered out; finished in 2.08s
[INFO] [stdout] 
[INFO] [stderr]      Running unittests src/bin/generate_test_vectors.rs (/opt/rustwide/target/debug/deps/generate_test_vectors-30e0bd97e31c8a50)
[INFO] [stdout] 
[INFO] [stderr]      Running unittests src/bin/cli.rs (/opt/rustwide/target/debug/deps/tenuo-5b64d55d7c16f2d3)
[INFO] [stdout] running 0 tests
[INFO] [stdout] 
[INFO] [stdout] test result: ok. 0 passed; 0 failed; 0 ignored; 0 measured; 0 filtered out; finished in 0.00s
[INFO] [stdout] 
[INFO] [stdout] 
[INFO] [stdout] running 0 tests
[INFO] [stdout] 
[INFO] [stdout] test result: ok. 0 passed; 0 failed; 0 ignored; 0 measured; 0 filtered out; finished in 0.00s
[INFO] [stdout] 
[INFO] [stderr]      Running unittests src/bin/worker.rs (/opt/rustwide/target/debug/deps/tenuo_worker-150a3ca569971184)
[INFO] [stdout] 
[INFO] [stdout] running 0 tests
[INFO] [stdout] 
[INFO] [stdout] test result: ok. 0 passed; 0 failed; 0 ignored; 0 measured; 0 filtered out; finished in 0.00s
[INFO] [stdout] 
[INFO] [stderr]      Running tests/approval_gate_merge.rs (/opt/rustwide/target/debug/deps/approval_gate_merge-4dea9518edb8b02d)
[INFO] [stdout] 
[INFO] [stdout] running 27 tests
[INFO] [stdout] test test_evaluate_approval_gates_none_branch_standalone ... ok
[INFO] [stdout] test test_issuance_rejects_approvers_without_an_enforceable_gate ... ok
[INFO] [stdout] test test_evaluate_approval_gates_fires_for_added_gate ... ok
[INFO] [stdout] test test_add_gate_on_parent_without_gates ... ok
[INFO] [stdout] test test_gate_monotonicity_child_cannot_drop_with_empty_map ... ok
[INFO] [stdout] test test_merge_whole_tool_wins_over_per_arg ... ok
[INFO] [stdout] test test_gate_inherited_unchanged ... ok
[INFO] [stdout] test test_evaluate_approval_gates_per_arg_constraint_fires ... ok
[INFO] [stdout] test test_exempt_gate_inherited_by_second_attenuation ... ok
[INFO] [stdout] test test_issuance_builder_merge_with_existing_gates ... ok
[INFO] [stdout] test test_merge_adds_to_existing_gates ... ok
[INFO] [stdout] test test_exempt_gate_evaluation_after_attenuation ... ok
[INFO] [stdout] test test_merge_per_arg_union ... ok
[INFO] [stdout] test test_unit_merge_per_arg_union ... ok
[INFO] [stdout] test test_unit_merge_approval_gate_maps_no_conflict ... ok
[INFO] [stdout] test test_exempt_gate_wire_roundtrip ... ok
[INFO] [stdout] test test_gate_wire_roundtrip ... ok
[INFO] [stdout] test test_issuance_builder_adds_gate ... ok
[INFO] [stdout] test test_gate_scoped_to_child_tools ... ok
[INFO] [stdout] test test_unit_merge_whole_tool_wins_over_per_arg_additional_wins ... ok
[INFO] [stdout] test test_unit_merge_per_arg_base_survives_conflict ... ok
[INFO] [stdout] test test_exempt_gate_survives_attenuation ... ok
[INFO] [stdout] test test_subagent_attenuation_drops_gated_tool_and_gate ... ok
[INFO] [stdout] test test_unit_merge_approval_gate_maps_additional_only ... ok
[INFO] [stdout] test test_unit_merge_approval_gate_maps_base_only ... ok
[INFO] [stdout] test test_unit_merge_approval_gate_maps_both_empty ... ok
[INFO] [stdout] test test_unit_merge_whole_tool_wins_over_per_arg_base_wins ... ok
[INFO] [stdout] 
[INFO] [stdout] test result: ok. 27 passed; 0 failed; 0 ignored; 0 measured; 0 filtered out; finished in 0.02s
[INFO] [stdout] 
[INFO] [stderr]      Running tests/attenuation_soundness.rs (/opt/rustwide/target/debug/deps/attenuation_soundness-27bdbe1006005644)
[INFO] [stdout] 
[INFO] [stdout] running 35 tests
[INFO] [stdout] test closed_world_survives_wire_roundtrip ... ok
[INFO] [stdout] test allow_unknown_survives_wire_roundtrip ... ok
[INFO] [stdout] test exhaustive_oneof_notoneof_always_rejected ... ok
[INFO] [stdout] test oversized_warrant_rejected_on_decode ... ok
[INFO] [stdout] test exhaustive_anyof_anyof_soundness ... ok
[INFO] [stdout] test exhaustive_not_not_soundness ... ok
[INFO] [stdout] test exhaustive_notoneof_notoneof_soundness ... ok
[INFO] [stdout] test exhaustive_oneof_oneof_soundness ... ok
[INFO] [stdout] test deep_constraint_nesting_rejected_on_decode ... ok
[INFO] [stdout] test exhaustive_constraint_value_cbor_idempotent ... ok
[INFO] [stdout] test exhaustive_contains_contains_soundness ... ok
[INFO] [stdout] test exhaustive_subset_subset_soundness ... ok
[INFO] [stdout] test prop_allow_unknown_cannot_widen ... ok
[INFO] [stdout] test prop_keyset_add_allowed_for_empty_parent ... ok
[INFO] [stdout] test prop_constraint_cbor_idempotent ... ok
[INFO] [stdout] test prop_allow_unknown_can_narrow ... ok
[INFO] [stdout] test prop_closed_world_rejects_unknown_fields ... ok
[INFO] [stdout] test regression_cel_conjunction_bypass ... ok
[INFO] [stdout] test regression_not_not_unsound ... ok
[INFO] [stdout] test regression_oneof_to_notoneof_escalation ... ok
[INFO] [stdout] test prop_constraint_set_cbor_idempotent ... ok
[INFO] [stdout] test prop_keyset_add_rejected_for_nonempty_parent ... ok
[INFO] [stdout] test prop_open_world_allows_unknown_fields ... ok
[INFO] [stdout] test prop_wider_child_rejected ... ok
[INFO] [stdout] test prop_keyset_drop_rejected ... ok
[INFO] [stdout] test prop_ttl_survives_wire_roundtrip ... ok
[INFO] [stdout] test prop_cross_type_to_exact_soundness ... ok
[INFO] [stdout] test prop_warrant_wire_idempotent ... ok
[INFO] [stdout] test expired_warrant_stays_expired_after_roundtrip ... ok
[INFO] [stdout] test prop_ttl_monotonicity_survives_wire ... ok
[INFO] [stdout] test prop_attenuation_soundness ... ok
[INFO] [stdout] test prop_enforcement_agrees_with_matches ... ok
[INFO] [stdout] test prop_wildcard_parent_soundness ... ok
[INFO] [stdout] test prop_same_type_soundness ... ok
[INFO] [stderr]      Running tests/canonicalization.rs (/opt/rustwide/target/debug/deps/canonicalization-336dfe39da88b533)
[INFO] [stdout] test prop_multi_field_enforcement_agrees ... ok
[INFO] [stdout] 
[INFO] [stdout] test result: ok. 35 passed; 0 failed; 0 ignored; 0 measured; 0 filtered out; finished in 4.10s
[INFO] [stdout] 
[INFO] [stdout] 
[INFO] [stdout] running 2 tests
[INFO] [stdout] test test_issuable_tools_canonicalization ... ok
[INFO] [stdout] test test_required_approvers_canonicalization ... ok
[INFO] [stdout] 
[INFO] [stdout] test result: ok. 2 passed; 0 failed; 0 ignored; 0 measured; 0 filtered out; finished in 0.00s
[INFO] [stdout] 
[INFO] [stderr]      Running tests/cel_stdlib.rs (/opt/rustwide/target/debug/deps/cel_stdlib-10d2079bf91ecd76)
[INFO] [stdout] 
[INFO] [stdout] running 0 tests
[INFO] [stdout] 
[INFO] [stdout] test result: ok. 0 passed; 0 failed; 0 ignored; 0 measured; 0 filtered out; finished in 0.00s
[INFO] [stdout] 
[INFO] [stderr]      Running tests/chain_verification_invariants.rs (/opt/rustwide/target/debug/deps/chain_verification_invariants-53ed2745838ab313)
[INFO] [stdout] 
[INFO] [stdout] running 10 tests
[INFO] [stdout] test test_verify_chain_rejects_i5_violation_bad_signature ... ok
[INFO] [stdout] test test_verify_chain_rejects_i4_violation_tool_escalation ... ok
[INFO] [stdout] test test_verify_chain_rejects_i4_violation_constraint_widening ... ok
[INFO] [stdout] test test_verify_chain_rejects_i3_violation_ttl_extended ... ok
[INFO] [stdout] test test_sophisticated_i1_attack ... ok
[INFO] [stdout] test test_verify_chain_rejects_i1_violation_wrong_issuer ... ok
[INFO] [stdout] test test_verify_chain_rejects_i5_violation_wrong_parent_hash ... ok
[INFO] [stdout] test test_verify_chain_rejects_i2_violation_depth_exceeds_max ... ok
[INFO] [stdout] test test_verify_chain_rejects_spliced_parent_even_when_i1_i4_compatible ... ok
[INFO] [stdout] test test_verify_chain_rejects_i2_violation_depth_not_incremented ... ok
[INFO] [stdout] 
[INFO] [stdout] test result: ok. 10 passed; 0 failed; 0 ignored; 0 measured; 0 filtered out; finished in 0.01s
[INFO] [stdout] 
[INFO] [stderr]      Running tests/conformance.rs (/opt/rustwide/target/debug/deps/conformance-da432c4f3783a192)
[INFO] [stdout] 
[INFO] [stdout] running 3 tests
[INFO] [stdout] test test_alloy_all_and_any_conformance ... ok
[INFO] [stdout] test oracle_cidr_network_algebra ... ok
[INFO] [stdout] test oracle_range_subsumes_exact_tight_bounds ... ok
[INFO] [stderr]      Running tests/constraint_types.rs (/opt/rustwide/target/debug/deps/constraint_types-19a767cc164b2652)
[INFO] [stdout] 
[INFO] [stdout] test result: ok. 3 passed; 0 failed; 0 ignored; 0 measured; 0 filtered out; finished in 0.02s
[INFO] [stdout] 
[INFO] [stdout] 
[INFO] [stdout] running 41 tests
[INFO] [stdout] test test_any_single_option ... ok
[INFO] [stdout] test test_any_empty_always_fails ... ok
[INFO] [stdout] test test_cidr_ipv4_specific_subnet ... ok
[INFO] [stdout] test test_cidr_ipv6_basic_matching ... ok
[INFO] [stdout] test test_contains_attenuation_adding_required_valid ... ok
[INFO] [stdout] test test_contains_attenuation_removing_required_rejected ... ok
[INFO] [stdout] test test_nested_any_in_all ... ok
[INFO] [stdout] test test_any_attenuation_escalation_rejected ... ok
[INFO] [stdout] test test_cidr_ipv4_basic_matching ... ok
[INFO] [stdout] test test_cidr_invalid_network ... ok
[INFO] [stdout] test test_all_attenuation_adding_clause_valid ... ok
[INFO] [stdout] test test_any_attenuation ... ok
[INFO] [stdout] test test_cidr_attenuation_narrowing ... ok
[INFO] [stdout] test test_any_basic_or_logic ... ok
[INFO] [stdout] test test_any_with_mixed_constraint_types ... ok
[INFO] [stdout] test test_any_attenuation_identity ... ok
[INFO] [stdout] test test_not_attenuation_wider_inner_valid ... ok
[INFO] [stdout] test test_cidr_in_warrant_constraint_set ... ok
[INFO] [stdout] test test_not_attenuation_identity ... ok
[INFO] [stdout] test test_not_attenuation_narrower_inner_rejected ... ok
[INFO] [stdout] test test_any_in_warrant ... ok
[INFO] [stdout] test test_all_attenuation_dropping_clause_rejected ... ok
[INFO] [stdout] test test_cidr_single_host ... ok
[INFO] [stdout] test test_cidr_wire_roundtrip ... ok
[INFO] [stdout] test test_any_wire_roundtrip ... ok
[INFO] [stdout] test test_range_attenuation_widening_rejected ... ok
[INFO] [stdout] test test_subset_attenuation_adding_value_rejected ... ok
[INFO] [stdout] test test_urlsafe_attenuation_port_escalation_rejected ... ok
[INFO] [stdout] test test_urlpattern_path_constraints ... ok
[INFO] [stdout] test test_urlpattern_in_warrant ... ok
[INFO] [stdout] test test_range_attenuation_narrowing_valid ... ok
[INFO] [stdout] test test_urlsafe_attenuation_port_narrowing_valid ... ok
[INFO] [stdout] test test_urlpattern_wildcard_subdomain ... ok
[INFO] [stdout] test test_urlpattern_wire_roundtrip ... ok
[INFO] [stdout] test test_notoneof_attenuation_adding_exclusions_valid ... ok
[INFO] [stdout] test test_subpath_case_sensitive_to_insensitive_rejected ... ok
[INFO] [stdout] test test_notoneof_attenuation_removing_exclusion_rejected ... ok
[INFO] [stdout] test test_urlpattern_basic_matching ... ok
[INFO] [stdout] test test_subset_attenuation_narrowing_valid ... ok
[INFO] [stdout] test test_subpath_case_insensitive_to_sensitive_valid ... ok
[INFO] [stdout] test test_urlsafe_attenuation_port_new_port_rejected ... ok
[INFO] [stdout] 
[INFO] [stdout] test result: ok. 41 passed; 0 failed; 0 ignored; 0 measured; 0 filtered out; finished in 0.06s
[INFO] [stdout] 
[INFO] [stderr]      Running tests/delegation_semantics.rs (/opt/rustwide/target/debug/deps/delegation_semantics-fe2b980019473e12)
[INFO] [stdout] 
[INFO] [stdout] running 3 tests
[INFO] [stdout] test test_delegation_authority_enforcement ... ok
[INFO] [stdout] test test_delegation_semantics_issuer_equals_parent_holder ... ok
[INFO] [stdout] test test_multi_level_delegation_chain_semantics ... ok
[INFO] [stdout] 
[INFO] [stdout] test result: ok. 3 passed; 0 failed; 0 ignored; 0 measured; 0 filtered out; finished in 0.01s
[INFO] [stdout] 
[INFO] [stderr]      Running tests/determinism.rs (/opt/rustwide/target/debug/deps/determinism-1c4d6a09ee1c44d5)
[INFO] [stdout] 
[INFO] [stdout] running 2 tests
[INFO] [stdout] test parallel_check_chain_with_pop_args_serializes_identically ... ok
[INFO] [stdout] test parallel_shuffled_maps_produce_identical_outputs ... ok
[INFO] [stderr]      Running tests/enrollment_flow.rs (/opt/rustwide/target/debug/deps/enrollment_flow-23438cfdbc04cada)
[INFO] [stdout] 
[INFO] [stdout] test result: ok. 2 passed; 0 failed; 0 ignored; 0 measured; 0 filtered out; finished in 1.11s
[INFO] [stdout] 
[INFO] [stdout] 
[INFO] [stdout] running 1 test
[INFO] [stderr]    Compiling syn v2.0.118
[INFO] [stderr]    Compiling smallvec v1.15.2
[INFO] [stderr]    Compiling serde_core v1.0.229
[INFO] [stderr]    Compiling once_cell v1.21.4
[INFO] [stderr]    Compiling futures-core v0.3.32
[INFO] [stderr]    Compiling log v0.4.33
[INFO] [stderr]    Compiling memchr v2.8.2
[INFO] [stderr]    Compiling fs_extra v1.3.0
[INFO] [stderr]    Compiling pkg-config v0.3.34
[INFO] [stderr]    Compiling dunce v1.0.5
[INFO] [stderr]    Compiling jobserver v0.1.34
[INFO] [stderr]    Compiling futures-sink v0.3.32
[INFO] [stderr]    Compiling http v1.4.2
[INFO] [stderr]    Compiling slab v0.4.12
[INFO] [stderr]    Compiling aws-lc-rs v1.18.1
[INFO] [stderr]    Compiling percent-encoding v2.3.2
[INFO] [stderr]    Compiling httparse v1.10.1
[INFO] [stderr]    Compiling futures-task v0.3.32
[INFO] [stderr]    Compiling futures-io v0.3.32
[INFO] [stderr]    Compiling tower-service v0.3.3
[INFO] [stderr]    Compiling parking_lot_core v0.9.12
[INFO] [stderr]    Compiling cc v1.2.65
[INFO] [stderr]    Compiling rustls v0.23.45
[INFO] [stderr]    Compiling atomic-waker v1.1.2
[INFO] [stderr]    Compiling try-lock v0.2.5
[INFO] [stderr]    Compiling untrusted v0.9.0
[INFO] [stderr]    Compiling form_urlencoded v1.2.2
[INFO] [stderr]    Compiling tracing-core v0.1.36
[INFO] [stderr]    Compiling want v0.3.1
[INFO] [stderr]    Compiling futures-channel v0.3.32
[INFO] [stderr]    Compiling parking_lot v0.12.5
[INFO] [stderr]    Compiling sync_wrapper v1.0.2
[INFO] [stderr]    Compiling tower-layer v0.3.3
[INFO] [stderr]    Compiling httpdate v1.0.3
[INFO] [stderr]    Compiling base64 v0.22.1
[INFO] [stderr]    Compiling serde_json v1.0.151
[INFO] [stderr]    Compiling ipnet v2.12.0
[INFO] [stderr]    Compiling mime v0.3.17
[INFO] [stderr]    Compiling futures-util v0.3.32
[INFO] [stderr]    Compiling aho-corasick v1.1.4
[INFO] [stderr]    Compiling openssl-probe v0.2.1
[INFO] [stderr]    Compiling bitflags v2.13.0
[INFO] [stderr]    Compiling lazy_static v1.5.0
[INFO] [stderr]    Compiling http-body v1.0.1
[INFO] [stderr]    Compiling sharded-slab v0.1.7
[INFO] [stderr]    Compiling http-body-util v0.1.3
[INFO] [stderr]    Compiling cmake v0.1.58
[INFO] [stderr]    Compiling tracing-log v0.2.0
[INFO] [stderr]    Compiling encoding_rs v0.8.35
[INFO] [stderr]    Compiling thread_local v1.1.9
[INFO] [stderr]    Compiling nu-ansi-term v0.50.3
[INFO] [stderr]    Compiling matchit v0.8.4
[INFO] [stderr]    Compiling pem v3.0.6
[INFO] [stderr]    Compiling serde v1.0.229
[INFO] [stderr]    Compiling regex-automata v0.4.18
[INFO] [stderr]    Compiling serde_path_to_error v0.1.20
[INFO] [stderr]    Compiling serde_bytes v0.11.19
[INFO] [stderr]    Compiling uuid v1.24.1
[INFO] [stderr]    Compiling serde_urlencoded v0.7.1
[INFO] [stderr]    Compiling serde_yaml v0.9.34+deprecated
[INFO] [stderr]    Compiling chrono v0.4.45
[INFO] [stderr]    Compiling aws-lc-sys v0.45.0
[INFO] [stderr]    Compiling synstructure v0.13.2
[INFO] [stderr]    Compiling matchers v0.2.0
[INFO] [stderr]    Compiling regex v1.13.1
[INFO] [stdout] test test_enrollment_flow has been running for over 60 seconds
[INFO] [stderr]    Compiling zeroize_derive v1.5.0
[INFO] [stderr]    Compiling zerofrom-derive v0.1.7
[INFO] [stderr]    Compiling yoke-derive v0.8.2
[INFO] [stderr]    Compiling zerovec-derive v0.11.3
[INFO] [stderr]    Compiling displaydoc v0.2.6
[INFO] [stderr]    Compiling tokio-macros v2.7.0
[INFO] [stderr]    Compiling tracing-attributes v0.1.31
[INFO] [stderr]    Compiling zerocopy-derive v0.8.52
[INFO] [stderr]    Compiling curve25519-dalek-derive v0.1.1
[INFO] [stderr]    Compiling clap_derive v4.6.1
[INFO] [stderr]    Compiling thiserror-impl v2.0.18
[INFO] [stderr]    Compiling zeroize v1.9.0
[INFO] [stderr]    Compiling rustls-pki-types v1.14.1
[INFO] [stderr]    Compiling der v0.7.10
[INFO] [stderr]    Compiling tokio v1.52.3
[INFO] [stderr]    Compiling rustls-native-certs v0.8.4
[INFO] [stderr]    Compiling curve25519-dalek v4.1.3
[INFO] [stderr]    Compiling merlin v3.0.0
[INFO] [stderr]    Compiling spki v0.7.3
[INFO] [stderr]    Compiling pkcs8 v0.10.2
[INFO] [stderr]    Compiling ed25519 v2.2.3
[INFO] [stderr]    Compiling secrecy v0.10.3
[INFO] [stderr]    Compiling ed25519-dalek v2.2.0
[INFO] [stderr]    Compiling tracing v0.1.44
[INFO] [stderr]    Compiling axum-core v0.5.6
[INFO] [stderr]    Compiling tracing-subscriber v0.3.23
[INFO] [stderr]    Compiling thiserror v2.0.18
[INFO] [stderr]    Compiling clap v4.6.1
[INFO] [stderr]    Compiling tokio-util v0.7.18
[INFO] [stderr]    Compiling tower v0.5.3
[INFO] [stderr]    Compiling zerofrom v0.1.8
[INFO] [stderr]    Compiling yoke v0.8.3
[INFO] [stderr]    Compiling zerovec v0.11.6
[INFO] [stderr]    Compiling zerotrie v0.2.4
[INFO] [stderr]    Compiling zerocopy v0.8.52
[INFO] [stderr]    Compiling h2 v0.4.16
[INFO] [stderr]    Compiling tinystr v0.8.3
[INFO] [stderr]    Compiling potential_utf v0.1.5
[INFO] [stderr]    Compiling icu_collections v2.2.0
[INFO] [stderr]    Compiling icu_locale_core v2.2.0
[INFO] [stderr]    Compiling icu_provider v2.2.0
[INFO] [stderr]    Compiling icu_normalizer v2.2.0
[INFO] [stderr]    Compiling icu_properties v2.2.0
[INFO] [stderr]    Compiling hyper v1.10.1
[INFO] [stderr]    Compiling idna_adapter v1.2.2
[INFO] [stderr]    Compiling idna v1.1.0
[INFO] [stderr]    Compiling half v2.7.1
[INFO] [stderr]    Compiling url v2.5.8
[INFO] [stderr]    Compiling ciborium-ll v0.2.2
[INFO] [stderr]    Compiling ciborium v0.2.2
[INFO] [stderr]    Compiling hyper-util v0.1.20
[INFO] [stderr]    Compiling tower-http v0.6.11
[INFO] [stderr]    Compiling axum v0.8.9
[INFO] [stderr]    Compiling rustls-webpki v0.103.15
[INFO] [stderr]    Compiling tokio-rustls v0.26.4
[INFO] [stderr]    Compiling rustls-platform-verifier v0.7.0
[INFO] [stderr]    Compiling hyper-rustls v0.27.9
[INFO] [stderr]    Compiling reqwest v0.13.4
[INFO] [stderr]    Compiling tenuo v0.3.1 (/opt/rustwide/workdir)
[INFO] [stderr]     Finished `dev` profile [unoptimized + debuginfo] target(s) in 4m 19s
[INFO] [stdout] test test_enrollment_flow ... FAILED
[INFO] [stdout] 
[INFO] [stdout] failures:
[INFO] [stdout] 
[INFO] [stdout] ---- test_enrollment_flow stdout ----
[INFO] [stdout] 
[INFO] [stdout] thread 'test_enrollment_flow' (8426) panicked at tests/enrollment_flow.rs:40:10:
[INFO] [stdout] Failed to start control plane: Os { code: 2, kind: NotFound, message: "No such file or directory" }
[INFO] [stdout] stack backtrace:
[INFO] [stdout]    0:     0x653766e61e61 - std[70759c8f55707aa4]::backtrace_rs::backtrace::libunwind::trace
[INFO] [stdout]                                at /rustc/dfb0accb7f508ae8be965d8629557221c889dd98/library/std/src/../../backtrace/src/backtrace/libunwind.rs:117:9
[INFO] [stdout]    1:     0x653766e61e61 - std[70759c8f55707aa4]::backtrace_rs::backtrace::trace_unsynchronized::<std[70759c8f55707aa4]::sys::backtrace::_print_fmt::{closure#1}>
[INFO] [stdout]                                at /rustc/dfb0accb7f508ae8be965d8629557221c889dd98/library/std/src/../../backtrace/src/backtrace/mod.rs:66:14
[INFO] [stdout]    2:     0x653766e61e61 - std[70759c8f55707aa4]::sys::backtrace::_print_fmt
[INFO] [stdout]                                at /rustc/dfb0accb7f508ae8be965d8629557221c889dd98/library/std/src/sys/backtrace.rs:74:9
[INFO] [stdout]    3:     0x653766e61e61 - <<std[70759c8f55707aa4]::sys::backtrace::BacktraceLock>::print::DisplayBacktrace as core[df12db4294e9bfd3]::fmt::Display>::fmt
[INFO] [stdout]                                at /rustc/dfb0accb7f508ae8be965d8629557221c889dd98/library/std/src/sys/backtrace.rs:44:26
[INFO] [stdout]    4:     0x653766e7608a - <core[df12db4294e9bfd3]::fmt::rt::Argument>::fmt
[INFO] [stdout]                                at /rustc/dfb0accb7f508ae8be965d8629557221c889dd98/library/core/src/fmt/rt.rs:152:76
[INFO] [stdout]    5:     0x653766e7608a - core[df12db4294e9bfd3]::fmt::write
[INFO] [stdout]    6:     0x653766e662fc - core[df12db4294e9bfd3]::io::write::default_write_fmt::<alloc[2182bb758b4b3781]::vec::Vec<u8>>
[INFO] [stdout]                                at /rustc/dfb0accb7f508ae8be965d8629557221c889dd98/library/core/src/io/write.rs:402:11
[INFO] [stdout]    7:     0x653766e662fc - <alloc[2182bb758b4b3781]::vec::Vec<u8> as core[df12db4294e9bfd3]::io::write::Write>::write_fmt
[INFO] [stdout]                                at /rustc/dfb0accb7f508ae8be965d8629557221c889dd98/library/core/src/io/write.rs:335:13
[INFO] [stdout]    8:     0x653766e3e016 - <std[70759c8f55707aa4]::sys::backtrace::BacktraceLock>::print
[INFO] [stdout]                                at /rustc/dfb0accb7f508ae8be965d8629557221c889dd98/library/std/src/sys/backtrace.rs:47:9
[INFO] [stdout]    9:     0x653766e3e016 - std[70759c8f55707aa4]::panicking::default_hook::{closure#0}
[INFO] [stdout]                                at /rustc/dfb0accb7f508ae8be965d8629557221c889dd98/library/std/src/panicking.rs:292:27
[INFO] [stdout]   10:     0x653766e5a5c9 - std[70759c8f55707aa4]::panicking::default_hook
[INFO] [stdout]                                at /rustc/dfb0accb7f508ae8be965d8629557221c889dd98/library/std/src/panicking.rs:316:9
[INFO] [stdout]   11:     0x653766df65c0 - <alloc[2182bb758b4b3781]::boxed::Box<dyn for<'a, 'b> core[df12db4294e9bfd3]::ops::function::Fn<(&'a std[70759c8f55707aa4]::panic::PanicHookInfo<'b>,), Output = ()> + core[df12db4294e9bfd3]::marker::Send + core[df12db4294e9bfd3]::marker::Sync> as core[df12db4294e9bfd3]::ops::function::Fn<(&std[70759c8f55707aa4]::panic::PanicHookInfo,)>>::call
[INFO] [stdout]                                at /rustc/dfb0accb7f508ae8be965d8629557221c889dd98/library/alloc/src/boxed.rs:2334:9
[INFO] [stdout]   12:     0x653766df65c0 - test[9d35eded1c95d3be]::test_main_inner::<test[9d35eded1c95d3be]::test_main_static::{closure#0}>::{closure#0}
[INFO] [stdout]                                at /rustc/dfb0accb7f508ae8be965d8629557221c889dd98/library/test/src/lib.rs:155:21
[INFO] [stdout]   13:     0x653766e5a782 - <alloc[2182bb758b4b3781]::boxed::Box<dyn for<'a, 'b> core[df12db4294e9bfd3]::ops::function::Fn<(&'a std[70759c8f55707aa4]::panic::PanicHookInfo<'b>,), Output = ()> + core[df12db4294e9bfd3]::marker::Send + core[df12db4294e9bfd3]::marker::Sync> as core[df12db4294e9bfd3]::ops::function::Fn<(&std[70759c8f55707aa4]::panic::PanicHookInfo,)>>::call
[INFO] [stdout]                                at /rustc/dfb0accb7f508ae8be965d8629557221c889dd98/library/alloc/src/boxed.rs:2334:9
[INFO] [stdout]   14:     0x653766e5a782 - std[70759c8f55707aa4]::panicking::panic_with_hook
[INFO] [stdout]                                at /rustc/dfb0accb7f508ae8be965d8629557221c889dd98/library/std/src/panicking.rs:823:13
[INFO] [stdout]   15:     0x653766e3e0c2 - std[70759c8f55707aa4]::panicking::panic_handler::{closure#0}
[INFO] [stdout]                                at /rustc/dfb0accb7f508ae8be965d8629557221c889dd98/library/std/src/panicking.rs:688:13
[INFO] [stdout]   16:     0x653766e36e49 - std[70759c8f55707aa4]::sys::backtrace::__rust_end_short_backtrace::<std[70759c8f55707aa4]::panicking::panic_handler::{closure#0}, !>
[INFO] [stdout]                                at /rustc/dfb0accb7f508ae8be965d8629557221c889dd98/library/std/src/sys/backtrace.rs:182:18
[INFO] [stdout]   17:     0x653766e3ecbd - __rustc[8fa7c3cbc660c2b3]::rust_begin_unwind
[INFO] [stdout]                                at /rustc/dfb0accb7f508ae8be965d8629557221c889dd98/library/std/src/panicking.rs:679:5
[INFO] [stdout]   18:     0x653766e767fc - core[df12db4294e9bfd3]::panicking::panic_fmt
[INFO] [stdout]                                at /rustc/dfb0accb7f508ae8be965d8629557221c889dd98/library/core/src/panicking.rs:80:14
[INFO] [stdout]   19:     0x653766e765d2 - core[df12db4294e9bfd3]::result::unwrap_failed
[INFO] [stdout]                                at /rustc/dfb0accb7f508ae8be965d8629557221c889dd98/library/core/src/result.rs:1871:5
[INFO] [stdout]   20:     0x653766de54a6 - <core[df12db4294e9bfd3]::result::Result<std[70759c8f55707aa4]::process::Child, core[df12db4294e9bfd3]::io::error::Error>>::expect
[INFO] [stdout]                                at /rustc/dfb0accb7f508ae8be965d8629557221c889dd98/library/core/src/result.rs:1184:23
[INFO] [stdout]   21:     0x653766dccab9 - enrollment_flow[d39470348323bfdd]::test_enrollment_flow
[INFO] [stdout]                                at /opt/rustwide/workdir/tests/enrollment_flow.rs:40:10
[INFO] [stdout]   22:     0x653766dcbcb7 - enrollment_flow[d39470348323bfdd]::test_enrollment_flow::{closure#0}
[INFO] [stdout]                                at /opt/rustwide/workdir/tests/enrollment_flow.rs:16:26
[INFO] [stdout]   23:     0x653766ddffe6 - <enrollment_flow[d39470348323bfdd]::test_enrollment_flow::{closure#0} as core[df12db4294e9bfd3]::ops::function::FnOnce<()>>::call_once
[INFO] [stdout]                                at /rustc/dfb0accb7f508ae8be965d8629557221c889dd98/library/core/src/ops/function.rs:250:5
[INFO] [stdout]   24:     0x653766de98ab - <fn() -> core[df12db4294e9bfd3]::result::Result<(), alloc[2182bb758b4b3781]::string::String> as core[df12db4294e9bfd3]::ops::function::FnOnce<()>>::call_once
[INFO] [stdout]                                at /rustc/dfb0accb7f508ae8be965d8629557221c889dd98/library/core/src/ops/function.rs:250:5
[INFO] [stdout]   25:     0x653766de98ab - test[9d35eded1c95d3be]::__rust_begin_short_backtrace::<core[df12db4294e9bfd3]::result::Result<(), alloc[2182bb758b4b3781]::string::String>, fn() -> core[df12db4294e9bfd3]::result::Result<(), alloc[2182bb758b4b3781]::string::String>>
[INFO] [stdout]                                at /rustc/dfb0accb7f508ae8be965d8629557221c889dd98/library/test/src/lib.rs:733:18
[INFO] [stdout]   26:     0x653766df6f15 - test[9d35eded1c95d3be]::run_test_in_process::{closure#0}
[INFO] [stdout]                                at /rustc/dfb0accb7f508ae8be965d8629557221c889dd98/library/test/src/lib.rs:756:74
[INFO] [stdout]   27:     0x653766df6f15 - <core[df12db4294e9bfd3]::panic::unwind_safe::AssertUnwindSafe<test[9d35eded1c95d3be]::run_test_in_process::{closure#0}> as core[df12db4294e9bfd3]::ops::function::FnOnce<()>>::call_once
[INFO] [stdout]                                at /rustc/dfb0accb7f508ae8be965d8629557221c889dd98/library/core/src/panic/unwind_safe.rs:275:9
[INFO] [stdout]   28:     0x653766df6f15 - std[70759c8f55707aa4]::panicking::catch_unwind::do_call::<core[df12db4294e9bfd3]::panic::unwind_safe::AssertUnwindSafe<test[9d35eded1c95d3be]::run_test_in_process::{closure#0}>, core[df12db4294e9bfd3]::result::Result<(), alloc[2182bb758b4b3781]::string::String>>
[INFO] [stdout]                                at /rustc/dfb0accb7f508ae8be965d8629557221c889dd98/library/std/src/panicking.rs:576:43
[INFO] [stdout]   29:     0x653766df6f15 - std[70759c8f55707aa4]::panicking::catch_unwind::<core[df12db4294e9bfd3]::result::Result<(), alloc[2182bb758b4b3781]::string::String>, core[df12db4294e9bfd3]::panic::unwind_safe::AssertUnwindSafe<test[9d35eded1c95d3be]::run_test_in_process::{closure#0}>>
[INFO] [stdout]                                at /rustc/dfb0accb7f508ae8be965d8629557221c889dd98/library/std/src/panicking.rs:544:19
[INFO] [stdout]   30:     0x653766df6f15 - std[70759c8f55707aa4]::panic::catch_unwind::<core[df12db4294e9bfd3]::panic::unwind_safe::AssertUnwindSafe<test[9d35eded1c95d3be]::run_test_in_process::{closure#0}>, core[df12db4294e9bfd3]::result::Result<(), alloc[2182bb758b4b3781]::string::String>>
[INFO] [stdout]                                at /rustc/dfb0accb7f508ae8be965d8629557221c889dd98/library/std/src/panic.rs:359:14
[INFO] [stdout]   31:     0x653766df6f15 - test[9d35eded1c95d3be]::run_test_in_process
[INFO] [stdout]                                at /rustc/dfb0accb7f508ae8be965d8629557221c889dd98/library/test/src/lib.rs:756:27
[INFO] [stdout]   32:     0x653766df6f15 - test[9d35eded1c95d3be]::run_test::{closure#0}
[INFO] [stdout]                                at /rustc/dfb0accb7f508ae8be965d8629557221c889dd98/library/test/src/lib.rs:677:43
[INFO] [stdout]   33:     0x653766df07d4 - test[9d35eded1c95d3be]::run_test::{closure#1}
[INFO] [stdout]                                at /rustc/dfb0accb7f508ae8be965d8629557221c889dd98/library/test/src/lib.rs:707:41
[INFO] [stdout]   34:     0x653766df07d4 - std[70759c8f55707aa4]::sys::backtrace::__rust_begin_short_backtrace::<test[9d35eded1c95d3be]::run_test::{closure#1}, ()>
[INFO] [stdout]                                at /rustc/dfb0accb7f508ae8be965d8629557221c889dd98/library/std/src/sys/backtrace.rs:166:18
[INFO] [stdout]   35:     0x653766dfa072 - std[70759c8f55707aa4]::thread::lifecycle::spawn_unchecked::<test[9d35eded1c95d3be]::run_test::{closure#1}, ()>::{closure#1}::{closure#0}
[INFO] [stdout]                                at /rustc/dfb0accb7f508ae8be965d8629557221c889dd98/library/std/src/thread/lifecycle.rs:70:13
[INFO] [stdout]   36:     0x653766dfa072 - <core[df12db4294e9bfd3]::panic::unwind_safe::AssertUnwindSafe<std[70759c8f55707aa4]::thread::lifecycle::spawn_unchecked<test[9d35eded1c95d3be]::run_test::{closure#1}, ()>::{closure#1}::{closure#0}> as core[df12db4294e9bfd3]::ops::function::FnOnce<()>>::call_once
[INFO] [stdout]                                at /rustc/dfb0accb7f508ae8be965d8629557221c889dd98/library/core/src/panic/unwind_safe.rs:275:9
[INFO] [stdout]   37:     0x653766dfa072 - std[70759c8f55707aa4]::panicking::catch_unwind::do_call::<core[df12db4294e9bfd3]::panic::unwind_safe::AssertUnwindSafe<std[70759c8f55707aa4]::thread::lifecycle::spawn_unchecked<test[9d35eded1c95d3be]::run_test::{closure#1}, ()>::{closure#1}::{closure#0}>, ()>
[INFO] [stdout]                                at /rustc/dfb0accb7f508ae8be965d8629557221c889dd98/library/std/src/panicking.rs:576:43
[INFO] [stdout]   38:     0x653766dfa072 - std[70759c8f55707aa4]::panicking::catch_unwind::<(), core[df12db4294e9bfd3]::panic::unwind_safe::AssertUnwindSafe<std[70759c8f55707aa4]::thread::lifecycle::spawn_unchecked<test[9d35eded1c95d3be]::run_test::{closure#1}, ()>::{closure#1}::{closure#0}>>
[INFO] [stdout]                                at /rustc/dfb0accb7f508ae8be965d8629557221c889dd98/library/std/src/panicking.rs:544:19
[INFO] [stdout]   39:     0x653766dfa072 - std[70759c8f55707aa4]::panic::catch_unwind::<core[df12db4294e9bfd3]::panic::unwind_safe::AssertUnwindSafe<std[70759c8f55707aa4]::thread::lifecycle::spawn_unchecked<test[9d35eded1c95d3be]::run_test::{closure#1}, ()>::{closure#1}::{closure#0}>, ()>
[INFO] [stdout]                                at /rustc/dfb0accb7f508ae8be965d8629557221c889dd98/library/std/src/panic.rs:359:14
[INFO] [stdout]   40:     0x653766dfa072 - std[70759c8f55707aa4]::thread::lifecycle::spawn_unchecked::<test[9d35eded1c95d3be]::run_test::{closure#1}, ()>::{closure#1}
[INFO] [stdout]                                at /rustc/dfb0accb7f508ae8be965d8629557221c889dd98/library/std/src/thread/lifecycle.rs:68:26
[INFO] [stdout]   41:     0x653766dfa072 - <std[70759c8f55707aa4]::thread::lifecycle::spawn_unchecked<test[9d35eded1c95d3be]::run_test::{closure#1}, ()>::{closure#1} as core[df12db4294e9bfd3]::ops::function::FnOnce<()>>::call_once::{shim:vtable#0}
[INFO] [stdout]                                at /rustc/dfb0accb7f508ae8be965d8629557221c889dd98/library/core/src/ops/function.rs:250:5
[INFO] [stdout]   42:     0x653766e61739 - <alloc[2182bb758b4b3781]::boxed::Box<dyn core[df12db4294e9bfd3]::ops::function::FnOnce<(), Output = ()> + core[df12db4294e9bfd3]::marker::Send> as core[df12db4294e9bfd3]::ops::function::FnOnce<()>>::call_once
[INFO] [stdout]                                at /rustc/dfb0accb7f508ae8be965d8629557221c889dd98/library/alloc/src/boxed.rs:2320:9
[INFO] [stdout]   43:     0x653766e61739 - <std[70759c8f55707aa4]::sys::thread::unix::Thread>::new::thread_start
[INFO] [stdout]                                at /rustc/dfb0accb7f508ae8be965d8629557221c889dd98/library/std/src/sys/thread/unix.rs:123:17
[INFO] [stdout]   44:     0x730fe636fdfa - <unknown>
[INFO] [stdout]   45:     0x730fe64033d4 - clone
[INFO] [stdout]   46:                0x0 - <unknown>
[INFO] [stdout] 
[INFO] [stdout] 
[INFO] [stdout] failures:
[INFO] [stdout]     test_enrollment_flow
[INFO] [stdout] 
[INFO] [stdout] test result: FAILED. 0 passed; 1 failed; 0 ignored; 0 measured; 0 filtered out; finished in 259.68s
[INFO] [stdout] 
[INFO] [stderr] error: test failed, to rerun pass `--test enrollment_flow`
[INFO] running `Command { std: "docker" "inspect" "b029827e4d01b3f84088afc3e1ab2abb8643657c5eef0cbf1d597e120f41123b", kill_on_drop: false }`
[INFO] running `Command { std: "docker" "rm" "-f" "b029827e4d01b3f84088afc3e1ab2abb8643657c5eef0cbf1d597e120f41123b", kill_on_drop: false }`
[INFO] [stdout] b029827e4d01b3f84088afc3e1ab2abb8643657c5eef0cbf1d597e120f41123b
