[INFO] fetching crate tenrso-core 0.1.0-rc.1...
[INFO] testing tenrso-core-0.1.0-rc.1 against 1.99.0-beta.8 for beta-1.100-2
[INFO] extracting crate tenrso-core 0.1.0-rc.1 into /workspace/builds/worker-2-tc1/source
[INFO] started tweaking crates.io crate tenrso-core 0.1.0-rc.1
[INFO] removed 0 missing examples
[INFO] removed 0 missing tests
[INFO] finished tweaking crates.io crate tenrso-core 0.1.0-rc.1
[INFO] tweaked toml for crates.io crate tenrso-core 0.1.0-rc.1 written to /workspace/builds/worker-2-tc1/source/Cargo.toml
[INFO] validating manifest of crates.io crate tenrso-core 0.1.0-rc.1 on toolchain 1.99.0-beta.8
[INFO] running `Command { std: CARGO_HOME="/workspace/cargo-home" RUSTUP_HOME="/workspace/rustup-home" "/workspace/cargo-home/bin/cargo" "+1.99.0-beta.8" "metadata" "--manifest-path" "Cargo.toml" "--no-deps", kill_on_drop: false }`
[INFO] crate crates.io crate tenrso-core 0.1.0-rc.1 already has a lockfile, it will not be regenerated
[INFO] running `Command { std: CARGO_HOME="/workspace/cargo-home" RUSTUP_HOME="/workspace/rustup-home" "/workspace/cargo-home/bin/cargo" "+1.99.0-beta.8" "fetch" "--manifest-path" "Cargo.toml", kill_on_drop: false }`
[INFO] [stderr]     Updating crates.io index
[INFO] [stderr]  Downloading crates ...
[INFO] [stderr]   Downloaded safe_arch v1.0.0
[INFO] [stderr]   Downloaded bytemuck_derive v1.10.2
[INFO] [stderr]   Downloaded ndarray-rand v0.16.0
[INFO] [stderr]   Downloaded oxicode_derive v0.1.0
[INFO] [stderr]   Downloaded oxifft-codegen v0.1.3
[INFO] [stderr]   Downloaded clap_lex v1.0.0
[INFO] [stderr]   Downloaded oxiblas-ndarray v0.1.2
[INFO] [stderr]   Downloaded oxiarc-zstd v0.2.1
[INFO] [stderr]   Downloaded oxiarc-core v0.2.1
[INFO] [stderr]   Downloaded oxiarc-lz4 v0.2.1
[INFO] [stderr]   Downloaded ciborium-ll v0.2.2
[INFO] [stderr]   Downloaded ciborium-io v0.2.2
[INFO] [stderr]   Downloaded alloca v0.4.0
[INFO] [stderr]   Downloaded uuid v1.22.0
[INFO] [stderr]   Downloaded portable-atomic-util v0.2.5
[INFO] [stderr]   Downloaded criterion-plot v0.8.2
[INFO] [stderr]   Downloaded anstyle v1.0.13
[INFO] [stderr]   Downloaded oxiblas-matrix v0.1.2
[INFO] [stderr]   Downloaded spin v0.10.0
[INFO] [stderr]   Downloaded ciborium v0.2.2
[INFO] [stderr]   Downloaded wide v1.1.1
[INFO] [stderr]   Downloaded simba v0.9.1
[INFO] [stderr]   Downloaded safe_arch v0.7.4
[INFO] [stderr]   Downloaded anes v0.1.6
[INFO] [stderr]   Downloaded rand_distr v0.5.1
[INFO] [stderr]   Downloaded oxiblas-core v0.1.2
[INFO] [stderr]   Downloaded clap v4.5.60
[INFO] [stderr]   Downloaded wide v0.7.33
[INFO] [stderr]   Downloaded oxicode v0.1.1
[INFO] [stderr]   Downloaded criterion v0.8.2
[INFO] [stderr]   Downloaded statrs v0.18.0
[INFO] [stderr]   Downloaded oxiblas-blas v0.1.2
[INFO] [stderr]   Downloaded clap_builder v4.5.60
[INFO] [stderr]   Downloaded oxiblas-lapack v0.1.2
[INFO] [stderr]   Downloaded oxifft v0.1.3
[INFO] [stderr]   Downloaded nalgebra v0.33.2
[INFO] [stderr]   Downloaded scirs2-fft v0.3.0
[INFO] [stderr]   Downloaded scirs2-linalg v0.3.0
[INFO] [stderr]   Downloaded scirs2-core v0.3.0
[INFO] running `Command { std: "docker" "create" "-v" "/var/lib/crater-agent-workspace/builds/worker-2-tc1/source:/opt/rustwide/workdir:ro,Z" "-v" "/var/lib/crater-agent-workspace/builds/worker-2-tc1/target:/opt/rustwide/target:rw,Z" "-v" "/var/lib/crater-agent-workspace/cargo-home:/opt/rustwide/cargo-home:ro,Z" "-v" "/var/lib/crater-agent-workspace/rustup-home:/opt/rustwide/rustup-home:ro,Z" "-m" "1610612736" "--network" "none" "ghcr.io/rust-lang/crates-build-env/linux@sha256:3111399a4047eeb3a02b7a90e478d715f38a8c6669b5c4b49d30a17385265909" "sleep" "infinity", kill_on_drop: false }`
[INFO] [stdout] 9c8aaf70a982f113e5082337c6a7cb88a64d16c55eaaf6ef49f4d6fbf3e9eb4c
[INFO] running `Command { std: "docker" "start" "9c8aaf70a982f113e5082337c6a7cb88a64d16c55eaaf6ef49f4d6fbf3e9eb4c", kill_on_drop: false }`
[INFO] running `Command { std: "docker" "inspect" "9c8aaf70a982f113e5082337c6a7cb88a64d16c55eaaf6ef49f4d6fbf3e9eb4c", kill_on_drop: false }`
[INFO] running `Command { std: "docker" "exec" "-e" "SOURCE_DIR=/opt/rustwide/workdir" "-e" "CARGO_HOME=/opt/rustwide/cargo-home" "-e" "RUSTUP_HOME=/opt/rustwide/rustup-home" "-e" "CARGO_TARGET_DIR=/opt/rustwide/target" "-w" "/opt/rustwide/workdir" "--user" "0:0" "9c8aaf70a982f113e5082337c6a7cb88a64d16c55eaaf6ef49f4d6fbf3e9eb4c" "/opt/rustwide/cargo-home/bin/cargo" "+1.99.0-beta.8" "metadata" "--no-deps" "--format-version=1", kill_on_drop: false }`
[INFO] running `Command { std: "docker" "inspect" "9c8aaf70a982f113e5082337c6a7cb88a64d16c55eaaf6ef49f4d6fbf3e9eb4c", kill_on_drop: false }`
[INFO] running `Command { std: "docker" "exec" "-e" "SOURCE_DIR=/opt/rustwide/workdir" "-e" "CARGO_HOME=/opt/rustwide/cargo-home" "-e" "RUSTUP_HOME=/opt/rustwide/rustup-home" "-e" "CARGO_TARGET_DIR=/opt/rustwide/target" "-e" "CARGO_INCREMENTAL=0" "-e" "RUST_BACKTRACE=full" "-e" "RUSTFLAGS=--cap-lints=warn" "-e" "RUSTDOCFLAGS=--cap-lints=warn" "-w" "/opt/rustwide/workdir" "--user" "0:0" "9c8aaf70a982f113e5082337c6a7cb88a64d16c55eaaf6ef49f4d6fbf3e9eb4c" "/opt/rustwide/cargo-home/bin/cargo" "+1.99.0-beta.8" "build" "--frozen" "--message-format=json", kill_on_drop: false }`
[INFO] [stderr]    Compiling proc-macro2 v1.0.106
[INFO] [stderr]    Compiling libc v0.2.182
[INFO] [stderr]    Compiling serde_core v1.0.228
[INFO] [stderr]    Compiling getrandom v0.3.4
[INFO] [stderr]    Compiling zerocopy v0.8.40
[INFO] [stderr]    Compiling rawpointer v0.2.1
[INFO] [stderr]    Compiling either v1.15.0
[INFO] [stderr]    Compiling num-traits v0.2.19
[INFO] [stderr]    Compiling serde v1.0.228
[INFO] [stderr]    Compiling matrixmultiply v0.3.10
[INFO] [stderr]    Compiling getrandom v0.4.2
[INFO] [stderr]    Compiling cc v1.2.56
[INFO] [stderr]    Compiling serde_json v1.0.149
[INFO] [stderr]    Compiling rayon-core v1.13.0
[INFO] [stderr]    Compiling smallvec v1.15.1
[INFO] [stderr]    Compiling crc32fast v1.5.0
[INFO] [stderr]    Compiling crossbeam-channel v0.5.15
[INFO] [stderr]    Compiling crossbeam-queue v0.3.12
[INFO] [stderr]    Compiling memchr v2.8.0
[INFO] [stderr]    Compiling itoa v1.0.17
[INFO] [stderr]    Compiling crossbeam v0.8.4
[INFO] [stderr]    Compiling rayon v1.11.0
[INFO] [stderr]    Compiling quote v1.0.45
[INFO] [stderr]    Compiling syn v2.0.117
[INFO] [stderr]    Compiling scirs2-core v0.3.0
[INFO] [stderr]    Compiling approx v0.5.1
[INFO] [stderr]    Compiling num-integer v0.1.46
[INFO] [stderr]    Compiling parking_lot_core v0.9.12
[INFO] [stderr]    Compiling num_cpus v1.17.0
[INFO] [stderr]    Compiling rand_core v0.9.5
[INFO] [stderr]    Compiling parking_lot v0.12.5
[INFO] [stderr]    Compiling uuid v1.22.0
[INFO] [stderr]    Compiling serde_derive v1.0.228
[INFO] [stderr]    Compiling thiserror-impl v2.0.18
[INFO] [stderr]    Compiling thiserror v2.0.18
[INFO] [stderr]    Compiling oxiarc-core v0.2.1
[INFO] [stderr]    Compiling oxiarc-zstd v0.2.1
[INFO] [stderr]    Compiling oxiarc-lz4 v0.2.1
[INFO] [stderr]    Compiling ppv-lite86 v0.2.21
[INFO] [stderr]    Compiling rand_chacha v0.9.0
[INFO] [stderr]    Compiling rand v0.9.2
[INFO] [stderr]    Compiling num-complex v0.4.6
[INFO] [stderr]    Compiling chrono v0.4.44
[INFO] [stderr]    Compiling rand_distr v0.5.1
[INFO] [stderr]    Compiling ndarray v0.17.2
[INFO] [stderr]    Compiling ndarray-rand v0.16.0
[INFO] [stderr]    Compiling tenrso-core v0.1.0-rc.1 (/opt/rustwide/workdir)
[INFO] [stderr]     Finished `dev` profile [unoptimized + debuginfo] target(s) in 48.66s
[INFO] running `Command { std: "docker" "inspect" "9c8aaf70a982f113e5082337c6a7cb88a64d16c55eaaf6ef49f4d6fbf3e9eb4c", kill_on_drop: false }`
[INFO] running `Command { std: "docker" "exec" "-e" "SOURCE_DIR=/opt/rustwide/workdir" "-e" "CARGO_HOME=/opt/rustwide/cargo-home" "-e" "RUSTUP_HOME=/opt/rustwide/rustup-home" "-e" "CARGO_TARGET_DIR=/opt/rustwide/target" "-e" "CARGO_INCREMENTAL=0" "-e" "RUST_BACKTRACE=full" "-e" "RUSTFLAGS=--cap-lints=warn" "-e" "RUSTDOCFLAGS=--cap-lints=warn" "-w" "/opt/rustwide/workdir" "--user" "0:0" "9c8aaf70a982f113e5082337c6a7cb88a64d16c55eaaf6ef49f4d6fbf3e9eb4c" "/opt/rustwide/cargo-home/bin/cargo" "+1.99.0-beta.8" "test" "--frozen" "--no-run" "--message-format=json", kill_on_drop: false }`
[INFO] [stderr]    Compiling zerocopy v0.8.40
[INFO] [stderr]    Compiling either v1.15.0
[INFO] [stderr]    Compiling num-traits v0.2.19
[INFO] [stderr]    Compiling rustix v1.1.4
[INFO] [stderr]    Compiling syn v2.0.117
[INFO] [stderr]    Compiling bitflags v2.11.0
[INFO] [stderr]    Compiling linux-raw-sys v0.12.1
[INFO] [stderr]    Compiling alloca v0.4.0
[INFO] [stderr]    Compiling clap_lex v1.0.0
[INFO] [stderr]    Compiling anstyle v1.0.13
[INFO] [stderr]    Compiling fastrand v2.3.0
[INFO] [stderr]    Compiling plotters-backend v0.3.7
[INFO] [stderr]    Compiling ciborium-io v0.2.2
[INFO] [stderr]    Compiling regex-automata v0.4.14
[INFO] [stderr]    Compiling wait-timeout v0.2.1
[INFO] [stderr]    Compiling bit-vec v0.8.0
[INFO] [stderr]    Compiling quick-error v1.2.3
[INFO] [stderr]    Compiling rayon v1.11.0
[INFO] [stderr]    Compiling clap_builder v4.5.60
[INFO] [stderr]    Compiling itertools v0.13.0
[INFO] [stderr]    Compiling cast v0.3.0
[INFO] [stderr]    Compiling plotters-svg v0.3.7
[INFO] [stderr]    Compiling rand_xorshift v0.4.0
[INFO] [stderr]    Compiling bit-set v0.8.0
[INFO] [stderr]    Compiling page_size v0.6.0
[INFO] [stderr]    Compiling anes v0.1.6
[INFO] [stderr]    Compiling oorandom v11.1.5
[INFO] [stderr]    Compiling unarray v0.1.4
[INFO] [stderr]    Compiling num-integer v0.1.46
[INFO] [stderr]    Compiling approx v0.5.1
[INFO] [stderr]    Compiling plotters v0.3.7
[INFO] [stderr]    Compiling regex v1.12.3
[INFO] [stderr]    Compiling tempfile v3.26.0
[INFO] [stderr]    Compiling criterion-plot v0.8.2
[INFO] [stderr]    Compiling rusty-fork v0.3.1
[INFO] [stderr]    Compiling clap v4.5.60
[INFO] [stderr]    Compiling zerocopy-derive v0.8.40
[INFO] [stderr]    Compiling serde_derive v1.0.228
[INFO] [stderr]    Compiling thiserror-impl v2.0.18
[INFO] [stderr]    Compiling thiserror v2.0.18
[INFO] [stderr]    Compiling oxiarc-core v0.2.1
[INFO] [stderr]    Compiling oxiarc-zstd v0.2.1
[INFO] [stderr]    Compiling oxiarc-lz4 v0.2.1
[INFO] [stderr]    Compiling serde v1.0.228
[INFO] [stderr]    Compiling num-complex v0.4.6
[INFO] [stderr]    Compiling chrono v0.4.44
[INFO] [stderr]    Compiling tinytemplate v1.2.1
[INFO] [stderr]    Compiling ndarray v0.17.2
[INFO] [stderr]    Compiling ppv-lite86 v0.2.21
[INFO] [stderr]    Compiling half v2.7.1
[INFO] [stderr]    Compiling ciborium-ll v0.2.2
[INFO] [stderr]    Compiling ciborium v0.2.2
[INFO] [stderr]    Compiling rand_chacha v0.9.0
[INFO] [stderr]    Compiling rand v0.9.2
[INFO] [stderr]    Compiling criterion v0.8.2
[INFO] [stderr]    Compiling rand_distr v0.5.1
[INFO] [stderr]    Compiling proptest v1.10.0
[INFO] [stderr]    Compiling ndarray-rand v0.16.0
[INFO] [stderr]    Compiling scirs2-core v0.3.0
[INFO] [stderr]    Compiling tenrso-core v0.1.0-rc.1 (/opt/rustwide/workdir)
[INFO] [stderr]     Finished `test` profile [unoptimized + debuginfo] target(s) in 1m 12s
[INFO] running `Command { std: "docker" "inspect" "9c8aaf70a982f113e5082337c6a7cb88a64d16c55eaaf6ef49f4d6fbf3e9eb4c", kill_on_drop: false }`
[INFO] running `Command { std: "docker" "exec" "-e" "SOURCE_DIR=/opt/rustwide/workdir" "-e" "CARGO_HOME=/opt/rustwide/cargo-home" "-e" "RUSTUP_HOME=/opt/rustwide/rustup-home" "-e" "CARGO_TARGET_DIR=/opt/rustwide/target" "-e" "CARGO_INCREMENTAL=0" "-e" "RUST_BACKTRACE=full" "-e" "RUSTFLAGS=--cap-lints=warn" "-e" "RUSTDOCFLAGS=--cap-lints=warn" "-w" "/opt/rustwide/workdir" "--user" "0:0" "9c8aaf70a982f113e5082337c6a7cb88a64d16c55eaaf6ef49f4d6fbf3e9eb4c" "/opt/rustwide/cargo-home/bin/cargo" "+1.99.0-beta.8" "test" "--frozen", kill_on_drop: false }`
[INFO] [stderr]     Finished `test` profile [unoptimized + debuginfo] target(s) in 0.25s
[INFO] [stderr]      Running unittests src/lib.rs (/opt/rustwide/target/debug/deps/tenrso_core-8ef7457a9c4addbd)
[INFO] [stdout] 
[INFO] [stdout] running 138 tests
[INFO] [stdout] test dense::functions::tests::test_broadcast_add ... ok
[INFO] [stdout] test dense::convolution::tests::test_conv2d_dilation ... ok
[INFO] [stdout] test dense::functions::tests::test_broadcast_to_same_shape ... ok
[INFO] [stdout] test dense::convolution::tests::test_col2im_roundtrip ... ok
[INFO] [stdout] test dense::convolution::tests::test_im2col_basic ... ok
[INFO] [stdout] test dense::functions::tests::test_broadcast_complex_3d ... ok
[INFO] [stdout] test dense::functions::tests::test_concatenate_axis_0 ... ok
[INFO] [stdout] test dense::functions::tests::test_broadcast_matching_shapes ... ok
[INFO] [stdout] test dense::functions::tests::test_broadcast_to_scalar ... ok
[INFO] [stdout] test dense::convolution::tests::test_conv2d_batched_correctness ... ok
[INFO] [stdout] test dense::functions::tests::test_broadcast_scalar_like ... ok
[INFO] [stdout] test dense::functions::tests::test_broadcast_to_simple ... ok
[INFO] [stdout] test dense::convolution::tests::test_conv2d_multichannel ... ok
[INFO] [stdout] test dense::functions::tests::test_broadcast_sub ... ok
[INFO] [stdout] test dense::functions::tests::test_concatenate_multiple ... ok
[INFO] [stdout] test dense::functions::tests::test_concatenate_axis_1 ... ok
[INFO] [stdout] test dense::functions::tests::test_broadcast_to_incompatible ... ok
[INFO] [stdout] test dense::functions::tests::test_create_zeros ... ok
[INFO] [stdout] test dense::functions::tests::test_broadcast_to_3d ... ok
[INFO] [stdout] test dense::functions::tests::test_create_ones ... ok
[INFO] [stdout] test dense::functions::tests::test_diagonal_square ... ok
[INFO] [stdout] test dense::functions::tests::test_diagonal_rectangular ... ok
[INFO] [stdout] test dense::functions::tests::test_hadamard ... ok
[INFO] [stdout] test dense::functions::tests::test_chunk_equal_size ... ok
[INFO] [stdout] test dense::functions::tests::test_broadcast_to_rank_mismatch ... ok
[INFO] [stdout] test dense::functions::tests::test_chunk_last_smaller ... ok
[INFO] [stdout] test dense::functions::tests::test_from_elem ... ok
[INFO] [stdout] test dense::convolution::tests::test_conv2d_stride ... ok
[INFO] [stdout] test dense::functions::tests::test_from_vec ... ok
[INFO] [stdout] test dense::functions::tests::test_matmul ... ok
[INFO] [stdout] test dense::functions::tests::test_reshape ... ok
[INFO] [stdout] test dense::functions::tests::test_scalar_divide ... ok
[INFO] [stdout] test dense::functions::tests::test_scalar_add ... ok
[INFO] [stdout] test dense::functions::tests::test_scalar_multiply ... ok
[INFO] [stdout] test dense::functions::tests::test_split_axis_1 ... ok
[INFO] [stdout] test dense::functions::tests::test_split_concatenate_roundtrip ... ok
[INFO] [stdout] test dense::functions::tests::test_stack_axis_0 ... ok
[INFO] [stdout] test dense::functions::tests::test_hadamard_error_shape_mismatch ... ok
[INFO] [stdout] test dense::functions::tests::test_squeeze_all ... ok
[INFO] [stdout] test dense::functions::tests::test_squeeze_all_ones ... ok
[INFO] [stdout] test dense::functions::tests::test_squeeze_no_singletons ... ok
[INFO] [stdout] test dense::functions::tests::test_matmul_error_mismatch ... ok
[INFO] [stdout] test dense::functions::tests::test_squeeze_axis ... ok
[INFO] [stdout] test dense::functions::tests::test_random_uniform ... ok
[INFO] [stdout] test dense::functions::tests::test_transpose ... ok
[INFO] [stdout] test dense::functions::tests::test_stack_axis_2 ... ok
[INFO] [stdout] test dense::functions::tests::test_transpose_error_3d ... ok
[INFO] [stdout] test dense::functions::tests::test_stack_axis_1 ... ok
[INFO] [stdout] test dense::functions::tests::test_matmul_rectangular ... ok
[INFO] [stdout] test dense::functions::tests::test_permute ... ok
[INFO] [stdout] test dense::functions::tests::test_split_axis_0 ... ok
[INFO] [stdout] test dense::functions::tests::test_trace ... ok
[INFO] [stdout] test dense::functions::tests::test_scalar_subtract ... ok
[INFO] [stdout] test dense::functions::tests::test_squeeze_axis_error ... ok
[INFO] [stdout] test dense::functions::tests::test_trace_error_non_square ... ok
[INFO] [stdout] test dense::functions::tests::test_split_error_not_divisible ... ok
[INFO] [stdout] test dense::indexing::tests::test_first_empty ... ok
[INFO] [stdout] test dense::indexing::tests::test_get_checked_mut ... ok
[INFO] [stdout] test dense::functions::tests::test_unfold ... ok
[INFO] [stdout] test dense::indexing::tests::test_get_checked_success ... ok
[INFO] [stdout] test dense::indexing::tests::test_get_checked_mut_out_of_bounds ... ok
[INFO] [stdout] test dense::functions::tests::test_unfold_fold_roundtrip ... ok
[INFO] [stdout] test dense::functions::tests::test_unsqueeze_end ... ok
[INFO] [stdout] test dense::functions::tests::test_unsqueeze_beginning ... ok
[INFO] [stdout] test dense::indexing::tests::test_first ... ok
[INFO] [stdout] test dense::functions::tests::test_unsqueeze_middle ... ok
[INFO] [stdout] test dense::indexing::tests::test_last_empty ... ok
[INFO] [stdout] test dense::indexing::tests::test_safety_methods_on_multidimensional ... ok
[INFO] [stdout] test dense::indexing::tests::test_try_as_slice_contiguous ... ok
[INFO] [stdout] test dense::functions::tests::test_random_normal ... ok
[INFO] [stdout] test dense::indexing::tests::test_get_checked_wrong_rank ... ok
[INFO] [stdout] test dense::indexing::tests::test_get_checked_out_of_bounds ... ok
[INFO] [stdout] test dense::functions::tests::test_unsqueeze_squeeze_roundtrip ... ok
[INFO] [stdout] test dense::indexing::tests::test_get_vs_get_checked ... ok
[INFO] [stdout] test dense::indexing::tests::test_try_as_slice_mut_contiguous ... ok
[INFO] [stdout] test dense::indexing::tests::test_last ... ok
[INFO] [stdout] test dense::convolution::tests::test_conv2d_unbatched_correctness ... ok
[INFO] [stdout] test property_tests::tests::prop_cumprod_positive_values ... ok
[INFO] [stdout] test property_tests::tests::prop_argsort_produces_sorted_array ... ok
[INFO] [stdout] test property_tests::tests::prop_broadcast_consistent_with_manual ... ok
[INFO] [stdout] test property_tests::tests::prop_broadcast_preserves_values ... ok
[INFO] [stdout] test property_tests::tests::prop_broadcast_3d ... ok
[INFO] [stdout] test property_tests::tests::prop_cumprod_first_element ... ok
[INFO] [stdout] test property_tests::tests::prop_cumsum_last_equals_sum ... ok
[INFO] [stdout] test property_tests::tests::prop_argsort_indices_valid ... ok
[INFO] [stdout] test property_tests::tests::prop_cumsum_first_element ... ok
[INFO] [stdout] test property_tests::tests::prop_dot_vector_zero ... ok
[INFO] [stdout] test property_tests::tests::prop_dot_vector_commutative ... ok
[INFO] [stdout] test property_tests::tests::prop_broadcast_rank_promotion ... ok
[INFO] [stdout] test property_tests::tests::prop_cumsum_preserves_shape ... ok
[INFO] [stdout] test property_tests::tests::prop_frobenius_norm_zero_tensor ... ok
[INFO] [stdout] test property_tests::tests::prop_is_contiguous_after_creation ... ok
[INFO] [stdout] test property_tests::tests::prop_is_square_correctness ... ok
[INFO] [stdout] test property_tests::tests::prop_dot_matrix_vector_shape ... ok
[INFO] [stdout] test property_tests::tests::prop_index_bounds ... ok
[INFO] [stdout] test property_tests::tests::prop_norm_l1_zero_tensor ... ok
[INFO] [stdout] test property_tests::tests::prop_cumsum_monotonic_increasing ... ok
[INFO] [stdout] test property_tests::tests::prop_median_constant_tensor ... ok
[INFO] [stdout] test property_tests::tests::prop_broadcast_add_commutative ... ok
[INFO] [stdout] test property_tests::tests::prop_from_vec_consistency ... ok
[INFO] [stdout] test property_tests::tests::prop_median_axis_within_range ... ok
[INFO] [stdout] test property_tests::tests::prop_median_axis_output_shape ... ok
[INFO] [stdout] test property_tests::tests::prop_norm_lp_endpoints ... ok
[INFO] [stdout] test property_tests::tests::prop_norm_l2_equals_frobenius ... ok
[INFO] [stdout] test property_tests::tests::prop_norm_linf_is_max_abs ... ok
[INFO] [stdout] test property_tests::tests::prop_median_within_range ... ok
[INFO] [stdout] test property_tests::tests::prop_norm_lp_monotonicity ... ok
[INFO] [stdout] test property_tests::tests::prop_norm_lp_positive ... ok
[INFO] [stdout] test property_tests::tests::prop_dot_matrix_matrix_shape ... ok
[INFO] [stdout] test property_tests::tests::prop_norm_l1_positive ... ok
[INFO] [stdout] test property_tests::tests::prop_permute_identity ... ok
[INFO] [stdout] test property_tests::tests::prop_permute_preserves_size ... ok
[INFO] [stdout] test property_tests::tests::prop_prod_ones_tensor ... ok
[INFO] [stdout] test property_tests::tests::prop_prod_positive_values ... ok
[INFO] [stdout] test property_tests::tests::prop_reshape_roundtrip ... ok
[INFO] [stdout] test property_tests::tests::prop_median_equals_50th_percentile ... ok
[INFO] [stdout] test property_tests::tests::prop_reshape_preserves_size ... ok
[INFO] [stdout] test property_tests::tests::prop_percentile_equals_quantile ... ok
[INFO] [stdout] test property_tests::tests::prop_random_uniform_bounds ... ok
[INFO] [stdout] test property_tests::tests::prop_prod_axis_ones ... ok
[INFO] [stdout] test property_tests::tests::prop_quantile_bounds ... ok
[INFO] [stdout] test property_tests::tests::prop_frobenius_norm_positive ... ok
[INFO] [stdout] test property_tests::tests::test_proptest_smoke ... ok
[INFO] [stdout] test property_tests::tests::prop_sort_preserves_values ... ok
[INFO] [stdout] test property_tests::tests::prop_prod_axis_output_shape ... ok
[INFO] [stdout] test property_tests::tests::prop_squeeze_removes_all_singletons ... ok
[INFO] [stdout] test property_tests::tests::prop_squeeze_unsqueeze_roundtrip ... ok
[INFO] [stdout] test property_tests::tests::prop_sort_preserves_shape ... ok
[INFO] [stdout] test property_tests::tests::prop_quantile_endpoints ... ok
[INFO] [stdout] test property_tests::tests::prop_quantile_axis_output_shape ... ok
[INFO] [stdout] test property_tests::tests::prop_quantile_monotonic ... ok
[INFO] [stdout] test property_tests::tests::prop_sort_is_sorted ... ok
[INFO] [stdout] test property_tests::tests::prop_addition_commutative ... ok
[INFO] [stdout] test property_tests::tests::prop_unsqueeze_preserves_size ... ok
[INFO] [stdout] test property_tests::tests::prop_dot_identity_matrix ... ok
[INFO] [stdout] test property_tests::tests::prop_unfold_dimensions ... ok
[INFO] [stdout] test property_tests::tests::prop_unfold_fold_roundtrip ... ok
[INFO] [stdout] test property_tests::tests::prop_subtraction_inverse ... ok
[INFO] [stdout] 
[INFO] [stdout] test result: ok. 138 passed; 0 failed; 0 ignored; 0 measured; 0 filtered out; finished in 1.07s
[INFO] [stdout] 
[INFO] [stderr]      Running tests/integration_tests.rs (/opt/rustwide/target/debug/deps/integration_tests-b85076f766dd3f41)
[INFO] [stdout] 
[INFO] [stdout] running 18 tests
[INFO] [stdout] test test_comparison_and_masking_integration ... ok
[INFO] [stdout] test test_linear_algebra_integration ... ok
[INFO] [stdout] test test_cumulative_operations_integration ... ok
[INFO] [stdout] test test_advanced_indexing_integration ... ok
[INFO] [stdout] test test_array_manipulation_integration ... ok
[INFO] [stdout] test test_windowing_operations_integration ... ok
[INFO] [stdout] test test_tensor_handle_creation_and_access ... ok
[INFO] [stdout] test test_padding_operations_integration ... ok
[INFO] [stdout] test test_covariance_correlation_integration ... ok
[INFO] [stdout] test test_norm_operations_integration ... ok
[INFO] [stdout] test test_pooling_with_windowing_integration ... ok
[INFO] [stdout] test test_unfold_fold_roundtrip_integration ... ok
[INFO] [stdout] test test_sorting_integration ... ok
[INFO] [stdout] test test_pooling_operations_integration ... ok
[INFO] [stdout] test test_broadcasting_integration ... ok
[INFO] [stdout] test test_statistical_operations_integration ... ok
[INFO] [stdout] test test_reshape_permute_chain ... ok
[INFO] [stdout] test test_arithmetic_operations_integration ... ok
[INFO] [stdout] 
[INFO] [stdout] test result: ok. 18 passed; 0 failed; 0 ignored; 0 measured; 0 filtered out; finished in 0.01s
[INFO] [stdout] 
[INFO] [stderr]    Doc-tests tenrso_core
[INFO] [stdout] 
[INFO] [stdout] running 218 tests
[INFO] [stdout] test src/dense/algebra.rs - dense::algebra::DenseND<T>::det (line 545) ... ok
[INFO] [stdout] test src/dense/algebra.rs - dense::algebra::DenseND<T>::dot (line 63) ... ok
[INFO] [stdout] test src/dense/algebra.rs - dense::algebra::DenseND<T>::trace (line 302) ... ok
[INFO] [stdout] test src/dense/algebra.rs - dense::algebra::DenseND<T>::rank_matrix (line 900) ... ok
[INFO] [stdout] test src/dense/algebra.rs - dense::algebra::DenseND<T>::cond (line 973) ... ok
[INFO] [stdout] test src/dense/algebra.rs - dense::algebra::DenseND<T>::matmul (line 154) ... ok
[INFO] [stdout] test src/dense/algebra.rs - dense::algebra::DenseND<T>::solve (line 829) ... ok
[INFO] [stdout] test src/dense/algebra.rs - dense::algebra::DenseND<T>::inv (line 629) ... ok
[INFO] [stdout] test src/dense/algebra.rs - dense::algebra::DenseND<T>::lu_decomposition (line 738) ... ok
[INFO] [stdout] test src/dense/algebra.rs - dense::algebra::DenseND<T>::hadamard (line 219) ... ok
[INFO] [stdout] test src/dense/algebra.rs - dense::algebra::DenseND<T>::transpose (line 22) ... ok
[INFO] [stdout] test src/dense/algebra.rs - dense::algebra::DenseND<T>::diagonal (line 258) ... ok
[INFO] [stdout] test src/dense/algebra.rs - dense::algebra::DenseND<T>::diag_offset (line 479) ... ok
[INFO] [stdout] test src/dense/algebra.rs - dense::algebra::DenseND<T>::outer (line 374) ... ok
[INFO] [stdout] test src/dense/comparison.rs - dense::comparison::DenseND<T>::where_select (line 232) ... ok
[INFO] [stdout] test src/dense/comparison.rs - dense::comparison::DenseND<T>::gt (line 17) ... FAILED
[INFO] [stdout] test src/dense/combining.rs - dense::combining::DenseND<T>::stack (line 105) ... ok
[INFO] [stdout] test src/dense/algebra.rs - dense::algebra::DenseND<T>::diag (line 420) ... ok
[INFO] [stdout] test src/dense/algebra.rs - dense::algebra::DenseND<T>::broadcast_to (line 339) ... ok
[INFO] [stdout] test src/dense/convolution.rs - dense::convolution::DenseND<T>::conv1d (line 222) ... ok
[INFO] [stdout] test src/dense/comparison.rs - dense::comparison::DenseND<T>::all (line 181) ... ok
[INFO] [stdout] test src/dense/comparison.rs - dense::comparison::DenseND<T>::any (line 199) ... ok
[INFO] [stdout] test src/dense/comparison.rs - dense::comparison::DenseND<T>::count_if (line 162) ... ok
[INFO] [stdout] test src/dense/comparison.rs - dense::comparison::DenseND<T>::select_or_default (line 317) ... ok
[INFO] [stdout] test src/dense/comparison.rs - dense::comparison::DenseND<T>::lt (line 49) ... ok
[INFO] [stdout] test src/dense/comparison.rs - dense::comparison::DenseND<T>::mask_gt (line 141) ... ok
[INFO] [stdout] test src/dense/creation.rs - dense::creation::DenseND<T>::linspace (line 188) ... ok
[INFO] [stdout] test src/dense/creation.rs - dense::creation::DenseND<T>::arange (line 161) ... ok
[INFO] [stdout] test src/dense/convolution.rs - dense::convolution::DenseND<T>::conv2d (line 421) ... ok
[INFO] [stdout] test src/dense/creation.rs - dense::creation::DenseND<T>::full (line 111) ... ok
[INFO] [stdout] test src/dense/creation.rs - dense::creation::DenseND<T>::random_normal (line 63) ... ok
[INFO] [stdout] test src/dense/convolution.rs - dense::convolution::DenseND<T>::conv3d (line 693) ... ok
[INFO] [stdout] test src/dense/comparison.rs - dense::comparison::DenseND<T>::where_replace (line 283) ... ok
[INFO] [stdout] test src/dense/creation.rs - dense::creation::DenseND<T>::eye (line 130) ... ok
[INFO] [stdout] test src/dense/combining.rs - dense::combining::DenseND<T>::split (line 165) ... ok
[INFO] [stdout] test src/dense/elementwise.rs - dense::elementwise::DenseND<T>::abs (line 23) ... ok
[INFO] [stdout] test src/dense/creation.rs - dense::creation::DenseND<T>::one_hot (line 228) ... ok
[INFO] [stdout] test src/dense/elementwise.rs - dense::elementwise::DenseND<T>::acos (line 264) ... ok
[INFO] [stdout] test src/dense/elementwise.rs - dense::elementwise::DenseND<T>::atan (line 285) ... ok
[INFO] [stdout] test src/dense/elementwise.rs - dense::elementwise::DenseND<T>::cbrt (line 639) ... ok
[INFO] [stdout] test src/dense/elementwise.rs - dense::elementwise::DenseND<T>::clip (line 49) ... ok
[INFO] [stdout] test src/dense/elementwise.rs - dense::elementwise::DenseND<T>::atan2 (line 312) ... ok
[INFO] [stdout] test src/dense/elementwise.rs - dense::elementwise::DenseND<T>::ceil (line 733) ... ok
[INFO] [stdout] test src/dense/elementwise.rs - dense::elementwise::DenseND<T>::asin (line 243) ... ok
[INFO] [stdout] test src/dense/elementwise.rs - dense::elementwise::DenseND<T>::asinh (line 413) ... ok
[INFO] [stdout] test src/dense/elementwise.rs - dense::elementwise::DenseND<T>::acosh (line 434) ... ok
[INFO] [stdout] test src/dense/elementwise.rs - dense::elementwise::DenseND<T>::atanh (line 455) ... ok
[INFO] [stdout] test src/dense/combining.rs - dense::combining::DenseND<T>::concatenate (line 36) ... ok
[INFO] [stdout] test src/dense/combining.rs - dense::combining::DenseND<T>::chunk (line 223) ... ok
[INFO] [stdout] test src/dense/creation.rs - dense::creation::DenseND<T>::random_uniform (line 26) ... ok
[INFO] [stdout] test src/dense/elementwise.rs - dense::elementwise::DenseND<T>::cube (line 617) ... ok
[INFO] [stdout] test src/dense/elementwise.rs - dense::elementwise::DenseND<T>::clip_by_norm (line 1133) ... ok
[INFO] [stdout] test src/dense/elementwise.rs - dense::elementwise::DenseND<T>::cos (line 201) ... ok
[INFO] [stdout] test src/dense/elementwise.rs - dense::elementwise::DenseND<T>::fill (line 830) ... ok
[INFO] [stdout] test src/dense/elementwise.rs - dense::elementwise::DenseND<T>::clip_by_value (line 1092) ... ok
[INFO] [stdout] test src/dense/elementwise.rs - dense::elementwise::DenseND<T>::elu (line 967) ... ok
[INFO] [stdout] test src/dense/elementwise.rs - dense::elementwise::DenseND<T>::exp2 (line 569) ... ok
[INFO] [stdout] test src/dense/elementwise.rs - dense::elementwise::DenseND<T>::exp (line 109) ... ok
[INFO] [stdout] test src/dense/elementwise.rs - dense::elementwise::DenseND<T>::fract (line 781) ... ok
[INFO] [stdout] test src/dense/elementwise.rs - dense::elementwise::DenseND<T>::expm1 (line 548) ... ok
[INFO] [stdout] test src/dense/elementwise.rs - dense::elementwise::DenseND<T>::cosh (line 368) ... ok
[INFO] [stdout] test src/dense/elementwise.rs - dense::elementwise::DenseND<T>::floor (line 710) ... ok
[INFO] [stdout] test src/dense/elementwise.rs - dense::elementwise::DenseND<T>::powf (line 155) ... ok
[INFO] [stdout] test src/dense/elementwise.rs - dense::elementwise::DenseND<T>::map_inplace (line 868) ... ok
[INFO] [stdout] test src/dense/elementwise.rs - dense::elementwise::DenseND<T>::signum (line 808) ... ok
[INFO] [stdout] test src/dense/elementwise.rs - dense::elementwise::DenseND<T>::log10 (line 501) ... ok
[INFO] [stdout] test src/dense/elementwise.rs - dense::elementwise::DenseND<T>::ln (line 130) ... ok
[INFO] [stdout] test src/dense/elementwise.rs - dense::elementwise::DenseND<T>::map (line 847) ... ok
[INFO] [stdout] test src/dense/elementwise.rs - dense::elementwise::DenseND<T>::relu (line 905) ... ok
[INFO] [stdout] test src/dense/elementwise.rs - dense::elementwise::DenseND<T>::leaky_relu (line 937) ... ok
[INFO] [stdout] test src/dense/elementwise.rs - dense::elementwise::DenseND<T>::sigmoid (line 993) ... ok
[INFO] [stdout] test src/dense/elementwise.rs - dense::elementwise::DenseND<T>::gelu (line 1056) ... ok
[INFO] [stdout] test src/dense/elementwise.rs - dense::elementwise::DenseND<T>::sqrt (line 86) ... ok
[INFO] [stdout] test src/dense/elementwise.rs - dense::elementwise::DenseND<T>::log2 (line 478) ... ok
[INFO] [stdout] test src/dense/elementwise.rs - dense::elementwise::DenseND<T>::recip (line 661) ... ok
[INFO] [stdout] test src/dense/elementwise.rs - dense::elementwise::DenseND<T>::sinh (line 347) ... ok
[INFO] [stdout] test src/dense/elementwise.rs - dense::elementwise::DenseND<T>::square (line 594) ... ok
[INFO] [stdout] test src/dense/elementwise.rs - dense::elementwise::DenseND<T>::log1p (line 525) ... ok
[INFO] [stdout] test src/dense/elementwise.rs - dense::elementwise::DenseND<T>::tanh_activation (line 1017) ... ok
[INFO] [stdout] test src/dense/elementwise.rs - dense::elementwise::DenseND<T>::tan (line 222) ... ok
[INFO] [stdout] test src/dense/elementwise.rs - dense::elementwise::DenseND<T>::round (line 687) ... ok
[INFO] [stdout] test src/dense/elementwise.rs - dense::elementwise::DenseND<T>::tanh (line 392) ... ok
[INFO] [stdout] test src/dense/elementwise.rs - dense::elementwise::DenseND<T>::sin (line 180) ... ok
[INFO] [stdout] test src/dense/elementwise.rs - dense::elementwise::DenseND<T>::swish (line 1036) ... ok
[INFO] [stdout] test src/dense/indexing.rs - dense::indexing::DenseND<T>::compress (line 563) ... ok
[INFO] [stdout] test src/dense/indexing.rs - dense::indexing::DenseND<T>::first (line 240) ... ok
[INFO] [stdout] test src/dense/indexing.rs - dense::indexing::DenseND<T>::get_mut (line 56) ... ok
[INFO] [stdout] test src/dense/elementwise.rs - dense::elementwise::DenseND<T>::trunc (line 756) ... ok
[INFO] [stdout] test src/dense/indexing.rs - dense::indexing::DenseND<T>::filter (line 373) ... ok
[INFO] [stdout] test src/dense/indexing.rs - dense::indexing::DenseND<T>::get_checked (line 155) ... ok
[INFO] [stdout] test src/dense/fft.rs - dense::fft (line 21) ... ok
[INFO] [stdout] test src/dense/indexing.rs - dense::indexing::DenseND<T>::get_checked_mut (line 196) ... ok
[INFO] [stdout] test src/dense/indexing.rs - dense::indexing::DenseND<T>::get (line 25) ... ok
[INFO] [stdout] test src/dense/indexing.rs - dense::indexing::DenseND<T>::take (line 412) ... ok
[INFO] [stdout] test src/dense/indexing.rs - dense::indexing::DenseND<T>::last (line 258) ... ok
[INFO] [stdout] test src/dense/indexing.rs - dense::indexing::DenseND<T>::select_mask (line 280) ... ok
[INFO] [stdout] test src/dense/indexing.rs - dense::indexing::DenseND<T>::try_as_slice (line 107) ... ok
[INFO] [stdout] test src/dense/indexing.rs - dense::indexing::DenseND<T>::try_as_slice_mut (line 133) ... ok
[INFO] [stdout] test src/dense/indexing.rs - dense::indexing::DenseND<T>::put (line 477) ... ok
[INFO] [stdout] test src/dense/indexing.rs - dense::indexing::DenseND<T>::select_indices (line 324) ... ok
[INFO] [stdout] test src/dense/manipulation.rs - dense::manipulation::DenseND<T>::avg_pool_2d (line 1252) ... ok
[INFO] [stdout] test src/dense/manipulation.rs - dense::manipulation::DenseND<T>::adaptive_avg_pool_2d (line 1336) ... ok
[INFO] [stdout] test src/dense/manipulation.rs - dense::manipulation::DenseND<T>::extract_patches (line 1078) ... ok
[INFO] [stdout] test src/dense/manipulation.rs - dense::manipulation::DenseND<T>::flip (line 63) ... ok
[INFO] [stdout] test src/dense/manipulation.rs - dense::manipulation::DenseND<T>::argsort (line 289) ... ok
[INFO] [stdout] test src/dense/manipulation.rs - dense::manipulation::DenseND<T>::max_pool_2d (line 1160) ... ok
[INFO] [stdout] test src/dense/shape_ops.rs - dense::shape_ops::DenseND<T>::atleast_3d (line 498) ... ok
[INFO] [stdout] test src/dense/shape_ops.rs - dense::shape_ops::DenseND<T>::flatten (line 343) ... ok
[INFO] [stdout] test src/dense/shape_ops.rs - dense::shape_ops::DenseND<T>::fold (line 181) ... ok
[INFO] [stdout] test src/dense/shape_ops.rs - dense::shape_ops::DenseND<T>::moveaxis (line 408) ... ok
[INFO] [stdout] test src/dense/shape_ops.rs - dense::shape_ops::DenseND<T>::permute (line 72) ... ok
[INFO] [stdout] test src/dense/shape_ops.rs - dense::shape_ops::DenseND<T>::ravel (line 367) ... ok
[INFO] [stdout] test src/dense/shape_ops.rs - dense::shape_ops::DenseND<T>::reshape (line 28) ... ok
[INFO] [stdout] test src/dense/shape_ops.rs - dense::shape_ops::DenseND<T>::squeeze (line 241) ... ok
[INFO] [stdout] test src/dense/manipulation.rs - dense::manipulation::DenseND<T>::pad (line 398) has been running for over 60 seconds
[INFO] [stdout] test src/dense/manipulation.rs - dense::manipulation::DenseND<T>::repeat (line 739) has been running for over 60 seconds
[INFO] [stdout] test src/dense/manipulation.rs - dense::manipulation::DenseND<T>::repeat_array (line 799) has been running for over 60 seconds
[INFO] [stdout] test src/dense/manipulation.rs - dense::manipulation::DenseND<T>::resize_bilinear (line 1475) has been running for over 60 seconds
[INFO] [stdout] test src/dense/manipulation.rs - dense::manipulation::DenseND<T>::resize_nearest (line 1415) has been running for over 60 seconds
[INFO] [stdout] test src/dense/manipulation.rs - dense::manipulation::DenseND<T>::roll (line 17) has been running for over 60 seconds
[INFO] [stdout] test src/dense/manipulation.rs - dense::manipulation::DenseND<T>::sliding_window (line 858) has been running for over 60 seconds
[INFO] [stdout] test src/dense/manipulation.rs - dense::manipulation::DenseND<T>::sort (line 190) has been running for over 60 seconds
[INFO] [stdout] test src/dense/manipulation.rs - dense::manipulation::DenseND<T>::strided_view (line 978) has been running for over 60 seconds
[INFO] [stdout] test src/dense/manipulation.rs - dense::manipulation::DenseND<T>::tile (line 102) has been running for over 60 seconds
[INFO] [stdout] test src/dense/manipulation.rs - dense::manipulation::DenseND<T>::unique (line 618) has been running for over 60 seconds
[INFO] [stdout] test src/dense/manipulation.rs - dense::manipulation::DenseND<T>::unique_with_counts (line 660) has been running for over 60 seconds
[INFO] [stdout] test src/dense/shape_ops.rs - dense::shape_ops::DenseND<T>::atleast_1d (line 438) has been running for over 60 seconds
[INFO] [stdout] test src/dense/shape_ops.rs - dense::shape_ops::DenseND<T>::atleast_2d (line 467) has been running for over 60 seconds
[INFO] [stdout] test src/dense/shape_ops.rs - dense::shape_ops::DenseND<T>::squeeze_axis (line 272) ... ok
[INFO] [stdout] test src/dense/shape_ops.rs - dense::shape_ops::DenseND<T>::swapaxes (line 382) ... ok
[INFO] [stdout] test src/dense/shape_ops.rs - dense::shape_ops::DenseND<T>::expand_dims (line 538) has been running for over 60 seconds
[INFO] [stdout] test src/dense/shape_ops.rs - dense::shape_ops::DenseND<T>::unfold (line 120) ... ok
[INFO] [stdout] test src/dense/shape_ops.rs - dense::shape_ops::DenseND<T>::unsqueeze (line 315) ... ok
[INFO] [stdout] test src/dense/statistics.rs - dense::statistics::DenseND<T>::argmax (line 476) ... ok
[INFO] [stdout] test src/dense/statistics.rs - dense::statistics::DenseND<T>::argmin (line 495) ... ok
[INFO] [stdout] test src/dense/statistics.rs - dense::statistics::DenseND<T>::batch_norm (line 1464) ... ok
[INFO] [stdout] test src/dense/statistics.rs - dense::statistics::DenseND<T>::correlation (line 1319) ... ok
[INFO] [stdout] test src/dense/statistics.rs - dense::statistics::DenseND<T>::correlation_matrix (line 1396) ... ok
[INFO] [stdout] test src/dense/statistics.rs - dense::statistics::DenseND<T>::covariance (line 1167) ... ok
[INFO] [stdout] test src/dense/statistics.rs - dense::statistics::DenseND<T>::covariance_matrix (line 1231) ... ok
[INFO] [stdout] test src/dense/statistics.rs - dense::statistics::DenseND<T>::cumprod (line 713) ... ok
[INFO] [stdout] test src/dense/statistics.rs - dense::statistics::DenseND<T>::cumsum (line 642) ... ok
[INFO] [stdout] test src/dense/statistics.rs - dense::statistics::DenseND<T>::frobenius_norm (line 22) ... ok
[INFO] [stdout] test src/dense/statistics.rs - dense::statistics::DenseND<T>::layer_norm (line 1588) ... ok
[INFO] [stdout] test src/dense/statistics.rs - dense::statistics::DenseND<T>::log_softmax (line 1801) ... ok
[INFO] [stdout] test src/dense/statistics.rs - dense::statistics::DenseND<T>::max (line 454) ... ok
[INFO] [stdout] test src/dense/statistics.rs - dense::statistics::DenseND<T>::mean (line 199) ... ok
[INFO] [stdout] test src/dense/statistics.rs - dense::statistics::DenseND<T>::mean_axis (line 383) ... ok
[INFO] [stdout] test src/dense/statistics.rs - dense::statistics::DenseND<T>::median (line 777) ... ok
[INFO] [stdout] test src/dense/statistics.rs - dense::statistics::DenseND<T>::median_axis (line 896) ... ok
[INFO] [stdout] test src/dense/statistics.rs - dense::statistics::DenseND<T>::min (line 428) ... ok
[INFO] [stdout] test src/dense/statistics.rs - dense::statistics::DenseND<T>::norm_l1 (line 47) ... ok
[INFO] [stdout] test src/dense/statistics.rs - dense::statistics::DenseND<T>::norm_l2 (line 68) ... ok
[INFO] [stdout] test src/dense/statistics.rs - dense::statistics::DenseND<T>::norm_linf (line 93) ... ok
[INFO] [stdout] test src/dense/statistics.rs - dense::statistics::DenseND<T>::norm_lp (line 125) ... ok
[INFO] [stdout] test src/dense/statistics.rs - dense::statistics::DenseND<T>::percentile (line 865) ... ok
[INFO] [stdout] test src/dense/statistics.rs - dense::statistics::DenseND<T>::percentile_axis (line 1122) ... ok
[INFO] [stdout] test src/dense/statistics.rs - dense::statistics::DenseND<T>::prod (line 177) ... ok
[INFO] [stdout] test src/dense/statistics.rs - dense::statistics::DenseND<T>::prod_axis (line 283) ... ok
[INFO] [stdout] test src/dense/statistics.rs - dense::statistics::DenseND<T>::quantile (line 814) ... ok
[INFO] [stdout] test src/dense/statistics.rs - dense::statistics::DenseND<T>::quantile_axis (line 1004) ... ok
[INFO] [stdout] test src/dense/statistics.rs - dense::statistics::DenseND<T>::softmax (line 1727) ... ok
[INFO] [stdout] test src/dense/statistics.rs - dense::statistics::DenseND<T>::std (line 550) ... ok
[INFO] [stdout] test src/dense/statistics.rs - dense::statistics::DenseND<T>::sum (line 158) ... ok
[INFO] [stdout] test src/dense/statistics.rs - dense::statistics::DenseND<T>::sum_axis (line 235) ... ok
[INFO] [stdout] test src/dense/statistics.rs - dense::statistics::DenseND<T>::variance (line 525) ... ok
[INFO] [stdout] test src/dense/statistics.rs - dense::statistics::DenseND<T>::variance_axis (line 573) ... ok
[INFO] [stdout] test src/dense/types.rs - dense::types::DenseND (line 25) ... ok
[INFO] [stdout] test src/dense/types.rs - dense::types::DenseND<T>::clone_from (line 387) ... ok
[INFO] [stdout] test src/dense/types.rs - dense::types::DenseND<T>::fill_with (line 341) ... ok
[INFO] [stdout] test src/dense/types.rs - dense::types::DenseND<T>::from_array (line 57) ... ok
[INFO] [stdout] test src/dense/types.rs - dense::types::DenseND<T>::from_elem (line 238) ... ok
[INFO] [stdout] test src/dense/types.rs - dense::types::DenseND<T>::from_vec (line 82) ... ok
[INFO] [stdout] test src/dense/types.rs - dense::types::DenseND<T>::into_vec (line 321) ... ok
[INFO] [stdout] test src/dense/types.rs - dense::types::DenseND<T>::is_contiguous (line 156) ... ok
[INFO] [stdout] test src/dense/types.rs - dense::types::DenseND<T>::is_square (line 176) ... ok
[INFO] [stdout] test src/dense/types.rs - dense::types::DenseND<T>::iter (line 415) ... ok
[INFO] [stdout] test src/dense/types.rs - dense::types::DenseND<T>::iter_mut (line 434) ... ok
[INFO] [stdout] test src/dense/types.rs - dense::types::DenseND<T>::len (line 135) ... ok
[INFO] [stdout] test src/dense/types.rs - dense::types::DenseND<T>::ones (line 279) ... ok
[INFO] [stdout] test src/dense/types.rs - dense::types::DenseND<T>::rank (line 107) ... ok
[INFO] [stdout] test src/dense/types.rs - dense::types::DenseND<T>::same_shape (line 479) ... ok
[INFO] [stdout] test src/dense/types.rs - dense::types::DenseND<T>::shape (line 121) ... ok
[INFO] [stdout] test src/dense/types.rs - dense::types::DenseND<T>::shape_vec (line 198) ... ok
[INFO] [stdout] test src/dense/types.rs - dense::types::DenseND<T>::size_bytes (line 456) ... ok
[INFO] [stdout] test src/dense/types.rs - dense::types::DenseND<T>::to_vec (line 300) ... ok
[INFO] [stdout] test src/dense/types.rs - dense::types::DenseND<T>::zeros (line 259) ... ok
[INFO] [stdout] test src/lib.rs - (line 117) ... ok
[INFO] [stdout] test src/lib.rs - (line 133) ... ok
[INFO] [stdout] test src/lib.rs - (line 157) ... ok
[INFO] [stdout] test src/lib.rs - (line 35) ... ok
[INFO] [stdout] test src/lib.rs - (line 56) ... ok
[INFO] [stdout] test src/lib.rs - (line 81) ... ok
[INFO] [stdout] test src/lib.rs - (line 99) ... ok
[INFO] [stdout] test src/ops.rs - ops (line 34) ... ok
[INFO] [stdout] test src/ops.rs - ops (line 44) ... ok
[INFO] [stdout] test src/ops.rs - ops (line 57) ... ok
[INFO] [stdout] test src/types.rs - types (line 14) ... ok
[INFO] [stdout] test src/types.rs - types::Axis (line 44) ... ok
[INFO] [stdout] test src/types.rs - types::AxisMeta (line 135) ... ok
[INFO] [stdout] test src/types.rs - types::AxisMeta::new (line 169) ... ok
[INFO] [stdout] test src/types.rs - types::LowRank (line 211) ... ignored
[INFO] [stdout] test src/types.rs - types::PadMode (line 105) ... ok
[INFO] [stdout] test src/types.rs - types::Rank (line 60) ... ok
[INFO] [stdout] test src/types.rs - types::Shape (line 79) ... ok
[INFO] [stdout] test src/types.rs - types::SparseND (line 191) ... ignored
[INFO] [stdout] test src/types.rs - types::TensorHandle (line 296) ... ok
[INFO] [stdout] test src/dense/manipulation.rs - dense::manipulation::DenseND<T>::sort (line 190) ... ok
[INFO] [stdout] test src/dense/manipulation.rs - dense::manipulation::DenseND<T>::sliding_window (line 858) ... ok
[INFO] [stdout] test src/dense/manipulation.rs - dense::manipulation::DenseND<T>::unique (line 618) ... ok
[INFO] [stdout] test src/types.rs - types::TensorHandle (line 327) ... ok
[INFO] [stdout] test src/types.rs - types::TensorHandle (line 345) ... ok
[INFO] [stdout] test src/types.rs - types::TensorHandle<T>::as_dense (line 507) ... ok
[INFO] [stdout] test src/types.rs - types::TensorHandle (line 313) ... ok
[INFO] [stdout] test src/dense/shape_ops.rs - dense::shape_ops::DenseND<T>::atleast_2d (line 467) ... ok
[INFO] [stdout] test src/types.rs - types::TensorHandle<T>::from_dense (line 394) ... ok
[INFO] [stdout] test src/types.rs - types::TensorHandle<T>::as_dense_mut (line 536) ... ok
[INFO] [stdout] test src/dense/manipulation.rs - dense::manipulation::DenseND<T>::repeat (line 739) ... ok
[INFO] [stdout] test src/dense/manipulation.rs - dense::manipulation::DenseND<T>::tile (line 102) ... ok
[INFO] [stdout] test src/dense/manipulation.rs - dense::manipulation::DenseND<T>::resize_bilinear (line 1475) ... ok
[INFO] [stdout] test src/dense/manipulation.rs - dense::manipulation::DenseND<T>::unique_with_counts (line 660) ... ok
[INFO] [stdout] test src/types.rs - types::TensorHandle<T>::shape (line 484) ... ok
[INFO] [stdout] test src/dense/manipulation.rs - dense::manipulation::DenseND<T>::pad (line 398) ... ok
[INFO] [stdout] test src/dense/manipulation.rs - dense::manipulation::DenseND<T>::roll (line 17) ... ok
[INFO] [stdout] test src/dense/shape_ops.rs - dense::shape_ops::DenseND<T>::expand_dims (line 538) ... ok
[INFO] [stdout] test src/dense/manipulation.rs - dense::manipulation::DenseND<T>::strided_view (line 978) ... ok
[INFO] [stdout] test src/types.rs - types::TensorRepr (line 237) ... ok
[INFO] [stdout] test src/types.rs - types::TensorHandle<T>::to_dense (line 573) ... ok
[INFO] [stdout] test src/dense/manipulation.rs - dense::manipulation::DenseND<T>::repeat_array (line 799) ... ok
[INFO] [stdout] test src/dense/manipulation.rs - dense::manipulation::DenseND<T>::resize_nearest (line 1415) ... ok
[INFO] [stdout] test src/types.rs - types::TensorHandle<T>::from_dense_auto (line 433) ... ok
[INFO] [stdout] test src/types.rs - types::TensorHandle<T>::rank (line 462) ... ok
[INFO] [stdout] test src/dense/shape_ops.rs - dense::shape_ops::DenseND<T>::atleast_1d (line 438) ... ok
[INFO] [stdout] 
[INFO] [stdout] failures:
[INFO] [stdout] 
[INFO] [stdout] ---- src/dense/comparison.rs - dense::comparison::DenseND<T>::gt (line 17) stdout ----
[INFO] [stdout] error: linking with `cc` failed: exit status: 1
[INFO] [stdout]   |
[INFO] [stdout]   = note:  "cc" "-m64" "/tmp/rustdoctestwquENE/rustcsKxGIn/symbols.o" "<2 object files omitted>" "-Wl,--as-needed" "-Wl,-Bstatic" "/opt/rustwide/target/debug/deps/{libtenrso_core-1d1734f6fec79943,libsmallvec-c4b0763233bab5f9,libanyhow-9e4c44ac98d8e4ea,libscirs2_core-f61e448982e9980c,liboxiarc_zstd-74173d40760c0d83,liboxiarc_lz4-273ef1094a0eac24,liboxiarc_core-afa3d4e99956f233,libcrc32fast-77160f4e25d6fc25,libuuid-66e31b4c921cb652,libgetrandom-fa79c9f1b5f06f21,libnum_cpus-c345c9e92bffe484,libndarray_rand-a4fafe901334ec3a,librand_distr-5ad1948e64c9eccb,libonce_cell-e9252a7b5119f3eb,libthiserror-90fd5573908f2e8a,libchrono-a96e403cb4902970,libiana_time_zone-bcd81aefedc374a6,libserde_json-b1548839671afb57,libmemchr-ba3829a276830806,libitoa-f3a70a1441f7f89b,libzmij-ef63f1da73704b4c,librand-f6330d035d499558,librand_chacha-b134a2c4f93e32be,libppv_lite86-dda8a085505880f7,libzerocopy-24162b4ad0b05087,librand_core-6f9ea4076be1947d,libgetrandom-ca4c045c30c0b854,liblibc-4fc9a7ee991d175f,libcfg_if-83060ec5685761ae,libndarray-fd2f9fdfe3e0023f,libmatrixmultiply-634c52aab0249860,libapprox-ff5a7a91527340d5,libnum_complex-d85abfb27f9261a2,librayon-cddd5520333a5540,librayon_core-e986c1d1845fe6c3,libcrossbeam_deque-e71c6317821167fb,libcrossbeam_epoch-5fdcd5978a9f0010,libcrossbeam_utils-f696a08ab1e94e7a,libeither-e5ea87bd27ac73a9,libnum_integer-b1bcbff3dc39f4e2,libnum_traits-5f5f7eaedd5abb87,librawpointer-10d892ea69c462d6,libserde-a07ddf73903d60d5,libserde_core-21f22ac7b803fb0e}.rlib" "<sysroot>/lib/rustlib/x86_64-unknown-linux-gnu/lib/{libstd-*,libpanic_unwind-*,libobject-*,libmemchr-*,libaddr2line-*,libgimli-*,libcfg_if-*,librustc_demangle-*,libstd_detect-*,libhashbrown-*,librustc_std_workspace_alloc-*,libminiz_oxide-*,libadler2-*,libunwind-*,liblibc-*,librustc_std_workspace_core-*,liballoc-*,libcore-*,libcompiler_builtins-*}.rlib" "-Wl,-Bdynamic" "-lgcc_s" "-lutil" "-lrt" "-lpthread" "-lm" "-ldl" "-lc" "-L" "/tmp/rustdoctestwquENE/rustcsKxGIn/raw-dylibs" "-B<sysroot>/lib/rustlib/x86_64-unknown-linux-gnu/bin/gcc-ld" "-fuse-ld=lld" "-Wl,--eh-frame-hdr" "-Wl,-z,noexecstack" "-L" "/opt/rustwide/target/debug/build/alloca-1bef40feed9fb18f/out" "-L" "<sysroot>/lib/rustlib/x86_64-unknown-linux-gnu/lib" "-o" "/tmp/rustdoctestwquENE/rust_out" "-Wl,--gc-sections" "-pie" "-Wl,-z,relro,-z,now" "-nodefaultlibs"
[INFO] [stdout]   = note: some arguments are omitted. use `--verbose` to show all linker arguments
[INFO] [stdout]   = note: collect2: fatal error: ld terminated with signal 9 [Killed]
[INFO] [stdout]           compilation terminated.
[INFO] [stdout]           
[INFO] [stdout] 
[INFO] [stdout] error: aborting due to 1 previous error
[INFO] [stdout] 
[INFO] [stdout] Couldn't compile the test.
[INFO] [stdout] 
[INFO] [stdout] failures:
[INFO] [stdout]     src/dense/comparison.rs - dense::comparison::DenseND<T>::gt (line 17)
[INFO] [stdout] 
[INFO] [stdout] test result: FAILED. 215 passed; 1 failed; 2 ignored; 0 measured; 0 filtered out; finished in 492.32s
[INFO] [stdout] 
[INFO] [stderr] error: doctest failed, to rerun pass `--doc`
[INFO] running `Command { std: "docker" "inspect" "9c8aaf70a982f113e5082337c6a7cb88a64d16c55eaaf6ef49f4d6fbf3e9eb4c", kill_on_drop: false }`
[INFO] running `Command { std: "docker" "rm" "-f" "9c8aaf70a982f113e5082337c6a7cb88a64d16c55eaaf6ef49f4d6fbf3e9eb4c", kill_on_drop: false }`
[INFO] [stdout] 9c8aaf70a982f113e5082337c6a7cb88a64d16c55eaaf6ef49f4d6fbf3e9eb4c
