[INFO] fetching crate tenferro-internal-ops 0.7.1...
[INFO] testing tenferro-internal-ops-0.7.1 against 1.100.0-beta.1 for beta-1.100-2
[INFO] extracting crate tenferro-internal-ops 0.7.1 into /workspace/builds/worker-5-tc2/source
[INFO] started tweaking crates.io crate tenferro-internal-ops 0.7.1
[INFO] removed 0 missing tests
[INFO] finished tweaking crates.io crate tenferro-internal-ops 0.7.1
[INFO] tweaked toml for crates.io crate tenferro-internal-ops 0.7.1 written to /workspace/builds/worker-5-tc2/source/Cargo.toml
[INFO] validating manifest of crates.io crate tenferro-internal-ops 0.7.1 on toolchain 1.100.0-beta.1
[INFO] running `Command { std: CARGO_HOME="/workspace/cargo-home" RUSTUP_HOME="/workspace/rustup-home" "/workspace/cargo-home/bin/cargo" "+1.100.0-beta.1" "metadata" "--manifest-path" "Cargo.toml" "--no-deps", kill_on_drop: false }`
[INFO] crate crates.io crate tenferro-internal-ops 0.7.1 already has a lockfile, it will not be regenerated
[INFO] running `Command { std: CARGO_HOME="/workspace/cargo-home" RUSTUP_HOME="/workspace/rustup-home" "/workspace/cargo-home/bin/cargo" "+1.100.0-beta.1" "fetch" "--manifest-path" "Cargo.toml", kill_on_drop: false }`
[INFO] running `Command { std: "docker" "create" "-v" "/var/lib/crater-agent-workspace/builds/worker-5-tc2/source:/opt/rustwide/workdir:ro,Z" "-v" "/var/lib/crater-agent-workspace/builds/worker-5-tc2/target:/opt/rustwide/target:rw,Z" "-v" "/var/lib/crater-agent-workspace/cargo-home:/opt/rustwide/cargo-home:ro,Z" "-v" "/var/lib/crater-agent-workspace/rustup-home:/opt/rustwide/rustup-home:ro,Z" "-m" "1610612736" "--network" "none" "ghcr.io/rust-lang/crates-build-env/linux@sha256:3111399a4047eeb3a02b7a90e478d715f38a8c6669b5c4b49d30a17385265909" "sleep" "infinity", kill_on_drop: false }`
[INFO] [stdout] eeee100e4d038d7da05fb6f31c636186b5f033c60065c41ec9000decd0e88eef
[INFO] running `Command { std: "docker" "start" "eeee100e4d038d7da05fb6f31c636186b5f033c60065c41ec9000decd0e88eef", kill_on_drop: false }`
[INFO] running `Command { std: "docker" "inspect" "eeee100e4d038d7da05fb6f31c636186b5f033c60065c41ec9000decd0e88eef", kill_on_drop: false }`
[INFO] running `Command { std: "docker" "exec" "-e" "SOURCE_DIR=/opt/rustwide/workdir" "-e" "CARGO_HOME=/opt/rustwide/cargo-home" "-e" "RUSTUP_HOME=/opt/rustwide/rustup-home" "-e" "CARGO_TARGET_DIR=/opt/rustwide/target" "-w" "/opt/rustwide/workdir" "--user" "0:0" "eeee100e4d038d7da05fb6f31c636186b5f033c60065c41ec9000decd0e88eef" "/opt/rustwide/cargo-home/bin/cargo" "+1.100.0-beta.1" "metadata" "--no-deps" "--format-version=1", kill_on_drop: false }`
[INFO] running `Command { std: "docker" "inspect" "eeee100e4d038d7da05fb6f31c636186b5f033c60065c41ec9000decd0e88eef", kill_on_drop: false }`
[INFO] running `Command { std: "docker" "exec" "-e" "SOURCE_DIR=/opt/rustwide/workdir" "-e" "CARGO_HOME=/opt/rustwide/cargo-home" "-e" "RUSTUP_HOME=/opt/rustwide/rustup-home" "-e" "CARGO_TARGET_DIR=/opt/rustwide/target" "-e" "CARGO_INCREMENTAL=0" "-e" "RUST_BACKTRACE=full" "-e" "RUSTFLAGS=--cap-lints=warn" "-e" "RUSTDOCFLAGS=--cap-lints=warn" "-w" "/opt/rustwide/workdir" "--user" "0:0" "eeee100e4d038d7da05fb6f31c636186b5f033c60065c41ec9000decd0e88eef" "/opt/rustwide/cargo-home/bin/cargo" "+1.100.0-beta.1" "build" "--frozen" "--message-format=json", kill_on_drop: false }`
[INFO] [stderr]    Compiling thiserror v2.0.20
[INFO] [stderr]    Compiling smallvec v1.16.1
[INFO] [stderr]    Compiling tenferro-core-ops v0.7.1
[INFO] [stderr]    Compiling computegraph v0.1.0
[INFO] [stderr]    Compiling num-traits v0.2.19
[INFO] [stderr]    Compiling syn v3.0.6
[INFO] [stderr]    Compiling syn v2.0.119
[INFO] [stderr]    Compiling num-complex v0.4.6
[INFO] [stderr]    Compiling tenferro-internal-extension-macros v0.7.1
[INFO] [stderr]    Compiling thiserror-impl v2.0.20
[INFO] [stderr]    Compiling tenferro-tensor-core v0.7.1
[INFO] [stderr]    Compiling tenferro-tensor v0.7.1
[INFO] [stderr]    Compiling tenferro-internal-ops v0.7.1 (/opt/rustwide/workdir)
[INFO] [stderr]     Finished `dev` profile [unoptimized + debuginfo] target(s) in 17.00s
[INFO] running `Command { std: "docker" "inspect" "eeee100e4d038d7da05fb6f31c636186b5f033c60065c41ec9000decd0e88eef", kill_on_drop: false }`
[INFO] running `Command { std: "docker" "exec" "-e" "SOURCE_DIR=/opt/rustwide/workdir" "-e" "CARGO_HOME=/opt/rustwide/cargo-home" "-e" "RUSTUP_HOME=/opt/rustwide/rustup-home" "-e" "CARGO_TARGET_DIR=/opt/rustwide/target" "-e" "CARGO_INCREMENTAL=0" "-e" "RUST_BACKTRACE=full" "-e" "RUSTFLAGS=--cap-lints=warn" "-e" "RUSTDOCFLAGS=--cap-lints=warn" "-w" "/opt/rustwide/workdir" "--user" "0:0" "eeee100e4d038d7da05fb6f31c636186b5f033c60065c41ec9000decd0e88eef" "/opt/rustwide/cargo-home/bin/cargo" "+1.100.0-beta.1" "test" "--frozen" "--no-run" "--message-format=json", kill_on_drop: false }`
[INFO] [stderr]    Compiling tenferro-internal-ops v0.7.1 (/opt/rustwide/workdir)
[INFO] [stderr]     Finished `test` profile [unoptimized + debuginfo] target(s) in 5.88s
[INFO] running `Command { std: "docker" "inspect" "eeee100e4d038d7da05fb6f31c636186b5f033c60065c41ec9000decd0e88eef", kill_on_drop: false }`
[INFO] running `Command { std: "docker" "exec" "-e" "SOURCE_DIR=/opt/rustwide/workdir" "-e" "CARGO_HOME=/opt/rustwide/cargo-home" "-e" "RUSTUP_HOME=/opt/rustwide/rustup-home" "-e" "CARGO_TARGET_DIR=/opt/rustwide/target" "-e" "CARGO_INCREMENTAL=0" "-e" "RUST_BACKTRACE=full" "-e" "RUSTFLAGS=--cap-lints=warn" "-e" "RUSTDOCFLAGS=--cap-lints=warn" "-w" "/opt/rustwide/workdir" "--user" "0:0" "eeee100e4d038d7da05fb6f31c636186b5f033c60065c41ec9000decd0e88eef" "/opt/rustwide/cargo-home/bin/cargo" "+1.100.0-beta.1" "test" "--frozen", kill_on_drop: false }`
[INFO] [stderr]     Finished `test` profile [unoptimized + debuginfo] target(s) in 0.07s
[INFO] [stderr]      Running unittests src/lib.rs (/opt/rustwide/target/debug/build/tenferro-internal-ops/d7d7b77fca1e1d4f/out/tenferro_ops-d7d7b77fca1e1d4f)
[INFO] [stdout] 
[INFO] [stdout] running 166 tests
[INFO] [stdout] test ad::support::tests::primitive_ad_support_manifest_covers_core_catalog_order ... ok
[INFO] [stdout] test ad::support::tests::identity_matrix_helper_emits_semantic_constant_and_remaps_shape_source ... ok
[INFO] [stdout] test ad::support::tests::primitive_ad_support_manifest_marks_known_non_differentiable_ops ... ok
[INFO] [stdout] test ad::support::tests::primitive_ad_support_manifest_matches_registered_rule_table ... ok
[INFO] [stdout] test ad::residual_spec_tests::residual_spec_builders_and_queries_cover_always_on_api ... ok
[INFO] [stdout] test ad::support::tests::one_like_helper_emits_semantic_constant_not_analytic_shortcut ... ok
[INFO] [stdout] test ad::support::tests::promote_dtype_covers_supported_pairs_without_runtime_unreachable ... ok
[INFO] [stdout] test ad::tests::contraction_tests::reduction_jvps_accept_upper_bound_input_metadata ... ok
[INFO] [stdout] test ad::support::tests::promote_dtype_delegates_to_canonical_tensor_validation_rules ... ok
[INFO] [stdout] test ad::tests::clear_guards_empties ... ok
[INFO] [stdout] test ad::tests::contraction_tests::dot_general_transpose_rejects_out_of_bounds_dims_without_panicking ... ok
[INFO] [stdout] test ad::tests::elementwise_tests::linearize_clamp_builds_nested_selects_for_active_bounds ... ok
[INFO] [stdout] test ad::tests::contraction_tests::reduce_sum_squares_transpose_uses_retained_primal_not_linear_input ... ok
[INFO] [stdout] test ad::tests::elementwise_tests::linearize_div_with_two_active_inputs_sums_both_terms ... ok
[INFO] [stdout] test ad::tests::contraction_tests::reduction_transposes_accept_upper_bound_input_metadata ... ok
[INFO] [stdout] test ad::tests::elementwise_tests::linearize_elementwise_inactive_inputs_return_none_without_ops ... ok
[INFO] [stdout] test ad::tests::elementwise_tests::one_like_uses_dtype_aware_constant_without_exp_shortcut ... ok
[INFO] [stdout] test ad::tests::elementwise_tests::symbolic_zero_carries_aval_until_instantiated ... ok
[INFO] [stdout] test ad::tests::elementwise_tests::linearize_extrema_uses_jax_balanced_tie_masks ... ok
[INFO] [stdout] test ad::tests::elementwise_tests::transpose_select_splits_cotangent_only_to_active_value_inputs ... ok
[INFO] [stdout] test ad::tests::elementwise_tests::transpose_clamp_covers_lower_only_and_inner_paths ... ok
[INFO] [stdout] test ad::tests::elementwise_tests::transpose_elementwise_handles_missing_or_inactive_cotangents ... ok
[INFO] [stdout] test ad::tests::guards_accumulate ... ok
[INFO] [stdout] test ad::tests::indexing_tests::linearize_dynamic_gather_reuses_primal_indices_and_shape_sources ... ok
[INFO] [stdout] test ad::tests::indexing_tests::linearize_dynamic_slice_inactive_tangent_returns_none ... ok
[INFO] [stdout] test ad::tests::elementwise_tests::zero_like_covers_scalar_and_broadcasted_dtype_paths ... ok
[INFO] [stdout] test ad::tests::global_metadata_registry_drop_order_does_not_remove_live_shadow ... ok
[INFO] [stdout] test ad::tests::global_metadata_registry_restores_shadowed_scope_after_drop ... ok
[INFO] [stdout] test ad::tests::indexing_tests::scatter::linearize_scatter_inactive_tangents_returns_none ... ok
[INFO] [stdout] test ad::tests::indexing_tests::linearize_dynamic_slice_reuses_primal_starts ... ok
[INFO] [stdout] test ad::tests::indexing_tests::linearize_dynamic_update_slice_reuses_primal_starts ... ok
[INFO] [stdout] test ad::tests::indexing_tests::linearize_gather_inactive_tangent_returns_none ... ok
[INFO] [stdout] test ad::tests::indexing_tests::linearize_gather_reuses_primal_indices_and_emits_gather ... ok
[INFO] [stdout] test ad::tests::indexing_tests::scatter::linearize_scatter_both_tangents_emit_single_scatter ... ok
[INFO] [stdout] test ad::tests::indexing_tests::scatter::transpose_scatter_inactive_updates_returns_all_none ... ok
[INFO] [stdout] test ad::tests::indexing_tests::scatter::transpose_scatter_operand_only_is_identity_and_no_ops ... ok
[INFO] [stdout] test ad::tests::indexing_tests::scatter::transpose_scatter_symbolic_window_dim_emits_dynamic_gather ... ok
[INFO] [stdout] test ad::tests::indexing_tests::scatter::linearize_scatter_operand_only_is_identity_passthrough ... ok
[INFO] [stdout] test ad::tests::indexing_tests::scatter::transpose_scatter_updates_only_emits_only_gather ... ok
[INFO] [stdout] test ad::tests::indexing_tests::scatter::transpose_scatter_window_dims_derive_slice_sizes_from_updates_shape ... ok
[INFO] [stdout] test ad::tests::global_metadata_registry_does_not_read_poisoned_inner_state_contract ... ok
[INFO] [stdout] test ad::tests::indexing_tests::transpose_dynamic_gather_emits_scatter_and_ignores_shape_sources ... ok
[INFO] [stdout] test ad::tests::indexing_tests::transpose_dynamic_slice_emits_dynamic_update_slice ... ok
[INFO] [stdout] test ad::tests::indexing_tests::scatter::linearize_scatter_updates_only_uses_zero_operand ... ok
[INFO] [stdout] test ad::tests::indexing_tests::scatter::transpose_scatter_emits_identity_for_operand_and_gather_for_updates ... ok
[INFO] [stdout] test ad::tests::metadata_exact_shape_rejects_upper_bound ... ok
[INFO] [stdout] test ad::tests::indexing_tests::transpose_gather_inactive_path_returns_all_none ... ok
[INFO] [stdout] test ad::tests::metadata_exposes_exact_extents ... ok
[INFO] [stdout] test ad::tests::indexing_tests::transpose_scatter_returns_none_for_mismatched_update_window_dims ... ok
[INFO] [stdout] test ad::tests::indexing_tests::transpose_scatter_uses_runtime_update_shape_for_upper_bound_window_dims ... ok
[INFO] [stdout] test ad::tests::indexing_tests::transpose_dynamic_update_slice_propagates_missing_update_metadata ... ok
[INFO] [stdout] test ad::tests::indexing_tests::transpose_dynamic_update_slice_returns_operand_and_update_cotangents ... ok
[INFO] [stdout] test ad::tests::indexing_tests::transpose_gather_emits_scatter_with_inverted_config ... ok
[INFO] [stdout] test ad::tests::registry_tests::primitive_ad_registry_is_trait_based_and_direct_indexed ... ok
[INFO] [stdout] test ad::tests::registry_tests::primitive_ad_registry_returns_errors_for_catalog_mismatches ... ok
[INFO] [stdout] test ad::tests::registry_tests::residual_mask_detector_accepts_declared_input_access ... ok
[INFO] [stdout] test ad::tests::registry_tests::residual_spec_builders_and_queries ... ok
[INFO] [stdout] test ad::tests::registry_tests::residual_spec_masks_on_representative_rules ... ok
[INFO] [stdout] test ad::tests::metadata_if_available_returns_none_for_unattached_or_bad_local_values ... ok
[INFO] [stdout] test ad::tests::metadata_queries_resolve_local_values_through_attached_graph ... ok
[INFO] [stdout] test ad::tests::resolve_and_guard_records_equal ... ok
[INFO] [stdout] test ad::tests::resolve_and_guard_records_greater ... ok
[INFO] [stdout] test ad::tests::registry_tests::primitive_ad_registry_covers_catalog_in_order ... ok
[INFO] [stdout] test ad::tests::registry_tests::primitive_ad_registry_has_representative_rules ... ok
[INFO] [stdout] test ad::tests::representative_graph_values_all_have_queryable_tensor_metadata ... ok
[INFO] [stdout] test ad::tests::resolve_and_guard_records_less ... ok
[INFO] [stdout] test ad::tests::shape_and_dtype_queries_work_for_concrete_input_values ... ok
[INFO] [stdout] test ad::tests::structural_tests::transpose_broadcast_propagates_unresolved_local_shape_error ... ok
[INFO] [stdout] test ad::tests::structural_tests::linearize_reshape_reuses_dynamic_shape_sources_as_inactive_inputs ... ok
[INFO] [stdout] test ad::tests::shape_queries_work_for_symbolic_input_values ... ok
[INFO] [stdout] test ad::tests::structural_tests::linearize_broadcast_reuses_dynamic_shape_sources_as_inactive_inputs ... ok
[INFO] [stdout] test ad::tests::resolve_dim_const ... ok
[INFO] [stdout] test ad::tests::resolve_dim_const_expr ... ok
[INFO] [stdout] test ad::tests::structural_tests::transpose_concatenate_returns_none_for_symbolic_concat_axis ... ok
[INFO] [stdout] test ad::tests::structural_tests::transpose_embed_diag_accepts_upper_bound_input_metadata_for_rank_only_perm ... ok
[INFO] [stdout] test ad::tests::structural_tests::transpose_extract_diag_reports_static_padding_axis_errors ... ok
[INFO] [stdout] test ad::tests::structural_tests::transpose_extract_diag_uses_runtime_shape_source_for_symbolic_padding ... ok
[INFO] [stdout] test ad::tests::structural_tests::transpose_pad_to_match_rejects_axis_outside_input_metadata ... ok
[INFO] [stdout] test ad::tests::structural_tests::transpose_reshape_accepts_upper_bound_input_metadata ... ok
[INFO] [stdout] test ad::tests::structural_tests::transpose_reshape_returns_none_for_dynamic_shape_sources ... ok
[INFO] [stdout] test shape_constraint::tests::context_errors_compose_with_tensor_result_and_preserve_diagnostic ... ok
[INFO] [stdout] test shape_constraint::tests::expression_equality_is_recorded_without_solving ... ok
[INFO] [stdout] test shape_constraint::tests::input_and_axis_bounds_errors_are_typed ... ok
[INFO] [stdout] test shape_constraint::tests::require_same_shape_rank_mismatch_is_typed ... ok
[INFO] [stdout] test shape_constraint::tests::require_same_shape_records_one_equality_per_axis ... ok
[INFO] [stdout] test shape_constraint::tests::tensor_error_conversion_preserves_input_and_rank_diagnostics ... ok
[INFO] [stdout] test tests::broadcast_tests::broadcast_error_mapping_preserves_each_structured_category ... ok
[INFO] [stdout] test tests::catalog_kind_tests::every_catalog_descriptor_has_a_std_tensor_op_variant ... ok
[INFO] [stdout] test ad::tests::structural_tests::transpose_diagonal_rules_respect_inactive_data_input ... ok
[INFO] [stdout] test ad::tests::structural_tests::transpose_broadcast_reduces_singleton_input_axes ... ok
[INFO] [stdout] test ad::tests::structural_tests::transpose_broadcast_reduces_upper_bound_singleton_input_axes ... ok
[INFO] [stdout] test tests::catalog_kind_tests::extension_ad_api_uses_linearize_and_transpose_terminology ... ok
[INFO] [stdout] test tests::catalog_kind_tests::extension_ops_do_not_claim_core_kind ... ok
[INFO] [stdout] test tests::catalog_kind_tests::std_tensor_op_maps_core_ops_to_catalog_kinds ... ok
[INFO] [stdout] test tests::dim_expr_tests::eval_reports_bad_input_refs_and_arithmetic_errors ... ok
[INFO] [stdout] test tests::dim_expr_tests::floor_div_zero_const_divisor_returns_error ... ok
[INFO] [stdout] test tests::dim_expr_tests::sub_underflow_returns_error_instead_of_wrapping ... ok
[INFO] [stdout] test tests::dim_expr_tests::test_from_concrete ... ok
[INFO] [stdout] test tests::dim_expr_tests::test_hash_eq_structural ... ok
[INFO] [stdout] test tests::dim_expr_tests::test_input_dim_eval ... ok
[INFO] [stdout] test tests::dim_expr_tests::test_arithmetic ... ok
[INFO] [stdout] test tests::dim_expr_tests::test_const_eval ... ok
[INFO] [stdout] test tests::dim_expr_tests::floor_div_zero_shape_derived_divisor_returns_error ... ok
[INFO] [stdout] test tests::dim_expr_tests::test_input_shape ... ok
[INFO] [stdout] test tests::dim_expr_tests::test_remap ... ok
[INFO] [stdout] test tests::dim_expr_tests::test_remap_covers_all_variants ... ok
[INFO] [stdout] test tests::dim_expr_tests::test_small_helpers_cover_false_and_empty_paths ... ok
[INFO] [stdout] test tests::dim_expr_tests::test_max_input_idx ... ok
[INFO] [stdout] test ad::tests::structural_tests::transpose_broadcast_restores_non_monotonic_dimension_order ... ok
[INFO] [stdout] test tests::dim_expr_tests::test_min_max ... ok
[INFO] [stdout] test ad::tests::structural_tests::transpose_broadcast_returns_none_for_dynamic_shape_sources ... ok
[INFO] [stdout] test tests::dim_expr_tests::test_remap_selective ... ok
[INFO] [stdout] test tests::ext_op_tests::extension_payload_does_not_affect_tensor_input_arity ... ok
[INFO] [stdout] test tests::ext_op_tests::extension_payload_equal_when_semantic_fields_match ... ok
[INFO] [stdout] test tests::ext_op_tests::extension_payload_not_equal_when_axis_differs ... ok
[INFO] [stdout] test tests::ext_op_tests::extension_payload_not_equal_when_mode_differs ... ok
[INFO] [stdout] test tests::ext_op_tests::extension_standard_lowering_has_no_legacy_option_shim ... ok
[INFO] [stdout] test tests::ext_op_tests::extension_family_id_macro_generates_stable_const ... ok
[INFO] [stdout] test tests::ext_op_tests::lower_to_standard_ops_preserves_lowering_error_kind ... ok
[INFO] [stdout] test tests::ext_op_tests::lower_to_standard_ops_returns_standard_outputs ... ok
[INFO] [stdout] test tests::ext_op_tests::extension_op_contract_has_no_host_reference_execution_hook ... ok
[INFO] [stdout] test tests::ext_op_tests::lower_to_standard_ops_reports_default_unsupported_without_error ... ok
[INFO] [stdout] test tests::input_key_tests::tensor_input_key_tangent_of_derives_a_unique_key ... ok
[INFO] [stdout] test tests::input_key_tests::tensor_input_key_clone_eq_and_hash_are_stable ... ok
[INFO] [stdout] test tests::normalization_tests::broadcast_shape_rejects_incompatible_shapes ... ok
[INFO] [stdout] test tests::normalization_tests::normalize_axes_rejects_duplicates_after_normalization ... ok
[INFO] [stdout] test tests::normalization_tests::normalize_axis_accepts_negative_axes_and_rejects_out_of_bounds ... ok
[INFO] [stdout] test tests::normalization_tests::broadcast_input_plan_drops_expanding_singletons ... ok
[INFO] [stdout] test tests::ext_op_tests::extension_payload_hash_changes_for_distinct_payloads ... ok
[INFO] [stdout] test tests::ext_op_tests::extension_payload_hash_matches_for_equal_payloads ... ok
[INFO] [stdout] test tests::normalization_tests::broadcast_shape_accepts_scalar_rank_padding_and_singletons ... ok
[INFO] [stdout] test tests::normalization_tests::reduced_shape_supports_keepdims ... ok
[INFO] [stdout] test tests::shape_extent_tests::exact_extent_exposes_exact_dim ... ok
[INFO] [stdout] test tests::std_tensor_op_tests::special_cases::test_std_tensor_op_contraction_special_cases_cover_none_and_scalar_paths ... ok
[INFO] [stdout] test tests::shape_extent_tests::map_preserves_extent_kind ... ok
[INFO] [stdout] test tests::shape_extent_tests::upper_bound_is_not_exact ... ok
[INFO] [stdout] test tests::std_tensor_op_tests::generic_constant_constructor_sets_dtype_for_each_scalar ... ok
[INFO] [stdout] test tests::std_tensor_op_tests::special_cases::test_std_tensor_op_convert_linearize_and_transpose_swap_dtypes ... ok
[INFO] [stdout] test tests::ext_op_tests::extension_operation_ownership_is_ad_engine_independent ... ok
[INFO] [stdout] test tests::std_tensor_op_tests::special_cases::extension_linearize_reports_missing_rule ... ok
[INFO] [stdout] test tests::std_tensor_op_tests::special_cases::test_std_tensor_op_linear_transpose_rules_respect_inactive_inputs ... ok
[INFO] [stdout] test tests::std_tensor_op_tests::test_std_tensor_op_concatenate_counts_use_recorded_arity ... ok
[INFO] [stdout] test tests::std_tensor_op_tests::test_std_tensor_op_dynamic_truncate_linearize_uses_static_slice_for_narrowed_metadata ... ok
[INFO] [stdout] test tests::std_tensor_op_tests::special_cases::test_std_tensor_op_structural_special_cases_cover_identity_and_empty_axes ... ok
[INFO] [stdout] test tests::std_tensor_op_tests::test_std_tensor_op_analytic_linearize_emits_ops_for_remaining_variants ... ok
[INFO] [stdout] test tests::std_tensor_op_tests::test_std_tensor_op_generic_constant_constructor_encodes_expected_bytes ... ok
[INFO] [stdout] test tests::std_tensor_op_tests::test_std_tensor_op_hash_covers_remaining_variants ... ok
[INFO] [stdout] test tests::std_tensor_op_tests::test_std_tensor_op_conj_ad_skips_real_identity_and_keeps_complex_conjugation ... ok
[INFO] [stdout] test tests::std_tensor_op_tests::test_std_tensor_op_constant_transpose_rule_has_no_inputs_or_ops ... ok
[INFO] [stdout] test tests::std_tensor_op_tests::test_std_tensor_op_linearize_none_tangent_paths_return_none ... ok
[INFO] [stdout] test tests::std_tensor_op_tests::test_std_tensor_op_mul_transpose_skips_real_conjugates_and_keeps_complex_conjugates ... ok
[INFO] [stdout] test tests::std_tensor_op_tests::test_std_tensor_op_elementwise_special_cases_are_covered ... ok
[INFO] [stdout] test tests::std_tensor_op_tests::test_std_tensor_op_input_output_counts ... ok
[INFO] [stdout] test tests::std_tensor_op_tests::test_std_tensor_op_analytic_transpose_rule_emits_ops_for_remaining_variants ... ok
[INFO] [stdout] test tests::std_tensor_op_tests::test_std_tensor_op_linearize_add_delegates_to_ad_module ... ok
[INFO] [stdout] test tests::std_tensor_op_tests::test_std_tensor_op_pad_to_match_transpose_uses_static_slice_for_concrete_shape ... ok
[INFO] [stdout] test tests::std_tensor_op_tests::test_std_tensor_op_reduce_prod_transpose_emits_product_rule ... ok
[INFO] [stdout] test tests::sym_dim_tests::constant_value_evaluates_constant_expressions ... ok
[INFO] [stdout] test tests::sym_dim_tests::constant_value_returns_none_for_symbolic_expressions ... ok
[INFO] [stdout] test tests::std_tensor_op_tests::test_std_tensor_op_reduce_chooser_transpose_emits_tie_split_rule ... ok
[INFO] [stdout] test ad::support::tests::identity_matrix_helper_rejects_unbound_shape_sources - should panic ... ok
[INFO] [stdout] test tests::std_tensor_op_tests::test_std_tensor_op_transpose_rule_add_fans_out_cotangent ... ok
[INFO] [stdout] test tests::std_tensor_op_tests::test_std_tensor_op_remaining_input_output_counts ... ok
[INFO] [stdout] test tests::std_tensor_op_tests::test_std_tensor_op_transpose_none_or_inactive_paths_return_none ... ok
[INFO] [stdout] test tests::std_tensor_op_tests::test_std_tensor_op_reduction_counts_cover_remaining_variants ... ok
[INFO] [stdout] test ad::tests::registry_tests::residual_mask_detector_rejects_undeclared_input_access - should panic ... ok
[INFO] [stdout] 
[INFO] [stdout] test result: ok. 166 passed; 0 failed; 0 ignored; 0 measured; 0 filtered out; finished in 0.08s
[INFO] [stdout] 
[INFO] [stderr]      Running tests/publication_contract.rs (/opt/rustwide/target/debug/build/tenferro-internal-ops/c011c462ef5df1c3/out/publication_contract-c011c462ef5df1c3)
[INFO] [stdout] 
[INFO] [stdout] running 1 test
[INFO] [stdout] test internal_ops_crate_is_publishable_implementation_crate ... FAILED
[INFO] [stdout] 
[INFO] [stdout] failures:
[INFO] [stdout] 
[INFO] [stdout] ---- internal_ops_crate_is_publishable_implementation_crate stdout ----
[INFO] [stdout] 
[INFO] [stdout] thread 'internal_ops_crate_is_publishable_implementation_crate' (573) panicked at tests/publication_contract.rs:12:5:
[INFO] [stdout] tenferro-internal-ops must be publishable because published tenferro crates depend on it
[INFO] [stdout] stack backtrace:
[INFO] [stdout]    0:     0x5a621766b871 - std[617be2ca0a6fd877]::backtrace_rs::backtrace::libunwind::trace
[INFO] [stdout]                                at /rustc/e3feeb59cd1bdd011a2bfcc0747b55125d9b8527/library/std/src/../../backtrace/src/backtrace/libunwind.rs:117:9
[INFO] [stdout]    1:     0x5a621766b871 - std[617be2ca0a6fd877]::backtrace_rs::backtrace::trace_unsynchronized::<std[617be2ca0a6fd877]::sys::backtrace::_print_fmt::{closure#1}>
[INFO] [stdout]                                at /rustc/e3feeb59cd1bdd011a2bfcc0747b55125d9b8527/library/std/src/../../backtrace/src/backtrace/mod.rs:66:14
[INFO] [stdout]    2:     0x5a621766b871 - std[617be2ca0a6fd877]::sys::backtrace::_print_fmt
[INFO] [stdout]                                at /rustc/e3feeb59cd1bdd011a2bfcc0747b55125d9b8527/library/std/src/sys/backtrace.rs:74:9
[INFO] [stdout]    3:     0x5a621766b871 - <<std[617be2ca0a6fd877]::sys::backtrace::BacktraceLock>::print::DisplayBacktrace as core[a373ad73a504971]::fmt::Display>::fmt
[INFO] [stdout]                                at /rustc/e3feeb59cd1bdd011a2bfcc0747b55125d9b8527/library/std/src/sys/backtrace.rs:44:26
[INFO] [stdout]    4:     0x5a621767f7da - <core[a373ad73a504971]::fmt::rt::Argument>::fmt
[INFO] [stdout]                                at /rustc/e3feeb59cd1bdd011a2bfcc0747b55125d9b8527/library/core/src/fmt/rt.rs:152:76
[INFO] [stdout]    5:     0x5a621767f7da - core[a373ad73a504971]::fmt::write
[INFO] [stdout]    6:     0x5a621766fa8c - core[a373ad73a504971]::io::write::default_write_fmt::<alloc[2e1b2a31b91974c5]::vec::Vec<u8>>
[INFO] [stdout]                                at /rustc/e3feeb59cd1bdd011a2bfcc0747b55125d9b8527/library/core/src/io/write.rs:402:11
[INFO] [stdout]    7:     0x5a621766fa8c - <alloc[2e1b2a31b91974c5]::vec::Vec<u8> as core[a373ad73a504971]::io::write::Write>::write_fmt
[INFO] [stdout]                                at /rustc/e3feeb59cd1bdd011a2bfcc0747b55125d9b8527/library/core/src/io/write.rs:335:13
[INFO] [stdout]    8:     0x5a6217647976 - <std[617be2ca0a6fd877]::sys::backtrace::BacktraceLock>::print
[INFO] [stdout]                                at /rustc/e3feeb59cd1bdd011a2bfcc0747b55125d9b8527/library/std/src/sys/backtrace.rs:47:9
[INFO] [stdout]    9:     0x5a6217647976 - std[617be2ca0a6fd877]::panicking::default_hook::{closure#0}
[INFO] [stdout]                                at /rustc/e3feeb59cd1bdd011a2bfcc0747b55125d9b8527/library/std/src/panicking.rs:289:27
[INFO] [stdout]   10:     0x5a6217663ba9 - std[617be2ca0a6fd877]::panicking::default_hook
[INFO] [stdout]                                at /rustc/e3feeb59cd1bdd011a2bfcc0747b55125d9b8527/library/std/src/panicking.rs:313:9
[INFO] [stdout]   11:     0x5a62175ffd00 - <alloc[2e1b2a31b91974c5]::boxed::Box<dyn for<'a, 'b> core[a373ad73a504971]::ops::function::Fn<(&'a std[617be2ca0a6fd877]::panic::PanicHookInfo<'b>,), Output = ()> + core[a373ad73a504971]::marker::Sync + core[a373ad73a504971]::marker::Send> as core[a373ad73a504971]::ops::function::Fn<(&std[617be2ca0a6fd877]::panic::PanicHookInfo,)>>::call
[INFO] [stdout]                                at /rustc/e3feeb59cd1bdd011a2bfcc0747b55125d9b8527/library/alloc/src/boxed.rs:2328:9
[INFO] [stdout]   12:     0x5a62175ffd00 - test[aada8e7e76ba119b]::test_main_inner::{closure#0}
[INFO] [stdout]                                at /rustc/e3feeb59cd1bdd011a2bfcc0747b55125d9b8527/library/test/src/lib.rs:137:21
[INFO] [stdout]   13:     0x5a6217663d62 - <alloc[2e1b2a31b91974c5]::boxed::Box<dyn for<'a, 'b> core[a373ad73a504971]::ops::function::Fn<(&'a std[617be2ca0a6fd877]::panic::PanicHookInfo<'b>,), Output = ()> + core[a373ad73a504971]::marker::Sync + core[a373ad73a504971]::marker::Send> as core[a373ad73a504971]::ops::function::Fn<(&std[617be2ca0a6fd877]::panic::PanicHookInfo,)>>::call
[INFO] [stdout]                                at /rustc/e3feeb59cd1bdd011a2bfcc0747b55125d9b8527/library/alloc/src/boxed.rs:2328:9
[INFO] [stdout]   14:     0x5a6217663d62 - std[617be2ca0a6fd877]::panicking::panic_with_hook
[INFO] [stdout]                                at /rustc/e3feeb59cd1bdd011a2bfcc0747b55125d9b8527/library/std/src/panicking.rs:819:13
[INFO] [stdout]   15:     0x5a6217647a54 - std[617be2ca0a6fd877]::panicking::panic_handler::{closure#0}
[INFO] [stdout]                                at /rustc/e3feeb59cd1bdd011a2bfcc0747b55125d9b8527/library/std/src/panicking.rs:678:13
[INFO] [stdout]   16:     0x5a62176405a9 - std[617be2ca0a6fd877]::sys::backtrace::__rust_end_short_backtrace::<std[617be2ca0a6fd877]::panicking::panic_handler::{closure#0}, !>
[INFO] [stdout]                                at /rustc/e3feeb59cd1bdd011a2bfcc0747b55125d9b8527/library/std/src/sys/backtrace.rs:182:18
[INFO] [stdout]   17:     0x5a621764862d - __rustc[ea4f61d10b84890b]::rust_begin_unwind
[INFO] [stdout]                                at /rustc/e3feeb59cd1bdd011a2bfcc0747b55125d9b8527/library/std/src/panicking.rs:676:5
[INFO] [stdout]   18:     0x5a621767ff0c - core[a373ad73a504971]::panicking::panic_fmt
[INFO] [stdout]                                at /rustc/e3feeb59cd1bdd011a2bfcc0747b55125d9b8527/library/core/src/panicking.rs:80:14
[INFO] [stdout]   19:     0x5a62175efcd6 - publication_contract[d9677bc381b18b1e]::internal_ops_crate_is_publishable_implementation_crate
[INFO] [stdout]                                at /opt/rustwide/workdir/tests/publication_contract.rs:12:5
[INFO] [stdout]   20:     0x5a62175ef647 - publication_contract[d9677bc381b18b1e]::internal_ops_crate_is_publishable_implementation_crate::{closure#0}
[INFO] [stdout]                                at /opt/rustwide/workdir/tests/publication_contract.rs:10:60
[INFO] [stdout]   21:     0x5a62175f30c6 - <publication_contract[d9677bc381b18b1e]::internal_ops_crate_is_publishable_implementation_crate::{closure#0} as core[a373ad73a504971]::ops::function::FnOnce<()>>::call_once
[INFO] [stdout]                                at /rustc/e3feeb59cd1bdd011a2bfcc0747b55125d9b8527/library/core/src/ops/function.rs:250:5
[INFO] [stdout]   22:     0x5a62175f314b - <fn() -> core[a373ad73a504971]::result::Result<(), alloc[2e1b2a31b91974c5]::string::String> as core[a373ad73a504971]::ops::function::FnOnce<()>>::call_once
[INFO] [stdout]                                at /rustc/e3feeb59cd1bdd011a2bfcc0747b55125d9b8527/library/core/src/ops/function.rs:250:5
[INFO] [stdout]   23:     0x5a62175f314b - test[aada8e7e76ba119b]::__rust_begin_short_backtrace::<core[a373ad73a504971]::result::Result<(), alloc[2e1b2a31b91974c5]::string::String>, fn() -> core[a373ad73a504971]::result::Result<(), alloc[2e1b2a31b91974c5]::string::String>>
[INFO] [stdout]                                at /rustc/e3feeb59cd1bdd011a2bfcc0747b55125d9b8527/library/test/src/lib.rs:701:18
[INFO] [stdout]   24:     0x5a6217600325 - test[aada8e7e76ba119b]::run_test_in_process::{closure#0}
[INFO] [stdout]                                at /rustc/e3feeb59cd1bdd011a2bfcc0747b55125d9b8527/library/test/src/lib.rs:724:74
[INFO] [stdout]   25:     0x5a6217600325 - <core[a373ad73a504971]::panic::unwind_safe::AssertUnwindSafe<test[aada8e7e76ba119b]::run_test_in_process::{closure#0}> as core[a373ad73a504971]::ops::function::FnOnce<()>>::call_once
[INFO] [stdout]                                at /rustc/e3feeb59cd1bdd011a2bfcc0747b55125d9b8527/library/core/src/panic/unwind_safe.rs:275:9
[INFO] [stdout]   26:     0x5a6217600325 - std[617be2ca0a6fd877]::panicking::catch_unwind::do_call::<core[a373ad73a504971]::panic::unwind_safe::AssertUnwindSafe<test[aada8e7e76ba119b]::run_test_in_process::{closure#0}>, core[a373ad73a504971]::result::Result<(), alloc[2e1b2a31b91974c5]::string::String>>
[INFO] [stdout]                                at /rustc/e3feeb59cd1bdd011a2bfcc0747b55125d9b8527/library/std/src/panicking.rs:573:43
[INFO] [stdout]   27:     0x5a6217600325 - std[617be2ca0a6fd877]::panicking::catch_unwind::<core[a373ad73a504971]::result::Result<(), alloc[2e1b2a31b91974c5]::string::String>, core[a373ad73a504971]::panic::unwind_safe::AssertUnwindSafe<test[aada8e7e76ba119b]::run_test_in_process::{closure#0}>>
[INFO] [stdout]                                at /rustc/e3feeb59cd1bdd011a2bfcc0747b55125d9b8527/library/std/src/panicking.rs:541:19
[INFO] [stdout]   28:     0x5a6217600325 - std[617be2ca0a6fd877]::panic::catch_unwind::<core[a373ad73a504971]::panic::unwind_safe::AssertUnwindSafe<test[aada8e7e76ba119b]::run_test_in_process::{closure#0}>, core[a373ad73a504971]::result::Result<(), alloc[2e1b2a31b91974c5]::string::String>>
[INFO] [stdout]                                at /rustc/e3feeb59cd1bdd011a2bfcc0747b55125d9b8527/library/std/src/panic.rs:359:14
[INFO] [stdout]   29:     0x5a6217600325 - test[aada8e7e76ba119b]::run_test_in_process
[INFO] [stdout]                                at /rustc/e3feeb59cd1bdd011a2bfcc0747b55125d9b8527/library/test/src/lib.rs:724:27
[INFO] [stdout]   30:     0x5a6217600325 - test[aada8e7e76ba119b]::run_test::{closure#0}
[INFO] [stdout]                                at /rustc/e3feeb59cd1bdd011a2bfcc0747b55125d9b8527/library/test/src/lib.rs:645:43
[INFO] [stdout]   31:     0x5a62175f9c14 - test[aada8e7e76ba119b]::run_test::{closure#1}
[INFO] [stdout]                                at /rustc/e3feeb59cd1bdd011a2bfcc0747b55125d9b8527/library/test/src/lib.rs:675:41
[INFO] [stdout]   32:     0x5a62175f9c14 - std[617be2ca0a6fd877]::sys::backtrace::__rust_begin_short_backtrace::<test[aada8e7e76ba119b]::run_test::{closure#1}, ()>
[INFO] [stdout]                                at /rustc/e3feeb59cd1bdd011a2bfcc0747b55125d9b8527/library/std/src/sys/backtrace.rs:166:18
[INFO] [stdout]   33:     0x5a62176033b2 - std[617be2ca0a6fd877]::thread::lifecycle::spawn_unchecked::<test[aada8e7e76ba119b]::run_test::{closure#1}, ()>::{closure#1}::{closure#0}
[INFO] [stdout]                                at /rustc/e3feeb59cd1bdd011a2bfcc0747b55125d9b8527/library/std/src/thread/lifecycle.rs:70:13
[INFO] [stdout]   34:     0x5a62176033b2 - <core[a373ad73a504971]::panic::unwind_safe::AssertUnwindSafe<std[617be2ca0a6fd877]::thread::lifecycle::spawn_unchecked<test[aada8e7e76ba119b]::run_test::{closure#1}, ()>::{closure#1}::{closure#0}> as core[a373ad73a504971]::ops::function::FnOnce<()>>::call_once
[INFO] [stdout]                                at /rustc/e3feeb59cd1bdd011a2bfcc0747b55125d9b8527/library/core/src/panic/unwind_safe.rs:275:9
[INFO] [stdout]   35:     0x5a62176033b2 - std[617be2ca0a6fd877]::panicking::catch_unwind::do_call::<core[a373ad73a504971]::panic::unwind_safe::AssertUnwindSafe<std[617be2ca0a6fd877]::thread::lifecycle::spawn_unchecked<test[aada8e7e76ba119b]::run_test::{closure#1}, ()>::{closure#1}::{closure#0}>, ()>
[INFO] [stdout]                                at /rustc/e3feeb59cd1bdd011a2bfcc0747b55125d9b8527/library/std/src/panicking.rs:573:43
[INFO] [stdout]   36:     0x5a62176033b2 - std[617be2ca0a6fd877]::panicking::catch_unwind::<(), core[a373ad73a504971]::panic::unwind_safe::AssertUnwindSafe<std[617be2ca0a6fd877]::thread::lifecycle::spawn_unchecked<test[aada8e7e76ba119b]::run_test::{closure#1}, ()>::{closure#1}::{closure#0}>>
[INFO] [stdout]                                at /rustc/e3feeb59cd1bdd011a2bfcc0747b55125d9b8527/library/std/src/panicking.rs:541:19
[INFO] [stdout]   37:     0x5a62176033b2 - std[617be2ca0a6fd877]::panic::catch_unwind::<core[a373ad73a504971]::panic::unwind_safe::AssertUnwindSafe<std[617be2ca0a6fd877]::thread::lifecycle::spawn_unchecked<test[aada8e7e76ba119b]::run_test::{closure#1}, ()>::{closure#1}::{closure#0}>, ()>
[INFO] [stdout]                                at /rustc/e3feeb59cd1bdd011a2bfcc0747b55125d9b8527/library/std/src/panic.rs:359:14
[INFO] [stdout]   38:     0x5a62176033b2 - std[617be2ca0a6fd877]::thread::lifecycle::spawn_unchecked::<test[aada8e7e76ba119b]::run_test::{closure#1}, ()>::{closure#1}
[INFO] [stdout]                                at /rustc/e3feeb59cd1bdd011a2bfcc0747b55125d9b8527/library/std/src/thread/lifecycle.rs:68:26
[INFO] [stdout]   39:     0x5a62176033b2 - <std[617be2ca0a6fd877]::thread::lifecycle::spawn_unchecked<test[aada8e7e76ba119b]::run_test::{closure#1}, ()>::{closure#1} as core[a373ad73a504971]::ops::function::FnOnce<()>>::call_once::{shim:vtable#0}
[INFO] [stdout]                                at /rustc/e3feeb59cd1bdd011a2bfcc0747b55125d9b8527/library/core/src/ops/function.rs:250:5
[INFO] [stdout]   40:     0x5a621766ad6f - <alloc[2e1b2a31b91974c5]::boxed::Box<dyn core[a373ad73a504971]::ops::function::FnOnce<(), Output = ()> + core[a373ad73a504971]::marker::Send> as core[a373ad73a504971]::ops::function::FnOnce<()>>::call_once
[INFO] [stdout]                                at /rustc/e3feeb59cd1bdd011a2bfcc0747b55125d9b8527/library/alloc/src/boxed.rs:2314:9
[INFO] [stdout]   41:     0x5a621766ad6f - <std[617be2ca0a6fd877]::sys::thread::unix::Thread>::new::thread_start
[INFO] [stdout]                                at /rustc/e3feeb59cd1bdd011a2bfcc0747b55125d9b8527/library/std/src/sys/thread/unix.rs:127:17
[INFO] [stdout]   42:     0x7425abadbdfa - <unknown>
[INFO] [stdout]   43:     0x7425abb6f3d4 - clone
[INFO] [stdout]   44:                0x0 - <unknown>
[INFO] [stdout] 
[INFO] [stdout] 
[INFO] [stdout] failures:
[INFO] [stdout]     internal_ops_crate_is_publishable_implementation_crate
[INFO] [stdout] 
[INFO] [stdout] test result: FAILED. 0 passed; 1 failed; 0 ignored; 0 measured; 0 filtered out; finished in 0.06s
[INFO] [stdout] 
[INFO] [stderr] error: test failed, to rerun pass `--test publication_contract`
[INFO] running `Command { std: "docker" "inspect" "eeee100e4d038d7da05fb6f31c636186b5f033c60065c41ec9000decd0e88eef", kill_on_drop: false }`
[INFO] running `Command { std: "docker" "rm" "-f" "eeee100e4d038d7da05fb6f31c636186b5f033c60065c41ec9000decd0e88eef", kill_on_drop: false }`
[INFO] [stdout] eeee100e4d038d7da05fb6f31c636186b5f033c60065c41ec9000decd0e88eef
