[INFO] fetching crate tempura-sa 0.1.1...
[INFO] testing tempura-sa-0.1.1 against 1.100.0-beta.1 for beta-1.100-2
[INFO] extracting crate tempura-sa 0.1.1 into /workspace/builds/worker-3-tc2/source
[INFO] started tweaking crates.io crate tempura-sa 0.1.1
[INFO] removed 0 missing examples
[INFO] removed 0 missing tests
[INFO] finished tweaking crates.io crate tempura-sa 0.1.1
[INFO] tweaked toml for crates.io crate tempura-sa 0.1.1 written to /workspace/builds/worker-3-tc2/source/Cargo.toml
[INFO] validating manifest of crates.io crate tempura-sa 0.1.1 on toolchain 1.100.0-beta.1
[INFO] running `Command { std: CARGO_HOME="/workspace/cargo-home" RUSTUP_HOME="/workspace/rustup-home" "/workspace/cargo-home/bin/cargo" "+1.100.0-beta.1" "metadata" "--manifest-path" "Cargo.toml" "--no-deps", kill_on_drop: false }`
[INFO] crate crates.io crate tempura-sa 0.1.1 already has a lockfile, it will not be regenerated
[INFO] running `Command { std: CARGO_HOME="/workspace/cargo-home" RUSTUP_HOME="/workspace/rustup-home" "/workspace/cargo-home/bin/cargo" "+1.100.0-beta.1" "fetch" "--manifest-path" "Cargo.toml", kill_on_drop: false }`
[INFO] [stderr]     Blocking waiting for file lock on package cache
[INFO] [stderr]     Blocking waiting for file lock on package cache
[INFO] running `Command { std: "docker" "create" "-v" "/var/lib/crater-agent-workspace/builds/worker-3-tc2/source:/opt/rustwide/workdir:ro,Z" "-v" "/var/lib/crater-agent-workspace/builds/worker-3-tc2/target:/opt/rustwide/target:rw,Z" "-v" "/var/lib/crater-agent-workspace/cargo-home:/opt/rustwide/cargo-home:ro,Z" "-v" "/var/lib/crater-agent-workspace/rustup-home:/opt/rustwide/rustup-home:ro,Z" "-m" "1610612736" "--network" "none" "ghcr.io/rust-lang/crates-build-env/linux@sha256:3111399a4047eeb3a02b7a90e478d715f38a8c6669b5c4b49d30a17385265909" "sleep" "infinity", kill_on_drop: false }`
[INFO] [stdout] 02d357bcac0d2d4619f97ec31dde6d6edb05e2dc3044b3e5459ba832017d3fda
[INFO] running `Command { std: "docker" "start" "02d357bcac0d2d4619f97ec31dde6d6edb05e2dc3044b3e5459ba832017d3fda", kill_on_drop: false }`
[INFO] running `Command { std: "docker" "inspect" "02d357bcac0d2d4619f97ec31dde6d6edb05e2dc3044b3e5459ba832017d3fda", kill_on_drop: false }`
[INFO] running `Command { std: "docker" "exec" "-e" "SOURCE_DIR=/opt/rustwide/workdir" "-e" "CARGO_HOME=/opt/rustwide/cargo-home" "-e" "RUSTUP_HOME=/opt/rustwide/rustup-home" "-e" "CARGO_TARGET_DIR=/opt/rustwide/target" "-w" "/opt/rustwide/workdir" "--user" "0:0" "02d357bcac0d2d4619f97ec31dde6d6edb05e2dc3044b3e5459ba832017d3fda" "/opt/rustwide/cargo-home/bin/cargo" "+1.100.0-beta.1" "metadata" "--no-deps" "--format-version=1", kill_on_drop: false }`
[INFO] running `Command { std: "docker" "inspect" "02d357bcac0d2d4619f97ec31dde6d6edb05e2dc3044b3e5459ba832017d3fda", kill_on_drop: false }`
[INFO] running `Command { std: "docker" "exec" "-e" "SOURCE_DIR=/opt/rustwide/workdir" "-e" "CARGO_HOME=/opt/rustwide/cargo-home" "-e" "RUSTUP_HOME=/opt/rustwide/rustup-home" "-e" "CARGO_TARGET_DIR=/opt/rustwide/target" "-e" "CARGO_INCREMENTAL=0" "-e" "RUST_BACKTRACE=full" "-e" "RUSTFLAGS=--cap-lints=warn" "-e" "RUSTDOCFLAGS=--cap-lints=warn" "-w" "/opt/rustwide/workdir" "--user" "0:0" "02d357bcac0d2d4619f97ec31dde6d6edb05e2dc3044b3e5459ba832017d3fda" "/opt/rustwide/cargo-home/bin/cargo" "+1.100.0-beta.1" "build" "--frozen" "--message-format=json", kill_on_drop: false }`
[INFO] [stderr]    Compiling tempura-sa v0.1.1 (/opt/rustwide/workdir)
[INFO] [stderr]     Finished `dev` profile [unoptimized + debuginfo] target(s) in 0.40s
[INFO] running `Command { std: "docker" "inspect" "02d357bcac0d2d4619f97ec31dde6d6edb05e2dc3044b3e5459ba832017d3fda", kill_on_drop: false }`
[INFO] running `Command { std: "docker" "exec" "-e" "SOURCE_DIR=/opt/rustwide/workdir" "-e" "CARGO_HOME=/opt/rustwide/cargo-home" "-e" "RUSTUP_HOME=/opt/rustwide/rustup-home" "-e" "CARGO_TARGET_DIR=/opt/rustwide/target" "-e" "CARGO_INCREMENTAL=0" "-e" "RUST_BACKTRACE=full" "-e" "RUSTFLAGS=--cap-lints=warn" "-e" "RUSTDOCFLAGS=--cap-lints=warn" "-w" "/opt/rustwide/workdir" "--user" "0:0" "02d357bcac0d2d4619f97ec31dde6d6edb05e2dc3044b3e5459ba832017d3fda" "/opt/rustwide/cargo-home/bin/cargo" "+1.100.0-beta.1" "test" "--frozen" "--no-run" "--message-format=json", kill_on_drop: false }`
[INFO] [stderr]    Compiling libc v0.2.183
[INFO] [stderr]    Compiling proc-macro2 v1.0.106
[INFO] [stderr]    Compiling quote v1.0.45
[INFO] [stderr]    Compiling unicode-ident v1.0.24
[INFO] [stderr]    Compiling autocfg v1.5.0
[INFO] [stderr]    Compiling zerocopy v0.8.41
[INFO] [stderr]    Compiling getrandom v0.3.4
[INFO] [stderr]    Compiling serde_core v1.0.228
[INFO] [stderr]    Compiling crossbeam-utils v0.8.21
[INFO] [stderr]    Compiling zmij v1.0.21
[INFO] [stderr]    Compiling rustix v1.1.4
[INFO] [stderr]    Compiling getrandom v0.4.2
[INFO] [stderr]    Compiling paste v1.0.15
[INFO] [stderr]    Compiling serde v1.0.228
[INFO] [stderr]    Compiling bytemuck v1.25.0
[INFO] [stderr]    Compiling linux-raw-sys v0.12.1
[INFO] [stderr]    Compiling either v1.15.0
[INFO] [stderr]    Compiling bitflags v2.11.0
[INFO] [stderr]    Compiling regex-syntax v0.8.10
[INFO] [stderr]    Compiling typenum v1.19.0
[INFO] [stderr]    Compiling rayon-core v1.13.0
[INFO] [stderr]    Compiling safe_arch v0.7.4
[INFO] [stderr]    Compiling serde_json v1.0.149
[INFO] [stderr]    Compiling once_cell v1.21.3
[INFO] [stderr]    Compiling num-traits v0.2.19
[INFO] [stderr]    Compiling matrixmultiply v0.3.10
[INFO] [stderr]    Compiling itoa v1.0.17
[INFO] [stderr]    Compiling plotters-backend v0.3.7
[INFO] [stderr]    Compiling fastrand v2.3.0
[INFO] [stderr]    Compiling anstyle v1.0.13
[INFO] [stderr]    Compiling ciborium-io v0.2.2
[INFO] [stderr]    Compiling rawpointer v0.2.1
[INFO] [stderr]    Compiling memchr v2.8.0
[INFO] [stderr]    Compiling clap_lex v1.0.0
[INFO] [stderr]    Compiling plotters-svg v0.3.7
[INFO] [stderr]    Compiling crossbeam-epoch v0.9.18
[INFO] [stderr]    Compiling wide v0.7.33
[INFO] [stderr]    Compiling clap_builder v4.5.60
[INFO] [stderr]    Compiling itertools v0.10.5
[INFO] [stderr]    Compiling fnv v1.0.7
[INFO] [stderr]    Compiling cast v0.3.0
[INFO] [stderr]    Compiling same-file v1.0.6
[INFO] [stderr]    Compiling crossbeam-deque v0.8.6
[INFO] [stderr]    Compiling quick-error v1.2.3
[INFO] [stderr]    Compiling bit-vec v0.8.0
[INFO] [stderr]    Compiling walkdir v2.5.0
[INFO] [stderr]    Compiling syn v2.0.117
[INFO] [stderr]    Compiling bit-set v0.8.0
[INFO] [stderr]    Compiling oorandom v11.1.5
[INFO] [stderr]    Compiling anes v0.1.6
[INFO] [stderr]    Compiling unarray v0.1.4
[INFO] [stderr]    Compiling getrandom v0.2.17
[INFO] [stderr]    Compiling wait-timeout v0.2.1
[INFO] [stderr]    Compiling is-terminal v0.4.17
[INFO] [stderr]    Compiling rand_core v0.9.5
[INFO] [stderr]    Compiling rayon v1.11.0
[INFO] [stderr]    Compiling rand_core v0.6.4
[INFO] [stderr]    Compiling regex-automata v0.4.14
[INFO] [stderr]    Compiling rand_xoshiro v0.6.0
[INFO] [stderr]    Compiling rand_pcg v0.3.1
[INFO] [stderr]    Compiling criterion-plot v0.5.0
[INFO] [stderr]    Compiling rand_xorshift v0.4.0
[INFO] [stderr]    Compiling rand v0.9.2
[INFO] [stderr]    Compiling num-integer v0.1.46
[INFO] [stderr]    Compiling num-complex v0.4.6
[INFO] [stderr]    Compiling approx v0.5.1
[INFO] [stderr]    Compiling plotters v0.3.7
[INFO] [stderr]    Compiling num-rational v0.4.2
[INFO] [stderr]    Compiling simba v0.8.1
[INFO] [stderr]    Compiling tempfile v3.26.0
[INFO] [stderr]    Compiling rusty-fork v0.3.1
[INFO] [stderr]    Compiling clap v4.5.60
[INFO] [stderr]    Compiling zerocopy-derive v0.8.41
[INFO] [stderr]    Compiling serde_derive v1.0.228
[INFO] [stderr]    Compiling nalgebra-macros v0.2.2
[INFO] [stderr]    Compiling regex v1.12.3
[INFO] [stderr]    Compiling tinytemplate v1.2.1
[INFO] [stderr]    Compiling ppv-lite86 v0.2.21
[INFO] [stderr]    Compiling half v2.7.1
[INFO] [stderr]    Compiling ciborium-ll v0.2.2
[INFO] [stderr]    Compiling rand_chacha v0.3.1
[INFO] [stderr]    Compiling rand_chacha v0.9.0
[INFO] [stderr]    Compiling ciborium v0.2.2
[INFO] [stderr]    Compiling rand v0.8.5
[INFO] [stderr]    Compiling proptest v1.10.0
[INFO] [stderr]    Compiling criterion v0.5.1
[INFO] [stderr]    Compiling rand_distr v0.4.3
[INFO] [stderr]    Compiling nalgebra v0.32.6
[INFO] [stderr]    Compiling statrs v0.17.1
[INFO] [stderr]    Compiling tempura-sa v0.1.1 (/opt/rustwide/workdir)
[INFO] [stderr]     Finished `test` profile [unoptimized + debuginfo] target(s) in 30.72s
[INFO] running `Command { std: "docker" "inspect" "02d357bcac0d2d4619f97ec31dde6d6edb05e2dc3044b3e5459ba832017d3fda", kill_on_drop: false }`
[INFO] running `Command { std: "docker" "exec" "-e" "SOURCE_DIR=/opt/rustwide/workdir" "-e" "CARGO_HOME=/opt/rustwide/cargo-home" "-e" "RUSTUP_HOME=/opt/rustwide/rustup-home" "-e" "CARGO_TARGET_DIR=/opt/rustwide/target" "-e" "CARGO_INCREMENTAL=0" "-e" "RUST_BACKTRACE=full" "-e" "RUSTFLAGS=--cap-lints=warn" "-e" "RUSTDOCFLAGS=--cap-lints=warn" "-w" "/opt/rustwide/workdir" "--user" "0:0" "02d357bcac0d2d4619f97ec31dde6d6edb05e2dc3044b3e5459ba832017d3fda" "/opt/rustwide/cargo-home/bin/cargo" "+1.100.0-beta.1" "test" "--frozen", kill_on_drop: false }`
[INFO] [stderr]     Finished `test` profile [unoptimized + debuginfo] target(s) in 0.14s
[INFO] [stderr]      Running unittests src/lib.rs (/opt/rustwide/target/debug/build/tempura-sa/540efe2ec9818487/out/tempura_sa-540efe2ec9818487)
[INFO] [stdout] 
[INFO] [stdout] running 67 tests
[INFO] [stdout] test diagnostics::tests::diagnostics_acceptance_rate ... ok
[INFO] [stdout] test diagnostics::tests::trajectory_sampling ... ok
[INFO] [stdout] test landscape::barrier::tests::global_basin_is_lower ... ok
[INFO] [stdout] test landscape::double_well::tests::barrier_is_highest ... ok
[INFO] [stdout] test landscape::double_well::tests::global_basin_lower ... ok
[INFO] [stdout] test landscape::barrier::tests::short_wide_barrier_geometry ... ok
[INFO] [stdout] test landscape::double_well::tests::critical_depth_matches ... ok
[INFO] [stdout] test landscape::double_well::tests::move_stays_in_bounds ... ok
[INFO] [stdout] test landscape::ising::tests::spin_flip_symmetric ... ok
[INFO] [stdout] test landscape::ising::tests::all_up_ground_state ... ok
[INFO] [stdout] test landscape::potential_well::tests::boltzmann_peaks_at_center ... ok
[INFO] [stdout] test energy::tests::fn_energy_closure ... ok
[INFO] [stdout] test diagnostics::tests::windowed_acceptance_rate_basic ... ok
[INFO] [stdout] test energy::tests::fn_energy_deterministic ... ok
[INFO] [stdout] test annealer::tests::trajectory_recording ... ok
[INFO] [stdout] test landscape::potential_well::tests::high_temp_approaches_uniform ... ok
[INFO] [stdout] test landscape::potential_well::tests::neighbor_move_stays_in_bounds ... ok
[INFO] [stdout] test landscape::potential_well::tests::energy_quadratic ... ok
[INFO] [stdout] test landscape::rastrigin::tests::nonzero_away_from_origin ... ok
[INFO] [stdout] test landscape::barrier::tests::tall_thin_barrier_geometry ... ok
[INFO] [stdout] test math::tests::log_domain_equivalence ... ok
[INFO] [stdout] test math::tests::metropolis_always_accepts_improvement ... ok
[INFO] [stdout] test math::tests::metropolis_probability_at_zero ... ok
[INFO] [stdout] test math::tests::quantum_depends_on_sqrt_not_linear ... ok
[INFO] [stdout] test math::tests::stable_neg_exp_extreme_negative ... ok
[INFO] [stdout] test math::tests::stable_neg_exp_extreme_positive ... ok
[INFO] [stdout] test math::tests::stable_neg_exp_normal ... ok
[INFO] [stdout] test moves::tests::gaussian_move_changes_state ... ok
[INFO] [stdout] test math::tests::barker_symmetry ... ok
[INFO] [stdout] test math::tests::fast_exp_accuracy ... ok
[INFO] [stdout] test moves::tests::neighbor_move_asymmetric_at_boundary ... ok
[INFO] [stdout] test landscape::rastrigin::tests::has_many_local_minima ... ok
[INFO] [stdout] test moves::tests::neighbor_move_stays_in_bounds ... ok
[INFO] [stdout] test landscape::potential_well::tests::boltzmann_sums_to_one ... ok
[INFO] [stdout] test diagnostics::tests::diagnostics_best_energy_tracking ... ok
[INFO] [stdout] test landscape::ising::tests::all_down_same_energy ... ok
[INFO] [stdout] test moves::tests::swap_move_permutation_preserved ... ok
[INFO] [stdout] test moves::tests::swap_move_reversible_undo ... ok
[INFO] [stdout] test parallel::tests::geometric_ladder_correct ... ok
[INFO] [stdout] test landscape::rastrigin::tests::global_minimum_at_origin ... ok
[INFO] [stdout] test math::tests::quantum_always_accepts_improvement ... ok
[INFO] [stdout] test landscape::ising::tests::delta_energy_consistent ... ok
[INFO] [stdout] test landscape::ising::tests::partition_function_positive ... ok
[INFO] [stdout] test rng::tests::pcg_deterministic ... ok
[INFO] [stdout] test rng::tests::xoshiro_deterministic ... ok
[INFO] [stdout] test schedule::tests::adaptive_decreases_on_high_acceptance ... ok
[INFO] [stdout] test rng::tests::xoshiro_different_seeds_diverge ... ok
[INFO] [stdout] test schedule::tests::adaptive_increases_on_low_acceptance ... ok
[INFO] [stdout] test population::tests::systematic_resample_preserves_size ... ok
[INFO] [stdout] test schedule::tests::fast_vs_cauchy_ordering ... ok
[INFO] [stdout] test schedule::tests::exponential_monotonic ... ok
[INFO] [stdout] test population::tests::pa_diagnostics_populated ... ok
[INFO] [stdout] test schedule::tests::logarithmic_slow_convergence ... ok
[INFO] [stdout] test rng::tests::exp1_positive ... ok
[INFO] [stdout] test schedule::tests::linear_monotonic ... ok
[INFO] [stdout] test rng::tests::f64_in_range ... ok
[INFO] [stdout] test annealer::tests::deterministic_reproduction ... ok
[INFO] [stdout] test population::tests::pa_deterministic ... ok
[INFO] [stdout] test parallel::tests::pt_swap_diagnostics_populated ... ok
[INFO] [stdout] test schedule::tests::all_schedules_positive ... ok
[INFO] [stdout] test population::tests::pa_finds_minimum_quadratic ... ok
[INFO] [stdout] test annealer::tests::acceptance_rate_reasonable ... ok
[INFO] [stdout] test parallel::tests::pt_deterministic ... ok
[INFO] [stdout] test annealer::tests::minimize_quadratic ... ok
[INFO] [stdout] test population::tests::pa_effective_fraction_high_with_gentle_cooling ... ok
[INFO] [stdout] test parallel::tests::pt_finds_global_minimum_quadratic ... ok
[INFO] [stdout] test parallel::tests::pt_beats_sa_on_double_well ... ok
[INFO] [stdout] 
[INFO] [stdout] test result: ok. 67 passed; 0 failed; 0 ignored; 0 measured; 0 filtered out; finished in 3.16s
[INFO] [stdout] 
[INFO] [stderr]      Running tests/h01_boltzmann.rs (/opt/rustwide/target/debug/build/tempura-sa/83655fcf6e3e68ca/out/h01_boltzmann-83655fcf6e3e68ca)
[INFO] [stdout] 
[INFO] [stdout] running 4 tests
[INFO] [stdout] test h01_high_temp_uniform ... ok
[INFO] [stdout] test h01_ergodicity ... ok
[INFO] [stdout] test h01b_mean_energy_convergence ... ok
[INFO] [stdout] test h01a_boltzmann_convergence ... ok
[INFO] [stdout] 
[INFO] [stdout] test result: ok. 4 passed; 0 failed; 0 ignored; 0 measured; 0 filtered out; finished in 40.84s
[INFO] [stdout] 
[INFO] [stderr]      Running tests/h02_detailed_balance.rs (/opt/rustwide/target/debug/build/tempura-sa/0e41ba4f6cc6edac/out/h02_detailed_balance-0e41ba4f6cc6edac)
[INFO] [stdout] 
[INFO] [stdout] running 4 tests
[INFO] [stdout] test h02_plain_metropolis_fails_on_asymmetric_graph ... ok
[INFO] [stdout] test h02c_threshold_not_boltzmann ... ok
[INFO] [stdout] test h02a_detailed_balance_metropolis_hastings ... ok
[INFO] [stdout] test h02b_barker_vs_metropolis has been running for over 60 seconds
[INFO] [stdout] test h02b_barker_vs_metropolis ... ok
[INFO] [stdout] 
[INFO] [stdout] test result: ok. 4 passed; 0 failed; 0 ignored; 0 measured; 0 filtered out; finished in 80.92s
[INFO] [stdout] 
[INFO] [stderr]      Running tests/h03_cooling.rs (/opt/rustwide/target/debug/build/tempura-sa/4165d859844ca03b/out/h03_cooling-4165d859844ca03b)
[INFO] [stdout] 
[INFO] [stdout] running 5 tests
[INFO] [stdout] test h03_landscape_properties ... ok
[INFO] [stdout] test h03_all_schedules_positive_on_full_run ... ok
[INFO] [stdout] test h03c_exponential_faster_in_practice ... ok
[INFO] [stdout] test h03a_logarithmic_vs_exponential ... ok
[INFO] [stdout] test h03b_success_rate_vs_c has been running for over 60 seconds
[INFO] [stdout] test h03b_success_rate_vs_c ... ok
[INFO] [stdout] 
[INFO] [stdout] test result: ok. 5 passed; 0 failed; 0 ignored; 0 measured; 0 filtered out; finished in 87.15s
[INFO] [stdout] 
[INFO] [stderr]      Running tests/h04_acceptance.rs (/opt/rustwide/target/debug/build/tempura-sa/87eba019cc22c97d/out/h04_acceptance-87eba019cc22c97d)
[INFO] [stdout] 
[INFO] [stdout] running 4 tests
[INFO] [stdout] test h04d_window_size_effect ... ok
[INFO] [stdout] test h04c_adaptive_stability ... ok
[INFO] [stdout] test h04a_acceptance_rate_monotonic_in_temperature ... ok
[INFO] [stdout] test h04b_adaptive_vs_tuned_exponential has been running for over 60 seconds
[INFO] [stdout] test h04b_adaptive_vs_tuned_exponential ... ok
[INFO] [stdout] 
[INFO] [stdout] test result: ok. 4 passed; 0 failed; 0 ignored; 0 measured; 0 filtered out; finished in 294.88s
[INFO] [stdout] 
[INFO] [stderr]      Running tests/h05_parallel_tempering.rs (/opt/rustwide/target/debug/build/tempura-sa/cf0cb1892356f7c7/out/h05_parallel_tempering-cf0cb1892356f7c7)
[INFO] [stdout] 
[INFO] [stdout] running 5 tests
[INFO] [stdout] test h05d_deterministic_reproducibility ... ok
[INFO] [stdout] test h05_swap_diagnostics ... ok
[INFO] [stdout] test h05b_uniform_swap_rates_geometric ... ok
[INFO] [stdout] test h05a_pt_beats_sa_on_barrier ... ok
[INFO] [stdout] test h05c_marginal_boltzmann_convergence ... ok
[INFO] [stdout] 
[INFO] [stdout] test result: ok. 5 passed; 0 failed; 0 ignored; 0 measured; 0 filtered out; finished in 27.03s
[INFO] [stdout] 
[INFO] [stderr]      Running tests/h06_population_annealing.rs (/opt/rustwide/target/debug/build/tempura-sa/37924ac372923568/out/h06_population_annealing-37924ac372923568)
[INFO] [stdout] 
[INFO] [stdout] running 5 tests
[INFO] [stdout] test h06_diagnostics_structure ... ok
[INFO] [stdout] test h06d_deterministic_reproducibility ... ok
[INFO] [stdout] test h06b_effective_fraction_gentle_vs_aggressive ... ok
[INFO] [stdout] test h06a_free_energy_error_scaling ... ok
[INFO] [stdout] test h06c_pa_competitive_with_pt ... ok
[INFO] [stderr]      Running tests/h07_quantum_tunneling.rs (/opt/rustwide/target/debug/build/tempura-sa/dadf0fa4ce5646b8/out/h07_quantum_tunneling-dadf0fa4ce5646b8)
[INFO] [stdout] 
[INFO] [stdout] test result: ok. 5 passed; 0 failed; 0 ignored; 0 measured; 0 filtered out; finished in 6.89s
[INFO] [stdout] 
[INFO] [stdout] 
[INFO] [stdout] running 4 tests
[INFO] [stdout] test h07c_qia_not_boltzmann ... ok
[INFO] [stdout] test h07b_classical_beats_qia_short_wide ... ok
[INFO] [stdout] test h07a_qia_beats_classical_tall_thin ... ok
[INFO] [stderr]      Running tests/h08_rng_quality.rs (/opt/rustwide/target/debug/build/tempura-sa/58902bde9281150c/out/h08_rng_quality-58902bde9281150c)
[INFO] [stdout] test h07d_hybrid_competitive ... ok
[INFO] [stdout] 
[INFO] [stdout] test result: ok. 4 passed; 0 failed; 0 ignored; 0 measured; 0 filtered out; finished in 40.69s
[INFO] [stdout] 
[INFO] [stdout] 
[INFO] [stdout] running 5 tests
[INFO] [stdout] test h08_uniformity_check ... ok
[INFO] [stdout] test h08d_deterministic_seeding ... ok
[INFO] [stdout] test h08c_xoshiro_throughput ... FAILED
[INFO] [stdout] test h08b_lcg_distinguishable ... ok
[INFO] [stdout] test h08a_good_rngs_indistinguishable ... ok
[INFO] [stdout] 
[INFO] [stdout] failures:
[INFO] [stdout] 
[INFO] [stdout] ---- h08c_xoshiro_throughput stdout ----
[INFO] [stdout] 
[INFO] [stdout] thread 'h08c_xoshiro_throughput' (2041) panicked at tests/h08_rng_quality.rs:284:5:
[INFO] [stdout] H-08c FAILED: Xoshiro too slow (53.1ns/draw)
[INFO] [stdout] stack backtrace:
[INFO] [stdout]    0:     0x62562d0579c1 - std[617be2ca0a6fd877]::backtrace_rs::backtrace::libunwind::trace
[INFO] [stdout]                                at /rustc/e3feeb59cd1bdd011a2bfcc0747b55125d9b8527/library/std/src/../../backtrace/src/backtrace/libunwind.rs:117:9
[INFO] [stdout]    1:     0x62562d0579c1 - std[617be2ca0a6fd877]::backtrace_rs::backtrace::trace_unsynchronized::<std[617be2ca0a6fd877]::sys::backtrace::_print_fmt::{closure#1}>
[INFO] [stdout]                                at /rustc/e3feeb59cd1bdd011a2bfcc0747b55125d9b8527/library/std/src/../../backtrace/src/backtrace/mod.rs:66:14
[INFO] [stdout]    2:     0x62562d0579c1 - std[617be2ca0a6fd877]::sys::backtrace::_print_fmt
[INFO] [stdout]                                at /rustc/e3feeb59cd1bdd011a2bfcc0747b55125d9b8527/library/std/src/sys/backtrace.rs:74:9
[INFO] [stdout]    3:     0x62562d0579c1 - <<std[617be2ca0a6fd877]::sys::backtrace::BacktraceLock>::print::DisplayBacktrace as core[a373ad73a504971]::fmt::Display>::fmt
[INFO] [stdout]                                at /rustc/e3feeb59cd1bdd011a2bfcc0747b55125d9b8527/library/std/src/sys/backtrace.rs:44:26
[INFO] [stdout]    4:     0x62562d06bcba - <core[a373ad73a504971]::fmt::rt::Argument>::fmt
[INFO] [stdout]                                at /rustc/e3feeb59cd1bdd011a2bfcc0747b55125d9b8527/library/core/src/fmt/rt.rs:152:76
[INFO] [stdout]    5:     0x62562d06bcba - core[a373ad73a504971]::fmt::write
[INFO] [stdout]    6:     0x62562d05bbdc - core[a373ad73a504971]::io::write::default_write_fmt::<alloc[2e1b2a31b91974c5]::vec::Vec<u8>>
[INFO] [stdout]                                at /rustc/e3feeb59cd1bdd011a2bfcc0747b55125d9b8527/library/core/src/io/write.rs:402:11
[INFO] [stdout]    7:     0x62562d05bbdc - <alloc[2e1b2a31b91974c5]::vec::Vec<u8> as core[a373ad73a504971]::io::write::Write>::write_fmt
[INFO] [stdout]                                at /rustc/e3feeb59cd1bdd011a2bfcc0747b55125d9b8527/library/core/src/io/write.rs:335:13
[INFO] [stdout]    8:     0x62562d033e26 - <std[617be2ca0a6fd877]::sys::backtrace::BacktraceLock>::print
[INFO] [stdout]                                at /rustc/e3feeb59cd1bdd011a2bfcc0747b55125d9b8527/library/std/src/sys/backtrace.rs:47:9
[INFO] [stdout]    9:     0x62562d033e26 - std[617be2ca0a6fd877]::panicking::default_hook::{closure#0}
[INFO] [stdout]                                at /rustc/e3feeb59cd1bdd011a2bfcc0747b55125d9b8527/library/std/src/panicking.rs:289:27
[INFO] [stdout]   10:     0x62562d050059 - std[617be2ca0a6fd877]::panicking::default_hook
[INFO] [stdout]                                at /rustc/e3feeb59cd1bdd011a2bfcc0747b55125d9b8527/library/std/src/panicking.rs:313:9
[INFO] [stdout]   11:     0x62562cfea770 - <alloc[2e1b2a31b91974c5]::boxed::Box<dyn for<'a, 'b> core[a373ad73a504971]::ops::function::Fn<(&'a std[617be2ca0a6fd877]::panic::PanicHookInfo<'b>,), Output = ()> + core[a373ad73a504971]::marker::Sync + core[a373ad73a504971]::marker::Send> as core[a373ad73a504971]::ops::function::Fn<(&std[617be2ca0a6fd877]::panic::PanicHookInfo,)>>::call
[INFO] [stdout]                                at /rustc/e3feeb59cd1bdd011a2bfcc0747b55125d9b8527/library/alloc/src/boxed.rs:2328:9
[INFO] [stdout]   12:     0x62562cfea770 - test[aada8e7e76ba119b]::test_main_inner::{closure#0}
[INFO] [stdout]                                at /rustc/e3feeb59cd1bdd011a2bfcc0747b55125d9b8527/library/test/src/lib.rs:137:21
[INFO] [stdout]   13:     0x62562d050212 - <alloc[2e1b2a31b91974c5]::boxed::Box<dyn for<'a, 'b> core[a373ad73a504971]::ops::function::Fn<(&'a std[617be2ca0a6fd877]::panic::PanicHookInfo<'b>,), Output = ()> + core[a373ad73a504971]::marker::Sync + core[a373ad73a504971]::marker::Send> as core[a373ad73a504971]::ops::function::Fn<(&std[617be2ca0a6fd877]::panic::PanicHookInfo,)>>::call
[INFO] [stdout]                                at /rustc/e3feeb59cd1bdd011a2bfcc0747b55125d9b8527/library/alloc/src/boxed.rs:2328:9
[INFO] [stdout]   14:     0x62562d050212 - std[617be2ca0a6fd877]::panicking::panic_with_hook
[INFO] [stdout]                                at /rustc/e3feeb59cd1bdd011a2bfcc0747b55125d9b8527/library/std/src/panicking.rs:819:13
[INFO] [stdout]   15:     0x62562d033ed2 - std[617be2ca0a6fd877]::panicking::panic_handler::{closure#0}
[INFO] [stdout]                                at /rustc/e3feeb59cd1bdd011a2bfcc0747b55125d9b8527/library/std/src/panicking.rs:685:13
[INFO] [stdout]   16:     0x62562d02cbe9 - std[617be2ca0a6fd877]::sys::backtrace::__rust_end_short_backtrace::<std[617be2ca0a6fd877]::panicking::panic_handler::{closure#0}, !>
[INFO] [stderr] error: test failed, to rerun pass `--test h08_rng_quality`
[INFO] [stdout]                                at /rustc/e3feeb59cd1bdd011a2bfcc0747b55125d9b8527/library/std/src/sys/backtrace.rs:182:18
[INFO] [stdout]   17:     0x62562d034add - __rustc[ea4f61d10b84890b]::rust_begin_unwind
[INFO] [stdout]                                at /rustc/e3feeb59cd1bdd011a2bfcc0747b55125d9b8527/library/std/src/panicking.rs:676:5
[INFO] [stdout]   18:     0x62562d06c3ec - core[a373ad73a504971]::panicking::panic_fmt
[INFO] [stdout]                                at /rustc/e3feeb59cd1bdd011a2bfcc0747b55125d9b8527/library/core/src/panicking.rs:80:14
[INFO] [stdout]   19:     0x62562cfd5dd5 - h08_rng_quality[64a3e3491488bca4]::h08c_xoshiro_throughput
[INFO] [stdout]                                at /opt/rustwide/workdir/tests/h08_rng_quality.rs:284:5
[INFO] [stdout]   20:     0x62562cfd49d7 - h08_rng_quality[64a3e3491488bca4]::h08c_xoshiro_throughput::{closure#0}
[INFO] [stdout]                                at /opt/rustwide/workdir/tests/h08_rng_quality.rs:249:29
[INFO] [stdout]   21:     0x62562cfddaf6 - <h08_rng_quality[64a3e3491488bca4]::h08c_xoshiro_throughput::{closure#0} as core[a373ad73a504971]::ops::function::FnOnce<()>>::call_once
[INFO] [stdout]                                at /rustc/e3feeb59cd1bdd011a2bfcc0747b55125d9b8527/library/core/src/ops/function.rs:250:5
[INFO] [stdout]   22:     0x62562cfddbbb - <fn() -> core[a373ad73a504971]::result::Result<(), alloc[2e1b2a31b91974c5]::string::String> as core[a373ad73a504971]::ops::function::FnOnce<()>>::call_once
[INFO] [stdout]                                at /rustc/e3feeb59cd1bdd011a2bfcc0747b55125d9b8527/library/core/src/ops/function.rs:250:5
[INFO] [stdout]   23:     0x62562cfddbbb - test[aada8e7e76ba119b]::__rust_begin_short_backtrace::<core[a373ad73a504971]::result::Result<(), alloc[2e1b2a31b91974c5]::string::String>, fn() -> core[a373ad73a504971]::result::Result<(), alloc[2e1b2a31b91974c5]::string::String>>
[INFO] [stdout]                                at /rustc/e3feeb59cd1bdd011a2bfcc0747b55125d9b8527/library/test/src/lib.rs:701:18
[INFO] [stdout]   24:     0x62562cfead95 - test[aada8e7e76ba119b]::run_test_in_process::{closure#0}
[INFO] [stdout]                                at /rustc/e3feeb59cd1bdd011a2bfcc0747b55125d9b8527/library/test/src/lib.rs:724:74
[INFO] [stdout]   25:     0x62562cfead95 - <core[a373ad73a504971]::panic::unwind_safe::AssertUnwindSafe<test[aada8e7e76ba119b]::run_test_in_process::{closure#0}> as core[a373ad73a504971]::ops::function::FnOnce<()>>::call_once
[INFO] [stdout]                                at /rustc/e3feeb59cd1bdd011a2bfcc0747b55125d9b8527/library/core/src/panic/unwind_safe.rs:275:9
[INFO] [stdout]   26:     0x62562cfead95 - std[617be2ca0a6fd877]::panicking::catch_unwind::do_call::<core[a373ad73a504971]::panic::unwind_safe::AssertUnwindSafe<test[aada8e7e76ba119b]::run_test_in_process::{closure#0}>, core[a373ad73a504971]::result::Result<(), alloc[2e1b2a31b91974c5]::string::String>>
[INFO] [stdout]                                at /rustc/e3feeb59cd1bdd011a2bfcc0747b55125d9b8527/library/std/src/panicking.rs:573:43
[INFO] [stdout]   27:     0x62562cfead95 - std[617be2ca0a6fd877]::panicking::catch_unwind::<core[a373ad73a504971]::result::Result<(), alloc[2e1b2a31b91974c5]::string::String>, core[a373ad73a504971]::panic::unwind_safe::AssertUnwindSafe<test[aada8e7e76ba119b]::run_test_in_process::{closure#0}>>
[INFO] [stdout]                                at /rustc/e3feeb59cd1bdd011a2bfcc0747b55125d9b8527/library/std/src/panicking.rs:541:19
[INFO] [stdout]   28:     0x62562cfead95 - std[617be2ca0a6fd877]::panic::catch_unwind::<core[a373ad73a504971]::panic::unwind_safe::AssertUnwindSafe<test[aada8e7e76ba119b]::run_test_in_process::{closure#0}>, core[a373ad73a504971]::result::Result<(), alloc[2e1b2a31b91974c5]::string::String>>
[INFO] [stdout]                                at /rustc/e3feeb59cd1bdd011a2bfcc0747b55125d9b8527/library/std/src/panic.rs:359:14
[INFO] [stdout]   29:     0x62562cfead95 - test[aada8e7e76ba119b]::run_test_in_process
[INFO] [stdout]                                at /rustc/e3feeb59cd1bdd011a2bfcc0747b55125d9b8527/library/test/src/lib.rs:724:27
[INFO] [stdout]   30:     0x62562cfead95 - test[aada8e7e76ba119b]::run_test::{closure#0}
[INFO] [stdout]                                at /rustc/e3feeb59cd1bdd011a2bfcc0747b55125d9b8527/library/test/src/lib.rs:645:43
[INFO] [stdout]   31:     0x62562cfe4684 - test[aada8e7e76ba119b]::run_test::{closure#1}
[INFO] [stdout]                                at /rustc/e3feeb59cd1bdd011a2bfcc0747b55125d9b8527/library/test/src/lib.rs:675:41
[INFO] [stdout]   32:     0x62562cfe4684 - std[617be2ca0a6fd877]::sys::backtrace::__rust_begin_short_backtrace::<test[aada8e7e76ba119b]::run_test::{closure#1}, ()>
[INFO] [stdout]                                at /rustc/e3feeb59cd1bdd011a2bfcc0747b55125d9b8527/library/std/src/sys/backtrace.rs:166:18
[INFO] [stdout]   33:     0x62562cfede22 - std[617be2ca0a6fd877]::thread::lifecycle::spawn_unchecked::<test[aada8e7e76ba119b]::run_test::{closure#1}, ()>::{closure#1}::{closure#0}
[INFO] [stdout]                                at /rustc/e3feeb59cd1bdd011a2bfcc0747b55125d9b8527/library/std/src/thread/lifecycle.rs:70:13
[INFO] [stdout]   34:     0x62562cfede22 - <core[a373ad73a504971]::panic::unwind_safe::AssertUnwindSafe<std[617be2ca0a6fd877]::thread::lifecycle::spawn_unchecked<test[aada8e7e76ba119b]::run_test::{closure#1}, ()>::{closure#1}::{closure#0}> as core[a373ad73a504971]::ops::function::FnOnce<()>>::call_once
[INFO] [stdout]                                at /rustc/e3feeb59cd1bdd011a2bfcc0747b55125d9b8527/library/core/src/panic/unwind_safe.rs:275:9
[INFO] [stdout]   35:     0x62562cfede22 - std[617be2ca0a6fd877]::panicking::catch_unwind::do_call::<core[a373ad73a504971]::panic::unwind_safe::AssertUnwindSafe<std[617be2ca0a6fd877]::thread::lifecycle::spawn_unchecked<test[aada8e7e76ba119b]::run_test::{closure#1}, ()>::{closure#1}::{closure#0}>, ()>
[INFO] [stdout]                                at /rustc/e3feeb59cd1bdd011a2bfcc0747b55125d9b8527/library/std/src/panicking.rs:573:43
[INFO] [stdout]   36:     0x62562cfede22 - std[617be2ca0a6fd877]::panicking::catch_unwind::<(), core[a373ad73a504971]::panic::unwind_safe::AssertUnwindSafe<std[617be2ca0a6fd877]::thread::lifecycle::spawn_unchecked<test[aada8e7e76ba119b]::run_test::{closure#1}, ()>::{closure#1}::{closure#0}>>
[INFO] [stdout]                                at /rustc/e3feeb59cd1bdd011a2bfcc0747b55125d9b8527/library/std/src/panicking.rs:541:19
[INFO] [stdout]   37:     0x62562cfede22 - std[617be2ca0a6fd877]::panic::catch_unwind::<core[a373ad73a504971]::panic::unwind_safe::AssertUnwindSafe<std[617be2ca0a6fd877]::thread::lifecycle::spawn_unchecked<test[aada8e7e76ba119b]::run_test::{closure#1}, ()>::{closure#1}::{closure#0}>, ()>
[INFO] [stdout]                                at /rustc/e3feeb59cd1bdd011a2bfcc0747b55125d9b8527/library/std/src/panic.rs:359:14
[INFO] [stdout]   38:     0x62562cfede22 - std[617be2ca0a6fd877]::thread::lifecycle::spawn_unchecked::<test[aada8e7e76ba119b]::run_test::{closure#1}, ()>::{closure#1}
[INFO] [stdout]                                at /rustc/e3feeb59cd1bdd011a2bfcc0747b55125d9b8527/library/std/src/thread/lifecycle.rs:68:26
[INFO] [stdout]   39:     0x62562cfede22 - <std[617be2ca0a6fd877]::thread::lifecycle::spawn_unchecked<test[aada8e7e76ba119b]::run_test::{closure#1}, ()>::{closure#1} as core[a373ad73a504971]::ops::function::FnOnce<()>>::call_once::{shim:vtable#0}
[INFO] [stdout]                                at /rustc/e3feeb59cd1bdd011a2bfcc0747b55125d9b8527/library/core/src/ops/function.rs:250:5
[INFO] [stdout]   40:     0x62562d05721f - <alloc[2e1b2a31b91974c5]::boxed::Box<dyn core[a373ad73a504971]::ops::function::FnOnce<(), Output = ()> + core[a373ad73a504971]::marker::Send> as core[a373ad73a504971]::ops::function::FnOnce<()>>::call_once
[INFO] [stdout]                                at /rustc/e3feeb59cd1bdd011a2bfcc0747b55125d9b8527/library/alloc/src/boxed.rs:2314:9
[INFO] [stdout]   41:     0x62562d05721f - <std[617be2ca0a6fd877]::sys::thread::unix::Thread>::new::thread_start
[INFO] [stdout]                                at /rustc/e3feeb59cd1bdd011a2bfcc0747b55125d9b8527/library/std/src/sys/thread/unix.rs:127:17
[INFO] [stdout]   42:     0x7b692cd5adfa - <unknown>
[INFO] [stdout]   43:     0x7b692cdee3d4 - clone
[INFO] [stdout]   44:                0x0 - <unknown>
[INFO] [stdout] 
[INFO] [stdout] 
[INFO] [stdout] failures:
[INFO] [stdout]     h08c_xoshiro_throughput
[INFO] [stdout] 
[INFO] [stdout] test result: FAILED. 4 passed; 1 failed; 0 ignored; 0 measured; 0 filtered out; finished in 45.95s
[INFO] [stdout] 
[INFO] running `Command { std: "docker" "inspect" "02d357bcac0d2d4619f97ec31dde6d6edb05e2dc3044b3e5459ba832017d3fda", kill_on_drop: false }`
[INFO] running `Command { std: "docker" "rm" "-f" "02d357bcac0d2d4619f97ec31dde6d6edb05e2dc3044b3e5459ba832017d3fda", kill_on_drop: false }`
[INFO] [stdout] 02d357bcac0d2d4619f97ec31dde6d6edb05e2dc3044b3e5459ba832017d3fda
