[INFO] fetching crate temporal-neural-solver 0.1.2...
[INFO] testing temporal-neural-solver-0.1.2 against 1.99.0-beta.8 for beta-1.100-2
[INFO] extracting crate temporal-neural-solver 0.1.2 into /workspace/builds/worker-0-tc1/source
[INFO] started tweaking crates.io crate temporal-neural-solver 0.1.2
[INFO] removed 0 missing examples
[INFO] finished tweaking crates.io crate temporal-neural-solver 0.1.2
[INFO] tweaked toml for crates.io crate temporal-neural-solver 0.1.2 written to /workspace/builds/worker-0-tc1/source/Cargo.toml
[INFO] validating manifest of crates.io crate temporal-neural-solver 0.1.2 on toolchain 1.99.0-beta.8
[INFO] running `Command { std: CARGO_HOME="/workspace/cargo-home" RUSTUP_HOME="/workspace/rustup-home" "/workspace/cargo-home/bin/cargo" "+1.99.0-beta.8" "metadata" "--manifest-path" "Cargo.toml" "--no-deps", kill_on_drop: false }`
[INFO] crate crates.io crate temporal-neural-solver 0.1.2 already has a lockfile, it will not be regenerated
[INFO] running `Command { std: CARGO_HOME="/workspace/cargo-home" RUSTUP_HOME="/workspace/rustup-home" "/workspace/cargo-home/bin/cargo" "+1.99.0-beta.8" "fetch" "--manifest-path" "Cargo.toml", kill_on_drop: false }`
[INFO] [stderr]     Updating crates.io index
[INFO] [stderr]  Downloading crates ...
[INFO] [stderr]   Downloaded serde v1.0.225
[INFO] [stderr]   Downloaded ndarray-rand v0.14.0
[INFO] [stderr]   Downloaded serde_derive v1.0.225
[INFO] [stderr]   Downloaded serde_core v1.0.225
[INFO] [stderr]   Downloaded web-sys v0.3.80
[INFO] running `Command { std: "docker" "create" "-v" "/var/lib/crater-agent-workspace/builds/worker-0-tc1/source:/opt/rustwide/workdir:ro,Z" "-v" "/var/lib/crater-agent-workspace/builds/worker-0-tc1/target:/opt/rustwide/target:rw,Z" "-v" "/var/lib/crater-agent-workspace/cargo-home:/opt/rustwide/cargo-home:ro,Z" "-v" "/var/lib/crater-agent-workspace/rustup-home:/opt/rustwide/rustup-home:ro,Z" "-m" "1610612736" "--network" "none" "ghcr.io/rust-lang/crates-build-env/linux@sha256:3111399a4047eeb3a02b7a90e478d715f38a8c6669b5c4b49d30a17385265909" "sleep" "infinity", kill_on_drop: false }`
[INFO] [stdout] 63d68ff30ca713b5514dd8992fa609deca5692967b9dff662d509b78b9239c82
[INFO] running `Command { std: "docker" "start" "63d68ff30ca713b5514dd8992fa609deca5692967b9dff662d509b78b9239c82", kill_on_drop: false }`
[INFO] running `Command { std: "docker" "inspect" "63d68ff30ca713b5514dd8992fa609deca5692967b9dff662d509b78b9239c82", kill_on_drop: false }`
[INFO] running `Command { std: "docker" "exec" "-e" "SOURCE_DIR=/opt/rustwide/workdir" "-e" "CARGO_HOME=/opt/rustwide/cargo-home" "-e" "RUSTUP_HOME=/opt/rustwide/rustup-home" "-e" "CARGO_TARGET_DIR=/opt/rustwide/target" "-w" "/opt/rustwide/workdir" "--user" "0:0" "63d68ff30ca713b5514dd8992fa609deca5692967b9dff662d509b78b9239c82" "/opt/rustwide/cargo-home/bin/cargo" "+1.99.0-beta.8" "metadata" "--no-deps" "--format-version=1", kill_on_drop: false }`
[INFO] running `Command { std: "docker" "inspect" "63d68ff30ca713b5514dd8992fa609deca5692967b9dff662d509b78b9239c82", kill_on_drop: false }`
[INFO] running `Command { std: "docker" "exec" "-e" "SOURCE_DIR=/opt/rustwide/workdir" "-e" "CARGO_HOME=/opt/rustwide/cargo-home" "-e" "RUSTUP_HOME=/opt/rustwide/rustup-home" "-e" "CARGO_TARGET_DIR=/opt/rustwide/target" "-e" "CARGO_INCREMENTAL=0" "-e" "RUST_BACKTRACE=full" "-e" "RUSTFLAGS=--cap-lints=warn" "-e" "RUSTDOCFLAGS=--cap-lints=warn" "-w" "/opt/rustwide/workdir" "--user" "0:0" "63d68ff30ca713b5514dd8992fa609deca5692967b9dff662d509b78b9239c82" "/opt/rustwide/cargo-home/bin/cargo" "+1.99.0-beta.8" "build" "--frozen" "--message-format=json", kill_on_drop: false }`
[INFO] [stderr]    Compiling libm v0.2.15
[INFO] [stderr]    Compiling num-traits v0.2.19
[INFO] [stderr]    Compiling libc v0.2.175
[INFO] [stderr]    Compiling matrixmultiply v0.3.10
[INFO] [stderr]    Compiling serde_core v1.0.225
[INFO] [stderr]    Compiling bytemuck v1.23.2
[INFO] [stderr]    Compiling rawpointer v0.2.1
[INFO] [stderr]    Compiling anstyle-query v1.1.4
[INFO] [stderr]    Compiling serde v1.0.225
[INFO] [stderr]    Compiling quote v1.0.40
[INFO] [stderr]    Compiling typenum v1.18.0
[INFO] [stderr]    Compiling clap_lex v0.7.5
[INFO] [stderr]    Compiling anyhow v1.0.100
[INFO] [stderr]    Compiling either v1.15.0
[INFO] [stderr]    Compiling anstream v0.6.20
[INFO] [stderr]    Compiling rayon v1.11.0
[INFO] [stderr]    Compiling safe_arch v0.7.4
[INFO] [stderr]    Compiling syn v2.0.106
[INFO] [stderr]    Compiling clap_builder v4.5.48
[INFO] [stderr]    Compiling wide v0.7.33
[INFO] [stderr]    Compiling getrandom v0.2.16
[INFO] [stderr]    Compiling num_cpus v1.17.0
[INFO] [stderr]    Compiling core_affinity v0.8.3
[INFO] [stderr]    Compiling rand_core v0.6.4
[INFO] [stderr]    Compiling rand_chacha v0.3.1
[INFO] [stderr]    Compiling rand v0.8.5
[INFO] [stderr]    Compiling num-complex v0.4.6
[INFO] [stderr]    Compiling num-integer v0.1.46
[INFO] [stderr]    Compiling approx v0.5.1
[INFO] [stderr]    Compiling rand_distr v0.4.3
[INFO] [stderr]    Compiling num-rational v0.4.2
[INFO] [stderr]    Compiling ndarray v0.15.6
[INFO] [stderr]    Compiling simba v0.8.1
[INFO] [stderr]    Compiling serde_json v1.0.145
[INFO] [stderr]    Compiling serde_derive v1.0.225
[INFO] [stderr]    Compiling clap_derive v4.5.47
[INFO] [stderr]    Compiling thiserror-impl v1.0.69
[INFO] [stderr]    Compiling nalgebra-macros v0.2.2
[INFO] [stderr]    Compiling thiserror v1.0.69
[INFO] [stderr]    Compiling clap v4.5.48
[INFO] [stderr]    Compiling ndarray-rand v0.14.0
[INFO] [stderr]    Compiling chrono v0.4.42
[INFO] [stderr]    Compiling nalgebra v0.32.6
[INFO] [stderr]    Compiling temporal-neural-solver v0.1.2 (/opt/rustwide/workdir)
[INFO] [stdout] warning: unused variable: `mean_dev1`
[INFO] [stdout]    --> src/benchmarks/statistical_validation.rs:191:13
[INFO] [stdout]     |
[INFO] [stdout] 191 |         let mean_dev1 = self.mean(&dev1);
[INFO] [stdout]     |             ^^^^^^^^^ help: if this is intentional, prefix it with an underscore: `_mean_dev1`
[INFO] [stdout]     |
[INFO] [stdout]     = note: `#[warn(unused_variables)]` (part of `#[warn(unused)]`) on by default
[INFO] [stdout] 
[INFO] [stdout] 
[INFO] [stdout] warning: unused variable: `mean_dev2`
[INFO] [stdout]    --> src/benchmarks/statistical_validation.rs:192:13
[INFO] [stdout]     |
[INFO] [stdout] 192 |         let mean_dev2 = self.mean(&dev2);
[INFO] [stdout]     |             ^^^^^^^^^ help: if this is intentional, prefix it with an underscore: `_mean_dev2`
[INFO] [stdout] 
[INFO] [stdout] 
[INFO] [stdout] warning: unused variable: `df`
[INFO] [stdout]    --> src/benchmarks/statistical_validation.rs:229:13
[INFO] [stdout]     |
[INFO] [stdout] 229 |         let df = df_num / df_denom;
[INFO] [stdout]     |             ^^ help: if this is intentional, prefix it with an underscore: `_df`
[INFO] [stdout] 
[INFO] [stdout] 
[INFO] [stdout] warning: variable `sum` is assigned to, but never used
[INFO] [stdout]    --> src/benchmarks/hardware_verification.rs:316:13
[INFO] [stdout]     |
[INFO] [stdout] 316 |         let mut sum = 0.0f32;
[INFO] [stdout]     |             ^^^^^^^
[INFO] [stdout]     |
[INFO] [stdout]     = note: consider using `_sum` instead
[INFO] [stdout] 
[INFO] [stdout] 
[INFO] [stdout] warning: variable `sum2` is assigned to, but never used
[INFO] [stdout]    --> src/benchmarks/hardware_verification.rs:325:13
[INFO] [stdout]     |
[INFO] [stdout] 325 |         let mut sum2 = 0.0f32;
[INFO] [stdout]     |             ^^^^^^^^
[INFO] [stdout]     |
[INFO] [stdout]     = note: consider using `_sum2` instead
[INFO] [stdout] 
[INFO] [stdout] 
[INFO] [stdout] warning: value assigned to `sum` is never read
[INFO] [stdout]    --> src/benchmarks/hardware_verification.rs:318:13
[INFO] [stdout]     |
[INFO] [stdout] 318 |             sum += val;
[INFO] [stdout]     |             ^^^^^^^^^^
[INFO] [stdout]     |
[INFO] [stdout]     = help: maybe it is overwritten before being read?
[INFO] [stdout]     = note: `#[warn(unused_assignments)]` (part of `#[warn(unused)]`) on by default
[INFO] [stdout] 
[INFO] [stdout] 
[INFO] [stdout] warning: value assigned to `sum2` is never read
[INFO] [stdout]    --> src/benchmarks/hardware_verification.rs:327:13
[INFO] [stdout]     |
[INFO] [stdout] 327 |             sum2 += data[i];
[INFO] [stdout]     |             ^^^^^^^^^^^^^^^
[INFO] [stdout]     |
[INFO] [stdout]     = help: maybe it is overwritten before being read?
[INFO] [stdout] 
[INFO] [stdout] 
[INFO] [stdout] warning: unused variable: `capabilities`
[INFO] [stdout]    --> src/benchmarks/hardware_verification.rs:341:38
[INFO] [stdout]     |
[INFO] [stdout] 341 |     fn establish_baseline(&mut self, capabilities: &HardwareCapabilities) -> PerformanceBaseline {
[INFO] [stdout]     |                                      ^^^^^^^^^^^^ help: if this is intentional, prefix it with an underscore: `_capabilities`
[INFO] [stdout] 
[INFO] [stdout] 
[INFO] [stdout] warning: unused variable: `i`
[INFO] [stdout]    --> src/benchmarks/cryptographic_validation.rs:322:14
[INFO] [stdout]     |
[INFO] [stdout] 322 |         for (i, (&orig, &repro)) in original_results.iter()
[INFO] [stdout]     |              ^ help: if this is intentional, prefix it with an underscore: `_i`
[INFO] [stdout] 
[INFO] [stdout] 
[INFO] [stdout] warning: unused variable: `benchmark`
[INFO] [stdout]    --> src/benchmarks/reproducible_benchmarks.rs:222:13
[INFO] [stdout]     |
[INFO] [stdout] 222 |         let benchmark = ComparisonBenchmark::new(
[INFO] [stdout]     |             ^^^^^^^^^ help: if this is intentional, prefix it with an underscore: `_benchmark`
[INFO] [stdout] 
[INFO] [stdout] 
[INFO] [stdout] warning: field `budget` is never read
[INFO] [stdout]    --> src/lib.rs:248:5
[INFO] [stdout]     |
[INFO] [stdout] 245 | pub struct SolverGate {
[INFO] [stdout]     |            ---------- field in this struct
[INFO] [stdout] ...
[INFO] [stdout] 248 |     budget: usize,
[INFO] [stdout]     |     ^^^^^^
[INFO] [stdout]     |
[INFO] [stdout]     = note: `#[warn(dead_code)]` (part of `#[warn(unused)]`) on by default
[INFO] [stdout] 
[INFO] [stdout] 
[INFO] [stdout] warning: fields `w2_rows` and `w2_cols` are never read
[INFO] [stdout]   --> src/optimizations/optimized.rs:22:5
[INFO] [stdout]    |
[INFO] [stdout]  9 | pub struct OptimizedNeuralNetwork {
[INFO] [stdout]    |            ---------------------- fields in this struct
[INFO] [stdout] ...
[INFO] [stdout] 22 |     w2_rows: usize,
[INFO] [stdout]    |     ^^^^^^^
[INFO] [stdout] 23 |     w2_cols: usize,
[INFO] [stdout]    |     ^^^^^^^
[INFO] [stdout] 
[INFO] [stdout] 
[INFO] [stdout] warning: field `core_id` is never read
[INFO] [stdout]    --> src/optimizations/fully_optimized.rs:351:5
[INFO] [stdout]     |
[INFO] [stdout] 350 | pub struct CpuOptimizer {
[INFO] [stdout]     |            ------------ field in this struct
[INFO] [stdout] 351 |     core_id: usize,
[INFO] [stdout]     |     ^^^^^^^
[INFO] [stdout] 
[INFO] [stdout] 
[INFO] [stdout] warning: field `cpu_opt` is never read
[INFO] [stdout]    --> src/optimizations/fully_optimized.rs:386:5
[INFO] [stdout]     |
[INFO] [stdout] 384 | pub struct FullyOptimizedSolver {
[INFO] [stdout]     |            -------------------- field in this struct
[INFO] [stdout] 385 |     nn: OptimizedNeuralNetwork,
[INFO] [stdout] 386 |     cpu_opt: CpuOptimizer,
[INFO] [stdout]     |     ^^^^^^^
[INFO] [stdout] 
[INFO] [stdout] 
[INFO] [stdout] warning: unused import: `core::types::PerformanceMetrics`
[INFO] [stdout]  --> src/bin/tns.rs:9:5
[INFO] [stdout]   |
[INFO] [stdout] 9 |     core::types::PerformanceMetrics,
[INFO] [stdout]   |     ^^^^^^^^^^^^^^^^^^^^^^^^^^^^^^^
[INFO] [stdout]   |
[INFO] [stdout]   = note: `#[warn(unused_imports)]` (part of `#[warn(unused)]`) on by default
[INFO] [stdout] 
[INFO] [stdout] 
[INFO] [stderr]     Finished `dev` profile [unoptimized + debuginfo] target(s) in 37.43s
[INFO] running `Command { std: "docker" "inspect" "63d68ff30ca713b5514dd8992fa609deca5692967b9dff662d509b78b9239c82", kill_on_drop: false }`
[INFO] running `Command { std: "docker" "exec" "-e" "SOURCE_DIR=/opt/rustwide/workdir" "-e" "CARGO_HOME=/opt/rustwide/cargo-home" "-e" "RUSTUP_HOME=/opt/rustwide/rustup-home" "-e" "CARGO_TARGET_DIR=/opt/rustwide/target" "-e" "CARGO_INCREMENTAL=0" "-e" "RUST_BACKTRACE=full" "-e" "RUSTFLAGS=--cap-lints=warn" "-e" "RUSTDOCFLAGS=--cap-lints=warn" "-w" "/opt/rustwide/workdir" "--user" "0:0" "63d68ff30ca713b5514dd8992fa609deca5692967b9dff662d509b78b9239c82" "/opt/rustwide/cargo-home/bin/cargo" "+1.99.0-beta.8" "test" "--frozen" "--no-run" "--message-format=json", kill_on_drop: false }`
[INFO] [stderr]    Compiling serde_core v1.0.225
[INFO] [stderr]    Compiling serde v1.0.225
[INFO] [stderr]    Compiling half v2.6.0
[INFO] [stderr]    Compiling approx v0.5.1
[INFO] [stderr]    Compiling regex-syntax v0.8.6
[INFO] [stderr]    Compiling plotters v0.3.7
[INFO] [stderr]    Compiling is-terminal v0.4.16
[INFO] [stderr]    Compiling simba v0.8.1
[INFO] [stderr]    Compiling ciborium-ll v0.2.2
[INFO] [stderr]    Compiling regex-automata v0.4.10
[INFO] [stderr]    Compiling regex v1.11.2
[INFO] [stderr]    Compiling serde_json v1.0.145
[INFO] [stderr]    Compiling chrono v0.4.42
[INFO] [stderr]    Compiling ciborium v0.2.2
[INFO] [stderr]    Compiling tinytemplate v1.2.1
[INFO] [stderr]    Compiling criterion v0.5.1
[INFO] [stderr]    Compiling nalgebra v0.32.6
[INFO] [stderr]    Compiling temporal-neural-solver v0.1.2 (/opt/rustwide/workdir)
[INFO] [stdout] warning: unused variable: `mean_dev1`
[INFO] [stdout]    --> src/benchmarks/statistical_validation.rs:191:13
[INFO] [stdout]     |
[INFO] [stdout] 191 |         let mean_dev1 = self.mean(&dev1);
[INFO] [stdout]     |             ^^^^^^^^^ help: if this is intentional, prefix it with an underscore: `_mean_dev1`
[INFO] [stdout]     |
[INFO] [stdout]     = note: `#[warn(unused_variables)]` (part of `#[warn(unused)]`) on by default
[INFO] [stdout] 
[INFO] [stdout] 
[INFO] [stdout] warning: unused variable: `mean_dev2`
[INFO] [stdout]    --> src/benchmarks/statistical_validation.rs:192:13
[INFO] [stdout]     |
[INFO] [stdout] 192 |         let mean_dev2 = self.mean(&dev2);
[INFO] [stdout]     |             ^^^^^^^^^ help: if this is intentional, prefix it with an underscore: `_mean_dev2`
[INFO] [stdout] 
[INFO] [stdout] 
[INFO] [stdout] warning: unused variable: `df`
[INFO] [stdout]    --> src/benchmarks/statistical_validation.rs:229:13
[INFO] [stdout]     |
[INFO] [stdout] 229 |         let df = df_num / df_denom;
[INFO] [stdout]     |             ^^ help: if this is intentional, prefix it with an underscore: `_df`
[INFO] [stdout] 
[INFO] [stdout] 
[INFO] [stdout] warning: variable `sum` is assigned to, but never used
[INFO] [stdout]    --> src/benchmarks/hardware_verification.rs:316:13
[INFO] [stdout]     |
[INFO] [stdout] 316 |         let mut sum = 0.0f32;
[INFO] [stdout]     |             ^^^^^^^
[INFO] [stdout]     |
[INFO] [stdout]     = note: consider using `_sum` instead
[INFO] [stdout] 
[INFO] [stdout] 
[INFO] [stdout] warning: variable `sum2` is assigned to, but never used
[INFO] [stdout]    --> src/benchmarks/hardware_verification.rs:325:13
[INFO] [stdout]     |
[INFO] [stdout] 325 |         let mut sum2 = 0.0f32;
[INFO] [stdout]     |             ^^^^^^^^
[INFO] [stdout]     |
[INFO] [stdout]     = note: consider using `_sum2` instead
[INFO] [stdout] 
[INFO] [stdout] 
[INFO] [stdout] warning: value assigned to `sum` is never read
[INFO] [stdout]    --> src/benchmarks/hardware_verification.rs:318:13
[INFO] [stdout]     |
[INFO] [stdout] 318 |             sum += val;
[INFO] [stdout]     |             ^^^^^^^^^^
[INFO] [stdout]     |
[INFO] [stdout]     = help: maybe it is overwritten before being read?
[INFO] [stdout]     = note: `#[warn(unused_assignments)]` (part of `#[warn(unused)]`) on by default
[INFO] [stdout] 
[INFO] [stdout] 
[INFO] [stdout] warning: value assigned to `sum2` is never read
[INFO] [stdout]    --> src/benchmarks/hardware_verification.rs:327:13
[INFO] [stdout]     |
[INFO] [stdout] 327 |             sum2 += data[i];
[INFO] [stdout]     |             ^^^^^^^^^^^^^^^
[INFO] [stdout]     |
[INFO] [stdout]     = help: maybe it is overwritten before being read?
[INFO] [stdout] 
[INFO] [stdout] 
[INFO] [stdout] warning: unused variable: `capabilities`
[INFO] [stdout]    --> src/benchmarks/hardware_verification.rs:341:38
[INFO] [stdout]     |
[INFO] [stdout] 341 |     fn establish_baseline(&mut self, capabilities: &HardwareCapabilities) -> PerformanceBaseline {
[INFO] [stdout]     |                                      ^^^^^^^^^^^^ help: if this is intentional, prefix it with an underscore: `_capabilities`
[INFO] [stdout] 
[INFO] [stdout] 
[INFO] [stdout] warning: unused variable: `i`
[INFO] [stdout]    --> src/benchmarks/cryptographic_validation.rs:322:14
[INFO] [stdout]     |
[INFO] [stdout] 322 |         for (i, (&orig, &repro)) in original_results.iter()
[INFO] [stdout]     |              ^ help: if this is intentional, prefix it with an underscore: `_i`
[INFO] [stdout] 
[INFO] [stdout] 
[INFO] [stdout] warning: unused variable: `benchmark`
[INFO] [stdout]    --> src/benchmarks/reproducible_benchmarks.rs:222:13
[INFO] [stdout]     |
[INFO] [stdout] 222 |         let benchmark = ComparisonBenchmark::new(
[INFO] [stdout]     |             ^^^^^^^^^ help: if this is intentional, prefix it with an underscore: `_benchmark`
[INFO] [stdout] 
[INFO] [stdout] 
[INFO] [stdout] warning: field `budget` is never read
[INFO] [stdout]    --> src/lib.rs:248:5
[INFO] [stdout]     |
[INFO] [stdout] 245 | pub struct SolverGate {
[INFO] [stdout]     |            ---------- field in this struct
[INFO] [stdout] ...
[INFO] [stdout] 248 |     budget: usize,
[INFO] [stdout]     |     ^^^^^^
[INFO] [stdout]     |
[INFO] [stdout]     = note: `#[warn(dead_code)]` (part of `#[warn(unused)]`) on by default
[INFO] [stdout] 
[INFO] [stdout] 
[INFO] [stdout] warning: fields `w2_rows` and `w2_cols` are never read
[INFO] [stdout]   --> src/optimizations/optimized.rs:22:5
[INFO] [stdout]    |
[INFO] [stdout]  9 | pub struct OptimizedNeuralNetwork {
[INFO] [stdout]    |            ---------------------- fields in this struct
[INFO] [stdout] ...
[INFO] [stdout] 22 |     w2_rows: usize,
[INFO] [stdout]    |     ^^^^^^^
[INFO] [stdout] 23 |     w2_cols: usize,
[INFO] [stdout]    |     ^^^^^^^
[INFO] [stdout] 
[INFO] [stdout] 
[INFO] [stdout] warning: field `core_id` is never read
[INFO] [stdout]    --> src/optimizations/fully_optimized.rs:351:5
[INFO] [stdout]     |
[INFO] [stdout] 350 | pub struct CpuOptimizer {
[INFO] [stdout]     |            ------------ field in this struct
[INFO] [stdout] 351 |     core_id: usize,
[INFO] [stdout]     |     ^^^^^^^
[INFO] [stdout] 
[INFO] [stdout] 
[INFO] [stdout] warning: field `cpu_opt` is never read
[INFO] [stdout]    --> src/optimizations/fully_optimized.rs:386:5
[INFO] [stdout]     |
[INFO] [stdout] 384 | pub struct FullyOptimizedSolver {
[INFO] [stdout]     |            -------------------- field in this struct
[INFO] [stdout] 385 |     nn: OptimizedNeuralNetwork,
[INFO] [stdout] 386 |     cpu_opt: CpuOptimizer,
[INFO] [stdout]     |     ^^^^^^^
[INFO] [stdout] 
[INFO] [stdout] 
[INFO] [stdout] warning: unused variable: `mean_dev1`
[INFO] [stdout]    --> src/benchmarks/statistical_validation.rs:191:13
[INFO] [stdout]     |
[INFO] [stdout] 191 |         let mean_dev1 = self.mean(&dev1);
[INFO] [stdout]     |             ^^^^^^^^^ help: if this is intentional, prefix it with an underscore: `_mean_dev1`
[INFO] [stdout]     |
[INFO] [stdout]     = note: `#[warn(unused_variables)]` (part of `#[warn(unused)]`) on by default
[INFO] [stdout] 
[INFO] [stdout] 
[INFO] [stdout] warning: unused variable: `mean_dev2`
[INFO] [stdout]    --> src/benchmarks/statistical_validation.rs:192:13
[INFO] [stdout]     |
[INFO] [stdout] 192 |         let mean_dev2 = self.mean(&dev2);
[INFO] [stdout]     |             ^^^^^^^^^ help: if this is intentional, prefix it with an underscore: `_mean_dev2`
[INFO] [stdout] 
[INFO] [stdout] 
[INFO] [stdout] warning: unused variable: `df`
[INFO] [stdout]    --> src/benchmarks/statistical_validation.rs:229:13
[INFO] [stdout]     |
[INFO] [stdout] 229 |         let df = df_num / df_denom;
[INFO] [stdout]     |             ^^ help: if this is intentional, prefix it with an underscore: `_df`
[INFO] [stdout] 
[INFO] [stdout] 
[INFO] [stdout] warning: variable `sum` is assigned to, but never used
[INFO] [stdout]    --> src/benchmarks/hardware_verification.rs:316:13
[INFO] [stdout]     |
[INFO] [stdout] 316 |         let mut sum = 0.0f32;
[INFO] [stdout]     |             ^^^^^^^
[INFO] [stdout]     |
[INFO] [stdout]     = note: consider using `_sum` instead
[INFO] [stdout] 
[INFO] [stdout] 
[INFO] [stdout] warning: variable `sum2` is assigned to, but never used
[INFO] [stdout]    --> src/benchmarks/hardware_verification.rs:325:13
[INFO] [stdout]     |
[INFO] [stdout] 325 |         let mut sum2 = 0.0f32;
[INFO] [stdout]     |             ^^^^^^^^
[INFO] [stdout]     |
[INFO] [stdout]     = note: consider using `_sum2` instead
[INFO] [stdout] 
[INFO] [stdout] 
[INFO] [stdout] warning: value assigned to `sum` is never read
[INFO] [stdout]    --> src/benchmarks/hardware_verification.rs:318:13
[INFO] [stdout]     |
[INFO] [stdout] 318 |             sum += val;
[INFO] [stdout]     |             ^^^^^^^^^^
[INFO] [stdout]     |
[INFO] [stdout]     = help: maybe it is overwritten before being read?
[INFO] [stdout]     = note: `#[warn(unused_assignments)]` (part of `#[warn(unused)]`) on by default
[INFO] [stdout] 
[INFO] [stdout] 
[INFO] [stdout] warning: value assigned to `sum2` is never read
[INFO] [stdout]    --> src/benchmarks/hardware_verification.rs:327:13
[INFO] [stdout]     |
[INFO] [stdout] 327 |             sum2 += data[i];
[INFO] [stdout]     |             ^^^^^^^^^^^^^^^
[INFO] [stdout]     |
[INFO] [stdout]     = help: maybe it is overwritten before being read?
[INFO] [stdout] 
[INFO] [stdout] 
[INFO] [stdout] warning: unused variable: `capabilities`
[INFO] [stdout]    --> src/benchmarks/hardware_verification.rs:341:38
[INFO] [stdout]     |
[INFO] [stdout] 341 |     fn establish_baseline(&mut self, capabilities: &HardwareCapabilities) -> PerformanceBaseline {
[INFO] [stdout]     |                                      ^^^^^^^^^^^^ help: if this is intentional, prefix it with an underscore: `_capabilities`
[INFO] [stdout] 
[INFO] [stdout] 
[INFO] [stdout] warning: unused variable: `i`
[INFO] [stdout]    --> src/benchmarks/cryptographic_validation.rs:322:14
[INFO] [stdout]     |
[INFO] [stdout] 322 |         for (i, (&orig, &repro)) in original_results.iter()
[INFO] [stdout]     |              ^ help: if this is intentional, prefix it with an underscore: `_i`
[INFO] [stdout] 
[INFO] [stdout] 
[INFO] [stdout] warning: unused variable: `benchmark`
[INFO] [stdout]    --> src/benchmarks/reproducible_benchmarks.rs:222:13
[INFO] [stdout]     |
[INFO] [stdout] 222 |         let benchmark = ComparisonBenchmark::new(
[INFO] [stdout]     |             ^^^^^^^^^ help: if this is intentional, prefix it with an underscore: `_benchmark`
[INFO] [stdout] 
[INFO] [stdout] 
[INFO] [stdout] warning: field `budget` is never read
[INFO] [stdout]    --> src/lib.rs:248:5
[INFO] [stdout]     |
[INFO] [stdout] 245 | pub struct SolverGate {
[INFO] [stdout]     |            ---------- field in this struct
[INFO] [stdout] ...
[INFO] [stdout] 248 |     budget: usize,
[INFO] [stdout]     |     ^^^^^^
[INFO] [stdout]     |
[INFO] [stdout]     = note: `#[warn(dead_code)]` (part of `#[warn(unused)]`) on by default
[INFO] [stdout] 
[INFO] [stdout] 
[INFO] [stdout] warning: fields `w2_rows` and `w2_cols` are never read
[INFO] [stdout]   --> src/optimizations/optimized.rs:22:5
[INFO] [stdout]    |
[INFO] [stdout]  9 | pub struct OptimizedNeuralNetwork {
[INFO] [stdout]    |            ---------------------- fields in this struct
[INFO] [stdout] ...
[INFO] [stdout] 22 |     w2_rows: usize,
[INFO] [stdout]    |     ^^^^^^^
[INFO] [stdout] 23 |     w2_cols: usize,
[INFO] [stdout]    |     ^^^^^^^
[INFO] [stdout] 
[INFO] [stdout] 
[INFO] [stdout] warning: field `core_id` is never read
[INFO] [stdout]    --> src/optimizations/fully_optimized.rs:351:5
[INFO] [stdout]     |
[INFO] [stdout] 350 | pub struct CpuOptimizer {
[INFO] [stdout]     |            ------------ field in this struct
[INFO] [stdout] 351 |     core_id: usize,
[INFO] [stdout]     |     ^^^^^^^
[INFO] [stdout] 
[INFO] [stdout] 
[INFO] [stdout] warning: field `cpu_opt` is never read
[INFO] [stdout]    --> src/optimizations/fully_optimized.rs:386:5
[INFO] [stdout]     |
[INFO] [stdout] 384 | pub struct FullyOptimizedSolver {
[INFO] [stdout]     |            -------------------- field in this struct
[INFO] [stdout] 385 |     nn: OptimizedNeuralNetwork,
[INFO] [stdout] 386 |     cpu_opt: CpuOptimizer,
[INFO] [stdout]     |     ^^^^^^^
[INFO] [stdout] 
[INFO] [stdout] 
[INFO] [stdout] warning: comparison is useless due to type limits
[INFO] [stdout]    --> src/optimizations/fully_optimized.rs:422:50
[INFO] [stdout]     |
[INFO] [stdout] 422 |                     assert!(quantized >= -128 && quantized <= 127);
[INFO] [stdout]     |                                                  ^^^^^^^^^^^^^^^^
[INFO] [stdout]     |
[INFO] [stdout]     = note: `#[warn(unused_comparisons)]` on by default
[INFO] [stdout] 
[INFO] [stdout] 
[INFO] [stdout] warning: unused import: `core::types::PerformanceMetrics`
[INFO] [stdout]  --> src/bin/tns.rs:9:5
[INFO] [stdout]   |
[INFO] [stdout] 9 |     core::types::PerformanceMetrics,
[INFO] [stdout]   |     ^^^^^^^^^^^^^^^^^^^^^^^^^^^^^^^
[INFO] [stdout]   |
[INFO] [stdout]   = note: `#[warn(unused_imports)]` (part of `#[warn(unused)]`) on by default
[INFO] [stdout] 
[INFO] [stdout] 
[INFO] [stderr]     Finished `test` profile [unoptimized + debuginfo] target(s) in 23.23s
[INFO] running `Command { std: "docker" "inspect" "63d68ff30ca713b5514dd8992fa609deca5692967b9dff662d509b78b9239c82", kill_on_drop: false }`
[INFO] running `Command { std: "docker" "exec" "-e" "SOURCE_DIR=/opt/rustwide/workdir" "-e" "CARGO_HOME=/opt/rustwide/cargo-home" "-e" "RUSTUP_HOME=/opt/rustwide/rustup-home" "-e" "CARGO_TARGET_DIR=/opt/rustwide/target" "-e" "CARGO_INCREMENTAL=0" "-e" "RUST_BACKTRACE=full" "-e" "RUSTFLAGS=--cap-lints=warn" "-e" "RUSTDOCFLAGS=--cap-lints=warn" "-w" "/opt/rustwide/workdir" "--user" "0:0" "63d68ff30ca713b5514dd8992fa609deca5692967b9dff662d509b78b9239c82" "/opt/rustwide/cargo-home/bin/cargo" "+1.99.0-beta.8" "test" "--frozen", kill_on_drop: false }`
[INFO] [stderr] warning: unused variable: `mean_dev1`
[INFO] [stderr]    --> src/benchmarks/statistical_validation.rs:191:13
[INFO] [stderr]     |
[INFO] [stderr] 191 |         let mean_dev1 = self.mean(&dev1);
[INFO] [stderr]     |             ^^^^^^^^^ help: if this is intentional, prefix it with an underscore: `_mean_dev1`
[INFO] [stderr]     |
[INFO] [stderr]     = note: `#[warn(unused_variables)]` (part of `#[warn(unused)]`) on by default
[INFO] [stderr] 
[INFO] [stderr] warning: unused variable: `mean_dev2`
[INFO] [stderr]    --> src/benchmarks/statistical_validation.rs:192:13
[INFO] [stderr]     |
[INFO] [stderr] 192 |         let mean_dev2 = self.mean(&dev2);
[INFO] [stderr]     |             ^^^^^^^^^ help: if this is intentional, prefix it with an underscore: `_mean_dev2`
[INFO] [stderr] 
[INFO] [stderr] warning: unused variable: `df`
[INFO] [stderr]    --> src/benchmarks/statistical_validation.rs:229:13
[INFO] [stderr]     |
[INFO] [stderr] 229 |         let df = df_num / df_denom;
[INFO] [stderr]     |             ^^ help: if this is intentional, prefix it with an underscore: `_df`
[INFO] [stderr] 
[INFO] [stderr] warning: variable `sum` is assigned to, but never used
[INFO] [stderr]    --> src/benchmarks/hardware_verification.rs:316:13
[INFO] [stderr]     |
[INFO] [stderr] 316 |         let mut sum = 0.0f32;
[INFO] [stderr]     |             ^^^^^^^
[INFO] [stderr]     |
[INFO] [stderr]     = note: consider using `_sum` instead
[INFO] [stderr] 
[INFO] [stderr] warning: variable `sum2` is assigned to, but never used
[INFO] [stderr]    --> src/benchmarks/hardware_verification.rs:325:13
[INFO] [stderr]     |
[INFO] [stderr] 325 |         let mut sum2 = 0.0f32;
[INFO] [stderr]     |             ^^^^^^^^
[INFO] [stderr]     |
[INFO] [stderr]     = note: consider using `_sum2` instead
[INFO] [stderr] 
[INFO] [stderr] warning: value assigned to `sum` is never read
[INFO] [stderr]    --> src/benchmarks/hardware_verification.rs:318:13
[INFO] [stderr]     |
[INFO] [stderr] 318 |             sum += val;
[INFO] [stderr]     |             ^^^^^^^^^^
[INFO] [stderr]     |
[INFO] [stderr]     = help: maybe it is overwritten before being read?
[INFO] [stderr]     = note: `#[warn(unused_assignments)]` (part of `#[warn(unused)]`) on by default
[INFO] [stderr] 
[INFO] [stderr] warning: value assigned to `sum2` is never read
[INFO] [stderr]    --> src/benchmarks/hardware_verification.rs:327:13
[INFO] [stderr]     |
[INFO] [stderr] 327 |             sum2 += data[i];
[INFO] [stderr]     |             ^^^^^^^^^^^^^^^
[INFO] [stderr]     |
[INFO] [stderr]     = help: maybe it is overwritten before being read?
[INFO] [stderr] 
[INFO] [stderr] warning: unused variable: `capabilities`
[INFO] [stderr]    --> src/benchmarks/hardware_verification.rs:341:38
[INFO] [stderr]     |
[INFO] [stderr] 341 |     fn establish_baseline(&mut self, capabilities: &HardwareCapabilities) -> PerformanceBaseline {
[INFO] [stderr]     |                                      ^^^^^^^^^^^^ help: if this is intentional, prefix it with an underscore: `_capabilities`
[INFO] [stderr] 
[INFO] [stderr] warning: unused variable: `i`
[INFO] [stderr]    --> src/benchmarks/cryptographic_validation.rs:322:14
[INFO] [stderr]     |
[INFO] [stderr] 322 |         for (i, (&orig, &repro)) in original_results.iter()
[INFO] [stderr]     |              ^ help: if this is intentional, prefix it with an underscore: `_i`
[INFO] [stderr] 
[INFO] [stderr] warning: unused variable: `benchmark`
[INFO] [stderr]    --> src/benchmarks/reproducible_benchmarks.rs:222:13
[INFO] [stderr]     |
[INFO] [stderr] 222 |         let benchmark = ComparisonBenchmark::new(
[INFO] [stderr]     |             ^^^^^^^^^ help: if this is intentional, prefix it with an underscore: `_benchmark`
[INFO] [stderr] 
[INFO] [stderr] warning: field `budget` is never read
[INFO] [stderr]    --> src/lib.rs:248:5
[INFO] [stderr]     |
[INFO] [stderr] 245 | pub struct SolverGate {
[INFO] [stderr]     |            ---------- field in this struct
[INFO] [stderr] ...
[INFO] [stderr] 248 |     budget: usize,
[INFO] [stderr]     |     ^^^^^^
[INFO] [stderr]     |
[INFO] [stderr]     = note: `#[warn(dead_code)]` (part of `#[warn(unused)]`) on by default
[INFO] [stderr] 
[INFO] [stderr] warning: fields `w2_rows` and `w2_cols` are never read
[INFO] [stderr]   --> src/optimizations/optimized.rs:22:5
[INFO] [stderr]    |
[INFO] [stderr]  9 | pub struct OptimizedNeuralNetwork {
[INFO] [stderr]    |            ---------------------- fields in this struct
[INFO] [stderr] ...
[INFO] [stderr] 22 |     w2_rows: usize,
[INFO] [stderr]    |     ^^^^^^^
[INFO] [stderr] 23 |     w2_cols: usize,
[INFO] [stderr]    |     ^^^^^^^
[INFO] [stderr] 
[INFO] [stderr] warning: field `core_id` is never read
[INFO] [stderr]    --> src/optimizations/fully_optimized.rs:351:5
[INFO] [stderr]     |
[INFO] [stderr] 350 | pub struct CpuOptimizer {
[INFO] [stderr]     |            ------------ field in this struct
[INFO] [stderr] 351 |     core_id: usize,
[INFO] [stderr]     |     ^^^^^^^
[INFO] [stderr] 
[INFO] [stderr] warning: field `cpu_opt` is never read
[INFO] [stderr]    --> src/optimizations/fully_optimized.rs:386:5
[INFO] [stderr]     |
[INFO] [stderr] 384 | pub struct FullyOptimizedSolver {
[INFO] [stderr]     |            -------------------- field in this struct
[INFO] [stderr] 385 |     nn: OptimizedNeuralNetwork,
[INFO] [stderr] 386 |     cpu_opt: CpuOptimizer,
[INFO] [stderr]     |     ^^^^^^^
[INFO] [stderr] 
[INFO] [stderr] warning: comparison is useless due to type limits
[INFO] [stderr]    --> src/optimizations/fully_optimized.rs:422:50
[INFO] [stderr]     |
[INFO] [stderr] 422 |                     assert!(quantized >= -128 && quantized <= 127);
[INFO] [stderr]     |                                                  ^^^^^^^^^^^^^^^^
[INFO] [stderr]     |
[INFO] [stderr]     = note: `#[warn(unused_comparisons)]` on by default
[INFO] [stderr] 
[INFO] [stderr] warning: `temporal-neural-solver` (lib) generated 14 warnings (run `cargo fix --lib -p temporal-neural-solver` to apply 6 suggestions)
[INFO] [stderr] warning: `temporal-neural-solver` (lib test) generated 15 warnings (14 duplicates)
[INFO] [stderr] warning: unused import: `core::types::PerformanceMetrics`
[INFO] [stderr]  --> src/bin/tns.rs:9:5
[INFO] [stderr]   |
[INFO] [stderr] 9 |     core::types::PerformanceMetrics,
[INFO] [stderr]   |     ^^^^^^^^^^^^^^^^^^^^^^^^^^^^^^^
[INFO] [stderr]   |
[INFO] [stderr]   = note: `#[warn(unused_imports)]` (part of `#[warn(unused)]`) on by default
[INFO] [stderr] 
[INFO] [stderr] warning: `temporal-neural-solver` (bin "tns" test) generated 1 warning (run `cargo fix --bin "tns" -p temporal-neural-solver --tests` to apply 1 suggestion)
[INFO] [stderr]     Finished `test` profile [unoptimized + debuginfo] target(s) in 0.15s
[INFO] [stderr]      Running unittests src/lib.rs (/opt/rustwide/target/debug/deps/temporal_neural_solver-888d135797017a8b)
[INFO] [stdout] 
[INFO] [stdout] running 33 tests
[INFO] [stdout] test benchmarks::cryptographic_validation::tests::test_hash_verification ... ok
[INFO] [stdout] test baselines::traditional_baseline::tests::test_pytorch_style ... ok
[INFO] [stdout] test baselines::rust_standard::tests::test_functional_rust_network ... ok
[INFO] [stdout] test baselines::numpy_style::tests::test_optimized_numpy_style ... ok
[INFO] [stdout] test baselines::rust_standard::tests::test_batch_processing ... ok
[INFO] [stdout] test benchmarks::cryptographic_validation::tests::test_chain_of_custody ... ok
[INFO] [stdout] test baselines::rust_standard::tests::test_rust_standard_network ... ok
[INFO] [stdout] test baselines::numpy_style::tests::test_numpy_style_network ... ok
[INFO] [stdout] test baselines::rust_standard::tests::test_optimized_rust_network ... ok
[INFO] [stdout] test baselines::traditional_baseline::tests::test_optimized_traditional ... ok
[INFO] [stdout] test baselines::traditional_baseline::tests::test_traditional_network ... ok
[INFO] [stdout] test baselines::numpy_style::tests::test_numpy_batch_processing ... ok
[INFO] [stdout] test core::utils::tests::test_generate_test_data ... ok
[INFO] [stdout] test core::utils::tests::test_validate_input ... ok
[INFO] [stdout] test core::utils::tests::test_format_duration ... ok
[INFO] [stdout] test tests::test_real_kalman_filter ... ok
[INFO] [stdout] test optimizations::fully_optimized::tests::test_int8_quantization ... ok
[INFO] [stdout] test solvers::solver_integration::tests::test_forward_push ... ok
[INFO] [stdout] test solvers::solver_integration::tests::test_neumann_solver ... ok
[INFO] [stdout] test tests::test_real_neural_network ... ok
[INFO] [stdout] test core::utils::tests::test_calculate_metrics ... ok
[INFO] [stdout] test core::utils::tests::test_calculate_speedup ... ok
[INFO] [stdout] test core::utils::tests::test_compare_outputs ... ok
[INFO] [stdout] test benchmarks::statistical_validation::tests::test_statistical_validation ... ok
[INFO] [stdout] test tests::test_real_solver_gate ... ok
[INFO] [stdout] test tests::test_complete_system ... ok
[INFO] [stdout] test benchmarks::cryptographic_validation::tests::test_cryptographic_validation ... FAILED
[INFO] [stdout] test optimizations::fully_optimized::tests::test_fully_optimized ... FAILED
[INFO] [stdout] test optimizations::optimized::tests::test_optimized_performance ... FAILED
[INFO] [stdout] test benchmarks::hardware_verification::tests::test_memory_bandwidth ... ok
[INFO] [stdout] test benchmarks::hardware_verification::tests::test_hardware_detection ... ok
[INFO] [stdout] test benchmarks::hardware_verification::tests::test_cache_latencies ... ok
[INFO] [stdout] test benchmarks::reproducible_benchmarks::tests::test_complete_benchmark ... FAILED
[INFO] [stdout] 
[INFO] [stdout] failures:
[INFO] [stdout] 
[INFO] [stdout] ---- benchmarks::cryptographic_validation::tests::test_cryptographic_validation stdout ----
[INFO] [stdout] 
[INFO] [stdout] thread 'benchmarks::cryptographic_validation::tests::test_cryptographic_validation' (1601) panicked at src/benchmarks/cryptographic_validation.rs:386:30:
[INFO] [stdout] end byte index 16 is out of bounds for string of length 15
[INFO] [stdout] stack backtrace:
[INFO] [stdout]    0:     0x63f5e361b7c1 - std[70759c8f55707aa4]::backtrace_rs::backtrace::libunwind::trace
[INFO] [stdout]                                at /rustc/dfb0accb7f508ae8be965d8629557221c889dd98/library/std/src/../../backtrace/src/backtrace/libunwind.rs:117:9
[INFO] [stdout]    1:     0x63f5e361b7c1 - std[70759c8f55707aa4]::backtrace_rs::backtrace::trace_unsynchronized::<std[70759c8f55707aa4]::sys::backtrace::_print_fmt::{closure#1}>
[INFO] [stdout]                                at /rustc/dfb0accb7f508ae8be965d8629557221c889dd98/library/std/src/../../backtrace/src/backtrace/mod.rs:66:14
[INFO] [stdout]    2:     0x63f5e361b7c1 - std[70759c8f55707aa4]::sys::backtrace::_print_fmt
[INFO] [stdout]                                at /rustc/dfb0accb7f508ae8be965d8629557221c889dd98/library/std/src/sys/backtrace.rs:74:9
[INFO] [stdout]    3:     0x63f5e361b7c1 - <<std[70759c8f55707aa4]::sys::backtrace::BacktraceLock>::print::DisplayBacktrace as core[df12db4294e9bfd3]::fmt::Display>::fmt
[INFO] [stdout]                                at /rustc/dfb0accb7f508ae8be965d8629557221c889dd98/library/std/src/sys/backtrace.rs:44:26
[INFO] [stdout]    4:     0x63f5e3631b8a - <core[df12db4294e9bfd3]::fmt::rt::Argument>::fmt
[INFO] [stdout]                                at /rustc/dfb0accb7f508ae8be965d8629557221c889dd98/library/core/src/fmt/rt.rs:152:76
[INFO] [stdout]    5:     0x63f5e3631b8a - core[df12db4294e9bfd3]::fmt::write
[INFO] [stdout]    6:     0x63f5e361fefc - core[df12db4294e9bfd3]::io::write::default_write_fmt::<alloc[2182bb758b4b3781]::vec::Vec<u8>>
[INFO] [stdout]                                at /rustc/dfb0accb7f508ae8be965d8629557221c889dd98/library/core/src/io/write.rs:402:11
[INFO] [stdout]    7:     0x63f5e361fefc - <alloc[2182bb758b4b3781]::vec::Vec<u8> as core[df12db4294e9bfd3]::io::write::Write>::write_fmt
[INFO] [stdout]                                at /rustc/dfb0accb7f508ae8be965d8629557221c889dd98/library/core/src/io/write.rs:335:13
[INFO] [stdout]    8:     0x63f5e35f78a6 - <std[70759c8f55707aa4]::sys::backtrace::BacktraceLock>::print
[INFO] [stdout]                                at /rustc/dfb0accb7f508ae8be965d8629557221c889dd98/library/std/src/sys/backtrace.rs:47:9
[INFO] [stdout]    9:     0x63f5e35f78a6 - std[70759c8f55707aa4]::panicking::default_hook::{closure#0}
[INFO] [stdout]                                at /rustc/dfb0accb7f508ae8be965d8629557221c889dd98/library/std/src/panicking.rs:292:27
[INFO] [stdout]   10:     0x63f5e3613bb9 - std[70759c8f55707aa4]::panicking::default_hook
[INFO] [stdout]                                at /rustc/dfb0accb7f508ae8be965d8629557221c889dd98/library/std/src/panicking.rs:316:9
[INFO] [stdout]   11:     0x63f5e3526bb0 - <alloc[2182bb758b4b3781]::boxed::Box<dyn for<'a, 'b> core[df12db4294e9bfd3]::ops::function::Fn<(&'a std[70759c8f55707aa4]::panic::PanicHookInfo<'b>,), Output = ()> + core[df12db4294e9bfd3]::marker::Send + core[df12db4294e9bfd3]::marker::Sync> as core[df12db4294e9bfd3]::ops::function::Fn<(&std[70759c8f55707aa4]::panic::PanicHookInfo,)>>::call
[INFO] [stdout]                                at /rustc/dfb0accb7f508ae8be965d8629557221c889dd98/library/alloc/src/boxed.rs:2334:9
[INFO] [stdout]   12:     0x63f5e3526bb0 - test[9d35eded1c95d3be]::test_main_inner::<test[9d35eded1c95d3be]::test_main_static::{closure#0}>::{closure#0}
[INFO] [stdout]                                at /rustc/dfb0accb7f508ae8be965d8629557221c889dd98/library/test/src/lib.rs:155:21
[INFO] [stdout]   13:     0x63f5e3613d72 - <alloc[2182bb758b4b3781]::boxed::Box<dyn for<'a, 'b> core[df12db4294e9bfd3]::ops::function::Fn<(&'a std[70759c8f55707aa4]::panic::PanicHookInfo<'b>,), Output = ()> + core[df12db4294e9bfd3]::marker::Send + core[df12db4294e9bfd3]::marker::Sync> as core[df12db4294e9bfd3]::ops::function::Fn<(&std[70759c8f55707aa4]::panic::PanicHookInfo,)>>::call
[INFO] [stdout]                                at /rustc/dfb0accb7f508ae8be965d8629557221c889dd98/library/alloc/src/boxed.rs:2334:9
[INFO] [stdout]   14:     0x63f5e3613d72 - std[70759c8f55707aa4]::panicking::panic_with_hook
[INFO] [stdout]                                at /rustc/dfb0accb7f508ae8be965d8629557221c889dd98/library/std/src/panicking.rs:823:13
[INFO] [stdout]   15:     0x63f5e35f7952 - std[70759c8f55707aa4]::panicking::panic_handler::{closure#0}
[INFO] [stdout]                                at /rustc/dfb0accb7f508ae8be965d8629557221c889dd98/library/std/src/panicking.rs:688:13
[INFO] [stdout]   16:     0x63f5e35f0519 - std[70759c8f55707aa4]::sys::backtrace::__rust_end_short_backtrace::<std[70759c8f55707aa4]::panicking::panic_handler::{closure#0}, !>
[INFO] [stdout]                                at /rustc/dfb0accb7f508ae8be965d8629557221c889dd98/library/std/src/sys/backtrace.rs:182:18
[INFO] [stdout]   17:     0x63f5e35f854d - __rustc[8fa7c3cbc660c2b3]::rust_begin_unwind
[INFO] [stdout]                                at /rustc/dfb0accb7f508ae8be965d8629557221c889dd98/library/std/src/panicking.rs:679:5
[INFO] [stdout]   18:     0x63f5e363237c - core[df12db4294e9bfd3]::panicking::panic_fmt
[INFO] [stdout]                                at /rustc/dfb0accb7f508ae8be965d8629557221c889dd98/library/core/src/panicking.rs:80:14
[INFO] [stdout]   19:     0x63f5e3631cb6 - core[df12db4294e9bfd3]::str::slice_error_fail_rt
[INFO] [stdout]   20:     0x63f5e3631c2a - core[df12db4294e9bfd3]::str::slice_error_fail
[INFO] [stdout]                                at /rustc/dfb0accb7f508ae8be965d8629557221c889dd98/library/core/src/str/mod.rs:70:5
[INFO] [stdout]   21:     0x63f5e34fbb5e - <core[df12db4294e9bfd3]::ops::range::RangeTo<usize> as core[df12db4294e9bfd3]::slice::index::SliceIndex<str>>::index
[INFO] [stdout]                                at /rustc/dfb0accb7f508ae8be965d8629557221c889dd98/library/core/src/str/traits.rs:457:21
[INFO] [stdout]   22:     0x63f5e34cc299 - <alloc[2182bb758b4b3781]::string::String as core[df12db4294e9bfd3]::ops::index::Index<core[df12db4294e9bfd3]::ops::range::RangeTo<usize>>>::index
[INFO] [stdout]                                at /rustc/dfb0accb7f508ae8be965d8629557221c889dd98/library/alloc/src/string.rs:2839:15
[INFO] [stdout]   23:     0x63f5e35062ed - temporal_neural_solver[fa822f667c5be9cd]::benchmarks::cryptographic_validation::generate_validation_report
[INFO] [stdout]                                at /opt/rustwide/workdir/src/benchmarks/cryptographic_validation.rs:386:30
[INFO] [stdout]   24:     0x63f5e34c8a8e - temporal_neural_solver[fa822f667c5be9cd]::benchmarks::cryptographic_validation::tests::test_cryptographic_validation
[INFO] [stdout]                                at /opt/rustwide/workdir/src/benchmarks/cryptographic_validation.rs:465:22
[INFO] [stdout]   25:     0x63f5e34bfb87 - temporal_neural_solver[fa822f667c5be9cd]::benchmarks::cryptographic_validation::tests::test_cryptographic_validation::{closure#0}
[INFO] [stdout]                                at /opt/rustwide/workdir/src/benchmarks/cryptographic_validation.rs:438:39
[INFO] [stdout]   26:     0x63f5e349bcb6 - <temporal_neural_solver[fa822f667c5be9cd]::benchmarks::cryptographic_validation::tests::test_cryptographic_validation::{closure#0} as core[df12db4294e9bfd3]::ops::function::FnOnce<()>>::call_once
[INFO] [stdout]                                at /rustc/dfb0accb7f508ae8be965d8629557221c889dd98/library/core/src/ops/function.rs:250:5
[INFO] [stdout]   27:     0x63f5e3519e9b - <fn() -> core[df12db4294e9bfd3]::result::Result<(), alloc[2182bb758b4b3781]::string::String> as core[df12db4294e9bfd3]::ops::function::FnOnce<()>>::call_once
[INFO] [stdout]                                at /rustc/dfb0accb7f508ae8be965d8629557221c889dd98/library/core/src/ops/function.rs:250:5
[INFO] [stdout]   28:     0x63f5e3519e9b - test[9d35eded1c95d3be]::__rust_begin_short_backtrace::<core[df12db4294e9bfd3]::result::Result<(), alloc[2182bb758b4b3781]::string::String>, fn() -> core[df12db4294e9bfd3]::result::Result<(), alloc[2182bb758b4b3781]::string::String>>
[INFO] [stdout]                                at /rustc/dfb0accb7f508ae8be965d8629557221c889dd98/library/test/src/lib.rs:733:18
[INFO] [stdout]   29:     0x63f5e3527505 - test[9d35eded1c95d3be]::run_test_in_process::{closure#0}
[INFO] [stdout]                                at /rustc/dfb0accb7f508ae8be965d8629557221c889dd98/library/test/src/lib.rs:756:74
[INFO] [stdout]   30:     0x63f5e3527505 - <core[df12db4294e9bfd3]::panic::unwind_safe::AssertUnwindSafe<test[9d35eded1c95d3be]::run_test_in_process::{closure#0}> as core[df12db4294e9bfd3]::ops::function::FnOnce<()>>::call_once
[INFO] [stdout]                                at /rustc/dfb0accb7f508ae8be965d8629557221c889dd98/library/core/src/panic/unwind_safe.rs:275:9
[INFO] [stdout]   31:     0x63f5e3527505 - std[70759c8f55707aa4]::panicking::catch_unwind::do_call::<core[df12db4294e9bfd3]::panic::unwind_safe::AssertUnwindSafe<test[9d35eded1c95d3be]::run_test_in_process::{closure#0}>, core[df12db4294e9bfd3]::result::Result<(), alloc[2182bb758b4b3781]::string::String>>
[INFO] [stdout]                                at /rustc/dfb0accb7f508ae8be965d8629557221c889dd98/library/std/src/panicking.rs:576:43
[INFO] [stdout]   32:     0x63f5e3527505 - std[70759c8f55707aa4]::panicking::catch_unwind::<core[df12db4294e9bfd3]::result::Result<(), alloc[2182bb758b4b3781]::string::String>, core[df12db4294e9bfd3]::panic::unwind_safe::AssertUnwindSafe<test[9d35eded1c95d3be]::run_test_in_process::{closure#0}>>
[INFO] [stdout]                                at /rustc/dfb0accb7f508ae8be965d8629557221c889dd98/library/std/src/panicking.rs:544:19
[INFO] [stdout]   33:     0x63f5e3527505 - std[70759c8f55707aa4]::panic::catch_unwind::<core[df12db4294e9bfd3]::panic::unwind_safe::AssertUnwindSafe<test[9d35eded1c95d3be]::run_test_in_process::{closure#0}>, core[df12db4294e9bfd3]::result::Result<(), alloc[2182bb758b4b3781]::string::String>>
[INFO] [stdout]                                at /rustc/dfb0accb7f508ae8be965d8629557221c889dd98/library/std/src/panic.rs:359:14
[INFO] [stdout]   34:     0x63f5e3527505 - test[9d35eded1c95d3be]::run_test_in_process
[INFO] [stdout]                                at /rustc/dfb0accb7f508ae8be965d8629557221c889dd98/library/test/src/lib.rs:756:27
[INFO] [stdout]   35:     0x63f5e3527505 - test[9d35eded1c95d3be]::run_test::{closure#0}
[INFO] [stdout]                                at /rustc/dfb0accb7f508ae8be965d8629557221c889dd98/library/test/src/lib.rs:677:43
[INFO] [stdout]   36:     0x63f5e3520dc4 - test[9d35eded1c95d3be]::run_test::{closure#1}
[INFO] [stdout]                                at /rustc/dfb0accb7f508ae8be965d8629557221c889dd98/library/test/src/lib.rs:707:41
[INFO] [stdout]   37:     0x63f5e3520dc4 - std[70759c8f55707aa4]::sys::backtrace::__rust_begin_short_backtrace::<test[9d35eded1c95d3be]::run_test::{closure#1}, ()>
[INFO] [stdout]                                at /rustc/dfb0accb7f508ae8be965d8629557221c889dd98/library/std/src/sys/backtrace.rs:166:18
[INFO] [stdout]   38:     0x63f5e352a662 - std[70759c8f55707aa4]::thread::lifecycle::spawn_unchecked::<test[9d35eded1c95d3be]::run_test::{closure#1}, ()>::{closure#1}::{closure#0}
[INFO] [stdout]                                at /rustc/dfb0accb7f508ae8be965d8629557221c889dd98/library/std/src/thread/lifecycle.rs:70:13
[INFO] [stdout]   39:     0x63f5e352a662 - <core[df12db4294e9bfd3]::panic::unwind_safe::AssertUnwindSafe<std[70759c8f55707aa4]::thread::lifecycle::spawn_unchecked<test[9d35eded1c95d3be]::run_test::{closure#1}, ()>::{closure#1}::{closure#0}> as core[df12db4294e9bfd3]::ops::function::FnOnce<()>>::call_once
[INFO] [stdout]                                at /rustc/dfb0accb7f508ae8be965d8629557221c889dd98/library/core/src/panic/unwind_safe.rs:275:9
[INFO] [stdout]   40:     0x63f5e352a662 - std[70759c8f55707aa4]::panicking::catch_unwind::do_call::<core[df12db4294e9bfd3]::panic::unwind_safe::AssertUnwindSafe<std[70759c8f55707aa4]::thread::lifecycle::spawn_unchecked<test[9d35eded1c95d3be]::run_test::{closure#1}, ()>::{closure#1}::{closure#0}>, ()>
[INFO] [stdout]                                at /rustc/dfb0accb7f508ae8be965d8629557221c889dd98/library/std/src/panicking.rs:576:43
[INFO] [stdout]   41:     0x63f5e352a662 - std[70759c8f55707aa4]::panicking::catch_unwind::<(), core[df12db4294e9bfd3]::panic::unwind_safe::AssertUnwindSafe<std[70759c8f55707aa4]::thread::lifecycle::spawn_unchecked<test[9d35eded1c95d3be]::run_test::{closure#1}, ()>::{closure#1}::{closure#0}>>
[INFO] [stdout]                                at /rustc/dfb0accb7f508ae8be965d8629557221c889dd98/library/std/src/panicking.rs:544:19
[INFO] [stdout]   42:     0x63f5e352a662 - std[70759c8f55707aa4]::panic::catch_unwind::<core[df12db4294e9bfd3]::panic::unwind_safe::AssertUnwindSafe<std[70759c8f55707aa4]::thread::lifecycle::spawn_unchecked<test[9d35eded1c95d3be]::run_test::{closure#1}, ()>::{closure#1}::{closure#0}>, ()>
[INFO] [stdout]                                at /rustc/dfb0accb7f508ae8be965d8629557221c889dd98/library/std/src/panic.rs:359:14
[INFO] [stdout]   43:     0x63f5e352a662 - std[70759c8f55707aa4]::thread::lifecycle::spawn_unchecked::<test[9d35eded1c95d3be]::run_test::{closure#1}, ()>::{closure#1}
[INFO] [stdout]                                at /rustc/dfb0accb7f508ae8be965d8629557221c889dd98/library/std/src/thread/lifecycle.rs:68:26
[INFO] [stdout]   44:     0x63f5e352a662 - <std[70759c8f55707aa4]::thread::lifecycle::spawn_unchecked<test[9d35eded1c95d3be]::run_test::{closure#1}, ()>::{closure#1} as core[df12db4294e9bfd3]::ops::function::FnOnce<()>>::call_once::{shim:vtable#0}
[INFO] [stdout]                                at /rustc/dfb0accb7f508ae8be965d8629557221c889dd98/library/core/src/ops/function.rs:250:5
[INFO] [stdout]   45:     0x63f5e361ad29 - <alloc[2182bb758b4b3781]::boxed::Box<dyn core[df12db4294e9bfd3]::ops::function::FnOnce<(), Output = ()> + core[df12db4294e9bfd3]::marker::Send> as core[df12db4294e9bfd3]::ops::function::FnOnce<()>>::call_once
[INFO] [stdout]                                at /rustc/dfb0accb7f508ae8be965d8629557221c889dd98/library/alloc/src/boxed.rs:2320:9
[INFO] [stdout]   46:     0x63f5e361ad29 - <std[70759c8f55707aa4]::sys::thread::unix::Thread>::new::thread_start
[INFO] [stdout]                                at /rustc/dfb0accb7f508ae8be965d8629557221c889dd98/library/std/src/sys/thread/unix.rs:123:17
[INFO] [stdout]   47:     0x78cca85eddfa - <unknown>
[INFO] [stdout]   48:     0x78cca86813d4 - clone
[INFO] [stdout]   49:                0x0 - <unknown>
[INFO] [stdout] 
[INFO] [stdout] ---- optimizations::fully_optimized::tests::test_fully_optimized stdout ----
[INFO] [stdout] Fully Optimized Performance:
[INFO] [stdout]   P50: 57.69µs
[INFO] [stdout]   P99: 80.25µs
[INFO] [stdout] 
[INFO] [stdout] thread 'optimizations::fully_optimized::tests::test_fully_optimized' (1614) panicked at src/optimizations/fully_optimized.rs:454:9:
[INFO] [stdout] assertion failed: p99.as_micros() < 10
[INFO] [stdout] stack backtrace:
[INFO] [stdout]    0:     0x63f5e361b7c1 - std[70759c8f55707aa4]::backtrace_rs::backtrace::libunwind::trace
[INFO] [stdout]                                at /rustc/dfb0accb7f508ae8be965d8629557221c889dd98/library/std/src/../../backtrace/src/backtrace/libunwind.rs:117:9
[INFO] [stdout]    1:     0x63f5e361b7c1 - std[70759c8f55707aa4]::backtrace_rs::backtrace::trace_unsynchronized::<std[70759c8f55707aa4]::sys::backtrace::_print_fmt::{closure#1}>
[INFO] [stdout]                                at /rustc/dfb0accb7f508ae8be965d8629557221c889dd98/library/std/src/../../backtrace/src/backtrace/mod.rs:66:14
[INFO] [stdout]    2:     0x63f5e361b7c1 - std[70759c8f55707aa4]::sys::backtrace::_print_fmt
[INFO] [stdout]                                at /rustc/dfb0accb7f508ae8be965d8629557221c889dd98/library/std/src/sys/backtrace.rs:74:9
[INFO] [stdout]    3:     0x63f5e361b7c1 - <<std[70759c8f55707aa4]::sys::backtrace::BacktraceLock>::print::DisplayBacktrace as core[df12db4294e9bfd3]::fmt::Display>::fmt
[INFO] [stdout]                                at /rustc/dfb0accb7f508ae8be965d8629557221c889dd98/library/std/src/sys/backtrace.rs:44:26
[INFO] [stdout]    4:     0x63f5e3631b8a - <core[df12db4294e9bfd3]::fmt::rt::Argument>::fmt
[INFO] [stdout]                                at /rustc/dfb0accb7f508ae8be965d8629557221c889dd98/library/core/src/fmt/rt.rs:152:76
[INFO] [stdout]    5:     0x63f5e3631b8a - core[df12db4294e9bfd3]::fmt::write
[INFO] [stdout]    6:     0x63f5e361fefc - core[df12db4294e9bfd3]::io::write::default_write_fmt::<alloc[2182bb758b4b3781]::vec::Vec<u8>>
[INFO] [stdout]                                at /rustc/dfb0accb7f508ae8be965d8629557221c889dd98/library/core/src/io/write.rs:402:11
[INFO] [stdout]    7:     0x63f5e361fefc - <alloc[2182bb758b4b3781]::vec::Vec<u8> as core[df12db4294e9bfd3]::io::write::Write>::write_fmt
[INFO] [stdout]                                at /rustc/dfb0accb7f508ae8be965d8629557221c889dd98/library/core/src/io/write.rs:335:13
[INFO] [stdout]    8:     0x63f5e35f78a6 - <std[70759c8f55707aa4]::sys::backtrace::BacktraceLock>::print
[INFO] [stdout]                                at /rustc/dfb0accb7f508ae8be965d8629557221c889dd98/library/std/src/sys/backtrace.rs:47:9
[INFO] [stdout]    9:     0x63f5e35f78a6 - std[70759c8f55707aa4]::panicking::default_hook::{closure#0}
[INFO] [stdout]                                at /rustc/dfb0accb7f508ae8be965d8629557221c889dd98/library/std/src/panicking.rs:292:27
[INFO] [stdout]   10:     0x63f5e3613bb9 - std[70759c8f55707aa4]::panicking::default_hook
[INFO] [stdout]                                at /rustc/dfb0accb7f508ae8be965d8629557221c889dd98/library/std/src/panicking.rs:316:9
[INFO] [stdout]   11:     0x63f5e3526bb0 - <alloc[2182bb758b4b3781]::boxed::Box<dyn for<'a, 'b> core[df12db4294e9bfd3]::ops::function::Fn<(&'a std[70759c8f55707aa4]::panic::PanicHookInfo<'b>,), Output = ()> + core[df12db4294e9bfd3]::marker::Send + core[df12db4294e9bfd3]::marker::Sync> as core[df12db4294e9bfd3]::ops::function::Fn<(&std[70759c8f55707aa4]::panic::PanicHookInfo,)>>::call
[INFO] [stdout]                                at /rustc/dfb0accb7f508ae8be965d8629557221c889dd98/library/alloc/src/boxed.rs:2334:9
[INFO] [stdout]   12:     0x63f5e3526bb0 - test[9d35eded1c95d3be]::test_main_inner::<test[9d35eded1c95d3be]::test_main_static::{closure#0}>::{closure#0}
[INFO] [stdout]                                at /rustc/dfb0accb7f508ae8be965d8629557221c889dd98/library/test/src/lib.rs:155:21
[INFO] [stdout]   13:     0x63f5e3613d72 - <alloc[2182bb758b4b3781]::boxed::Box<dyn for<'a, 'b> core[df12db4294e9bfd3]::ops::function::Fn<(&'a std[70759c8f55707aa4]::panic::PanicHookInfo<'b>,), Output = ()> + core[df12db4294e9bfd3]::marker::Send + core[df12db4294e9bfd3]::marker::Sync> as core[df12db4294e9bfd3]::ops::function::Fn<(&std[70759c8f55707aa4]::panic::PanicHookInfo,)>>::call
[INFO] [stdout]                                at /rustc/dfb0accb7f508ae8be965d8629557221c889dd98/library/alloc/src/boxed.rs:2334:9
[INFO] [stdout]   14:     0x63f5e3613d72 - std[70759c8f55707aa4]::panicking::panic_with_hook
[INFO] [stdout]                                at /rustc/dfb0accb7f508ae8be965d8629557221c889dd98/library/std/src/panicking.rs:823:13
[INFO] [stdout]   15:     0x63f5e35f7984 - std[70759c8f55707aa4]::panicking::panic_handler::{closure#0}
[INFO] [stdout]                                at /rustc/dfb0accb7f508ae8be965d8629557221c889dd98/library/std/src/panicking.rs:681:13
[INFO] [stdout]   16:     0x63f5e35f0519 - std[70759c8f55707aa4]::sys::backtrace::__rust_end_short_backtrace::<std[70759c8f55707aa4]::panicking::panic_handler::{closure#0}, !>
[INFO] [stdout]                                at /rustc/dfb0accb7f508ae8be965d8629557221c889dd98/library/std/src/sys/backtrace.rs:182:18
[INFO] [stdout]   17:     0x63f5e35f854d - __rustc[8fa7c3cbc660c2b3]::rust_begin_unwind
[INFO] [stdout]                                at /rustc/dfb0accb7f508ae8be965d8629557221c889dd98/library/std/src/panicking.rs:679:5
[INFO] [stdout]   18:     0x63f5e363237c - core[df12db4294e9bfd3]::panicking::panic_fmt
[INFO] [stdout]                                at /rustc/dfb0accb7f508ae8be965d8629557221c889dd98/library/core/src/panicking.rs:80:14
[INFO] [stdout]   19:     0x63f5e3632342 - core[df12db4294e9bfd3]::panicking::panic
[INFO] [stdout]                                at /rustc/dfb0accb7f508ae8be965d8629557221c889dd98/library/core/src/panicking.rs:150:5
[INFO] [stdout]   20:     0x63f5e34ca4bb - temporal_neural_solver[fa822f667c5be9cd]::optimizations::fully_optimized::tests::test_fully_optimized
[INFO] [stdout]                                at /opt/rustwide/workdir/src/optimizations/fully_optimized.rs:454:9
[INFO] [stdout]   21:     0x63f5e34bfbb7 - temporal_neural_solver[fa822f667c5be9cd]::optimizations::fully_optimized::tests::test_fully_optimized::{closure#0}
[INFO] [stdout]                                at /opt/rustwide/workdir/src/optimizations/fully_optimized.rs:429:30
[INFO] [stdout]   22:     0x63f5e349bcd6 - <temporal_neural_solver[fa822f667c5be9cd]::optimizations::fully_optimized::tests::test_fully_optimized::{closure#0} as core[df12db4294e9bfd3]::ops::function::FnOnce<()>>::call_once
[INFO] [stdout]                                at /rustc/dfb0accb7f508ae8be965d8629557221c889dd98/library/core/src/ops/function.rs:250:5
[INFO] [stdout]   23:     0x63f5e3519e9b - <fn() -> core[df12db4294e9bfd3]::result::Result<(), alloc[2182bb758b4b3781]::string::String> as core[df12db4294e9bfd3]::ops::function::FnOnce<()>>::call_once
[INFO] [stdout]                                at /rustc/dfb0accb7f508ae8be965d8629557221c889dd98/library/core/src/ops/function.rs:250:5
[INFO] [stdout]   24:     0x63f5e3519e9b - test[9d35eded1c95d3be]::__rust_begin_short_backtrace::<core[df12db4294e9bfd3]::result::Result<(), alloc[2182bb758b4b3781]::string::String>, fn() -> core[df12db4294e9bfd3]::result::Result<(), alloc[2182bb758b4b3781]::string::String>>
[INFO] [stdout]                                at /rustc/dfb0accb7f508ae8be965d8629557221c889dd98/library/test/src/lib.rs:733:18
[INFO] [stdout]   25:     0x63f5e3527505 - test[9d35eded1c95d3be]::run_test_in_process::{closure#0}
[INFO] [stdout]                                at /rustc/dfb0accb7f508ae8be965d8629557221c889dd98/library/test/src/lib.rs:756:74
[INFO] [stdout]   26:     0x63f5e3527505 - <core[df12db4294e9bfd3]::panic::unwind_safe::AssertUnwindSafe<test[9d35eded1c95d3be]::run_test_in_process::{closure#0}> as core[df12db4294e9bfd3]::ops::function::FnOnce<()>>::call_once
[INFO] [stdout]                                at /rustc/dfb0accb7f508ae8be965d8629557221c889dd98/library/core/src/panic/unwind_safe.rs:275:9
[INFO] [stdout]   27:     0x63f5e3527505 - std[70759c8f55707aa4]::panicking::catch_unwind::do_call::<core[df12db4294e9bfd3]::panic::unwind_safe::AssertUnwindSafe<test[9d35eded1c95d3be]::run_test_in_process::{closure#0}>, core[df12db4294e9bfd3]::result::Result<(), alloc[2182bb758b4b3781]::string::String>>
[INFO] [stdout]                                at /rustc/dfb0accb7f508ae8be965d8629557221c889dd98/library/std/src/panicking.rs:576:43
[INFO] [stdout]   28:     0x63f5e3527505 - std[70759c8f55707aa4]::panicking::catch_unwind::<core[df12db4294e9bfd3]::result::Result<(), alloc[2182bb758b4b3781]::string::String>, core[df12db4294e9bfd3]::panic::unwind_safe::AssertUnwindSafe<test[9d35eded1c95d3be]::run_test_in_process::{closure#0}>>
[INFO] [stdout]                                at /rustc/dfb0accb7f508ae8be965d8629557221c889dd98/library/std/src/panicking.rs:544:19
[INFO] [stdout]   29:     0x63f5e3527505 - std[70759c8f55707aa4]::panic::catch_unwind::<core[df12db4294e9bfd3]::panic::unwind_safe::AssertUnwindSafe<test[9d35eded1c95d3be]::run_test_in_process::{closure#0}>, core[df12db4294e9bfd3]::result::Result<(), alloc[2182bb758b4b3781]::string::String>>
[INFO] [stdout]                                at /rustc/dfb0accb7f508ae8be965d8629557221c889dd98/library/std/src/panic.rs:359:14
[INFO] [stdout]   30:     0x63f5e3527505 - test[9d35eded1c95d3be]::run_test_in_process
[INFO] [stdout]                                at /rustc/dfb0accb7f508ae8be965d8629557221c889dd98/library/test/src/lib.rs:756:27
[INFO] [stdout]   31:     0x63f5e3527505 - test[9d35eded1c95d3be]::run_test::{closure#0}
[INFO] [stdout]                                at /rustc/dfb0accb7f508ae8be965d8629557221c889dd98/library/test/src/lib.rs:677:43
[INFO] [stdout]   32:     0x63f5e3520dc4 - test[9d35eded1c95d3be]::run_test::{closure#1}
[INFO] [stdout]                                at /rustc/dfb0accb7f508ae8be965d8629557221c889dd98/library/test/src/lib.rs:707:41
[INFO] [stdout]   33:     0x63f5e3520dc4 - std[70759c8f55707aa4]::sys::backtrace::__rust_begin_short_backtrace::<test[9d35eded1c95d3be]::run_test::{closure#1}, ()>
[INFO] [stdout]                                at /rustc/dfb0accb7f508ae8be965d8629557221c889dd98/library/std/src/sys/backtrace.rs:166:18
[INFO] [stdout]   34:     0x63f5e352a662 - std[70759c8f55707aa4]::thread::lifecycle::spawn_unchecked::<test[9d35eded1c95d3be]::run_test::{closure#1}, ()>::{closure#1}::{closure#0}
[INFO] [stdout]                                at /rustc/dfb0accb7f508ae8be965d8629557221c889dd98/library/std/src/thread/lifecycle.rs:70:13
[INFO] [stdout]   35:     0x63f5e352a662 - <core[df12db4294e9bfd3]::panic::unwind_safe::AssertUnwindSafe<std[70759c8f55707aa4]::thread::lifecycle::spawn_unchecked<test[9d35eded1c95d3be]::run_test::{closure#1}, ()>::{closure#1}::{closure#0}> as core[df12db4294e9bfd3]::ops::function::FnOnce<()>>::call_once
[INFO] [stdout]                                at /rustc/dfb0accb7f508ae8be965d8629557221c889dd98/library/core/src/panic/unwind_safe.rs:275:9
[INFO] [stdout]   36:     0x63f5e352a662 - std[70759c8f55707aa4]::panicking::catch_unwind::do_call::<core[df12db4294e9bfd3]::panic::unwind_safe::AssertUnwindSafe<std[70759c8f55707aa4]::thread::lifecycle::spawn_unchecked<test[9d35eded1c95d3be]::run_test::{closure#1}, ()>::{closure#1}::{closure#0}>, ()>
[INFO] [stdout]                                at /rustc/dfb0accb7f508ae8be965d8629557221c889dd98/library/std/src/panicking.rs:576:43
[INFO] [stdout]   37:     0x63f5e352a662 - std[70759c8f55707aa4]::panicking::catch_unwind::<(), core[df12db4294e9bfd3]::panic::unwind_safe::AssertUnwindSafe<std[70759c8f55707aa4]::thread::lifecycle::spawn_unchecked<test[9d35eded1c95d3be]::run_test::{closure#1}, ()>::{closure#1}::{closure#0}>>
[INFO] [stdout]                                at /rustc/dfb0accb7f508ae8be965d8629557221c889dd98/library/std/src/panicking.rs:544:19
[INFO] [stdout]   38:     0x63f5e352a662 - std[70759c8f55707aa4]::panic::catch_unwind::<core[df12db4294e9bfd3]::panic::unwind_safe::AssertUnwindSafe<std[70759c8f55707aa4]::thread::lifecycle::spawn_unchecked<test[9d35eded1c95d3be]::run_test::{closure#1}, ()>::{closure#1}::{closure#0}>, ()>
[INFO] [stdout]                                at /rustc/dfb0accb7f508ae8be965d8629557221c889dd98/library/std/src/panic.rs:359:14
[INFO] [stdout]   39:     0x63f5e352a662 - std[70759c8f55707aa4]::thread::lifecycle::spawn_unchecked::<test[9d35eded1c95d3be]::run_test::{closure#1}, ()>::{closure#1}
[INFO] [stdout]                                at /rustc/dfb0accb7f508ae8be965d8629557221c889dd98/library/std/src/thread/lifecycle.rs:68:26
[INFO] [stdout]   40:     0x63f5e352a662 - <std[70759c8f55707aa4]::thread::lifecycle::spawn_unchecked<test[9d35eded1c95d3be]::run_test::{closure#1}, ()>::{closure#1} as core[df12db4294e9bfd3]::ops::function::FnOnce<()>>::call_once::{shim:vtable#0}
[INFO] [stdout]                                at /rustc/dfb0accb7f508ae8be965d8629557221c889dd98/library/core/src/ops/function.rs:250:5
[INFO] [stdout]   41:     0x63f5e361ad29 - <alloc[2182bb758b4b3781]::boxed::Box<dyn core[df12db4294e9bfd3]::ops::function::FnOnce<(), Output = ()> + core[df12db4294e9bfd3]::marker::Send> as core[df12db4294e9bfd3]::ops::function::FnOnce<()>>::call_once
[INFO] [stdout]                                at /rustc/dfb0accb7f508ae8be965d8629557221c889dd98/library/alloc/src/boxed.rs:2320:9
[INFO] [stdout]   42:     0x63f5e361ad29 - <std[70759c8f55707aa4]::sys::thread::unix::Thread>::new::thread_start
[INFO] [stdout]                                at /rustc/dfb0accb7f508ae8be965d8629557221c889dd98/library/std/src/sys/thread/unix.rs:123:17
[INFO] [stdout]   43:     0x78cca85eddfa - <unknown>
[INFO] [stdout]   44:     0x78cca86813d4 - clone
[INFO] [stdout]   45:                0x0 - <unknown>
[INFO] [stdout] 
[INFO] [stdout] ---- optimizations::optimized::tests::test_optimized_performance stdout ----
[INFO] [stdout] Optimized Performance:
[INFO] [stdout]   P50:  65.86µs
[INFO] [stdout]   P99:  6.1021ms
[INFO] [stdout]   P99.9: 10.11604ms
[INFO] [stdout] 
[INFO] [stdout] thread 'optimizations::optimized::tests::test_optimized_performance' (1616) panicked at src/optimizations/optimized.rs:353:9:
[INFO] [stdout] assertion failed: p999.as_micros() < 50
[INFO] [stdout] stack backtrace:
[INFO] [stdout]    0:     0x63f5e361b7c1 - std[70759c8f55707aa4]::backtrace_rs::backtrace::libunwind::trace
[INFO] [stdout]                                at /rustc/dfb0accb7f508ae8be965d8629557221c889dd98/library/std/src/../../backtrace/src/backtrace/libunwind.rs:117:9
[INFO] [stdout]    1:     0x63f5e361b7c1 - std[70759c8f55707aa4]::backtrace_rs::backtrace::trace_unsynchronized::<std[70759c8f55707aa4]::sys::backtrace::_print_fmt::{closure#1}>
[INFO] [stdout]                                at /rustc/dfb0accb7f508ae8be965d8629557221c889dd98/library/std/src/../../backtrace/src/backtrace/mod.rs:66:14
[INFO] [stdout]    2:     0x63f5e361b7c1 - std[70759c8f55707aa4]::sys::backtrace::_print_fmt
[INFO] [stdout]                                at /rustc/dfb0accb7f508ae8be965d8629557221c889dd98/library/std/src/sys/backtrace.rs:74:9
[INFO] [stdout]    3:     0x63f5e361b7c1 - <<std[70759c8f55707aa4]::sys::backtrace::BacktraceLock>::print::DisplayBacktrace as core[df12db4294e9bfd3]::fmt::Display>::fmt
[INFO] [stdout]                                at /rustc/dfb0accb7f508ae8be965d8629557221c889dd98/library/std/src/sys/backtrace.rs:44:26
[INFO] [stdout]    4:     0x63f5e3631b8a - <core[df12db4294e9bfd3]::fmt::rt::Argument>::fmt
[INFO] [stdout]                                at /rustc/dfb0accb7f508ae8be965d8629557221c889dd98/library/core/src/fmt/rt.rs:152:76
[INFO] [stdout]    5:     0x63f5e3631b8a - core[df12db4294e9bfd3]::fmt::write
[INFO] [stdout]    6:     0x63f5e361fefc - core[df12db4294e9bfd3]::io::write::default_write_fmt::<alloc[2182bb758b4b3781]::vec::Vec<u8>>
[INFO] [stdout]                                at /rustc/dfb0accb7f508ae8be965d8629557221c889dd98/library/core/src/io/write.rs:402:11
[INFO] [stdout]    7:     0x63f5e361fefc - <alloc[2182bb758b4b3781]::vec::Vec<u8> as core[df12db4294e9bfd3]::io::write::Write>::write_fmt
[INFO] [stdout]                                at /rustc/dfb0accb7f508ae8be965d8629557221c889dd98/library/core/src/io/write.rs:335:13
[INFO] [stdout]    8:     0x63f5e35f78a6 - <std[70759c8f55707aa4]::sys::backtrace::BacktraceLock>::print
[INFO] [stdout]                                at /rustc/dfb0accb7f508ae8be965d8629557221c889dd98/library/std/src/sys/backtrace.rs:47:9
[INFO] [stdout]    9:     0x63f5e35f78a6 - std[70759c8f55707aa4]::panicking::default_hook::{closure#0}
[INFO] [stdout]                                at /rustc/dfb0accb7f508ae8be965d8629557221c889dd98/library/std/src/panicking.rs:292:27
[INFO] [stdout]   10:     0x63f5e3613bb9 - std[70759c8f55707aa4]::panicking::default_hook
[INFO] [stdout]                                at /rustc/dfb0accb7f508ae8be965d8629557221c889dd98/library/std/src/panicking.rs:316:9
[INFO] [stdout]   11:     0x63f5e3526bb0 - <alloc[2182bb758b4b3781]::boxed::Box<dyn for<'a, 'b> core[df12db4294e9bfd3]::ops::function::Fn<(&'a std[70759c8f55707aa4]::panic::PanicHookInfo<'b>,), Output = ()> + core[df12db4294e9bfd3]::marker::Send + core[df12db4294e9bfd3]::marker::Sync> as core[df12db4294e9bfd3]::ops::function::Fn<(&std[70759c8f55707aa4]::panic::PanicHookInfo,)>>::call
[INFO] [stdout]                                at /rustc/dfb0accb7f508ae8be965d8629557221c889dd98/library/alloc/src/boxed.rs:2334:9
[INFO] [stdout]   12:     0x63f5e3526bb0 - test[9d35eded1c95d3be]::test_main_inner::<test[9d35eded1c95d3be]::test_main_static::{closure#0}>::{closure#0}
[INFO] [stdout]                                at /rustc/dfb0accb7f508ae8be965d8629557221c889dd98/library/test/src/lib.rs:155:21
[INFO] [stdout]   13:     0x63f5e3613d72 - <alloc[2182bb758b4b3781]::boxed::Box<dyn for<'a, 'b> core[df12db4294e9bfd3]::ops::function::Fn<(&'a std[70759c8f55707aa4]::panic::PanicHookInfo<'b>,), Output = ()> + core[df12db4294e9bfd3]::marker::Send + core[df12db4294e9bfd3]::marker::Sync> as core[df12db4294e9bfd3]::ops::function::Fn<(&std[70759c8f55707aa4]::panic::PanicHookInfo,)>>::call
[INFO] [stdout]                                at /rustc/dfb0accb7f508ae8be965d8629557221c889dd98/library/alloc/src/boxed.rs:2334:9
[INFO] [stdout]   14:     0x63f5e3613d72 - std[70759c8f55707aa4]::panicking::panic_with_hook
[INFO] [stdout]                                at /rustc/dfb0accb7f508ae8be965d8629557221c889dd98/library/std/src/panicking.rs:823:13
[INFO] [stdout]   15:     0x63f5e35f7984 - std[70759c8f55707aa4]::panicking::panic_handler::{closure#0}
[INFO] [stdout]                                at /rustc/dfb0accb7f508ae8be965d8629557221c889dd98/library/std/src/panicking.rs:681:13
[INFO] [stdout]   16:     0x63f5e35f0519 - std[70759c8f55707aa4]::sys::backtrace::__rust_end_short_backtrace::<std[70759c8f55707aa4]::panicking::panic_handler::{closure#0}, !>
[INFO] [stdout]                                at /rustc/dfb0accb7f508ae8be965d8629557221c889dd98/library/std/src/sys/backtrace.rs:182:18
[INFO] [stdout]   17:     0x63f5e35f854d - __rustc[8fa7c3cbc660c2b3]::rust_begin_unwind
[INFO] [stdout]                                at /rustc/dfb0accb7f508ae8be965d8629557221c889dd98/library/std/src/panicking.rs:679:5
[INFO] [stdout]   18:     0x63f5e363237c - core[df12db4294e9bfd3]::panicking::panic_fmt
[INFO] [stdout]                                at /rustc/dfb0accb7f508ae8be965d8629557221c889dd98/library/core/src/panicking.rs:80:14
[INFO] [stdout]   19:     0x63f5e3632342 - core[df12db4294e9bfd3]::panicking::panic
[INFO] [stdout]                                at /rustc/dfb0accb7f508ae8be965d8629557221c889dd98/library/core/src/panicking.rs:150:5
[INFO] [stdout]   20:     0x63f5e34b45e3 - temporal_neural_solver[fa822f667c5be9cd]::optimizations::optimized::tests::test_optimized_performance
[INFO] [stdout]                                at /opt/rustwide/workdir/src/optimizations/optimized.rs:353:9
[INFO] [stdout]   21:     0x63f5e34af8c7 - temporal_neural_solver[fa822f667c5be9cd]::optimizations::optimized::tests::test_optimized_performance::{closure#0}
[INFO] [stdout]                                at /opt/rustwide/workdir/src/optimizations/optimized.rs:327:36
[INFO] [stdout]   22:     0x63f5e349bd16 - <temporal_neural_solver[fa822f667c5be9cd]::optimizations::optimized::tests::test_optimized_performance::{closure#0} as core[df12db4294e9bfd3]::ops::function::FnOnce<()>>::call_once
[INFO] [stdout]                                at /rustc/dfb0accb7f508ae8be965d8629557221c889dd98/library/core/src/ops/function.rs:250:5
[INFO] [stdout]   23:     0x63f5e3519e9b - <fn() -> core[df12db4294e9bfd3]::result::Result<(), alloc[2182bb758b4b3781]::string::String> as core[df12db4294e9bfd3]::ops::function::FnOnce<()>>::call_once
[INFO] [stdout]                                at /rustc/dfb0accb7f508ae8be965d8629557221c889dd98/library/core/src/ops/function.rs:250:5
[INFO] [stdout]   24:     0x63f5e3519e9b - test[9d35eded1c95d3be]::__rust_begin_short_backtrace::<core[df12db4294e9bfd3]::result::Result<(), alloc[2182bb758b4b3781]::string::String>, fn() -> core[df12db4294e9bfd3]::result::Result<(), alloc[2182bb758b4b3781]::string::String>>
[INFO] [stdout]                                at /rustc/dfb0accb7f508ae8be965d8629557221c889dd98/library/test/src/lib.rs:733:18
[INFO] [stdout]   25:     0x63f5e3527505 - test[9d35eded1c95d3be]::run_test_in_process::{closure#0}
[INFO] [stdout]                                at /rustc/dfb0accb7f508ae8be965d8629557221c889dd98/library/test/src/lib.rs:756:74
[INFO] [stdout]   26:     0x63f5e3527505 - <core[df12db4294e9bfd3]::panic::unwind_safe::AssertUnwindSafe<test[9d35eded1c95d3be]::run_test_in_process::{closure#0}> as core[df12db4294e9bfd3]::ops::function::FnOnce<()>>::call_once
[INFO] [stdout]                                at /rustc/dfb0accb7f508ae8be965d8629557221c889dd98/library/core/src/panic/unwind_safe.rs:275:9
[INFO] [stdout]   27:     0x63f5e3527505 - std[70759c8f55707aa4]::panicking::catch_unwind::do_call::<core[df12db4294e9bfd3]::panic::unwind_safe::AssertUnwindSafe<test[9d35eded1c95d3be]::run_test_in_process::{closure#0}>, core[df12db4294e9bfd3]::result::Result<(), alloc[2182bb758b4b3781]::string::String>>
[INFO] [stdout]                                at /rustc/dfb0accb7f508ae8be965d8629557221c889dd98/library/std/src/panicking.rs:576:43
[INFO] [stdout]   28:     0x63f5e3527505 - std[70759c8f55707aa4]::panicking::catch_unwind::<core[df12db4294e9bfd3]::result::Result<(), alloc[2182bb758b4b3781]::string::String>, core[df12db4294e9bfd3]::panic::unwind_safe::AssertUnwindSafe<test[9d35eded1c95d3be]::run_test_in_process::{closure#0}>>
[INFO] [stdout]                                at /rustc/dfb0accb7f508ae8be965d8629557221c889dd98/library/std/src/panicking.rs:544:19
[INFO] [stdout]   29:     0x63f5e3527505 - std[70759c8f55707aa4]::panic::catch_unwind::<core[df12db4294e9bfd3]::panic::unwind_safe::AssertUnwindSafe<test[9d35eded1c95d3be]::run_test_in_process::{closure#0}>, core[df12db4294e9bfd3]::result::Result<(), alloc[2182bb758b4b3781]::string::String>>
[INFO] [stdout]                                at /rustc/dfb0accb7f508ae8be965d8629557221c889dd98/library/std/src/panic.rs:359:14
[INFO] [stdout]   30:     0x63f5e3527505 - test[9d35eded1c95d3be]::run_test_in_process
[INFO] [stdout]                                at /rustc/dfb0accb7f508ae8be965d8629557221c889dd98/library/test/src/lib.rs:756:27
[INFO] [stdout]   31:     0x63f5e3527505 - test[9d35eded1c95d3be]::run_test::{closure#0}
[INFO] [stdout]                                at /rustc/dfb0accb7f508ae8be965d8629557221c889dd98/library/test/src/lib.rs:677:43
[INFO] [stdout]   32:     0x63f5e3520dc4 - test[9d35eded1c95d3be]::run_test::{closure#1}
[INFO] [stdout]                                at /rustc/dfb0accb7f508ae8be965d8629557221c889dd98/library/test/src/lib.rs:707:41
[INFO] [stdout]   33:     0x63f5e3520dc4 - std[70759c8f55707aa4]::sys::backtrace::__rust_begin_short_backtrace::<test[9d35eded1c95d3be]::run_test::{closure#1}, ()>
[INFO] [stdout]                                at /rustc/dfb0accb7f508ae8be965d8629557221c889dd98/library/std/src/sys/backtrace.rs:166:18
[INFO] [stdout]   34:     0x63f5e352a662 - std[70759c8f55707aa4]::thread::lifecycle::spawn_unchecked::<test[9d35eded1c95d3be]::run_test::{closure#1}, ()>::{closure#1}::{closure#0}
[INFO] [stdout]                                at /rustc/dfb0accb7f508ae8be965d8629557221c889dd98/library/std/src/thread/lifecycle.rs:70:13
[INFO] [stdout]   35:     0x63f5e352a662 - <core[df12db4294e9bfd3]::panic::unwind_safe::AssertUnwindSafe<std[70759c8f55707aa4]::thread::lifecycle::spawn_unchecked<test[9d35eded1c95d3be]::run_test::{closure#1}, ()>::{closure#1}::{closure#0}> as core[df12db4294e9bfd3]::ops::function::FnOnce<()>>::call_once
[INFO] [stdout]                                at /rustc/dfb0accb7f508ae8be965d8629557221c889dd98/library/core/src/panic/unwind_safe.rs:275:9
[INFO] [stdout]   36:     0x63f5e352a662 - std[70759c8f55707aa4]::panicking::catch_unwind::do_call::<core[df12db4294e9bfd3]::panic::unwind_safe::AssertUnwindSafe<std[70759c8f55707aa4]::thread::lifecycle::spawn_unchecked<test[9d35eded1c95d3be]::run_test::{closure#1}, ()>::{closure#1}::{closure#0}>, ()>
[INFO] [stdout]                                at /rustc/dfb0accb7f508ae8be965d8629557221c889dd98/library/std/src/panicking.rs:576:43
[INFO] [stdout]   37:     0x63f5e352a662 - std[70759c8f55707aa4]::panicking::catch_unwind::<(), core[df12db4294e9bfd3]::panic::unwind_safe::AssertUnwindSafe<std[70759c8f55707aa4]::thread::lifecycle::spawn_unchecked<test[9d35eded1c95d3be]::run_test::{closure#1}, ()>::{closure#1}::{closure#0}>>
[INFO] [stdout]                                at /rustc/dfb0accb7f508ae8be965d8629557221c889dd98/library/std/src/panicking.rs:544:19
[INFO] [stdout]   38:     0x63f5e352a662 - std[70759c8f55707aa4]::panic::catch_unwind::<core[df12db4294e9bfd3]::panic::unwind_safe::AssertUnwindSafe<std[70759c8f55707aa4]::thread::lifecycle::spawn_unchecked<test[9d35eded1c95d3be]::run_test::{closure#1}, ()>::{closure#1}::{closure#0}>, ()>
[INFO] [stdout]                                at /rustc/dfb0accb7f508ae8be965d8629557221c889dd98/library/std/src/panic.rs:359:14
[INFO] [stdout]   39:     0x63f5e352a662 - std[70759c8f55707aa4]::thread::lifecycle::spawn_unchecked::<test[9d35eded1c95d3be]::run_test::{closure#1}, ()>::{closure#1}
[INFO] [stdout]                                at /rustc/dfb0accb7f508ae8be965d8629557221c889dd98/library/std/src/thread/lifecycle.rs:68:26
[INFO] [stdout]   40:     0x63f5e352a662 - <std[70759c8f55707aa4]::thread::lifecycle::spawn_unchecked<test[9d35eded1c95d3be]::run_test::{closure#1}, ()>::{closure#1} as core[df12db4294e9bfd3]::ops::function::FnOnce<()>>::call_once::{shim:vtable#0}
[INFO] [stdout]                                at /rustc/dfb0accb7f508ae8be965d8629557221c889dd98/library/core/src/ops/function.rs:250:5
[INFO] [stdout]   41:     0x63f5e361ad29 - <alloc[2182bb758b4b3781]::boxed::Box<dyn core[df12db4294e9bfd3]::ops::function::FnOnce<(), Output = ()> + core[df12db4294e9bfd3]::marker::Send> as core[df12db4294e9bfd3]::ops::function::FnOnce<()>>::call_once
[INFO] [stdout]                                at /rustc/dfb0accb7f508ae8be965d8629557221c889dd98/library/alloc/src/boxed.rs:2320:9
[INFO] [stdout]   42:     0x63f5e361ad29 - <std[70759c8f55707aa4]::sys::thread::unix::Thread>::new::thread_start
[INFO] [stdout]                                at /rustc/dfb0accb7f508ae8be965d8629557221c889dd98/library/std/src/sys/thread/unix.rs:123:17
[INFO] [stdout]   43:     0x78cca85eddfa - <unknown>
[INFO] [stdout]   44:     0x78cca86813d4 - clone
[INFO] [stdout]   45:                0x0 - <unknown>
[INFO] [stdout] 
[INFO] [stdout] ---- benchmarks::reproducible_benchmarks::tests::test_complete_benchmark stdout ----
[INFO] [stdout] 🔧 Verifying hardware capabilities...
[INFO] [stdout] 📊 Preparing standardized input data...
[INFO] [stdout] 🚀 Running performance benchmarks...
[INFO] [stdout]   📝 Testing traditional neural network...
[INFO] [stdout]   ⚡ Testing optimized traditional...
[INFO] [stdout]   🐍 Testing PyTorch-style...
[INFO] [stdout]   📊 Testing NumPy-style...
[INFO] [stdout]   📈 Testing optimized NumPy-style...
[INFO] [stdout]   🦀 Testing Rust standard...
[INFO] [stdout]   🚀 Testing optimized Rust...
[INFO] [stdout]   🔧 Testing functional Rust...
[INFO] [stdout]   ⚡ Testing Temporal Neural Solver...
[INFO] [stdout] 📈 Performing statistical validation...
[INFO] [stdout] 🔐 Creating cryptographic integrity proof...
[INFO] [stdout] 
[INFO] [stdout] ================================================================================
[INFO] [stdout] COMPLETE REPRODUCIBLE BENCHMARK REPORT
[INFO] [stdout] ================================================================================
[INFO] [stdout] Protocol: Neural Network Performance Comparison v1.0.0
[INFO] [stdout] Benchmark ID: BENCH-Neural_Network_Performance_Comparison-20261006_192559
[INFO] [stdout] Certificate ID: CERT-c21926bb61b47cd
[INFO] [stdout] 
[INFO] [stdout] 📊 PERFORMANCE RESULTS:
[INFO] [stdout] Implementation            |     P50 (µs) |     P99 (µs) |      Speedup
[INFO] [stdout] ----------------------------------------------------------------------
[INFO] [stdout] NumPy-style               |       63.130 |       98.960 |          1.1x
[INFO] [stdout] Optimized Traditional     |       89.850 |      119.300 |          0.8x
[INFO] [stdout] PyTorch-style             |      155.220 |      188.070 |          0.4x
[INFO] [stdout] Rust Standard             |      107.770 |      144.220 |          0.6x
[INFO] [stdout] Temporal Solver           |       66.940 |       88.020 |          1.0x
[INFO] [stdout] Traditional ndarray       |       68.640 |      101.630 |          1.0x
[INFO] [stdout] Optimized Rust            |       86.970 |      117.950 |          0.8x
[INFO] [stdout] Functional Rust           |      107.670 |      153.810 |          0.6x
[INFO] [stdout] Optimized NumPy           |       49.570 |      105.871 |          1.4x
[INFO] [stdout] 
[INFO] [stdout] ✅ VALIDATION STATUS:
[INFO] [stdout] • Performance: ✅ PASSED
[INFO] [stdout] • Statistical: ❌ FAILED
[INFO] [stdout] • Hardware: ✅ PASSED
[INFO] [stdout] • Integrity: ✅ PASSED
[INFO] [stdout] • Reproducibility: ✅ PASSED
[INFO] [stdout] 
[INFO] [stdout] 🎯 OVERALL VALIDATION: ❌ FAILED
[INFO] [stdout] 
[INFO] [stdout] 🔧 EXECUTION ENVIRONMENT:
[INFO] [stdout] • Rust Version: 1.70.0
[INFO] [stdout] • Target: x86_64
[INFO] [stdout] • Optimization: release
[INFO] [stdout] • Duration: 40.25s
[INFO] [stdout] 
[INFO] [stdout] 📜 CERTIFICATE:
[INFO] [stdout] • Certificate ID: CERT-c21926bb61b47cd
[INFO] [stdout] • Issuer: Temporal Neural Solver Validation System
[INFO] [stdout] • Valid Until: 2027-10-06 19:26:39 UTC
[INFO] [stdout] • Verification: https://temporal-solver.verify/c21926bb61b47cd
[INFO] [stdout] 
[INFO] [stdout] 
[INFO] [stdout] thread 'benchmarks::reproducible_benchmarks::tests::test_complete_benchmark' (1606) panicked at src/benchmarks/reproducible_benchmarks.rs:655:9:
[INFO] [stdout] assertion failed: results.validation_summary.overall_passed
[INFO] [stdout] stack backtrace:
[INFO] [stdout]    0:     0x63f5e361b7c1 - std[70759c8f55707aa4]::backtrace_rs::backtrace::libunwind::trace
[INFO] [stdout]                                at /rustc/dfb0accb7f508ae8be965d8629557221c889dd98/library/std/src/../../backtrace/src/backtrace/libunwind.rs:117:9
[INFO] [stdout]    1:     0x63f5e361b7c1 - std[70759c8f55707aa4]::backtrace_rs::backtrace::trace_unsynchronized::<std[70759c8f55707aa4]::sys::backtrace::_print_fmt::{closure#1}>
[INFO] [stdout]                                at /rustc/dfb0accb7f508ae8be965d8629557221c889dd98/library/std/src/../../backtrace/src/backtrace/mod.rs:66:14
[INFO] [stdout]    2:     0x63f5e361b7c1 - std[70759c8f55707aa4]::sys::backtrace::_print_fmt
[INFO] [stdout]                                at /rustc/dfb0accb7f508ae8be965d8629557221c889dd98/library/std/src/sys/backtrace.rs:74:9
[INFO] [stdout]    3:     0x63f5e361b7c1 - <<std[70759c8f55707aa4]::sys::backtrace::BacktraceLock>::print::DisplayBacktrace as core[df12db4294e9bfd3]::fmt::Display>::fmt
[INFO] [stdout]                                at /rustc/dfb0accb7f508ae8be965d8629557221c889dd98/library/std/src/sys/backtrace.rs:44:26
[INFO] [stdout]    4:     0x63f5e3631b8a - <core[df12db4294e9bfd3]::fmt::rt::Argument>::fmt
[INFO] [stdout]                                at /rustc/dfb0accb7f508ae8be965d8629557221c889dd98/library/core/src/fmt/rt.rs:152:76
[INFO] [stdout]    5:     0x63f5e3631b8a - core[df12db4294e9bfd3]::fmt::write
[INFO] [stdout]    6:     0x63f5e361fefc - core[df12db4294e9bfd3]::io::write::default_write_fmt::<alloc[2182bb758b4b3781]::vec::Vec<u8>>
[INFO] [stdout]                                at /rustc/dfb0accb7f508ae8be965d8629557221c889dd98/library/core/src/io/write.rs:402:11
[INFO] [stdout]    7:     0x63f5e361fefc - <alloc[2182bb758b4b3781]::vec::Vec<u8> as core[df12db4294e9bfd3]::io::write::Write>::write_fmt
[INFO] [stdout]                                at /rustc/dfb0accb7f508ae8be965d8629557221c889dd98/library/core/src/io/write.rs:335:13
[INFO] [stdout]    8:     0x63f5e35f78a6 - <std[70759c8f55707aa4]::sys::backtrace::BacktraceLock>::print
[INFO] [stdout]                                at /rustc/dfb0accb7f508ae8be965d8629557221c889dd98/library/std/src/sys/backtrace.rs:47:9
[INFO] [stdout]    9:     0x63f5e35f78a6 - std[70759c8f55707aa4]::panicking::default_hook::{closure#0}
[INFO] [stdout]                                at /rustc/dfb0accb7f508ae8be965d8629557221c889dd98/library/std/src/panicking.rs:292:27
[INFO] [stdout]   10:     0x63f5e3613bb9 - std[70759c8f55707aa4]::panicking::default_hook
[INFO] [stdout]                                at /rustc/dfb0accb7f508ae8be965d8629557221c889dd98/library/std/src/panicking.rs:316:9
[INFO] [stdout]   11:     0x63f5e3526bb0 - <alloc[2182bb758b4b3781]::boxed::Box<dyn for<'a, 'b> core[df12db4294e9bfd3]::ops::function::Fn<(&'a std[70759c8f55707aa4]::panic::PanicHookInfo<'b>,), Output = ()> + core[df12db4294e9bfd3]::marker::Send + core[df12db4294e9bfd3]::marker::Sync> as core[df12db4294e9bfd3]::ops::function::Fn<(&std[70759c8f55707aa4]::panic::PanicHookInfo,)>>::call
[INFO] [stdout]                                at /rustc/dfb0accb7f508ae8be965d8629557221c889dd98/library/alloc/src/boxed.rs:2334:9
[INFO] [stdout]   12:     0x63f5e3526bb0 - test[9d35eded1c95d3be]::test_main_inner::<test[9d35eded1c95d3be]::test_main_static::{closure#0}>::{closure#0}
[INFO] [stdout]                                at /rustc/dfb0accb7f508ae8be965d8629557221c889dd98/library/test/src/lib.rs:155:21
[INFO] [stdout]   13:     0x63f5e3613d72 - <alloc[2182bb758b4b3781]::boxed::Box<dyn for<'a, 'b> core[df12db4294e9bfd3]::ops::function::Fn<(&'a std[70759c8f55707aa4]::panic::PanicHookInfo<'b>,), Output = ()> + core[df12db4294e9bfd3]::marker::Send + core[df12db4294e9bfd3]::marker::Sync> as core[df12db4294e9bfd3]::ops::function::Fn<(&std[70759c8f55707aa4]::panic::PanicHookInfo,)>>::call
[INFO] [stdout]                                at /rustc/dfb0accb7f508ae8be965d8629557221c889dd98/library/alloc/src/boxed.rs:2334:9
[INFO] [stdout]   14:     0x63f5e3613d72 - std[70759c8f55707aa4]::panicking::panic_with_hook
[INFO] [stdout]                                at /rustc/dfb0accb7f508ae8be965d8629557221c889dd98/library/std/src/panicking.rs:823:13
[INFO] [stdout]   15:     0x63f5e35f7984 - std[70759c8f55707aa4]::panicking::panic_handler::{closure#0}
[INFO] [stdout]                                at /rustc/dfb0accb7f508ae8be965d8629557221c889dd98/library/std/src/panicking.rs:681:13
[INFO] [stdout]   16:     0x63f5e35f0519 - std[70759c8f55707aa4]::sys::backtrace::__rust_end_short_backtrace::<std[70759c8f55707aa4]::panicking::panic_handler::{closure#0}, !>
[INFO] [stdout]                                at /rustc/dfb0accb7f508ae8be965d8629557221c889dd98/library/std/src/sys/backtrace.rs:182:18
[INFO] [stdout]   17:     0x63f5e35f854d - __rustc[8fa7c3cbc660c2b3]::rust_begin_unwind
[INFO] [stdout]                                at /rustc/dfb0accb7f508ae8be965d8629557221c889dd98/library/std/src/panicking.rs:679:5
[INFO] [stdout]   18:     0x63f5e363237c - core[df12db4294e9bfd3]::panicking::panic_fmt
[INFO] [stdout]                                at /rustc/dfb0accb7f508ae8be965d8629557221c889dd98/library/core/src/panicking.rs:80:14
[INFO] [stdout]   19:     0x63f5e3632342 - core[df12db4294e9bfd3]::panicking::panic
[INFO] [stdout]                                at /rustc/dfb0accb7f508ae8be965d8629557221c889dd98/library/core/src/panicking.rs:150:5
[INFO] [stdout]   20:     0x63f5e34bac4b - temporal_neural_solver[fa822f667c5be9cd]::benchmarks::reproducible_benchmarks::tests::test_complete_benchmark
[INFO] [stdout]                                at /opt/rustwide/workdir/src/benchmarks/reproducible_benchmarks.rs:655:9
[INFO] [stdout]   21:     0x63f5e34ba337 - temporal_neural_solver[fa822f667c5be9cd]::benchmarks::reproducible_benchmarks::tests::test_complete_benchmark::{closure#0}
[INFO] [stdout]                                at /opt/rustwide/workdir/src/benchmarks/reproducible_benchmarks.rs:646:33
[INFO] [stdout]   22:     0x63f5e349bc56 - <temporal_neural_solver[fa822f667c5be9cd]::benchmarks::reproducible_benchmarks::tests::test_complete_benchmark::{closure#0} as core[df12db4294e9bfd3]::ops::function::FnOnce<()>>::call_once
[INFO] [stdout]                                at /rustc/dfb0accb7f508ae8be965d8629557221c889dd98/library/core/src/ops/function.rs:250:5
[INFO] [stdout]   23:     0x63f5e3519e9b - <fn() -> core[df12db4294e9bfd3]::result::Result<(), alloc[2182bb758b4b3781]::string::String> as core[df12db4294e9bfd3]::ops::function::FnOnce<()>>::call_once
[INFO] [stdout]                                at /rustc/dfb0accb7f508ae8be965d8629557221c889dd98/library/core/src/ops/function.rs:250:5
[INFO] [stdout]   24:     0x63f5e3519e9b - test[9d35eded1c95d3be]::__rust_begin_short_backtrace::<core[df12db4294e9bfd3]::result::Result<(), alloc[2182bb758b4b3781]::string::String>, fn() -> core[df12db4294e9bfd3]::result::Result<(), alloc[2182bb758b4b3781]::string::String>>
[INFO] [stdout]                                at /rustc/dfb0accb7f508ae8be965d8629557221c889dd98/library/test/src/lib.rs:733:18
[INFO] [stdout]   25:     0x63f5e3527505 - test[9d35eded1c95d3be]::run_test_in_process::{closure#0}
[INFO] [stdout]                                at /rustc/dfb0accb7f508ae8be965d8629557221c889dd98/library/test/src/lib.rs:756:74
[INFO] [stdout]   26:     0x63f5e3527505 - <core[df12db4294e9bfd3]::panic::unwind_safe::AssertUnwindSafe<test[9d35eded1c95d3be]::run_test_in_process::{closure#0}> as core[df12db4294e9bfd3]::ops::function::FnOnce<()>>::call_once
[INFO] [stdout]                                at /rustc/dfb0accb7f508ae8be965d8629557221c889dd98/library/core/src/panic/unwind_safe.rs:275:9
[INFO] [stdout]   27:     0x63f5e3527505 - std[70759c8f55707aa4]::panicking::catch_unwind::do_call::<core[df12db4294e9bfd3]::panic::unwind_safe::AssertUnwindSafe<test[9d35eded1c95d3be]::run_test_in_process::{closure#0}>, core[df12db4294e9bfd3]::result::Result<(), alloc[2182bb758b4b3781]::string::String>>
[INFO] [stdout]                                at /rustc/dfb0accb7f508ae8be965d8629557221c889dd98/library/std/src/panicking.rs:576:43
[INFO] [stdout]   28:     0x63f5e3527505 - std[70759c8f55707aa4]::panicking::catch_unwind::<core[df12db4294e9bfd3]::result::Result<(), alloc[2182bb758b4b3781]::string::String>, core[df12db4294e9bfd3]::panic::unwind_safe::AssertUnwindSafe<test[9d35eded1c95d3be]::run_test_in_process::{closure#0}>>
[INFO] [stdout]                                at /rustc/dfb0accb7f508ae8be965d8629557221c889dd98/library/std/src/panicking.rs:544:19
[INFO] [stdout]   29:     0x63f5e3527505 - std[70759c8f55707aa4]::panic::catch_unwind::<core[df12db4294e9bfd3]::panic::unwind_safe::AssertUnwindSafe<test[9d35eded1c95d3be]::run_test_in_process::{closure#0}>, core[df12db4294e9bfd3]::result::Result<(), alloc[2182bb758b4b3781]::string::String>>
[INFO] [stdout]                                at /rustc/dfb0accb7f508ae8be965d8629557221c889dd98/library/std/src/panic.rs:359:14
[INFO] [stdout]   30:     0x63f5e3527505 - test[9d35eded1c95d3be]::run_test_in_process
[INFO] [stdout]                                at /rustc/dfb0accb7f508ae8be965d8629557221c889dd98/library/test/src/lib.rs:756:27
[INFO] [stdout]   31:     0x63f5e3527505 - test[9d35eded1c95d3be]::run_test::{closure#0}
[INFO] [stdout]                                at /rustc/dfb0accb7f508ae8be965d8629557221c889dd98/library/test/src/lib.rs:677:43
[INFO] [stdout]   32:     0x63f5e3520dc4 - test[9d35eded1c95d3be]::run_test::{closure#1}
[INFO] [stdout]                                at /rustc/dfb0accb7f508ae8be965d8629557221c889dd98/library/test/src/lib.rs:707:41
[INFO] [stdout]   33:     0x63f5e3520dc4 - std[70759c8f55707aa4]::sys::backtrace::__rust_begin_short_backtrace::<test[9d35eded1c95d3be]::run_test::{closure#1}, ()>
[INFO] [stdout]                                at /rustc/dfb0accb7f508ae8be965d8629557221c889dd98/library/std/src/sys/backtrace.rs:166:18
[INFO] [stdout]   34:     0x63f5e352a662 - std[70759c8f55707aa4]::thread::lifecycle::spawn_unchecked::<test[9d35eded1c95d3be]::run_test::{closure#1}, ()>::{closure#1}::{closure#0}
[INFO] [stdout]                                at /rustc/dfb0accb7f508ae8be965d8629557221c889dd98/library/std/src/thread/lifecycle.rs:70:13
[INFO] [stdout]   35:     0x63f5e352a662 - <core[df12db4294e9bfd3]::panic::unwind_safe::AssertUnwindSafe<std[70759c8f55707aa4]::thread::lifecycle::spawn_unchecked<test[9d35eded1c95d3be]::run_test::{closure#1}, ()>::{closure#1}::{closure#0}> as core[df12db4294e9bfd3]::ops::function::FnOnce<()>>::call_once
[INFO] [stdout]                                at /rustc/dfb0accb7f508ae8be965d8629557221c889dd98/library/core/src/panic/unwind_safe.rs:275:9
[INFO] [stdout]   36:     0x63f5e352a662 - std[70759c8f55707aa4]::panicking::catch_unwind::do_call::<core[df12db4294e9bfd3]::panic::unwind_safe::AssertUnwindSafe<std[70759c8f55707aa4]::thread::lifecycle::spawn_unchecked<test[9d35eded1c95d3be]::run_test::{closure#1}, ()>::{closure#1}::{closure#0}>, ()>
[INFO] [stdout]                                at /rustc/dfb0accb7f508ae8be965d8629557221c889dd98/library/std/src/panicking.rs:576:43
[INFO] [stdout]   37:     0x63f5e352a662 - std[70759c8f55707aa4]::panicking::catch_unwind::<(), core[df12db4294e9bfd3]::panic::unwind_safe::AssertUnwindSafe<std[70759c8f55707aa4]::thread::lifecycle::spawn_unchecked<test[9d35eded1c95d3be]::run_test::{closure#1}, ()>::{closure#1}::{closure#0}>>
[INFO] [stdout]                                at /rustc/dfb0accb7f508ae8be965d8629557221c889dd98/library/std/src/panicking.rs:544:19
[INFO] [stdout]   38:     0x63f5e352a662 - std[70759c8f55707aa4]::panic::catch_unwind::<core[df12db4294e9bfd3]::panic::unwind_safe::AssertUnwindSafe<std[70759c8f55707aa4]::thread::lifecycle::spawn_unchecked<test[9d35eded1c95d3be]::run_test::{closure#1}, ()>::{closure#1}::{closure#0}>, ()>
[INFO] [stdout]                                at /rustc/dfb0accb7f508ae8be965d8629557221c889dd98/library/std/src/panic.rs:359:14
[INFO] [stdout]   39:     0x63f5e352a662 - std[70759c8f55707aa4]::thread::lifecycle::spawn_unchecked::<test[9d35eded1c95d3be]::run_test::{closure#1}, ()>::{closure#1}
[INFO] [stdout]                                at /rustc/dfb0accb7f508ae8be965d8629557221c889dd98/library/std/src/thread/lifecycle.rs:68:26
[INFO] [stdout]   40:     0x63f5e352a662 - <std[70759c8f55707aa4]::thread::lifecycle::spawn_unchecked<test[9d35eded1c95d3be]::run_test::{closure#1}, ()>::{closure#1} as core[df12db4294e9bfd3]::ops::function::FnOnce<()>>::call_once::{shim:vtable#0}
[INFO] [stdout]                                at /rustc/dfb0accb7f508ae8be965d8629557221c889dd98/library/core/src/ops/function.rs:250:5
[INFO] [stdout]   41:     0x63f5e361ad29 - <alloc[2182bb758b4b3781]::boxed::Box<dyn core[df12db4294e9bfd3]::ops::function::FnOnce<(), Output = ()> + core[df12db4294e9bfd3]::marker::Send> as core[df12db4294e9bfd3]::ops::function::FnOnce<()>>::call_once
[INFO] [stdout]                                at /rustc/dfb0accb7f508ae8be965d8629557221c889dd98/library/alloc/src/boxed.rs:2320:9
[INFO] [stdout]   42:     0x63f5e361ad29 - <std[70759c8f55707aa4]::sys::thread::unix::Thread>::new::thread_start
[INFO] [stdout]                                at /rustc/dfb0accb7f508ae8be965d8629557221c889dd98/library/std/src/sys/thread/unix.rs:123:17
[INFO] [stdout]   43:     0x78cca85eddfa - <unknown>
[INFO] [stdout]   44:     0x78cca86813d4 - clone
[INFO] [stdout]   45:                0x0 - <unknown>
[INFO] [stdout] 
[INFO] [stdout] 
[INFO] [stdout] failures:
[INFO] [stdout]     benchmarks::cryptographic_validation::tests::test_cryptographic_validation
[INFO] [stdout]     benchmarks::reproducible_benchmarks::tests::test_complete_benchmark
[INFO] [stdout]     optimizations::fully_optimized::tests::test_fully_optimized
[INFO] [stdout]     optimizations::optimized::tests::test_optimized_performance
[INFO] [stdout] 
[INFO] [stdout] test result: FAILED. 29 passed; 4 failed; 0 ignored; 0 measured; 0 filtered out; finished in 40.26s
[INFO] [stdout] 
[INFO] [stderr] error: test failed, to rerun pass `--lib`
[INFO] running `Command { std: "docker" "inspect" "63d68ff30ca713b5514dd8992fa609deca5692967b9dff662d509b78b9239c82", kill_on_drop: false }`
[INFO] running `Command { std: "docker" "rm" "-f" "63d68ff30ca713b5514dd8992fa609deca5692967b9dff662d509b78b9239c82", kill_on_drop: false }`
[INFO] [stdout] 63d68ff30ca713b5514dd8992fa609deca5692967b9dff662d509b78b9239c82
