[INFO] fetching crate telar-transpiler 0.2.1...
[INFO] testing telar-transpiler-0.2.1 against 1.100.0-beta.1 for beta-1.100-2
[INFO] extracting crate telar-transpiler 0.2.1 into /workspace/builds/worker-6-tc2/source
[INFO] started tweaking crates.io crate telar-transpiler 0.2.1
[INFO] removed 0 missing tests
[INFO] finished tweaking crates.io crate telar-transpiler 0.2.1
[INFO] tweaked toml for crates.io crate telar-transpiler 0.2.1 written to /workspace/builds/worker-6-tc2/source/Cargo.toml
[INFO] validating manifest of crates.io crate telar-transpiler 0.2.1 on toolchain 1.100.0-beta.1
[INFO] running `Command { std: CARGO_HOME="/workspace/cargo-home" RUSTUP_HOME="/workspace/rustup-home" "/workspace/cargo-home/bin/cargo" "+1.100.0-beta.1" "metadata" "--manifest-path" "Cargo.toml" "--no-deps", kill_on_drop: false }`
[INFO] crate crates.io crate telar-transpiler 0.2.1 already has a lockfile, it will not be regenerated
[INFO] running `Command { std: CARGO_HOME="/workspace/cargo-home" RUSTUP_HOME="/workspace/rustup-home" "/workspace/cargo-home/bin/cargo" "+1.100.0-beta.1" "fetch" "--manifest-path" "Cargo.toml", kill_on_drop: false }`
[INFO] running `Command { std: "docker" "create" "-v" "/var/lib/crater-agent-workspace/builds/worker-6-tc2/source:/opt/rustwide/workdir:ro,Z" "-v" "/var/lib/crater-agent-workspace/builds/worker-6-tc2/target:/opt/rustwide/target:rw,Z" "-v" "/var/lib/crater-agent-workspace/cargo-home:/opt/rustwide/cargo-home:ro,Z" "-v" "/var/lib/crater-agent-workspace/rustup-home:/opt/rustwide/rustup-home:ro,Z" "-m" "1610612736" "--network" "none" "ghcr.io/rust-lang/crates-build-env/linux@sha256:3111399a4047eeb3a02b7a90e478d715f38a8c6669b5c4b49d30a17385265909" "sleep" "infinity", kill_on_drop: false }`
[INFO] [stdout] fc0fbe432fe6eeca8e745623b9b2324d501d2276b0514e3b55d2ce0197084f4e
[INFO] running `Command { std: "docker" "start" "fc0fbe432fe6eeca8e745623b9b2324d501d2276b0514e3b55d2ce0197084f4e", kill_on_drop: false }`
[INFO] running `Command { std: "docker" "inspect" "fc0fbe432fe6eeca8e745623b9b2324d501d2276b0514e3b55d2ce0197084f4e", kill_on_drop: false }`
[INFO] running `Command { std: "docker" "exec" "-e" "SOURCE_DIR=/opt/rustwide/workdir" "-e" "CARGO_HOME=/opt/rustwide/cargo-home" "-e" "RUSTUP_HOME=/opt/rustwide/rustup-home" "-e" "CARGO_TARGET_DIR=/opt/rustwide/target" "-w" "/opt/rustwide/workdir" "--user" "0:0" "fc0fbe432fe6eeca8e745623b9b2324d501d2276b0514e3b55d2ce0197084f4e" "/opt/rustwide/cargo-home/bin/cargo" "+1.100.0-beta.1" "metadata" "--no-deps" "--format-version=1", kill_on_drop: false }`
[INFO] running `Command { std: "docker" "inspect" "fc0fbe432fe6eeca8e745623b9b2324d501d2276b0514e3b55d2ce0197084f4e", kill_on_drop: false }`
[INFO] running `Command { std: "docker" "exec" "-e" "SOURCE_DIR=/opt/rustwide/workdir" "-e" "CARGO_HOME=/opt/rustwide/cargo-home" "-e" "RUSTUP_HOME=/opt/rustwide/rustup-home" "-e" "CARGO_TARGET_DIR=/opt/rustwide/target" "-e" "CARGO_INCREMENTAL=0" "-e" "RUST_BACKTRACE=full" "-e" "RUSTFLAGS=--cap-lints=warn" "-e" "RUSTDOCFLAGS=--cap-lints=warn" "-w" "/opt/rustwide/workdir" "--user" "0:0" "fc0fbe432fe6eeca8e745623b9b2324d501d2276b0514e3b55d2ce0197084f4e" "/opt/rustwide/cargo-home/bin/cargo" "+1.100.0-beta.1" "build" "--frozen" "--message-format=json", kill_on_drop: false }`
[INFO] [stderr]    Compiling proc-macro2 v1.0.107
[INFO] [stderr]    Compiling unicode-ident v1.0.24
[INFO] [stderr]    Compiling serde v1.0.229
[INFO] [stderr]    Compiling quote v1.0.47
[INFO] [stderr]    Compiling toml_datetime v1.1.1+spec-1.1.0
[INFO] [stderr]    Compiling serde_spanned v1.1.1
[INFO] [stderr]    Compiling memchr v2.8.3
[INFO] [stderr]    Compiling toml v1.1.5+spec-1.1.0
[INFO] [stderr]    Compiling serde_json v1.0.151
[INFO] [stderr]    Compiling syn v3.0.5
[INFO] [stderr]    Compiling thiserror-impl v2.0.20
[INFO] [stderr]    Compiling serde_derive v1.0.229
[INFO] [stderr]    Compiling thiserror v2.0.20
[INFO] [stderr]    Compiling telar-parser v0.2.1
[INFO] [stderr]    Compiling telar-project v0.2.1
[INFO] [stderr]    Compiling telar-transpiler v0.2.1 (/opt/rustwide/workdir)
[INFO] [stderr]     Finished `dev` profile [unoptimized + debuginfo] target(s) in 25.12s
[INFO] running `Command { std: "docker" "inspect" "fc0fbe432fe6eeca8e745623b9b2324d501d2276b0514e3b55d2ce0197084f4e", kill_on_drop: false }`
[INFO] running `Command { std: "docker" "exec" "-e" "SOURCE_DIR=/opt/rustwide/workdir" "-e" "CARGO_HOME=/opt/rustwide/cargo-home" "-e" "RUSTUP_HOME=/opt/rustwide/rustup-home" "-e" "CARGO_TARGET_DIR=/opt/rustwide/target" "-e" "CARGO_INCREMENTAL=0" "-e" "RUST_BACKTRACE=full" "-e" "RUSTFLAGS=--cap-lints=warn" "-e" "RUSTDOCFLAGS=--cap-lints=warn" "-w" "/opt/rustwide/workdir" "--user" "0:0" "fc0fbe432fe6eeca8e745623b9b2324d501d2276b0514e3b55d2ce0197084f4e" "/opt/rustwide/cargo-home/bin/cargo" "+1.100.0-beta.1" "test" "--frozen" "--no-run" "--message-format=json", kill_on_drop: false }`
[INFO] [stderr]    Compiling telar-semantics-core v0.2.1
[INFO] [stderr]    Compiling telar-transpiler v0.2.1 (/opt/rustwide/workdir)
[INFO] [stderr]     Finished `test` profile [unoptimized + debuginfo] target(s) in 6.71s
[INFO] running `Command { std: "docker" "inspect" "fc0fbe432fe6eeca8e745623b9b2324d501d2276b0514e3b55d2ce0197084f4e", kill_on_drop: false }`
[INFO] running `Command { std: "docker" "exec" "-e" "SOURCE_DIR=/opt/rustwide/workdir" "-e" "CARGO_HOME=/opt/rustwide/cargo-home" "-e" "RUSTUP_HOME=/opt/rustwide/rustup-home" "-e" "CARGO_TARGET_DIR=/opt/rustwide/target" "-e" "CARGO_INCREMENTAL=0" "-e" "RUST_BACKTRACE=full" "-e" "RUSTFLAGS=--cap-lints=warn" "-e" "RUSTDOCFLAGS=--cap-lints=warn" "-w" "/opt/rustwide/workdir" "--user" "0:0" "fc0fbe432fe6eeca8e745623b9b2324d501d2276b0514e3b55d2ce0197084f4e" "/opt/rustwide/cargo-home/bin/cargo" "+1.100.0-beta.1" "test" "--frozen", kill_on_drop: false }`
[INFO] [stderr]     Finished `test` profile [unoptimized + debuginfo] target(s) in 0.04s
[INFO] [stderr]      Running unittests src/lib.rs (/opt/rustwide/target/debug/build/telar-transpiler/279fc1c47a4dbc7a/out/telar_transpiler-279fc1c47a4dbc7a)
[INFO] [stdout] 
[INFO] [stdout] running 310 tests
[INFO] [stdout] test edges::tests::logical_edges_are_kept_apart_for_the_direction_to_resolve ... ok
[INFO] [stdout] test edges::tests::a_named_edge_beats_the_shorthand_whichever_came_first ... ok
[INFO] [stdout] test edges::tests::a_pair_beats_the_shorthand_and_a_single_corner_beats_the_pair ... ok
[INFO] [stdout] test edges::tests::a_plain_width_stays_uniform ... ok
[INFO] [stdout] test edges::tests::a_single_side_leaves_every_other_side_at_nothing ... ok
[INFO] [stdout] test codegen::tests::a_module_root_keeps_the_authors_inner_attributes_on_top ... ok
[INFO] [stdout] test edges::tests::the_base_key_is_not_mistaken_for_one_of_its_own_sides ... ok
[INFO] [stdout] test edges::tests::shorthand_follows_the_css_arities ... ok
[INFO] [stdout] test gradient::tests::a_stop_may_name_where_it_sits ... ok
[INFO] [stdout] test gradient::tests::an_unpositioned_stop_takes_an_even_share ... ok
[INFO] [stdout] test gradient::tests::two_stops_sit_at_the_ends ... ok
[INFO] [stdout] test gradient::tests::a_leading_modifier_is_not_a_stop ... ok
[INFO] [stdout] test edges::tests::nothing_written_is_empty ... ok
[INFO] [stdout] test lexer::tests::a_line_comment_hides_only_its_own_line ... ok
[INFO] [stdout] test lexer::tests::contains_ident_skips_literals_and_comments ... ok
[INFO] [stdout] test lexer::tests::replace_whole_word_leaves_a_field_of_the_same_name_alone ... ok
[INFO] [stdout] test lexer::tests::replace_whole_word_leaves_a_struct_literal_field_alone ... ok
[INFO] [stdout] test lexer::tests::replace_whole_word_leaves_literals_and_comments_intact ... ok
[INFO] [stdout] test package::artifact_tests::a_corrupt_index_reads_as_absent ... ok
[INFO] [stdout] test gradient::tests::a_call_valued_stop_reads_whole ... ok
[INFO] [stdout] test gradient::tests::a_gradient_needs_two_stops ... ok
[INFO] [stdout] test package::artifact_tests::a_foreign_format_or_version_is_not_answered_for ... ok
[INFO] [stdout] test package::artifact_tests::a_source_added_or_removed_since_is_not ... ok
[INFO] [stdout] test package::artifact_tests::an_edited_source_is_not ... ok
[INFO] [stdout] test codegen::tests::a_module_root_refuses_markup ... ok
[INFO] [stdout] test package::artifact_tests::output_deleted_since_is_not_answered_for ... ok
[INFO] [stdout] test package::tests::each_flavour_writes_its_own_directory ... ok
[INFO] [stdout] test package::artifact_tests::an_untouched_package_is_answered_for ... ok
[INFO] [stdout] test package::tests::the_hot_flavour_keys_signals_and_the_plain_one_does_not ... ok
[INFO] [stdout] test package::tests::a_flavour_without_previews_generates_none ... ok
[INFO] [stdout] test package::tests::a_parse_error_names_the_file_it_came_from ... ok
[INFO] [stdout] test package::tests::output_paths_mirror_the_source_tree ... ok
[INFO] [stdout] test package::artifact_tests::the_two_flavours_do_not_read_each_others_index ... ok
[INFO] [stdout] test package::artifact_tests::output_rewritten_since_is_not_answered_for ... ok
[INFO] [stdout] test package::artifact_tests::another_theme_is_not_answered_for ... ok
[INFO] [stdout] test package::tests::writing_reports_what_it_wrote ... ok
[INFO] [stdout] test registry::role_tests::every_spelling_is_one_the_vocabulary_answers_to ... ok
[INFO] [stdout] test registry::tests::builtin_and_control_flow_classification ... ok
[INFO] [stdout] test registry::tests::color_keys_cover_every_attribute_that_paints ... ok
[INFO] [stdout] test registry::tests::color_keywords_match_keyword_color_rgba ... ok
[INFO] [stdout] test registry::tests::tag_attr_keys_layer_layout_and_tag_specific ... ok
[INFO] [stdout] test registry::vocabulary_tests::every_offered_key_resolves_to_its_own_spec ... ok
[INFO] [stdout] test registry::vocabulary_tests::stroke_means_what_the_tag_says_it_means ... ok
[INFO] [stdout] test rust::tests::a_closure_parameter_shadows_the_scope_it_sits_in ... ok
[INFO] [stdout] test rust::tests::a_let_reports_the_names_it_binds ... ok
[INFO] [stdout] test rust::tests::a_field_a_method_and_a_path_segment_are_not_bindings ... ok
[INFO] [stdout] test signal_scan::tests::detects_memo ... ok
[INFO] [stdout] test registry::vocabulary_tests::every_tag_the_table_names_builds_the_type_it_promises ... ok
[INFO] [stdout] test rust::tests::a_pattern_binds_every_name_it_introduces ... ok
[INFO] [stdout] test signal_scan::tests::detects_rw_signal ... ok
[INFO] [stdout] test signal_scan::tests::hot_rewrite_keys_signal_binding ... ok
[INFO] [stdout] test signal_scan::tests::hot_rewrite_preserves_nested_parens_and_mut ... ok
[INFO] [stdout] test signal_scan::effect_scan_tests::a_binding_that_is_not_an_effect_is_left_alone ... ok
[INFO] [stdout] test signal_scan::effect_scan_tests::a_path_qualified_effect_is_recognised ... ok
[INFO] [stdout] test signal_scan::tests::ignores_plain_let ... ok
[INFO] [stdout] test source_map::tests::a_rewritten_view_line_widens_to_the_whole_line ... ok
[INFO] [stdout] test source_map::tests::a_logic_span_comes_back_minus_the_indent_the_transpiler_added ... ok
[INFO] [stdout] test source_map::tests::a_verbatim_view_expression_maps_byte_for_byte ... ok
[INFO] [stdout] test source_map::tests::both_halves_survive_the_round_trip_through_json ... ok
[INFO] [stdout] test registry::vocabulary_tests::a_tag_the_table_does_not_name_is_a_component_call ... ok
[INFO] [stdout] test registry::vocabulary_tests::every_layout_key_offered_is_one_the_emitter_accepts ... ok
[INFO] [stdout] test rust::tests::text_that_is_not_an_expression_says_so_instead_of_guessing ... ok
[INFO] [stdout] test style::tests::a_class_property_reports_its_own_bad_value ... ok
[INFO] [stdout] test style::tests::a_class_property_with_an_unknown_key_is_rejected ... ok
[INFO] [stdout] test signal_scan::tests::hot_rewrite_skips_memos_and_plain_lets ... ok
[INFO] [stdout] test source_map::tests::a_boilerplate_line_maps_to_nothing ... ok
[INFO] [stdout] test source_map::tests::offsets_stay_right_after_a_multibyte_line ... ok
[INFO] [stdout] test style::tests::a_bare_ident_is_the_name_the_author_wrote ... ok
[INFO] [stdout] test style::tests::aspect_maps_to_aspect_ratio ... ok
[INFO] [stdout] test style::tests::a_flag_key_keeps_its_bare_form ... ok
[INFO] [stdout] test style::tests::direction_row_reverse_is_the_physical_one ... ok
[INFO] [stdout] test style::tests::a_name_the_author_has_in_scope_is_carried_through ... ok
[INFO] [stdout] test style::tests::radius_is_ignored ... ok
[INFO] [stdout] test style::tests::width_prop ... ok
[INFO] [stdout] test style::tests::an_unknown_keyword_names_the_set_it_is_not_in ... ok
[INFO] [stdout] test style::tests::hex_expands ... ok
[INFO] [stdout] test tests::a_childless_compound_call_still_passes_a_recipe ... ok
[INFO] [stdout] test tests::a_bare_name_is_the_binding_not_a_theme_token ... ok
[INFO] [stdout] test tests::a_bare_disabled_flag_means_always ... ok
[INFO] [stdout] test tests::a_binding_nested_inside_a_fn_is_not_in_view_scope ... ok
[INFO] [stdout] test style::tests::a_paint_property_in_a_class_is_not_mistaken_for_an_unknown_key ... ok
[INFO] [stdout] test tests::a_class_on_a_component_call_reaches_the_surface_it_paints ... ok
[INFO] [stdout] test style::tests::a_percentage_is_a_length_wherever_a_length_is ... ok
[INFO] [stdout] test tests::a_comma_inside_a_comment_or_string_does_not_split_a_props_field ... ok
[INFO] [stdout] test style::tests::a_theme_read_resolves_in_any_numeric_prop ... ok
[INFO] [stdout] test style::tests::logical_edge_props_map_to_their_builder_calls ... ok
[INFO] [stdout] test tests::a_clip_attribute_cuts_a_node_to_its_own_rect ... ok
[INFO] [stdout] test tests::a_clip_is_the_shape_its_value_names ... ok
[INFO] [stdout] test tests::a_compound_component_receives_its_children_as_a_recipe ... ok
[INFO] [stdout] test tests::a_cursor_is_a_keyword_or_the_expression_that_answers_with_one ... ok
[INFO] [stdout] test tests::a_directive_prop_maps_back_to_its_place_in_the_file ... ok
[INFO] [stdout] test tests::a_disabled_style_reaches_the_box ... ok
[INFO] [stdout] test tests::a_computed_number_reaches_the_property_it_was_written_on ... ok
[INFO] [stdout] test tests::a_cursor_that_reads_a_signal_keeps_reading_it ... ok
[INFO] [stdout] test tests::a_context_struct_makes_an_rsx_component_compound ... ok
[INFO] [stdout] test tests::a_forwarded_alt_press_wires_the_maybe_form ... ok
[INFO] [stdout] test tests::a_field_can_open_focused_say_so_and_be_given_up ... ok
[INFO] [stdout] test tests::a_lazy_condition_leaves_its_delimiters_behind ... ok
[INFO] [stdout] test tests::a_logic_binding_is_moved_at_the_call_site_and_cloned_by_the_region ... ok
[INFO] [stdout] test tests::a_logic_binding_passed_to_a_component_is_cloned_for_the_author ... ok
[INFO] [stdout] test tests::a_keyless_reactive_match_reconciles_on_the_variant ... ok
[INFO] [stdout] test tests::a_for_that_reads_a_signal_without_the_sigil_is_a_compile_error ... ok
[INFO] [stdout] test tests::a_logic_binding_inside_a_reactive_branch_is_still_cloned ... ok
[INFO] [stdout] test tests::a_logical_side_defers_to_the_writing_direction ... ok
[INFO] [stdout] test tests::a_focus_style_reaches_the_box ... ok
[INFO] [stdout] test tests::a_for_over_a_static_iterable_is_left_alone ... ok
[INFO] [stdout] test tests::a_note_in_the_view_builds_nothing_and_is_carried_through ... ok
[INFO] [stdout] test tests::a_match_without_a_signal_stays_a_construction_time_branch ... ok
[INFO] [stdout] test tests::a_plain_radius_stays_the_one_value_form ... ok
[INFO] [stdout] test tests::a_lookup_in_a_value_is_the_macro_spliced_verbatim ... ok
[INFO] [stdout] test tests::a_name_the_logic_zone_never_bound_is_still_passed_verbatim ... ok
[INFO] [stdout] test tests::a_named_corner_pair_rounds_one_edge ... ok
[INFO] [stdout] test tests::a_named_side_needs_no_shorthand ... ok
[INFO] [stdout] test tests::a_loop_pattern_binding_read_as_a_signal_is_not_cloned_above_it ... ok
[INFO] [stdout] test tests::a_picture_takes_the_same_radius_forms_a_box_does ... ok
[INFO] [stdout] test tests::a_plain_stroke_width_stays_uniform ... ok
[INFO] [stdout] test tests::a_reactive_for_never_clones_its_own_loop_variable ... ok
[INFO] [stdout] test tests::a_reactive_for_is_not_flagged ... ok
[INFO] [stdout] test tests::a_preview_fixture_runs_before_the_component_is_built ... ok
[INFO] [stdout] test tests::a_props_struct_takes_its_imports_and_its_comment_with_it ... ok
[INFO] [stdout] test tests::a_reactive_if_clones_the_signals_its_branches_read ... ok
[INFO] [stdout] test tests::a_preview_can_declare_the_surface_it_is ... ok
[INFO] [stdout] test tests::a_reactive_for_clones_the_signals_its_body_reads ... ok
[INFO] [stdout] test tests::a_reactive_branch_cell_inherits_its_host_axis ... ok
[INFO] [stdout] test tests::a_reactive_disabled_flag_is_re_read_rather_than_sampled ... ok
[INFO] [stdout] test tests::a_src_with_no_artifact_at_all_names_the_bake_command ... ok
[INFO] [stdout] test tests::a_transform_can_be_transitioned ... ok
[INFO] [stdout] test tests::a_reactive_match_extracts_a_payload_and_keys_on_it ... ok
[INFO] [stdout] test tests::a_recipe_clones_the_signals_it_reads_instead_of_moving_them ... ok
[INFO] [stdout] test tests::a_scroll_keeps_its_position_only_when_it_is_asked_to ... ok
[INFO] [stdout] test tests::a_signal_free_reactive_branch_gets_no_clone_prelude ... ok
[INFO] [stdout] test tests::a_view_let_inside_a_loop_is_not_cloned_above_it ... ok
[INFO] [stdout] test tests::a_virtual_loop_builds_only_the_rows_its_scroll_shows ... ok
[INFO] [stdout] test tests::a_virtual_loop_outside_a_scroll_is_refused ... ok
[INFO] [stdout] test tests::an_artifact_baked_for_another_telar_names_both_commands ... ok
[INFO] [stdout] test tests::an_attribute_a_tag_does_not_take_is_named ... ok
[INFO] [stdout] test tests::an_asset_edited_since_the_bake_is_a_compile_error ... ok
[INFO] [stdout] test tests::an_inline_default_survives_the_attribute_beside_it ... ok
[INFO] [stdout] test tests::an_ordinary_scroll_does_not_expose_a_viewport ... ok
[INFO] [stdout] test tests::an_rsx_box_can_arm_a_non_primary_press ... ok
[INFO] [stdout] test tests::component_with_quoted_string_attr ... ok
[INFO] [stdout] test tests::dollar_marks_reactive_reads_and_clones_closure_captures ... ok
[INFO] [stdout] test tests::every_shadow_the_clone_pass_writes_names_the_binding_it_stands_for ... ok
[INFO] [stdout] test tests::dynamic_radius_forwards_the_expression_not_zero ... ok
[INFO] [stdout] test tests::expr_spans_are_char_boundary_safe_with_multibyte ... ok
[INFO] [stdout] test tests::every_verbatim_view_value_maps_back_to_its_exact_source_bytes ... ok
[INFO] [stdout] test tests::expr_spans_cover_if_and_let ... ok
[INFO] [stdout] test tests::an_effect_in_logic_needs_nothing_kept_for_it ... ok
[INFO] [stdout] test tests::a_signal_sized_container_follows_its_signal ... ok
[INFO] [stdout] test tests::fill_signal_with_spring_transition_seeds_and_retargets_from_the_same_read ... ok
[INFO] [stdout] test tests::expr_spans_map_interpolation_verbatim ... ok
[INFO] [stdout] test tests::a_src_the_artifact_does_not_list_names_the_bake_command ... ok
[INFO] [stdout] test tests::extracts_props_struct_to_file_scope ... ok
[INFO] [stdout] test tests::generates_counter ... ok
[INFO] [stdout] test tests::i18n_markup_text_emits_catalog_lookup ... ok
[INFO] [stdout] test tests::fill_signal_reads_reactively_and_clones_into_the_closure ... ok
[INFO] [stdout] test tests::img_src_value_carries_an_expr_span ... ok
[INFO] [stdout] test tests::lazy_defers_its_subtree_behind_a_when_condition ... ok
[INFO] [stdout] test tests::lazy_without_a_condition_is_a_compile_error ... ok
[INFO] [stdout] test tests::move_clone_emitted_for_type_annotated_signal ... ok
[INFO] [stdout] test tests::logic_clone_pass_ignores_signal_names_inside_string_literals ... ok
[INFO] [stdout] test tests::path_tag_signal_fill_is_cloned ... ok
[INFO] [stdout] test tests::move_clone_in_call_arg_closure_is_block_wrapped ... ok
[INFO] [stdout] test tests::hex_theme_and_keyword_colors_are_unaffected_by_signal_support ... ok
[INFO] [stdout] test tests::path_tag_invalid_d_is_compile_error ... ok
[INFO] [stdout] test tests::preview_section_generates_build_fn_and_entry ... ok
[INFO] [stdout] test tests::path_tag_emits_pathdata_builder_and_widget ... ok
[INFO] [stdout] test tests::path_tag_relative_and_curves ... ok
[INFO] [stdout] test tests::quoted_svg_src_references_the_baked_artifact ... ok
[INFO] [stdout] test tests::reactive_for_gap_outside_slot_host_falls_back_to_a_boxed_list ... ok
[INFO] [stdout] test tests::reactive_opacity_without_transition_reads_signal_each_run ... ok
[INFO] [stdout] test tests::reactive_for_without_key_with_gap_is_transparent_positional_gap_fragment ... ok
[INFO] [stdout] test tests::relative_output_path_mirrors_tree_and_rejects_out_of_src ... ok
[INFO] [stdout] test tests::reactive_for_without_key_compiles_positionally ... ok
[INFO] [stdout] test tests::section_and_heading_resolve_as_widget_components ... ok
[INFO] [stdout] test tests::self_alignment_maps_to_align_self ... ok
[INFO] [stdout] test tests::reactive_for_key_and_gap_is_transparent_gap_fragment ... ok
[INFO] [stdout] test tests::static_opacity_still_supported_as_closure ... ok
[INFO] [stdout] test tests::svg_missing_src_falls_back_to_undefined_placeholder ... ok
[INFO] [stdout] test tests::stroke_signal_reads_reactively_and_clones_into_the_closure ... ok
[INFO] [stdout] test tests::shown_is_a_layout_value_that_re_resolves ... ok
[INFO] [stdout] test tests::source_map_points_generated_view_back_to_rsx ... ok
[INFO] [stdout] test tests::svg_color_signal_reads_reactively_and_clones_into_the_closure ... ok
[INFO] [stdout] test tests::svg_src_signal_is_reactive_and_clones_the_handle ... ok
[INFO] [stdout] test tests::svg_src_value_carries_an_expr_span ... ok
[INFO] [stdout] test tests::text_color_signal_reads_reactively_and_clones_into_the_closure ... ok
[INFO] [stdout] test tests::source_map_points_generated_logic_back_to_rsx ... ok
[INFO] [stdout] test tests::svg_color_token_resolves_through_theme ... ok
[INFO] [stdout] test tests::svg_generates_src_color_and_layout ... ok
[INFO] [stdout] test tests::svg_src_constant_expr_is_still_captured_once ... ok
[INFO] [stdout] test tests::svg_without_color_generates_none ... ok
[INFO] [stdout] test tests::text_line_height_and_letter_spacing ... ok
[INFO] [stdout] test tests::svg_stroke_overrides_the_documents_own_weight ... ok
[INFO] [stdout] test tests::text_raster_selects_the_glyph_grid ... ok
[INFO] [stdout] test tests::the_radius_shorthand_reaches_all_four_corners ... ok
[INFO] [stdout] test tests::the_parenthesized_form_reaches_every_multi_token_value ... ok
[INFO] [stdout] test tests::transition_color_on_text_wraps_text_style ... ok
[INFO] [stdout] test tests::the_stroke_width_shorthand_names_one_side ... ok
[INFO] [stdout] test tests::track_rect_mirrors_a_node_into_a_signal_and_keeps_the_effect ... ok
[INFO] [stdout] test tests::transition_fill_spring ... ok
[INFO] [stdout] test tests::transition_inside_for_loop_hoists_animated_per_iteration ... ok
[INFO] [stdout] test tests::transition_fill_with_theme_color_and_cubic_bezier ... ok
[INFO] [stdout] test tests::transition_unsupported_property_emits_compile_error ... ok
[INFO] [stdout] test tests::transition_fill_from_class_is_wired_without_false_error ... ok
[INFO] [stdout] test tests::transition_multiple_properties_comma_separated ... ok
[INFO] [stdout] test tests::transition_inside_for_loop_uses_distinct_counters_per_element ... ok
[INFO] [stdout] test tests::transition_invalid_duration_emits_compile_error ... ok
[INFO] [stdout] test tests::transition_opacity_hoists_animated_and_wraps_reactive_read ... ok
[INFO] [stdout] test tests::transitioning_the_layout_box_is_still_refused ... ok
[INFO] [stdout] test tests::two_uses_of_one_asset_share_a_single_static ... ok
[INFO] [stdout] test transition::tests::cubic_bezier_and_spring ... ok
[INFO] [stdout] test transition::tests::easing_defaults_to_ease_out_when_omitted ... ok
[INFO] [stdout] test transition::tests::seconds_duration_becomes_millis ... ok
[INFO] [stdout] test transition::tests::unsupported_property_and_bad_duration_report_errors ... ok
[INFO] [stdout] test view::path::tests::cubic_and_quadratic ... ok
[INFO] [stdout] test transition::tests::tween_with_keyword_easing ... ok
[INFO] [stdout] test theme::tests::no_argument_is_no_theme ... ok
[INFO] [stdout] test view::path::tests::horizontal_and_vertical ... ok
[INFO] [stdout] test theme::tests::prose_about_the_macro_names_no_theme ... ok
[INFO] [stdout] test theme::tests::a_nested_invocation_is_found ... ok
[INFO] [stdout] test view::path::tests::implicit_lineto_after_moveto ... ok
[INFO] [stdout] test view::path::tests::missing_moveto_errors ... ok
[INFO] [stdout] test view::path::tests::negative_and_decimal_no_separator ... ok
[INFO] [stdout] test view::path::tests::unsupported_command_errors ... ok
[INFO] [stdout] test view::path::tests::relative_commands_resolve_to_absolute ... ok
[INFO] [stdout] test view::path::tests::triangle_absolute ... ok
[INFO] [stdout] test view::tests::a_class_carries_text_properties_to_a_text ... ok
[INFO] [stdout] test view::tests::a_canvas_without_paint_says_so ... ok
[INFO] [stdout] test theme::tests::the_config_key_wins ... ok
[INFO] [stdout] test theme::tests::the_invocation_answers_when_the_config_does_not ... ok
[INFO] [stdout] test transition::tests::comma_separated_clauses_respect_parentheses ... ok
[INFO] [stdout] test view::tests::a_computed_layout_value_is_re_resolved_even_without_a_sigil ... ok
[INFO] [stdout] test view::tests::a_forwarded_on_press_on_a_plain_row_upgrades_to_styled_container ... ok
[INFO] [stdout] test view::tests::a_class_on_a_container_declares_for_the_subtree ... ok
[INFO] [stdout] test view::tests::a_container_declares_the_text_below_it ... ok
[INFO] [stdout] test view::tests::a_container_cannot_clamp_the_text_below_it ... ok
[INFO] [stdout] test view::tests::a_container_that_says_nothing_declares_nothing ... ok
[INFO] [stdout] test view::tests::a_gradient_that_is_not_one_is_reported_on_the_fill_that_holds_it ... ok
[INFO] [stdout] test view::tests::a_gradient_is_a_value_of_fill_and_not_six_keys_of_its_own ... ok
[INFO] [stdout] test view::tests::a_media_keyword_is_rejected_instead_of_defaulted ... ok
[INFO] [stdout] test view::tests::a_re_resolving_style_clones_what_it_names_instead_of_moving_it ... ok
[INFO] [stdout] test view::tests::a_misspelled_keyword_stops_the_build_the_way_a_misspelled_key_does ... ok
[INFO] [stdout] test view::tests::a_second_spelling_of_a_value_is_not_a_value ... ok
[INFO] [stdout] test view::tests::a_name_the_author_has_in_scope_is_still_carried_through ... ok
[INFO] [stdout] test view::tests::a_text_can_name_the_face_it_shapes_in ... ok
[INFO] [stdout] test view::tests::a_text_naming_no_family_is_untouched ... ok
[INFO] [stdout] test view::tests::a_named_colour_is_only_transparent_now ... ok
[INFO] [stdout] test view::tests::a_theme_read_is_a_dollar_read_like_any_other ... ok
[INFO] [stdout] test view::tests::a_non_reactive_branch_still_takes_a_widget ... ok
[INFO] [stdout] test view::tests::align_is_checked_against_the_set_its_own_tag_has ... ok
[INFO] [stdout] test view::tests::a_values_own_parens_do_not_reach_the_output ... ok
[INFO] [stdout] test view::tests::an_inline_attribute_beats_the_class_beside_it ... ok
[INFO] [stdout] test view::tests::an_inline_field_default_becomes_a_props_attribute ... ok
[INFO] [stdout] test view::tests::box_hover_emits_hover_style ... ok
[INFO] [stdout] test view::tests::canvas_tag_builds_the_primitive_where_it_is_placed ... ok
[INFO] [stdout] test view::tests::class_paint_promotes_container_and_is_consumed ... ok
[INFO] [stdout] test view::tests::box_active_style_emits_active_style ... ok
[INFO] [stdout] test view::tests::closure_passthrough ... ok
[INFO] [stdout] test view::tests::classed_box_is_a_flex_container ... ok
[INFO] [stdout] test view::tests::box_fill_computed_expression_is_reactive ... ok
[INFO] [stdout] test view::tests::btn_signal_color_reaches_the_prop_as_a_handle ... ok
[INFO] [stdout] test view::tests::component_bool_flag_prop ... ok
[INFO] [stdout] test view::tests::an_unquoted_family_is_the_authors_own_expression ... ok
[INFO] [stdout] test view::tests::component_closure_prop_is_boxed ... ok
[INFO] [stdout] test view::tests::component_call_routes_named_slot ... ok
[INFO] [stdout] test view::tests::component_default_slot_takes_slots_arg ... ok
[INFO] [stdout] test view::tests::component_named_and_default_slots ... ok
[INFO] [stdout] test view::tests::drag_threshold_emits_the_slop_distance ... ok
[INFO] [stdout] test view::tests::component_signal_prop_clones_handle ... ok
[INFO] [stdout] test view::tests::drag_button_emits_the_extra_buttons ... ok
[INFO] [stdout] test view::tests::compound_assign_sugar_rewrites_to_update ... ok
[INFO] [stdout] test view::tests::event_callbacks_emit_on_hover_and_on_key ... ok
[INFO] [stdout] test view::tests::component_free_closure_prop_carries_source_span ... ok
[INFO] [stdout] test view::tests::container_on_press_emits_click_handler ... ok
[INFO] [stdout] test view::tests::heading_resolves_as_widget_component ... ok
[INFO] [stdout] test view::tests::literal_content ... ok
[INFO] [stdout] test view::tests::component_call_with_children_builds_slots ... ok
[INFO] [stdout] test view::tests::every_builtin_tag_has_a_dispatch_arm ... ok
[INFO] [stdout] test view::tests::multiple_classes_compose_layout_and_paint ... ok
[INFO] [stdout] test view::tests::no_transform_no_call ... ok
[INFO] [stdout] test view::tests::on_hover_promotes_plain_container ... ok
[INFO] [stdout] test view::tests::on_drag_wires_and_upgrades_container ... ok
[INFO] [stdout] test view::tests::input_binds_value_style_and_submit ... ok
[INFO] [stdout] test view::tests::on_pointer_move_emits_the_container_method ... ok
[INFO] [stdout] test view::tests::plain_col_with_active_style_upgrades_to_styled_container ... ok
[INFO] [stdout] test view::tests::paren_attr_form_captures_nested_and_coexists ... ok
[INFO] [stdout] test view::tests::plain_col_with_hover_upgrades_to_styled_container ... ok
[INFO] [stdout] test view::tests::overlay_builds_overlay_widget ... ok
[INFO] [stdout] test view::tests::quoted_escape_decodes_then_reemits ... ok
[INFO] [stdout] test view::tests::reactive_for_emits_reactive_list ... ok
[INFO] [stdout] test view::tests::root_static_if_returns_branch_directly_without_wrapper ... ok
[INFO] [stdout] test view::tests::reactive_if_emits_reactive_list ... ok
[INFO] [stdout] test view::tests::reactive_for_in_row_is_transparent_between_static_siblings ... ok
[INFO] [stdout] test view::tests::reactive_for_single_child_item_is_not_wrapped ... ok
[INFO] [stdout] test view::tests::signal_interpolation ... ok
[INFO] [stdout] test view::tests::lazy_declares_a_flex_column ... ok
[INFO] [stdout] test view::tests::static_if_stays_construction ... ok
[INFO] [stdout] test view::tests::static_for_stays_construction_loop ... ok
[INFO] [stdout] test view::tests::reactive_for_with_gap_in_row_is_transparent_gap_fragment ... ok
[INFO] [stdout] test view::tests::reactive_for_without_key_uses_positional_reconciliation ... ok
[INFO] [stdout] test view::tests::reactive_for_with_gap_keyless_uses_positional_gap_fragment ... ok
[INFO] [stdout] test view::tests::text_color_computed_expression_is_reactive ... ok
[INFO] [stdout] test view::tests::text_lines_and_ellipsis ... ok
[INFO] [stdout] test view::tests::text_rich_numeric_weight_and_align_end ... ok
[INFO] [stdout] test view::tests::text_rich_weight_italic_align ... ok
[INFO] [stderr]      Running src/golden_test.rs (/opt/rustwide/target/debug/build/telar-transpiler/6540a0a08b9850a4/out/golden-6540a0a08b9850a4)
[INFO] [stdout] test view::tests::toggle_and_update_closures_pass_through ... ok
[INFO] [stdout] test view::tests::transform_promotes_plain_container ... ok
[INFO] [stdout] test view::tests::the_one_spelling_of_each_still_works ... ok
[INFO] [stdout] test view::tests::transform_attrs_emit_with_transform ... ok
[INFO] [stdout] test view::tests::unknown_tag_becomes_component_call ... ok
[INFO] [stdout] 
[INFO] [stdout] test result: ok. 310 passed; 0 failed; 0 ignored; 0 measured; 0 filtered out; finished in 0.13s
[INFO] [stdout] 
[INFO] [stdout] 
[INFO] [stdout] running 2 tests
[INFO] [stdout] test generated_rust_and_source_maps_match_the_snapshots ... FAILED
[INFO] [stdout] test every_verbatim_span_locates_back_to_the_text_it_came_from ... FAILED
[INFO] [stdout] 
[INFO] [stdout] failures:
[INFO] [stdout] 
[INFO] [stdout] ---- generated_rust_and_source_maps_match_the_snapshots stdout ----
[INFO] [stdout] 
[INFO] [stdout] thread 'generated_rust_and_source_maps_match_the_snapshots' (793) panicked at src/golden_test.rs:49:5:
[INFO] [stdout] sandbox has no usable baked asset artifact — run `cargo run -p cargo-telar -- bake` first
[INFO] [stdout] stack backtrace:
[INFO] [stdout]    0:     0x5fe986c3b671 - std[617be2ca0a6fd877]::backtrace_rs::backtrace::libunwind::trace
[INFO] [stdout]                                at /rustc/e3feeb59cd1bdd011a2bfcc0747b55125d9b8527/library/std/src/../../backtrace/src/backtrace/libunwind.rs:117:9
[INFO] [stdout]    1:     0x5fe986c3b671 - std[617be2ca0a6fd877]::backtrace_rs::backtrace::trace_unsynchronized::<std[617be2ca0a6fd877]::sys::backtrace::_print_fmt::{closure#1}>
[INFO] [stdout]                                at /rustc/e3feeb59cd1bdd011a2bfcc0747b55125d9b8527/library/std/src/../../backtrace/src/backtrace/mod.rs:66:14
[INFO] [stdout]    2:     0x5fe986c3b671 - std[617be2ca0a6fd877]::sys::backtrace::_print_fmt
[INFO] [stdout]                                at /rustc/e3feeb59cd1bdd011a2bfcc0747b55125d9b8527/library/std/src/sys/backtrace.rs:74:9
[INFO] [stdout]    3:     0x5fe986c3b671 - <<std[617be2ca0a6fd877]::sys::backtrace::BacktraceLock>::print::DisplayBacktrace as core[a373ad73a504971]::fmt::Display>::fmt
[INFO] [stdout]                                at /rustc/e3feeb59cd1bdd011a2bfcc0747b55125d9b8527/library/std/src/sys/backtrace.rs:44:26
[INFO] [stdout]    4:     0x5fe986c51e8a - <core[a373ad73a504971]::fmt::rt::Argument>::fmt
[INFO] [stdout]                                at /rustc/e3feeb59cd1bdd011a2bfcc0747b55125d9b8527/library/core/src/fmt/rt.rs:152:76
[INFO] [stdout]    5:     0x5fe986c51e8a - core[a373ad73a504971]::fmt::write
[INFO] [stdout]    6:     0x5fe986c3fbcc - core[a373ad73a504971]::io::write::default_write_fmt::<alloc[2e1b2a31b91974c5]::vec::Vec<u8>>
[INFO] [stdout]                                at /rustc/e3feeb59cd1bdd011a2bfcc0747b55125d9b8527/library/core/src/io/write.rs:402:11
[INFO] [stdout]    7:     0x5fe986c3fbcc - <alloc[2e1b2a31b91974c5]::vec::Vec<u8> as core[a373ad73a504971]::io::write::Write>::write_fmt
[INFO] [stdout]                                at /rustc/e3feeb59cd1bdd011a2bfcc0747b55125d9b8527/library/core/src/io/write.rs:335:13
[INFO] [stdout]    8:     0x5fe986c15ac6 - <std[617be2ca0a6fd877]::sys::backtrace::BacktraceLock>::print
[INFO] [stdout]                                at /rustc/e3feeb59cd1bdd011a2bfcc0747b55125d9b8527/library/std/src/sys/backtrace.rs:47:9
[INFO] [stdout]    9:     0x5fe986c15ac6 - std[617be2ca0a6fd877]::panicking::default_hook::{closure#0}
[INFO] [stdout]                                at /rustc/e3feeb59cd1bdd011a2bfcc0747b55125d9b8527/library/std/src/panicking.rs:289:27
[INFO] [stdout]   10:     0x5fe986c330e9 - std[617be2ca0a6fd877]::panicking::default_hook
[INFO] [stdout]                                at /rustc/e3feeb59cd1bdd011a2bfcc0747b55125d9b8527/library/std/src/panicking.rs:313:9
[INFO] [stdout]   11:     0x5fe9868dcaf0 - <alloc[2e1b2a31b91974c5]::boxed::Box<dyn for<'a, 'b> core[a373ad73a504971]::ops::function::Fn<(&'a std[617be2ca0a6fd877]::panic::PanicHookInfo<'b>,), Output = ()> + core[a373ad73a504971]::marker::Sync + core[a373ad73a504971]::marker::Send> as core[a373ad73a504971]::ops::function::Fn<(&std[617be2ca0a6fd877]::panic::PanicHookInfo,)>>::call
[INFO] [stdout]                                at /rustc/e3feeb59cd1bdd011a2bfcc0747b55125d9b8527/library/alloc/src/boxed.rs:2328:9
[INFO] [stdout]   12:     0x5fe9868dcaf0 - test[aada8e7e76ba119b]::test_main_inner::{closure#0}
[INFO] [stdout]                                at /rustc/e3feeb59cd1bdd011a2bfcc0747b55125d9b8527/library/test/src/lib.rs:137:21
[INFO] [stdout]   13:     0x5fe986c33412 - <alloc[2e1b2a31b91974c5]::boxed::Box<dyn for<'a, 'b> core[a373ad73a504971]::ops::function::Fn<(&'a std[617be2ca0a6fd877]::panic::PanicHookInfo<'b>,), Output = ()> + core[a373ad73a504971]::marker::Sync + core[a373ad73a504971]::marker::Send> as core[a373ad73a504971]::ops::function::Fn<(&std[617be2ca0a6fd877]::panic::PanicHookInfo,)>>::call
[INFO] [stdout]                                at /rustc/e3feeb59cd1bdd011a2bfcc0747b55125d9b8527/library/alloc/src/boxed.rs:2328:9
[INFO] [stdout]   14:     0x5fe986c33412 - std[617be2ca0a6fd877]::panicking::panic_with_hook
[INFO] [stdout]                                at /rustc/e3feeb59cd1bdd011a2bfcc0747b55125d9b8527/library/std/src/panicking.rs:819:13
[INFO] [stdout]   15:     0x5fe986c15b72 - std[617be2ca0a6fd877]::panicking::panic_handler::{closure#0}
[INFO] [stdout]                                at /rustc/e3feeb59cd1bdd011a2bfcc0747b55125d9b8527/library/std/src/panicking.rs:685:13
[INFO] [stdout]   16:     0x5fe986c0e539 - std[617be2ca0a6fd877]::sys::backtrace::__rust_end_short_backtrace::<std[617be2ca0a6fd877]::panicking::panic_handler::{closure#0}, !>
[INFO] [stdout]                                at /rustc/e3feeb59cd1bdd011a2bfcc0747b55125d9b8527/library/std/src/sys/backtrace.rs:182:18
[INFO] [stdout]   17:     0x5fe986c1677d - __rustc[ea4f61d10b84890b]::rust_begin_unwind
[INFO] [stdout]                                at /rustc/e3feeb59cd1bdd011a2bfcc0747b55125d9b8527/library/std/src/panicking.rs:676:5
[INFO] [stdout]   18:     0x5fe986c526ac - core[a373ad73a504971]::panicking::panic_fmt
[INFO] [stdout]                                at /rustc/e3feeb59cd1bdd011a2bfcc0747b55125d9b8527/library/core/src/panicking.rs:80:14
[INFO] [stdout]   19:     0x5fe9868cc0d2 - golden[61052636d5e43896]::transpile_project
[INFO] [stdout]                                at /opt/rustwide/workdir/src/golden_test.rs:49:5
[INFO] [stdout]   20:     0x5fe9868cca76 - golden[61052636d5e43896]::generated_rust_and_source_maps_match_the_snapshots
[INFO] [stdout]                                at /opt/rustwide/workdir/src/golden_test.rs:163:21
[INFO] [stdout]   21:     0x5fe9868caa07 - golden[61052636d5e43896]::generated_rust_and_source_maps_match_the_snapshots::{closure#0}
[INFO] [stdout]                                at /opt/rustwide/workdir/src/golden_test.rs:157:56
[INFO] [stdout]   22:     0x5fe9868cfdf6 - <golden[61052636d5e43896]::generated_rust_and_source_maps_match_the_snapshots::{closure#0} as core[a373ad73a504971]::ops::function::FnOnce<()>>::call_once
[INFO] [stdout]                                at /rustc/e3feeb59cd1bdd011a2bfcc0747b55125d9b8527/library/core/src/ops/function.rs:250:5
[INFO] [stdout]   23:     0x5fe9868cff3b - <fn() -> core[a373ad73a504971]::result::Result<(), alloc[2e1b2a31b91974c5]::string::String> as core[a373ad73a504971]::ops::function::FnOnce<()>>::call_once
[INFO] [stdout]                                at /rustc/e3feeb59cd1bdd011a2bfcc0747b55125d9b8527/library/core/src/ops/function.rs:250:5
[INFO] [stdout]   24:     0x5fe9868cff3b - test[aada8e7e76ba119b]::__rust_begin_short_backtrace::<core[a373ad73a504971]::result::Result<(), alloc[2e1b2a31b91974c5]::string::String>, fn() -> core[a373ad73a504971]::result::Result<(), alloc[2e1b2a31b91974c5]::string::String>>
[INFO] [stdout]                                at /rustc/e3feeb59cd1bdd011a2bfcc0747b55125d9b8527/library/test/src/lib.rs:701:18
[INFO] [stdout]   25:     0x5fe9868dd115 - test[aada8e7e76ba119b]::run_test_in_process::{closure#0}
[INFO] [stdout]                                at /rustc/e3feeb59cd1bdd011a2bfcc0747b55125d9b8527/library/test/src/lib.rs:724:74
[INFO] [stdout]   26:     0x5fe9868dd115 - <core[a373ad73a504971]::panic::unwind_safe::AssertUnwindSafe<test[aada8e7e76ba119b]::run_test_in_process::{closure#0}> as core[a373ad73a504971]::ops::function::FnOnce<()>>::call_once
[INFO] [stdout]                                at /rustc/e3feeb59cd1bdd011a2bfcc0747b55125d9b8527/library/core/src/panic/unwind_safe.rs:275:9
[INFO] [stdout]   27:     0x5fe9868dd115 - std[617be2ca0a6fd877]::panicking::catch_unwind::do_call::<core[a373ad73a504971]::panic::unwind_safe::AssertUnwindSafe<test[aada8e7e76ba119b]::run_test_in_process::{closure#0}>, core[a373ad73a504971]::result::Result<(), alloc[2e1b2a31b91974c5]::string::String>>
[INFO] [stdout]                                at /rustc/e3feeb59cd1bdd011a2bfcc0747b55125d9b8527/library/std/src/panicking.rs:573:43
[INFO] [stdout]   28:     0x5fe9868dd115 - std[617be2ca0a6fd877]::panicking::catch_unwind::<core[a373ad73a504971]::result::Result<(), alloc[2e1b2a31b91974c5]::string::String>, core[a373ad73a504971]::panic::unwind_safe::AssertUnwindSafe<test[aada8e7e76ba119b]::run_test_in_process::{closure#0}>>
[INFO] [stdout]                                at /rustc/e3feeb59cd1bdd011a2bfcc0747b55125d9b8527/library/std/src/panicking.rs:541:19
[INFO] [stdout]   29:     0x5fe9868dd115 - std[617be2ca0a6fd877]::panic::catch_unwind::<core[a373ad73a504971]::panic::unwind_safe::AssertUnwindSafe<test[aada8e7e76ba119b]::run_test_in_process::{closure#0}>, core[a373ad73a504971]::result::Result<(), alloc[2e1b2a31b91974c5]::string::String>>
[INFO] [stdout]                                at /rustc/e3feeb59cd1bdd011a2bfcc0747b55125d9b8527/library/std/src/panic.rs:359:14
[INFO] [stdout]   30:     0x5fe9868dd115 - test[aada8e7e76ba119b]::run_test_in_process
[INFO] [stdout]                                at /rustc/e3feeb59cd1bdd011a2bfcc0747b55125d9b8527/library/test/src/lib.rs:724:27
[INFO] [stdout]   31:     0x5fe9868dd115 - test[aada8e7e76ba119b]::run_test::{closure#0}
[INFO] [stdout]                                at /rustc/e3feeb59cd1bdd011a2bfcc0747b55125d9b8527/library/test/src/lib.rs:645:43
[INFO] [stdout]   32:     0x5fe9868d6a04 - test[aada8e7e76ba119b]::run_test::{closure#1}
[INFO] [stdout]                                at /rustc/e3feeb59cd1bdd011a2bfcc0747b55125d9b8527/library/test/src/lib.rs:675:41
[INFO] [stdout]   33:     0x5fe9868d6a04 - std[617be2ca0a6fd877]::sys::backtrace::__rust_begin_short_backtrace::<test[aada8e7e76ba119b]::run_test::{closure#1}, ()>
[INFO] [stdout]                                at /rustc/e3feeb59cd1bdd011a2bfcc0747b55125d9b8527/library/std/src/sys/backtrace.rs:166:18
[INFO] [stdout]   34:     0x5fe9868e01a2 - std[617be2ca0a6fd877]::thread::lifecycle::spawn_unchecked::<test[aada8e7e76ba119b]::run_test::{closure#1}, ()>::{closure#1}::{closure#0}
[INFO] [stdout]                                at /rustc/e3feeb59cd1bdd011a2bfcc0747b55125d9b8527/library/std/src/thread/lifecycle.rs:70:13
[INFO] [stdout]   35:     0x5fe9868e01a2 - <core[a373ad73a504971]::panic::unwind_safe::AssertUnwindSafe<std[617be2ca0a6fd877]::thread::lifecycle::spawn_unchecked<test[aada8e7e76ba119b]::run_test::{closure#1}, ()>::{closure#1}::{closure#0}> as core[a373ad73a504971]::ops::function::FnOnce<()>>::call_once
[INFO] [stdout]                                at /rustc/e3feeb59cd1bdd011a2bfcc0747b55125d9b8527/library/core/src/panic/unwind_safe.rs:275:9
[INFO] [stdout]   36:     0x5fe9868e01a2 - std[617be2ca0a6fd877]::panicking::catch_unwind::do_call::<core[a373ad73a504971]::panic::unwind_safe::AssertUnwindSafe<std[617be2ca0a6fd877]::thread::lifecycle::spawn_unchecked<test[aada8e7e76ba119b]::run_test::{closure#1}, ()>::{closure#1}::{closure#0}>, ()>
[INFO] [stdout]                                at /rustc/e3feeb59cd1bdd011a2bfcc0747b55125d9b8527/library/std/src/panicking.rs:573:43
[INFO] [stdout]   37:     0x5fe9868e01a2 - std[617be2ca0a6fd877]::panicking::catch_unwind::<(), core[a373ad73a504971]::panic::unwind_safe::AssertUnwindSafe<std[617be2ca0a6fd877]::thread::lifecycle::spawn_unchecked<test[aada8e7e76ba119b]::run_test::{closure#1}, ()>::{closure#1}::{closure#0}>>
[INFO] [stdout]                                at /rustc/e3feeb59cd1bdd011a2bfcc0747b55125d9b8527/library/std/src/panicking.rs:541:19
[INFO] [stdout]   38:     0x5fe9868e01a2 - std[617be2ca0a6fd877]::panic::catch_unwind::<core[a373ad73a504971]::panic::unwind_safe::AssertUnwindSafe<std[617be2ca0a6fd877]::thread::lifecycle::spawn_unchecked<test[aada8e7e76ba119b]::run_test::{closure#1}, ()>::{closure#1}::{closure#0}>, ()>
[INFO] [stdout]                                at /rustc/e3feeb59cd1bdd011a2bfcc0747b55125d9b8527/library/std/src/panic.rs:359:14
[INFO] [stdout]   39:     0x5fe9868e01a2 - std[617be2ca0a6fd877]::thread::lifecycle::spawn_unchecked::<test[aada8e7e76ba119b]::run_test::{closure#1}, ()>::{closure#1}
[INFO] [stdout]                                at /rustc/e3feeb59cd1bdd011a2bfcc0747b55125d9b8527/library/std/src/thread/lifecycle.rs:68:26
[INFO] [stdout]   40:     0x5fe9868e01a2 - <std[617be2ca0a6fd877]::thread::lifecycle::spawn_unchecked<test[aada8e7e76ba119b]::run_test::{closure#1}, ()>::{closure#1} as core[a373ad73a504971]::ops::function::FnOnce<()>>::call_once::{shim:vtable#0}
[INFO] [stdout]                                at /rustc/e3feeb59cd1bdd011a2bfcc0747b55125d9b8527/library/core/src/ops/function.rs:250:5
[INFO] [stdout]   41:     0x5fe986c3a66f - <alloc[2e1b2a31b91974c5]::boxed::Box<dyn core[a373ad73a504971]::ops::function::FnOnce<(), Output = ()> + core[a373ad73a504971]::marker::Send> as core[a373ad73a504971]::ops::function::FnOnce<()>>::call_once
[INFO] [stdout]                                at /rustc/e3feeb59cd1bdd011a2bfcc0747b55125d9b8527/library/alloc/src/boxed.rs:2314:9
[INFO] [stdout]   42:     0x5fe986c3a66f - <std[617be2ca0a6fd877]::sys::thread::unix::Thread>::new::thread_start
[INFO] [stdout]                                at /rustc/e3feeb59cd1bdd011a2bfcc0747b55125d9b8527/library/std/src/sys/thread/unix.rs:127:17
[INFO] [stdout]   43:     0x7e6c46e4fdfa - <unknown>
[INFO] [stdout]   44:     0x7e6c46ee33d4 - clone
[INFO] [stdout]   45:                0x0 - <unknown>
[INFO] [stdout] 
[INFO] [stdout] ---- every_verbatim_span_locates_back_to_the_text_it_came_from stdout ----
[INFO] [stdout] 
[INFO] [stdout] thread 'every_verbatim_span_locates_back_to_the_text_it_came_from' (792) panicked at src/golden_test.rs:49:5:
[INFO] [stdout] sandbox has no usable baked asset artifact — run `cargo run -p cargo-telar -- bake` first
[INFO] [stdout] stack backtrace:
[INFO] [stdout]    0:     0x5fe986c3b671 - std[617be2ca0a6fd877]::backtrace_rs::backtrace::libunwind::trace
[INFO] [stdout]                                at /rustc/e3feeb59cd1bdd011a2bfcc0747b55125d9b8527/library/std/src/../../backtrace/src/backtrace/libunwind.rs:117:9
[INFO] [stdout]    1:     0x5fe986c3b671 - std[617be2ca0a6fd877]::backtrace_rs::backtrace::trace_unsynchronized::<std[617be2ca0a6fd877]::sys::backtrace::_print_fmt::{closure#1}>
[INFO] [stdout]                                at /rustc/e3feeb59cd1bdd011a2bfcc0747b55125d9b8527/library/std/src/../../backtrace/src/backtrace/mod.rs:66:14
[INFO] [stdout]    2:     0x5fe986c3b671 - std[617be2ca0a6fd877]::sys::backtrace::_print_fmt
[INFO] [stdout]                                at /rustc/e3feeb59cd1bdd011a2bfcc0747b55125d9b8527/library/std/src/sys/backtrace.rs:74:9
[INFO] [stdout]    3:     0x5fe986c3b671 - <<std[617be2ca0a6fd877]::sys::backtrace::BacktraceLock>::print::DisplayBacktrace as core[a373ad73a504971]::fmt::Display>::fmt
[INFO] [stdout]                                at /rustc/e3feeb59cd1bdd011a2bfcc0747b55125d9b8527/library/std/src/sys/backtrace.rs:44:26
[INFO] [stdout]    4:     0x5fe986c51e8a - <core[a373ad73a504971]::fmt::rt::Argument>::fmt
[INFO] [stdout]                                at /rustc/e3feeb59cd1bdd011a2bfcc0747b55125d9b8527/library/core/src/fmt/rt.rs:152:76
[INFO] [stdout]    5:     0x5fe986c51e8a - core[a373ad73a504971]::fmt::write
[INFO] [stdout]    6:     0x5fe986c3fbcc - core[a373ad73a504971]::io::write::default_write_fmt::<alloc[2e1b2a31b91974c5]::vec::Vec<u8>>
[INFO] [stdout]                                at /rustc/e3feeb59cd1bdd011a2bfcc0747b55125d9b8527/library/core/src/io/write.rs:402:11
[INFO] [stdout]    7:     0x5fe986c3fbcc - <alloc[2e1b2a31b91974c5]::vec::Vec<u8> as core[a373ad73a504971]::io::write::Write>::write_fmt
[INFO] [stdout]                                at /rustc/e3feeb59cd1bdd011a2bfcc0747b55125d9b8527/library/core/src/io/write.rs:335:13
[INFO] [stdout]    8:     0x5fe986c15ac6 - <std[617be2ca0a6fd877]::sys::backtrace::BacktraceLock>::print
[INFO] [stdout]                                at /rustc/e3feeb59cd1bdd011a2bfcc0747b55125d9b8527/library/std/src/sys/backtrace.rs:47:9
[INFO] [stdout]    9:     0x5fe986c15ac6 - std[617be2ca0a6fd877]::panicking::default_hook::{closure#0}
[INFO] [stdout]                                at /rustc/e3feeb59cd1bdd011a2bfcc0747b55125d9b8527/library/std/src/panicking.rs:289:27
[INFO] [stdout]   10:     0x5fe986c330e9 - std[617be2ca0a6fd877]::panicking::default_hook
[INFO] [stdout]                                at /rustc/e3feeb59cd1bdd011a2bfcc0747b55125d9b8527/library/std/src/panicking.rs:313:9
[INFO] [stdout]   11:     0x5fe9868dcaf0 - <alloc[2e1b2a31b91974c5]::boxed::Box<dyn for<'a, 'b> core[a373ad73a504971]::ops::function::Fn<(&'a std[617be2ca0a6fd877]::panic::PanicHookInfo<'b>,), Output = ()> + core[a373ad73a504971]::marker::Sync + core[a373ad73a504971]::marker::Send> as core[a373ad73a504971]::ops::function::Fn<(&std[617be2ca0a6fd877]::panic::PanicHookInfo,)>>::call
[INFO] [stdout]                                at /rustc/e3feeb59cd1bdd011a2bfcc0747b55125d9b8527/library/alloc/src/boxed.rs:2328:9
[INFO] [stdout]   12:     0x5fe9868dcaf0 - test[aada8e7e76ba119b]::test_main_inner::{closure#0}
[INFO] [stdout]                                at /rustc/e3feeb59cd1bdd011a2bfcc0747b55125d9b8527/library/test/src/lib.rs:137:21
[INFO] [stdout]   13:     0x5fe986c33412 - <alloc[2e1b2a31b91974c5]::boxed::Box<dyn for<'a, 'b> core[a373ad73a504971]::ops::function::Fn<(&'a std[617be2ca0a6fd877]::panic::PanicHookInfo<'b>,), Output = ()> + core[a373ad73a504971]::marker::Sync + core[a373ad73a504971]::marker::Send> as core[a373ad73a504971]::ops::function::Fn<(&std[617be2ca0a6fd877]::panic::PanicHookInfo,)>>::call
[INFO] [stdout]                                at /rustc/e3feeb59cd1bdd011a2bfcc0747b55125d9b8527/library/alloc/src/boxed.rs:2328:9
[INFO] [stdout]   14:     0x5fe986c33412 - std[617be2ca0a6fd877]::panicking::panic_with_hook
[INFO] [stdout]                                at /rustc/e3feeb59cd1bdd011a2bfcc0747b55125d9b8527/library/std/src/panicking.rs:819:13
[INFO] [stdout]   15:     0x5fe986c15b72 - std[617be2ca0a6fd877]::panicking::panic_handler::{closure#0}
[INFO] [stdout]                                at /rustc/e3feeb59cd1bdd011a2bfcc0747b55125d9b8527/library/std/src/panicking.rs:685:13
[INFO] [stdout]   16:     0x5fe986c0e539 - std[617be2ca0a6fd877]::sys::backtrace::__rust_end_short_backtrace::<std[617be2ca0a6fd877]::panicking::panic_handler::{closure#0}, !>
[INFO] [stdout]                                at /rustc/e3feeb59cd1bdd011a2bfcc0747b55125d9b8527/library/std/src/sys/backtrace.rs:182:18
[INFO] [stdout]   17:     0x5fe986c1677d - __rustc[ea4f61d10b84890b]::rust_begin_unwind
[INFO] [stdout]                                at /rustc/e3feeb59cd1bdd011a2bfcc0747b55125d9b8527/library/std/src/panicking.rs:676:5
[INFO] [stdout]   18:     0x5fe986c526ac - core[a373ad73a504971]::panicking::panic_fmt
[INFO] [stdout]                                at /rustc/e3feeb59cd1bdd011a2bfcc0747b55125d9b8527/library/core/src/panicking.rs:80:14
[INFO] [stdout]   19:     0x5fe9868cc0d2 - golden[61052636d5e43896]::transpile_project
[INFO] [stdout]                                at /opt/rustwide/workdir/src/golden_test.rs:49:5
[INFO] [stdout]   20:     0x5fe9868cd4cd - golden[61052636d5e43896]::every_verbatim_span_locates_back_to_the_text_it_came_from
[INFO] [stdout]                                at /opt/rustwide/workdir/src/golden_test.rs:202:21
[INFO] [stdout]   21:     0x5fe9868caa37 - golden[61052636d5e43896]::every_verbatim_span_locates_back_to_the_text_it_came_from::{closure#0}
[INFO] [stdout]                                at /opt/rustwide/workdir/src/golden_test.rs:198:63
[INFO] [stdout]   22:     0x5fe9868cfe16 - <golden[61052636d5e43896]::every_verbatim_span_locates_back_to_the_text_it_came_from::{closure#0} as core[a373ad73a504971]::ops::function::FnOnce<()>>::call_once
[INFO] [stdout]                                at /rustc/e3feeb59cd1bdd011a2bfcc0747b55125d9b8527/library/core/src/ops/function.rs:250:5
[INFO] [stdout]   23:     0x5fe9868cff3b - <fn() -> core[a373ad73a504971]::result::Result<(), alloc[2e1b2a31b91974c5]::string::String> as core[a373ad73a504971]::ops::function::FnOnce<()>>::call_once
[INFO] [stdout]                                at /rustc/e3feeb59cd1bdd011a2bfcc0747b55125d9b8527/library/core/src/ops/function.rs:250:5
[INFO] [stdout]   24:     0x5fe9868cff3b - test[aada8e7e76ba119b]::__rust_begin_short_backtrace::<core[a373ad73a504971]::result::Result<(), alloc[2e1b2a31b91974c5]::string::String>, fn() -> core[a373ad73a504971]::result::Result<(), alloc[2e1b2a31b91974c5]::string::String>>
[INFO] [stdout]                                at /rustc/e3feeb59cd1bdd011a2bfcc0747b55125d9b8527/library/test/src/lib.rs:701:18
[INFO] [stdout]   25:     0x5fe9868dd115 - test[aada8e7e76ba119b]::run_test_in_process::{closure#0}
[INFO] [stdout]                                at /rustc/e3feeb59cd1bdd011a2bfcc0747b55125d9b8527/library/test/src/lib.rs:724:74
[INFO] [stdout]   26:     0x5fe9868dd115 - <core[a373ad73a504971]::panic::unwind_safe::AssertUnwindSafe<test[aada8e7e76ba119b]::run_test_in_process::{closure#0}> as core[a373ad73a504971]::ops::function::FnOnce<()>>::call_once
[INFO] [stdout]                                at /rustc/e3feeb59cd1bdd011a2bfcc0747b55125d9b8527/library/core/src/panic/unwind_safe.rs:275:9
[INFO] [stdout]   27:     0x5fe9868dd115 - std[617be2ca0a6fd877]::panicking::catch_unwind::do_call::<core[a373ad73a504971]::panic::unwind_safe::AssertUnwindSafe<test[aada8e7e76ba119b]::run_test_in_process::{closure#0}>, core[a373ad73a504971]::result::Result<(), alloc[2e1b2a31b91974c5]::string::String>>
[INFO] [stdout]                                at /rustc/e3feeb59cd1bdd011a2bfcc0747b55125d9b8527/library/std/src/panicking.rs:573:43
[INFO] [stdout]   28:     0x5fe9868dd115 - std[617be2ca0a6fd877]::panicking::catch_unwind::<core[a373ad73a504971]::result::Result<(), alloc[2e1b2a31b91974c5]::string::String>, core[a373ad73a504971]::panic::unwind_safe::AssertUnwindSafe<test[aada8e7e76ba119b]::run_test_in_process::{closure#0}>>
[INFO] [stdout]                                at /rustc/e3feeb59cd1bdd011a2bfcc0747b55125d9b8527/library/std/src/panicking.rs:541:19
[INFO] [stdout]   29:     0x5fe9868dd115 - std[617be2ca0a6fd877]::panic::catch_unwind::<core[a373ad73a504971]::panic::unwind_safe::AssertUnwindSafe<test[aada8e7e76ba119b]::run_test_in_process::{closure#0}>, core[a373ad73a504971]::result::Result<(), alloc[2e1b2a31b91974c5]::string::String>>
[INFO] [stdout]                                at /rustc/e3feeb59cd1bdd011a2bfcc0747b55125d9b8527/library/std/src/panic.rs:359:14
[INFO] [stdout]   30:     0x5fe9868dd115 - test[aada8e7e76ba119b]::run_test_in_process
[INFO] [stdout]                                at /rustc/e3feeb59cd1bdd011a2bfcc0747b55125d9b8527/library/test/src/lib.rs:724:27
[INFO] [stdout]   31:     0x5fe9868dd115 - test[aada8e7e76ba119b]::run_test::{closure#0}
[INFO] [stdout]                                at /rustc/e3feeb59cd1bdd011a2bfcc0747b55125d9b8527/library/test/src/lib.rs:645:43
[INFO] [stdout]   32:     0x5fe9868d6a04 - test[aada8e7e76ba119b]::run_test::{closure#1}
[INFO] [stdout]                                at /rustc/e3feeb59cd1bdd011a2bfcc0747b55125d9b8527/library/test/src/lib.rs:675:41
[INFO] [stdout]   33:     0x5fe9868d6a04 - std[617be2ca0a6fd877]::sys::backtrace::__rust_begin_short_backtrace::<test[aada8e7e76ba119b]::run_test::{closure#1}, ()>
[INFO] [stdout]                                at /rustc/e3feeb59cd1bdd011a2bfcc0747b55125d9b8527/library/std/src/sys/backtrace.rs:166:18
[INFO] [stdout]   34:     0x5fe9868e01a2 - std[617be2ca0a6fd877]::thread::lifecycle::spawn_unchecked::<test[aada8e7e76ba119b]::run_test::{closure#1}, ()>::{closure#1}::{closure#0}
[INFO] [stdout]                                at /rustc/e3feeb59cd1bdd011a2bfcc0747b55125d9b8527/library/std/src/thread/lifecycle.rs:70:13
[INFO] [stdout]   35:     0x5fe9868e01a2 - <core[a373ad73a504971]::panic::unwind_safe::AssertUnwindSafe<std[617be2ca0a6fd877]::thread::lifecycle::spawn_unchecked<test[aada8e7e76ba119b]::run_test::{closure#1}, ()>::{closure#1}::{closure#0}> as core[a373ad73a504971]::ops::function::FnOnce<()>>::call_once
[INFO] [stdout]                                at /rustc/e3feeb59cd1bdd011a2bfcc0747b55125d9b8527/library/core/src/panic/unwind_safe.rs:275:9
[INFO] [stdout]   36:     0x5fe9868e01a2 - std[617be2ca0a6fd877]::panicking::catch_unwind::do_call::<core[a373ad73a504971]::panic::unwind_safe::AssertUnwindSafe<std[617be2ca0a6fd877]::thread::lifecycle::spawn_unchecked<test[aada8e7e76ba119b]::run_test::{closure#1}, ()>::{closure#1}::{closure#0}>, ()>
[INFO] [stdout]                                at /rustc/e3feeb59cd1bdd011a2bfcc0747b55125d9b8527/library/std/src/panicking.rs:573:43
[INFO] [stdout]   37:     0x5fe9868e01a2 - std[617be2ca0a6fd877]::panicking::catch_unwind::<(), core[a373ad73a504971]::panic::unwind_safe::AssertUnwindSafe<std[617be2ca0a6fd877]::thread::lifecycle::spawn_unchecked<test[aada8e7e76ba119b]::run_test::{closure#1}, ()>::{closure#1}::{closure#0}>>
[INFO] [stdout]                                at /rustc/e3feeb59cd1bdd011a2bfcc0747b55125d9b8527/library/std/src/panicking.rs:541:19
[INFO] [stdout]   38:     0x5fe9868e01a2 - std[617be2ca0a6fd877]::panic::catch_unwind::<core[a373ad73a504971]::panic::unwind_safe::AssertUnwindSafe<std[617be2ca0a6fd877]::thread::lifecycle::spawn_unchecked<test[aada8e7e76ba119b]::run_test::{closure#1}, ()>::{closure#1}::{closure#0}>, ()>
[INFO] [stdout]                                at /rustc/e3feeb59cd1bdd011a2bfcc0747b55125d9b8527/library/std/src/panic.rs:359:14
[INFO] [stdout]   39:     0x5fe9868e01a2 - std[617be2ca0a6fd877]::thread::lifecycle::spawn_unchecked::<test[aada8e7e76ba119b]::run_test::{closure#1}, ()>::{closure#1}
[INFO] [stdout]                                at /rustc/e3feeb59cd1bdd011a2bfcc0747b55125d9b8527/library/std/src/thread/lifecycle.rs:68:26
[INFO] [stdout]   40:     0x5fe9868e01a2 - <std[617be2ca0a6fd877]::thread::lifecycle::spawn_unchecked<test[aada8e7e76ba119b]::run_test::{closure#1}, ()>::{closure#1} as core[a373ad73a504971]::ops::function::FnOnce<()>>::call_once::{shim:vtable#0}
[INFO] [stdout]                                at /rustc/e3feeb59cd1bdd011a2bfcc0747b55125d9b8527/library/core/src/ops/function.rs:250:5
[INFO] [stdout]   41:     0x5fe986c3a66f - <alloc[2e1b2a31b91974c5]::boxed::Box<dyn core[a373ad73a504971]::ops::function::FnOnce<(), Output = ()> + core[a373ad73a504971]::marker::Send> as core[a373ad73a504971]::ops::function::FnOnce<()>>::call_once
[INFO] [stdout]                                at /rustc/e3feeb59cd1bdd011a2bfcc0747b55125d9b8527/library/alloc/src/boxed.rs:2314:9
[INFO] [stdout]   42:     0x5fe986c3a66f - <std[617be2ca0a6fd877]::sys::thread::unix::Thread>::new::thread_start
[INFO] [stdout]                                at /rustc/e3feeb59cd1bdd011a2bfcc0747b55125d9b8527/library/std/src/sys/thread/unix.rs:127:17
[INFO] [stdout]   43:     0x7e6c46e4fdfa - <unknown>
[INFO] [stdout]   44:     0x7e6c46ee33d4 - clone
[INFO] [stdout]   45:                0x0 - <unknown>
[INFO] [stdout] 
[INFO] [stdout] 
[INFO] [stdout] failures:
[INFO] [stdout]     every_verbatim_span_locates_back_to_the_text_it_came_from
[INFO] [stdout]     generated_rust_and_source_maps_match_the_snapshots
[INFO] [stdout] 
[INFO] [stdout] test result: FAILED. 0 passed; 2 failed; 0 ignored; 0 measured; 0 filtered out; finished in 0.09s
[INFO] [stdout] 
[INFO] [stderr] error: test failed, to rerun pass `--test golden`
[INFO] running `Command { std: "docker" "inspect" "fc0fbe432fe6eeca8e745623b9b2324d501d2276b0514e3b55d2ce0197084f4e", kill_on_drop: false }`
[INFO] running `Command { std: "docker" "rm" "-f" "fc0fbe432fe6eeca8e745623b9b2324d501d2276b0514e3b55d2ce0197084f4e", kill_on_drop: false }`
[INFO] [stdout] fc0fbe432fe6eeca8e745623b9b2324d501d2276b0514e3b55d2ce0197084f4e
