[INFO] fetching crate telar-project 0.2.1...
[INFO] testing telar-project-0.2.1 against 1.100.0-beta.1 for beta-1.100-2
[INFO] extracting crate telar-project 0.2.1 into /workspace/builds/worker-6-tc2/source
[INFO] started tweaking crates.io crate telar-project 0.2.1
[INFO] finished tweaking crates.io crate telar-project 0.2.1
[INFO] tweaked toml for crates.io crate telar-project 0.2.1 written to /workspace/builds/worker-6-tc2/source/Cargo.toml
[INFO] validating manifest of crates.io crate telar-project 0.2.1 on toolchain 1.100.0-beta.1
[INFO] running `Command { std: CARGO_HOME="/workspace/cargo-home" RUSTUP_HOME="/workspace/rustup-home" "/workspace/cargo-home/bin/cargo" "+1.100.0-beta.1" "metadata" "--manifest-path" "Cargo.toml" "--no-deps", kill_on_drop: false }`
[INFO] crate crates.io crate telar-project 0.2.1 already has a lockfile, it will not be regenerated
[INFO] running `Command { std: CARGO_HOME="/workspace/cargo-home" RUSTUP_HOME="/workspace/rustup-home" "/workspace/cargo-home/bin/cargo" "+1.100.0-beta.1" "fetch" "--manifest-path" "Cargo.toml", kill_on_drop: false }`
[INFO] running `Command { std: "docker" "create" "-v" "/var/lib/crater-agent-workspace/builds/worker-6-tc2/source:/opt/rustwide/workdir:ro,Z" "-v" "/var/lib/crater-agent-workspace/builds/worker-6-tc2/target:/opt/rustwide/target:rw,Z" "-v" "/var/lib/crater-agent-workspace/cargo-home:/opt/rustwide/cargo-home:ro,Z" "-v" "/var/lib/crater-agent-workspace/rustup-home:/opt/rustwide/rustup-home:ro,Z" "-m" "1610612736" "--network" "none" "ghcr.io/rust-lang/crates-build-env/linux@sha256:3111399a4047eeb3a02b7a90e478d715f38a8c6669b5c4b49d30a17385265909" "sleep" "infinity", kill_on_drop: false }`
[INFO] [stdout] e1bd500809c51c229c4cf8f93306f0a283bc219c4e741202c5022b3267adc9ea
[INFO] running `Command { std: "docker" "start" "e1bd500809c51c229c4cf8f93306f0a283bc219c4e741202c5022b3267adc9ea", kill_on_drop: false }`
[INFO] running `Command { std: "docker" "inspect" "e1bd500809c51c229c4cf8f93306f0a283bc219c4e741202c5022b3267adc9ea", kill_on_drop: false }`
[INFO] running `Command { std: "docker" "exec" "-e" "SOURCE_DIR=/opt/rustwide/workdir" "-e" "CARGO_HOME=/opt/rustwide/cargo-home" "-e" "RUSTUP_HOME=/opt/rustwide/rustup-home" "-e" "CARGO_TARGET_DIR=/opt/rustwide/target" "-w" "/opt/rustwide/workdir" "--user" "0:0" "e1bd500809c51c229c4cf8f93306f0a283bc219c4e741202c5022b3267adc9ea" "/opt/rustwide/cargo-home/bin/cargo" "+1.100.0-beta.1" "metadata" "--no-deps" "--format-version=1", kill_on_drop: false }`
[INFO] running `Command { std: "docker" "inspect" "e1bd500809c51c229c4cf8f93306f0a283bc219c4e741202c5022b3267adc9ea", kill_on_drop: false }`
[INFO] running `Command { std: "docker" "exec" "-e" "SOURCE_DIR=/opt/rustwide/workdir" "-e" "CARGO_HOME=/opt/rustwide/cargo-home" "-e" "RUSTUP_HOME=/opt/rustwide/rustup-home" "-e" "CARGO_TARGET_DIR=/opt/rustwide/target" "-e" "CARGO_INCREMENTAL=0" "-e" "RUST_BACKTRACE=full" "-e" "RUSTFLAGS=--cap-lints=warn" "-e" "RUSTDOCFLAGS=--cap-lints=warn" "-w" "/opt/rustwide/workdir" "--user" "0:0" "e1bd500809c51c229c4cf8f93306f0a283bc219c4e741202c5022b3267adc9ea" "/opt/rustwide/cargo-home/bin/cargo" "+1.100.0-beta.1" "build" "--frozen" "--message-format=json", kill_on_drop: false }`
[INFO] [stderr]    Compiling serde_core v1.0.229
[INFO] [stderr]    Compiling proc-macro2 v1.0.107
[INFO] [stderr]    Compiling quote v1.0.47
[INFO] [stderr]    Compiling syn v3.0.5
[INFO] [stderr]    Compiling toml_datetime v1.1.1+spec-1.1.0
[INFO] [stderr]    Compiling serde_spanned v1.1.1
[INFO] [stderr]    Compiling serde_json v1.0.151
[INFO] [stderr]    Compiling toml v1.1.5+spec-1.1.0
[INFO] [stderr]    Compiling serde_derive v1.0.229
[INFO] [stderr]    Compiling serde v1.0.229
[INFO] [stderr]    Compiling telar-project v0.2.1 (/opt/rustwide/workdir)
[INFO] [stderr]     Finished `dev` profile [unoptimized + debuginfo] target(s) in 13.27s
[INFO] running `Command { std: "docker" "inspect" "e1bd500809c51c229c4cf8f93306f0a283bc219c4e741202c5022b3267adc9ea", kill_on_drop: false }`
[INFO] running `Command { std: "docker" "exec" "-e" "SOURCE_DIR=/opt/rustwide/workdir" "-e" "CARGO_HOME=/opt/rustwide/cargo-home" "-e" "RUSTUP_HOME=/opt/rustwide/rustup-home" "-e" "CARGO_TARGET_DIR=/opt/rustwide/target" "-e" "CARGO_INCREMENTAL=0" "-e" "RUST_BACKTRACE=full" "-e" "RUSTFLAGS=--cap-lints=warn" "-e" "RUSTDOCFLAGS=--cap-lints=warn" "-w" "/opt/rustwide/workdir" "--user" "0:0" "e1bd500809c51c229c4cf8f93306f0a283bc219c4e741202c5022b3267adc9ea" "/opt/rustwide/cargo-home/bin/cargo" "+1.100.0-beta.1" "test" "--frozen" "--no-run" "--message-format=json", kill_on_drop: false }`
[INFO] [stderr]    Compiling telar-project v0.2.1 (/opt/rustwide/workdir)
[INFO] [stderr]     Finished `test` profile [unoptimized + debuginfo] target(s) in 5.05s
[INFO] running `Command { std: "docker" "inspect" "e1bd500809c51c229c4cf8f93306f0a283bc219c4e741202c5022b3267adc9ea", kill_on_drop: false }`
[INFO] running `Command { std: "docker" "exec" "-e" "SOURCE_DIR=/opt/rustwide/workdir" "-e" "CARGO_HOME=/opt/rustwide/cargo-home" "-e" "RUSTUP_HOME=/opt/rustwide/rustup-home" "-e" "CARGO_TARGET_DIR=/opt/rustwide/target" "-e" "CARGO_INCREMENTAL=0" "-e" "RUST_BACKTRACE=full" "-e" "RUSTFLAGS=--cap-lints=warn" "-e" "RUSTDOCFLAGS=--cap-lints=warn" "-w" "/opt/rustwide/workdir" "--user" "0:0" "e1bd500809c51c229c4cf8f93306f0a283bc219c4e741202c5022b3267adc9ea" "/opt/rustwide/cargo-home/bin/cargo" "+1.100.0-beta.1" "test" "--frozen", kill_on_drop: false }`
[INFO] [stderr]     Finished `test` profile [unoptimized + debuginfo] target(s) in 0.03s
[INFO] [stderr]      Running unittests src/lib.rs (/opt/rustwide/target/debug/build/telar-project/caba9234fb7e8152/out/telar_project-caba9234fb7e8152)
[INFO] [stdout] 
[INFO] [stdout] running 60 tests
[INFO] [stdout] test assets::artifact::tests::adding_an_asset_does_not_rename_the_others ... ok
[INFO] [stdout] test assets::artifact::tests::from_json_reports_a_malformed_index ... ok
[INFO] [stdout] test assets::artifact::tests::check_artifact_of_a_never_baked_package_is_not_baked ... ok
[INFO] [stdout] test assets::artifact::tests::content_hash_reflects_bytes_not_path ... ok
[INFO] [stdout] test assets::artifact::tests::read_index_of_a_never_baked_package_is_none ... ok
[INFO] [stdout] test assets::artifact::tests::check_artifact_reports_a_format_mismatch_without_regard_to_version ... ok
[INFO] [stdout] test assets::artifact::tests::check_artifact_of_a_matching_index_is_up_to_date ... ok
[INFO] [stdout] test assets::artifact::tests::check_artifact_reports_a_telar_version_mismatch ... ok
[INFO] [stdout] test assets::artifact::tests::generates_one_static_per_asset_with_the_right_wrapper_type ... ok
[INFO] [stdout] test assets::artifact::tests::unknown_kinds_are_rejected ... ok
[INFO] [stdout] test assets::artifact::tests::index_round_trips_through_json ... ok
[INFO] [stdout] test assets::artifact::tests::static_name_is_stable_across_slash_styles ... ok
[INFO] [stdout] test assets::artifact::tests::duplicate_paths_are_rejected ... ok
[INFO] [stdout] test assets::artifact::tests::write_generated_skips_disk_io_when_content_is_unchanged ... ok
[INFO] [stdout] test assets::artifact::tests::check_artifact_surfaces_a_corrupt_index_as_an_error_not_a_variant ... ok
[INFO] [stdout] test assets::artifact::tests::static_names_are_independent_of_entry_order ... ok
[INFO] [stdout] test assets::artifact::tests::the_generated_module_imports_telar_wholesale ... ok
[INFO] [stdout] test build::tests::every_flavour_writes_a_directory_the_list_names ... ok
[INFO] [stdout] test build::tests::a_flavour_reports_the_pair_it_was_built_from ... ok
[INFO] [stdout] test assets::artifact::tests::write_then_read_round_trips ... ok
[INFO] [stdout] test catalog::tests::a_known_key_answers_with_its_arguments ... ok
[INFO] [stdout] test catalog::tests::a_locale_edited_since_the_bake_is_reported_once_for_the_project ... ok
[INFO] [stdout] test catalog::tests::an_artifact_baked_for_another_telar_names_both_commands ... ok
[INFO] [stdout] test catalog::tests::an_empty_catalog_is_not_a_missing_one ... ok
[INFO] [stdout] test discovery::tests::a_hand_written_file_is_not_generated_output ... ok
[INFO] [stdout] test discovery::tests::a_comment_naming_the_macro_is_not_an_invocation ... ok
[INFO] [stdout] test discovery::tests::a_source_survives_the_round_trip_through_every_flavour ... ok
[INFO] [stdout] test discovery::tests::a_module_that_must_place_its_own_rsx_is_told_to ... ok
[INFO] [stdout] test discovery::tests::a_nested_invocation_places_its_own_directory ... ok
[INFO] [stdout] test discovery::tests::assets_root_default_and_configured ... ok
[INFO] [stdout] test discovery::tests::a_tree_search_crosses_crates_and_skips_what_a_build_wrote ... ok
[INFO] [stdout] test discovery::tests::a_mod_rs_beside_a_mod_rsx_is_included_unless_it_opens_with_an_inner_attribute ... ok
[INFO] [stdout] test discovery::tests::an_invocation_that_cannot_place_is_named ... ok
[INFO] [stdout] test manifest::tests::a_misspelled_key_is_an_error_that_names_it ... ok
[INFO] [stdout] test discovery::tests::a_name_the_site_declares_itself_is_left_alone ... ok
[INFO] [stdout] test discovery::tests::the_crate_roots_bin_directory_is_left_to_cargo ... ok
[INFO] [stdout] test discovery::tests::no_site_declares_the_file_that_includes_it ... ok
[INFO] [stdout] test manifest::tests::a_package_with_no_manifest_gets_the_defaults ... ok
[INFO] [stdout] test manifest::tests::an_unknown_backend_is_refused_rather_than_defaulted ... ok
[INFO] [stdout] test manifest::tests::an_empty_locales_root_disables_it ... ok
[INFO] [stdout] test naming::tests::pascal_hyphen_separator ... ok
[INFO] [stdout] test manifest::tests::every_key_the_schema_names_round_trips ... ok
[INFO] [stdout] test manifest::tests::the_older_i18n_spellings_still_answer ... ok
[INFO] [stdout] test naming::tests::pascal_basic_already_pascal ... ok
[INFO] [stdout] test naming::tests::pascal_leading_digit_prefixed ... ok
[INFO] [stdout] test manifest::tests::a_package_inherits_the_workspace_manifest_key_by_key ... ok
[INFO] [stdout] test naming::tests::pascal_dot_separator ... ok
[INFO] [stdout] test naming::tests::pascal_strips_non_alphanumeric_non_sep ... ok
[INFO] [stdout] test naming::tests::pascal_single_word ... ok
[INFO] [stdout] test naming::tests::pascal_snake_input ... ok
[INFO] [stdout] test discovery::tests::a_mod_rsx_owns_its_directory ... ok
[INFO] [stdout] test naming::tests::snake_basic_already_snake ... ok
[INFO] [stdout] test naming::tests::snake_consecutive_separators_collapsed ... ok
[INFO] [stdout] test naming::tests::snake_dot_separator ... ok
[INFO] [stdout] test naming::tests::snake_hyphen_separator ... ok
[INFO] [stdout] test naming::tests::snake_space_separator ... ok
[INFO] [stdout] test naming::tests::snake_leading_digit_prefixed ... ok
[INFO] [stdout] test naming::tests::snake_strips_unknown_chars ... ok
[INFO] [stdout] test discovery::tests::discover_rust_modules_mirrors_tree ... ok
[INFO] [stdout] test paths::tests::every_internal_dependency_asks_for_the_version_this_workspace_publishes ... FAILED
[INFO] [stdout] 
[INFO] [stdout] failures:
[INFO] [stdout] 
[INFO] [stdout] ---- paths::tests::every_internal_dependency_asks_for_the_version_this_workspace_publishes stdout ----
[INFO] [stdout] 
[INFO] [stdout] thread 'paths::tests::every_internal_dependency_asks_for_the_version_this_workspace_publishes' (464) panicked at src/paths_test.rs:11:10:
[INFO] [stdout] these crates are workspace members and the root holds the version they share
[INFO] [stdout] stack backtrace:
[INFO] [stdout]    0:     0x5966996662a1 - std[617be2ca0a6fd877]::backtrace_rs::backtrace::libunwind::trace
[INFO] [stdout]                                at /rustc/e3feeb59cd1bdd011a2bfcc0747b55125d9b8527/library/std/src/../../backtrace/src/backtrace/libunwind.rs:117:9
[INFO] [stdout]    1:     0x5966996662a1 - std[617be2ca0a6fd877]::backtrace_rs::backtrace::trace_unsynchronized::<std[617be2ca0a6fd877]::sys::backtrace::_print_fmt::{closure#1}>
[INFO] [stdout]                                at /rustc/e3feeb59cd1bdd011a2bfcc0747b55125d9b8527/library/std/src/../../backtrace/src/backtrace/mod.rs:66:14
[INFO] [stdout]    2:     0x5966996662a1 - std[617be2ca0a6fd877]::sys::backtrace::_print_fmt
[INFO] [stdout]                                at /rustc/e3feeb59cd1bdd011a2bfcc0747b55125d9b8527/library/std/src/sys/backtrace.rs:74:9
[INFO] [stdout]    3:     0x5966996662a1 - <<std[617be2ca0a6fd877]::sys::backtrace::BacktraceLock>::print::DisplayBacktrace as core[a373ad73a504971]::fmt::Display>::fmt
[INFO] [stdout]                                at /rustc/e3feeb59cd1bdd011a2bfcc0747b55125d9b8527/library/std/src/sys/backtrace.rs:44:26
[INFO] [stdout]    4:     0x59669967bd6a - <core[a373ad73a504971]::fmt::rt::Argument>::fmt
[INFO] [stdout]                                at /rustc/e3feeb59cd1bdd011a2bfcc0747b55125d9b8527/library/core/src/fmt/rt.rs:152:76
[INFO] [stdout]    5:     0x59669967bd6a - core[a373ad73a504971]::fmt::write
[INFO] [stdout]    6:     0x59669966a7ac - core[a373ad73a504971]::io::write::default_write_fmt::<alloc[2e1b2a31b91974c5]::vec::Vec<u8>>
[INFO] [stdout]                                at /rustc/e3feeb59cd1bdd011a2bfcc0747b55125d9b8527/library/core/src/io/write.rs:402:11
[INFO] [stdout]    7:     0x59669966a7ac - <alloc[2e1b2a31b91974c5]::vec::Vec<u8> as core[a373ad73a504971]::io::write::Write>::write_fmt
[INFO] [stdout]                                at /rustc/e3feeb59cd1bdd011a2bfcc0747b55125d9b8527/library/core/src/io/write.rs:335:13
[INFO] [stdout]    8:     0x59669963f7a6 - <std[617be2ca0a6fd877]::sys::backtrace::BacktraceLock>::print
[INFO] [stdout]                                at /rustc/e3feeb59cd1bdd011a2bfcc0747b55125d9b8527/library/std/src/sys/backtrace.rs:47:9
[INFO] [stdout]    9:     0x59669963f7a6 - std[617be2ca0a6fd877]::panicking::default_hook::{closure#0}
[INFO] [stdout]                                at /rustc/e3feeb59cd1bdd011a2bfcc0747b55125d9b8527/library/std/src/panicking.rs:289:27
[INFO] [stdout]   10:     0x59669965d479 - std[617be2ca0a6fd877]::panicking::default_hook
[INFO] [stdout]                                at /rustc/e3feeb59cd1bdd011a2bfcc0747b55125d9b8527/library/std/src/panicking.rs:313:9
[INFO] [stdout]   11:     0x5966995f16e0 - <alloc[2e1b2a31b91974c5]::boxed::Box<dyn for<'a, 'b> core[a373ad73a504971]::ops::function::Fn<(&'a std[617be2ca0a6fd877]::panic::PanicHookInfo<'b>,), Output = ()> + core[a373ad73a504971]::marker::Sync + core[a373ad73a504971]::marker::Send> as core[a373ad73a504971]::ops::function::Fn<(&std[617be2ca0a6fd877]::panic::PanicHookInfo,)>>::call
[INFO] [stdout]                                at /rustc/e3feeb59cd1bdd011a2bfcc0747b55125d9b8527/library/alloc/src/boxed.rs:2328:9
[INFO] [stdout]   12:     0x5966995f16e0 - test[aada8e7e76ba119b]::test_main_inner::{closure#0}
[INFO] [stdout]                                at /rustc/e3feeb59cd1bdd011a2bfcc0747b55125d9b8527/library/test/src/lib.rs:137:21
[INFO] [stdout]   13:     0x59669965d632 - <alloc[2e1b2a31b91974c5]::boxed::Box<dyn for<'a, 'b> core[a373ad73a504971]::ops::function::Fn<(&'a std[617be2ca0a6fd877]::panic::PanicHookInfo<'b>,), Output = ()> + core[a373ad73a504971]::marker::Sync + core[a373ad73a504971]::marker::Send> as core[a373ad73a504971]::ops::function::Fn<(&std[617be2ca0a6fd877]::panic::PanicHookInfo,)>>::call
[INFO] [stdout]                                at /rustc/e3feeb59cd1bdd011a2bfcc0747b55125d9b8527/library/alloc/src/boxed.rs:2328:9
[INFO] [stdout]   14:     0x59669965d632 - std[617be2ca0a6fd877]::panicking::panic_with_hook
[INFO] [stdout]                                at /rustc/e3feeb59cd1bdd011a2bfcc0747b55125d9b8527/library/std/src/panicking.rs:819:13
[INFO] [stdout]   15:     0x59669963f852 - std[617be2ca0a6fd877]::panicking::panic_handler::{closure#0}
[INFO] [stdout]                                at /rustc/e3feeb59cd1bdd011a2bfcc0747b55125d9b8527/library/std/src/panicking.rs:685:13
[INFO] [stdout]   16:     0x5966996381b9 - std[617be2ca0a6fd877]::sys::backtrace::__rust_end_short_backtrace::<std[617be2ca0a6fd877]::panicking::panic_handler::{closure#0}, !>
[INFO] [stdout]                                at /rustc/e3feeb59cd1bdd011a2bfcc0747b55125d9b8527/library/std/src/sys/backtrace.rs:182:18
[INFO] [stdout]   17:     0x59669964060d - __rustc[ea4f61d10b84890b]::rust_begin_unwind
[INFO] [stdout]                                at /rustc/e3feeb59cd1bdd011a2bfcc0747b55125d9b8527/library/std/src/panicking.rs:676:5
[INFO] [stdout]   18:     0x59669967c55c - core[a373ad73a504971]::panicking::panic_fmt
[INFO] [stdout]                                at /rustc/e3feeb59cd1bdd011a2bfcc0747b55125d9b8527/library/core/src/panicking.rs:80:14
[INFO] [stdout]   19:     0x59669967c234 - core[a373ad73a504971]::panicking::panic_display::<&str>
[INFO] [stdout]                                at /rustc/e3feeb59cd1bdd011a2bfcc0747b55125d9b8527/library/core/src/panicking.rs:259:5
[INFO] [stdout]   20:     0x59669967c234 - core[a373ad73a504971]::option::expect_failed
[INFO] [stdout]                                at /rustc/e3feeb59cd1bdd011a2bfcc0747b55125d9b8527/library/core/src/option.rs:2262:5
[INFO] [stdout]   21:     0x59669953beb2 - <core[a373ad73a504971]::option::Option<std[617be2ca0a6fd877]::path::PathBuf>>::expect
[INFO] [stdout]                                at /rustc/e3feeb59cd1bdd011a2bfcc0747b55125d9b8527/library/core/src/option.rs:971:21
[INFO] [stdout]   22:     0x59669950d460 - telar_project[c35046277cf60466]::paths::tests::every_internal_dependency_asks_for_the_version_this_workspace_publishes
[INFO] [stdout]                                at /opt/rustwide/workdir/src/paths_test.rs:11:10
[INFO] [stdout]   23:     0x59669950c777 - telar_project[c35046277cf60466]::paths::tests::every_internal_dependency_asks_for_the_version_this_workspace_publishes::{closure#0}
[INFO] [stdout]                                at /opt/rustwide/workdir/src/paths_test.rs:9:77
[INFO] [stdout]   24:     0x5966994fd176 - <telar_project[c35046277cf60466]::paths::tests::every_internal_dependency_asks_for_the_version_this_workspace_publishes::{closure#0} as core[a373ad73a504971]::ops::function::FnOnce<()>>::call_once
[INFO] [stdout]                                at /rustc/e3feeb59cd1bdd011a2bfcc0747b55125d9b8527/library/core/src/ops/function.rs:250:5
[INFO] [stdout]   25:     0x5966995e4b2b - <fn() -> core[a373ad73a504971]::result::Result<(), alloc[2e1b2a31b91974c5]::string::String> as core[a373ad73a504971]::ops::function::FnOnce<()>>::call_once
[INFO] [stdout]                                at /rustc/e3feeb59cd1bdd011a2bfcc0747b55125d9b8527/library/core/src/ops/function.rs:250:5
[INFO] [stdout]   26:     0x5966995e4b2b - test[aada8e7e76ba119b]::__rust_begin_short_backtrace::<core[a373ad73a504971]::result::Result<(), alloc[2e1b2a31b91974c5]::string::String>, fn() -> core[a373ad73a504971]::result::Result<(), alloc[2e1b2a31b91974c5]::string::String>>
[INFO] [stdout]                                at /rustc/e3feeb59cd1bdd011a2bfcc0747b55125d9b8527/library/test/src/lib.rs:701:18
[INFO] [stdout]   27:     0x5966995f1d05 - test[aada8e7e76ba119b]::run_test_in_process::{closure#0}
[INFO] [stdout]                                at /rustc/e3feeb59cd1bdd011a2bfcc0747b55125d9b8527/library/test/src/lib.rs:724:74
[INFO] [stdout]   28:     0x5966995f1d05 - <core[a373ad73a504971]::panic::unwind_safe::AssertUnwindSafe<test[aada8e7e76ba119b]::run_test_in_process::{closure#0}> as core[a373ad73a504971]::ops::function::FnOnce<()>>::call_once
[INFO] [stdout]                                at /rustc/e3feeb59cd1bdd011a2bfcc0747b55125d9b8527/library/core/src/panic/unwind_safe.rs:275:9
[INFO] [stdout]   29:     0x5966995f1d05 - std[617be2ca0a6fd877]::panicking::catch_unwind::do_call::<core[a373ad73a504971]::panic::unwind_safe::AssertUnwindSafe<test[aada8e7e76ba119b]::run_test_in_process::{closure#0}>, core[a373ad73a504971]::result::Result<(), alloc[2e1b2a31b91974c5]::string::String>>
[INFO] [stdout]                                at /rustc/e3feeb59cd1bdd011a2bfcc0747b55125d9b8527/library/std/src/panicking.rs:573:43
[INFO] [stdout]   30:     0x5966995f1d05 - std[617be2ca0a6fd877]::panicking::catch_unwind::<core[a373ad73a504971]::result::Result<(), alloc[2e1b2a31b91974c5]::string::String>, core[a373ad73a504971]::panic::unwind_safe::AssertUnwindSafe<test[aada8e7e76ba119b]::run_test_in_process::{closure#0}>>
[INFO] [stdout]                                at /rustc/e3feeb59cd1bdd011a2bfcc0747b55125d9b8527/library/std/src/panicking.rs:541:19
[INFO] [stdout]   31:     0x5966995f1d05 - std[617be2ca0a6fd877]::panic::catch_unwind::<core[a373ad73a504971]::panic::unwind_safe::AssertUnwindSafe<test[aada8e7e76ba119b]::run_test_in_process::{closure#0}>, core[a373ad73a504971]::result::Result<(), alloc[2e1b2a31b91974c5]::string::String>>
[INFO] [stdout]                                at /rustc/e3feeb59cd1bdd011a2bfcc0747b55125d9b8527/library/std/src/panic.rs:359:14
[INFO] [stdout]   32:     0x5966995f1d05 - test[aada8e7e76ba119b]::run_test_in_process
[INFO] [stdout]                                at /rustc/e3feeb59cd1bdd011a2bfcc0747b55125d9b8527/library/test/src/lib.rs:724:27
[INFO] [stdout]   33:     0x5966995f1d05 - test[aada8e7e76ba119b]::run_test::{closure#0}
[INFO] [stdout]                                at /rustc/e3feeb59cd1bdd011a2bfcc0747b55125d9b8527/library/test/src/lib.rs:645:43
[INFO] [stdout]   34:     0x5966995eb5f4 - test[aada8e7e76ba119b]::run_test::{closure#1}
[INFO] [stdout]                                at /rustc/e3feeb59cd1bdd011a2bfcc0747b55125d9b8527/library/test/src/lib.rs:675:41
[INFO] [stdout]   35:     0x5966995eb5f4 - std[617be2ca0a6fd877]::sys::backtrace::__rust_begin_short_backtrace::<test[aada8e7e76ba119b]::run_test::{closure#1}, ()>
[INFO] [stdout]                                at /rustc/e3feeb59cd1bdd011a2bfcc0747b55125d9b8527/library/std/src/sys/backtrace.rs:166:18
[INFO] [stdout]   36:     0x5966995f4d92 - std[617be2ca0a6fd877]::thread::lifecycle::spawn_unchecked::<test[aada8e7e76ba119b]::run_test::{closure#1}, ()>::{closure#1}::{closure#0}
[INFO] [stdout]                                at /rustc/e3feeb59cd1bdd011a2bfcc0747b55125d9b8527/library/std/src/thread/lifecycle.rs:70:13
[INFO] [stdout]   37:     0x5966995f4d92 - <core[a373ad73a504971]::panic::unwind_safe::AssertUnwindSafe<std[617be2ca0a6fd877]::thread::lifecycle::spawn_unchecked<test[aada8e7e76ba119b]::run_test::{closure#1}, ()>::{closure#1}::{closure#0}> as core[a373ad73a504971]::ops::function::FnOnce<()>>::call_once
[INFO] [stdout]                                at /rustc/e3feeb59cd1bdd011a2bfcc0747b55125d9b8527/library/core/src/panic/unwind_safe.rs:275:9
[INFO] [stdout]   38:     0x5966995f4d92 - std[617be2ca0a6fd877]::panicking::catch_unwind::do_call::<core[a373ad73a504971]::panic::unwind_safe::AssertUnwindSafe<std[617be2ca0a6fd877]::thread::lifecycle::spawn_unchecked<test[aada8e7e76ba119b]::run_test::{closure#1}, ()>::{closure#1}::{closure#0}>, ()>
[INFO] [stdout]                                at /rustc/e3feeb59cd1bdd011a2bfcc0747b55125d9b8527/library/std/src/panicking.rs:573:43
[INFO] [stdout]   39:     0x5966995f4d92 - std[617be2ca0a6fd877]::panicking::catch_unwind::<(), core[a373ad73a504971]::panic::unwind_safe::AssertUnwindSafe<std[617be2ca0a6fd877]::thread::lifecycle::spawn_unchecked<test[aada8e7e76ba119b]::run_test::{closure#1}, ()>::{closure#1}::{closure#0}>>
[INFO] [stdout]                                at /rustc/e3feeb59cd1bdd011a2bfcc0747b55125d9b8527/library/std/src/panicking.rs:541:19
[INFO] [stdout]   40:     0x5966995f4d92 - std[617be2ca0a6fd877]::panic::catch_unwind::<core[a373ad73a504971]::panic::unwind_safe::AssertUnwindSafe<std[617be2ca0a6fd877]::thread::lifecycle::spawn_unchecked<test[aada8e7e76ba119b]::run_test::{closure#1}, ()>::{closure#1}::{closure#0}>, ()>
[INFO] [stdout]                                at /rustc/e3feeb59cd1bdd011a2bfcc0747b55125d9b8527/library/std/src/panic.rs:359:14
[INFO] [stdout]   41:     0x5966995f4d92 - std[617be2ca0a6fd877]::thread::lifecycle::spawn_unchecked::<test[aada8e7e76ba119b]::run_test::{closure#1}, ()>::{closure#1}
[INFO] [stdout]                                at /rustc/e3feeb59cd1bdd011a2bfcc0747b55125d9b8527/library/std/src/thread/lifecycle.rs:68:26
[INFO] [stdout]   42:     0x5966995f4d92 - <std[617be2ca0a6fd877]::thread::lifecycle::spawn_unchecked<test[aada8e7e76ba119b]::run_test::{closure#1}, ()>::{closure#1} as core[a373ad73a504971]::ops::function::FnOnce<()>>::call_once::{shim:vtable#0}
[INFO] [stdout]                                at /rustc/e3feeb59cd1bdd011a2bfcc0747b55125d9b8527/library/core/src/ops/function.rs:250:5
[INFO] [stdout]   43:     0x5966996652af - <alloc[2e1b2a31b91974c5]::boxed::Box<dyn core[a373ad73a504971]::ops::function::FnOnce<(), Output = ()> + core[a373ad73a504971]::marker::Send> as core[a373ad73a504971]::ops::function::FnOnce<()>>::call_once
[INFO] [stdout]                                at /rustc/e3feeb59cd1bdd011a2bfcc0747b55125d9b8527/library/alloc/src/boxed.rs:2314:9
[INFO] [stdout]   44:     0x5966996652af - <std[617be2ca0a6fd877]::sys::thread::unix::Thread>::new::thread_start
[INFO] [stdout]                                at /rustc/e3feeb59cd1bdd011a2bfcc0747b55125d9b8527/library/std/src/sys/thread/unix.rs:127:17
[INFO] [stdout]   45:     0x74380dc02dfa - <unknown>
[INFO] [stdout]   46:     0x74380dc963d4 - clone
[INFO] [stdout]   47:                0x0 - <unknown>
[INFO] [stdout] 
[INFO] [stdout] 
[INFO] [stdout] failures:
[INFO] [stdout]     paths::tests::every_internal_dependency_asks_for_the_version_this_workspace_publishes
[INFO] [stdout] 
[INFO] [stdout] test result: FAILED. 59 passed; 1 failed; 0 ignored; 0 measured; 0 filtered out; finished in 0.10s
[INFO] [stdout] 
[INFO] [stderr] error: test failed, to rerun pass `--lib`
[INFO] running `Command { std: "docker" "inspect" "e1bd500809c51c229c4cf8f93306f0a283bc219c4e741202c5022b3267adc9ea", kill_on_drop: false }`
[INFO] running `Command { std: "docker" "rm" "-f" "e1bd500809c51c229c4cf8f93306f0a283bc219c4e741202c5022b3267adc9ea", kill_on_drop: false }`
[INFO] [stdout] e1bd500809c51c229c4cf8f93306f0a283bc219c4e741202c5022b3267adc9ea
