[INFO] fetching crate tdsql 0.4.1...
[INFO] testing tdsql-0.4.1 against 1.100.0-beta.1 for beta-1.100-2
[INFO] extracting crate tdsql 0.4.1 into /workspace/builds/worker-1-tc2/source
[INFO] started tweaking crates.io crate tdsql 0.4.1
[INFO] removed 0 missing examples
[INFO] removed 0 missing tests
[INFO] finished tweaking crates.io crate tdsql 0.4.1
[INFO] tweaked toml for crates.io crate tdsql 0.4.1 written to /workspace/builds/worker-1-tc2/source/Cargo.toml
[INFO] validating manifest of crates.io crate tdsql 0.4.1 on toolchain 1.100.0-beta.1
[INFO] running `Command { std: CARGO_HOME="/workspace/cargo-home" RUSTUP_HOME="/workspace/rustup-home" "/workspace/cargo-home/bin/cargo" "+1.100.0-beta.1" "metadata" "--manifest-path" "Cargo.toml" "--no-deps", kill_on_drop: false }`
[INFO] crate crates.io crate tdsql 0.4.1 already has a lockfile, it will not be regenerated
[INFO] running `Command { std: CARGO_HOME="/workspace/cargo-home" RUSTUP_HOME="/workspace/rustup-home" "/workspace/cargo-home/bin/cargo" "+1.100.0-beta.1" "fetch" "--manifest-path" "Cargo.toml", kill_on_drop: false }`
[INFO] running `Command { std: "docker" "create" "-v" "/var/lib/crater-agent-workspace/builds/worker-1-tc2/source:/opt/rustwide/workdir:ro,Z" "-v" "/var/lib/crater-agent-workspace/builds/worker-1-tc2/target:/opt/rustwide/target:rw,Z" "-v" "/var/lib/crater-agent-workspace/cargo-home:/opt/rustwide/cargo-home:ro,Z" "-v" "/var/lib/crater-agent-workspace/rustup-home:/opt/rustwide/rustup-home:ro,Z" "-m" "1610612736" "--network" "none" "ghcr.io/rust-lang/crates-build-env/linux@sha256:3111399a4047eeb3a02b7a90e478d715f38a8c6669b5c4b49d30a17385265909" "sleep" "infinity", kill_on_drop: false }`
[INFO] [stdout] 039464e97817f8bc2863eb0a785d6845d937a6f4deb98c1c8c9cb785b735b17f
[INFO] running `Command { std: "docker" "start" "039464e97817f8bc2863eb0a785d6845d937a6f4deb98c1c8c9cb785b735b17f", kill_on_drop: false }`
[INFO] running `Command { std: "docker" "inspect" "039464e97817f8bc2863eb0a785d6845d937a6f4deb98c1c8c9cb785b735b17f", kill_on_drop: false }`
[INFO] running `Command { std: "docker" "exec" "-e" "SOURCE_DIR=/opt/rustwide/workdir" "-e" "CARGO_HOME=/opt/rustwide/cargo-home" "-e" "RUSTUP_HOME=/opt/rustwide/rustup-home" "-e" "CARGO_TARGET_DIR=/opt/rustwide/target" "-w" "/opt/rustwide/workdir" "--user" "0:0" "039464e97817f8bc2863eb0a785d6845d937a6f4deb98c1c8c9cb785b735b17f" "/opt/rustwide/cargo-home/bin/cargo" "+1.100.0-beta.1" "metadata" "--no-deps" "--format-version=1", kill_on_drop: false }`
[INFO] running `Command { std: "docker" "inspect" "039464e97817f8bc2863eb0a785d6845d937a6f4deb98c1c8c9cb785b735b17f", kill_on_drop: false }`
[INFO] running `Command { std: "docker" "exec" "-e" "SOURCE_DIR=/opt/rustwide/workdir" "-e" "CARGO_HOME=/opt/rustwide/cargo-home" "-e" "RUSTUP_HOME=/opt/rustwide/rustup-home" "-e" "CARGO_TARGET_DIR=/opt/rustwide/target" "-e" "CARGO_INCREMENTAL=0" "-e" "RUST_BACKTRACE=full" "-e" "RUSTFLAGS=--cap-lints=warn" "-e" "RUSTDOCFLAGS=--cap-lints=warn" "-w" "/opt/rustwide/workdir" "--user" "0:0" "039464e97817f8bc2863eb0a785d6845d937a6f4deb98c1c8c9cb785b735b17f" "/opt/rustwide/cargo-home/bin/cargo" "+1.100.0-beta.1" "build" "--frozen" "--message-format=json", kill_on_drop: false }`
[INFO] [stderr]    Compiling find-msvc-tools v0.1.11
[INFO] [stderr]    Compiling litemap v0.8.3
[INFO] [stderr]    Compiling writeable v0.6.4
[INFO] [stderr]    Compiling pkg-config v0.3.34
[INFO] [stderr]    Compiling icu_properties_data v2.3.0
[INFO] [stderr]    Compiling futures-io v0.3.34
[INFO] [stderr]    Compiling smallvec v1.16.0
[INFO] [stderr]    Compiling futures-channel v0.3.34
[INFO] [stderr]    Compiling openssl v0.10.81
[INFO] [stderr]    Compiling syn v2.0.119
[INFO] [stderr]    Compiling syn v3.0.4
[INFO] [stderr]    Compiling bitflags v2.13.1
[INFO] [stderr]    Compiling serde v1.0.229
[INFO] [stderr]    Compiling native-tls v0.2.18
[INFO] [stderr]    Compiling percent-encoding v2.3.2
[INFO] [stderr]    Compiling rust_decimal v1.43.0
[INFO] [stderr]    Compiling arrayvec v0.7.8
[INFO] [stderr]    Compiling tokio v1.53.1
[INFO] [stderr]    Compiling form_urlencoded v1.2.2
[INFO] [stderr]    Compiling encoding_rs v0.8.35
[INFO] [stderr]    Compiling connection-string v0.2.0
[INFO] [stderr]    Compiling zeroize v1.9.0
[INFO] [stderr]    Compiling cc v1.4.4
[INFO] [stderr]    Compiling uuid v1.26.0
[INFO] [stderr]    Compiling openssl-sys v0.9.117
[INFO] [stderr]    Compiling tokio-util v0.7.19
[INFO] [stderr]    Compiling zerovec-derive v0.11.6
[INFO] [stderr]    Compiling displaydoc v0.2.7
[INFO] [stderr]    Compiling futures-macro v0.3.34
[INFO] [stderr]    Compiling thiserror-impl v2.0.20
[INFO] [stderr]    Compiling async-trait v0.1.92
[INFO] [stderr]    Compiling synstructure v0.13.2
[INFO] [stderr]    Compiling futures-util v0.3.34
[INFO] [stderr]    Compiling thiserror v2.0.20
[INFO] [stderr]    Compiling openssl-macros v0.1.1
[INFO] [stderr]    Compiling enumflags2_derive v0.7.12
[INFO] [stderr]    Compiling tracing-attributes v0.1.31
[INFO] [stderr]    Compiling tiberius-ng-macros v0.1.0
[INFO] [stderr]    Compiling zerofrom-derive v0.1.7
[INFO] [stderr]    Compiling yoke-derive v0.8.2
[INFO] [stderr]    Compiling enumflags2 v0.7.12
[INFO] [stderr]    Compiling tracing v0.1.44
[INFO] [stderr]    Compiling zerofrom v0.1.8
[INFO] [stderr]    Compiling yoke v0.8.3
[INFO] [stderr]    Compiling zerovec v0.11.8
[INFO] [stderr]    Compiling zerotrie v0.2.5
[INFO] [stderr]    Compiling tinystr v0.8.4
[INFO] [stderr]    Compiling potential_utf v0.1.6
[INFO] [stderr]    Compiling icu_collections v2.3.0
[INFO] [stderr]    Compiling icu_locale_core v2.3.0
[INFO] [stderr]    Compiling icu_provider v2.3.1
[INFO] [stderr]    Compiling icu_properties v2.3.0
[INFO] [stderr]    Compiling icu_normalizer v2.3.0
[INFO] [stderr]    Compiling asynchronous-codec v0.7.0
[INFO] [stderr]    Compiling futures-executor v0.3.34
[INFO] [stderr]    Compiling futures v0.3.34
[INFO] [stderr]    Compiling idna_adapter v1.2.2
[INFO] [stderr]    Compiling idna v1.1.0
[INFO] [stderr]    Compiling url v2.5.8
[INFO] [stderr]    Compiling async-native-tls v0.6.0
[INFO] [stderr]    Compiling tiberius-ng v0.13.1
[INFO] [stderr]    Compiling tdsql v0.4.1 (/opt/rustwide/workdir)
[INFO] [stderr]     Finished `dev` profile [unoptimized + debuginfo] target(s) in 33.31s
[INFO] running `Command { std: "docker" "inspect" "039464e97817f8bc2863eb0a785d6845d937a6f4deb98c1c8c9cb785b735b17f", kill_on_drop: false }`
[INFO] running `Command { std: "docker" "exec" "-e" "SOURCE_DIR=/opt/rustwide/workdir" "-e" "CARGO_HOME=/opt/rustwide/cargo-home" "-e" "RUSTUP_HOME=/opt/rustwide/rustup-home" "-e" "CARGO_TARGET_DIR=/opt/rustwide/target" "-e" "CARGO_INCREMENTAL=0" "-e" "RUST_BACKTRACE=full" "-e" "RUSTFLAGS=--cap-lints=warn" "-e" "RUSTDOCFLAGS=--cap-lints=warn" "-w" "/opt/rustwide/workdir" "--user" "0:0" "039464e97817f8bc2863eb0a785d6845d937a6f4deb98c1c8c9cb785b735b17f" "/opt/rustwide/cargo-home/bin/cargo" "+1.100.0-beta.1" "test" "--frozen" "--no-run" "--message-format=json", kill_on_drop: false }`
[INFO] [stderr]    Compiling tokio-macros v2.7.2
[INFO] [stderr]    Compiling tokio v1.53.1
[INFO] [stderr]    Compiling tokio-util v0.7.19
[INFO] [stderr]    Compiling tdsql v0.4.1 (/opt/rustwide/workdir)
[INFO] [stderr]     Finished `test` profile [unoptimized + debuginfo] target(s) in 16.70s
[INFO] running `Command { std: "docker" "inspect" "039464e97817f8bc2863eb0a785d6845d937a6f4deb98c1c8c9cb785b735b17f", kill_on_drop: false }`
[INFO] running `Command { std: "docker" "exec" "-e" "SOURCE_DIR=/opt/rustwide/workdir" "-e" "CARGO_HOME=/opt/rustwide/cargo-home" "-e" "RUSTUP_HOME=/opt/rustwide/rustup-home" "-e" "CARGO_TARGET_DIR=/opt/rustwide/target" "-e" "CARGO_INCREMENTAL=0" "-e" "RUST_BACKTRACE=full" "-e" "RUSTFLAGS=--cap-lints=warn" "-e" "RUSTDOCFLAGS=--cap-lints=warn" "-w" "/opt/rustwide/workdir" "--user" "0:0" "039464e97817f8bc2863eb0a785d6845d937a6f4deb98c1c8c9cb785b735b17f" "/opt/rustwide/cargo-home/bin/cargo" "+1.100.0-beta.1" "test" "--frozen", kill_on_drop: false }`
[INFO] [stderr]     Finished `test` profile [unoptimized + debuginfo] target(s) in 0.18s
[INFO] [stderr]      Running unittests src/lib.rs (/opt/rustwide/target/debug/build/tdsql/8deff89725e81f1b/out/tdsql-8deff89725e81f1b)
[INFO] [stdout] 
[INFO] [stdout] running 87 tests
[INFO] [stdout] test client::tests::null_binds_as_an_untyped_int ... ok
[INFO] [stdout] test client::tests::converts_positional_params_to_values ... ok
[INFO] [stdout] test client::tests::widens_f32_to_float ... ok
[INFO] [stdout] test client::tests::round_trips_a_value_through_binding ... ok
[INFO] [stdout] test command::tests::bare_name_strips_at ... ok
[INFO] [stdout] test command::tests::block_comments_nest ... ok
[INFO] [stdout] test command::tests::handles_doubled_quotes_inside_a_literal ... ok
[INFO] [stdout] test command::tests::leaves_block_comments_alone ... ok
[INFO] [stdout] test client::tests::maps_every_null_to_null ... ok
[INFO] [stdout] test client::tests::owned_binding_matches_borrowed_binding ... ok
[INFO] [stdout] test client::tests::maps_primitive_columns ... ok
[INFO] [stdout] test command::tests::leaves_quoted_and_bracketed_identifiers_alone ... ok
[INFO] [stdout] test command::tests::an_unterminated_literal_swallows_the_rest ... ok
[INFO] [stdout] test command::tests::handles_doubled_delimiters_inside_identifiers ... ok
[INFO] [stdout] test command::tests::at_name_adds_exactly_one_at ... ok
[INFO] [stdout] test command::tests::non_ascii_inside_a_literal_does_not_split ... ok
[INFO] [stdout] test command::tests::leaves_string_literals_alone ... ok
[INFO] [stdout] test command::tests::accepts_at_prefixed_names ... ok
[INFO] [stdout] test command::tests::binds_null_from_none ... ok
[INFO] [stdout] test command::tests::leaves_existing_ordinals_alone ... ok
[INFO] [stdout] test command::tests::leaves_comments_alone ... ok
[INFO] [stdout] test command::tests::params_binds_several_at_once ... ok
[INFO] [stdout] test command::tests::ordinal_placeholder_detection ... ok
[INFO] [stdout] test command::tests::preserves_non_ascii_with_no_params ... ok
[INFO] [stdout] test command::tests::preserves_non_ascii_sql ... ok
[INFO] [stdout] test command::tests::respects_the_left_identifier_boundary ... ok
[INFO] [stdout] test command::tests::rewrites_named_params_to_positional ... ok
[INFO] [stdout] test command::tests::rewrites_after_a_literal_containing_a_quote ... ok
[INFO] [stdout] test command::tests::treats_dollar_and_hash_as_identifier_characters ... ok
[INFO] [stdout] test config::tests::ado_string_debug_is_redacted ... ok
[INFO] [stdout] test command::tests::stored_procedure_keeps_named_params_for_rpc ... ok
[INFO] [stdout] test command::tests::respects_identifier_boundaries ... ok
[INFO] [stdout] test config::tests::builder_sets_fields ... ok
[INFO] [stdout] test config::tests::rejects_malformed_ado_string ... ok
[INFO] [stdout] test config::tests::debug_redacts_password ... ok
[INFO] [stdout] test dataset::tests::indexes_positionally ... ok
[INFO] [stdout] test config::tests::builds_tiberius_config_from_parts ... ok
[INFO] [stdout] test config::tests::defaults_to_localhost ... ok
[INFO] [stdout] test dataset::tests::empty_set_reports_empty ... ok
[INFO] [stdout] test dataset::tests::into_rows_takes_the_first_result_set ... ok
[INFO] [stdout] test dataset::tests::into_rows_on_an_empty_set_is_empty ... ok
[INFO] [stdout] test dataset::tests::looks_up_by_position_and_name ... ok
[INFO] [stdout] test dataset::tests::table_exposes_columns_and_rows ... ok
[INFO] [stdout] test error::tests::context_is_only_filled_in_once ... ok
[INFO] [stdout] test error::tests::connect_errors_carry_the_driver_detail ... ok
[INFO] [stdout] test error::tests::error_is_send_sync_static ... ok
[INFO] [stdout] test dataset::tests::result_sets_keep_server_order ... ok
[INFO] [stdout] test error::tests::multi_line_statements_collapse_onto_one_line ... ok
[INFO] [stdout] test error::tests::query_error_names_the_statement ... ok
[INFO] [stdout] test error::tests::long_statements_are_truncated_in_the_message ... ok
[INFO] [stdout] test error::tests::statement_kind_names_the_route ... ok
[INFO] [stdout] test error::tests::messages_carry_context ... ok
[INFO] [stdout] test error::tests::server_fields_are_absent_when_the_server_never_answered ... ok
[INFO] [stdout] test row::tests::column_exposes_its_type ... ok
[INFO] [stdout] test row::tests::duplicate_column_names_stay_addressable_by_index ... ok
[INFO] [stdout] test row::tests::gets_by_name_and_by_index ... ok
[INFO] [stdout] test row::tests::indexing_yields_raw_values ... ok
[INFO] [stdout] test row::tests::null_reads_as_none ... ok
[INFO] [stdout] test row::tests::value_returns_none_for_missing_columns ... ok
[INFO] [stdout] test transaction::tests::accepts_plain_identifiers ... ok
[INFO] [stdout] test row::tests::try_get_reports_a_bad_conversion ... ok
[INFO] [stdout] test transaction::tests::defaults_to_unspecified ... ok
[INFO] [stdout] test row::tests::try_get_reports_a_missing_column ... ok
[INFO] [stdout] test row::tests::try_get_reports_an_out_of_range_index ... ok
[INFO] [stdout] test transaction::tests::maps_isolation_levels ... ok
[INFO] [stdout] test row::tests::preserves_column_order ... ok
[INFO] [stdout] test transaction::tests::rejects_at_the_length_boundary ... ok
[INFO] [stdout] test value::tests::binding_a_zoned_timestamp_keeps_the_wall_clock_of_its_zone ... ok
[INFO] [stdout] test value::tests::binds_native_types ... ok
[INFO] [stdout] test value::tests::a_naive_datetime_is_not_silently_called_utc ... ok
[INFO] [stdout] test value::tests::compares_equal_across_zones ... ok
[INFO] [stdout] test value::tests::null_reads_as_none ... ok
[INFO] [stdout] test value::tests::binds_any_timezone_as_datetimeoffset ... ok
[INFO] [stdout] test value::tests::from_option_yields_null ... ok
[INFO] [stdout] test value::tests::comparisons_widen_across_integer_widths ... ok
[INFO] [stdout] test value::tests::mismatched_type_reports_both_sides ... ok
[INFO] [stdout] test value::tests::null_into_non_optional_is_an_error ... ok
[INFO] [stdout] test value::tests::reads_datetimeoffset_into_any_zone ... ok
[INFO] [stdout] test value::tests::maps_driver_column_types ... ok
[INFO] [stdout] test value::tests::binds_option_as_null ... ok
[INFO] [stdout] test value::tests::comparisons_reject_other_variants ... ok
[INFO] [stdout] test value::tests::null_is_the_default ... ok
[INFO] [stdout] test value::tests::integers_widen_but_never_narrow ... ok
[INFO] [stdout] test transaction::tests::rejects_injection_and_malformed_names ... ok
[INFO] [stdout] test value::tests::reads_each_primitive ... ok
[INFO] [stdout] test value::tests::type_names_are_stable ... ok
[INFO] [stdout] test row::tests::get_panics_on_a_missing_column - should panic ... ok
[INFO] [stdout] 
[INFO] [stdout] test result: ok. 87 passed; 0 failed; 0 ignored; 0 measured; 0 filtered out; finished in 0.09s
[INFO] [stdout] 
[INFO] [stderr]      Running tests/blocking_concurrency_test.rs (/opt/rustwide/target/debug/build/tdsql/5e4097da65dbe37b/out/blocking_concurrency_test-5e4097da65dbe37b)
[INFO] [stdout] 
[INFO] [stdout] running 0 tests
[INFO] [stdout] 
[INFO] [stdout] test result: ok. 0 passed; 0 failed; 0 ignored; 0 measured; 0 filtered out; finished in 0.00s
[INFO] [stdout] 
[INFO] [stderr]      Running tests/blocking_executor_test.rs (/opt/rustwide/target/debug/build/tdsql/ded9b6d44aae799a/out/blocking_executor_test-ded9b6d44aae799a)
[INFO] [stdout] 
[INFO] [stdout] running 0 tests
[INFO] [stdout] 
[INFO] [stdout] test result: ok. 0 passed; 0 failed; 0 ignored; 0 measured; 0 filtered out; finished in 0.00s
[INFO] [stdout] 
[INFO] [stderr]      Running tests/blocking_test.rs (/opt/rustwide/target/debug/build/tdsql/eee30f1888f23bc9/out/blocking_test-eee30f1888f23bc9)
[INFO] [stdout] 
[INFO] [stdout] running 0 tests
[INFO] [stdout] 
[INFO] [stdout] test result: ok. 0 passed; 0 failed; 0 ignored; 0 measured; 0 filtered out; finished in 0.00s
[INFO] [stdout] 
[INFO] [stderr]      Running tests/concurrency_test.rs (/opt/rustwide/target/debug/build/tdsql/d91654e49946281a/out/concurrency_test-d91654e49946281a)
[INFO] [stdout] 
[INFO] [stdout] running 8 tests
[INFO] [stderr]      Running tests/executor_test.rs (/opt/rustwide/target/debug/build/tdsql/959892f2cd6f0be4/out/executor_test-959892f2cd6f0be4)
[INFO] [stdout] test committed_insert_becomes_visible_to_another_client ... ignored
[INFO] [stdout] test deadlock_victim_is_reported_and_connections_survive ... ignored
[INFO] [stdout] test many_clients_commit_in_parallel ... ignored
[INFO] [stdout] test parallel_transactions_are_isolated_from_each_other ... ignored
[INFO] [stdout] test read_uncommitted_sees_another_clients_dirty_row ... ignored
[INFO] [stdout] test rollback_by_one_client_leaves_another_untouched ... ignored
[INFO] [stdout] test uncommitted_insert_is_not_visible_to_another_client ... ignored
[INFO] [stdout] test write_write_contention_blocks_until_commit ... ignored
[INFO] [stdout] 
[INFO] [stdout] test result: ok. 0 passed; 0 failed; 8 ignored; 0 measured; 0 filtered out; finished in 0.00s
[INFO] [stdout] 
[INFO] [stdout] 
[INFO] [stdout] running 4 tests
[INFO] [stdout] test a_helper_can_open_its_own_scope_either_way ... ignored
[INFO] [stdout] test generic_helpers_are_spawnable ... ignored
[INFO] [stdout] test generic_helpers_compose ... ignored
[INFO] [stdout] test one_helper_serves_both_a_client_and_a_transaction ... ignored
[INFO] [stdout] 
[INFO] [stdout] test result: ok. 0 passed; 0 failed; 4 ignored; 0 measured; 0 filtered out; finished in 0.00s
[INFO] [stdout] 
[INFO] [stderr]      Running tests/injection_test.rs (/opt/rustwide/target/debug/build/tdsql/69eee3a842cf59c0/out/injection_test-69eee3a842cf59c0)
[INFO] [stdout] 
[INFO] [stdout] running 5 tests
[INFO] [stdout] test a_tautology_payload_matches_nothing ... ignored
[INFO] [stdout] test named_command_parameters_are_data_not_sql ... ignored
[INFO] [stdout] test positional_parameters_are_data_not_sql ... ignored
[INFO] [stdout] test savepoint_names_reject_every_payload ... ignored
[INFO] [stdout] test stored_procedure_parameters_are_data_not_sql ... ignored
[INFO] [stdout] 
[INFO] [stdout] test result: ok. 0 passed; 0 failed; 5 ignored; 0 measured; 0 filtered out; finished in 0.00s
[INFO] [stdout] 
[INFO] [stderr]      Running tests/integration_test.rs (/opt/rustwide/target/debug/build/tdsql/0b7ce7787ada8ae4/out/integration_test-0b7ce7787ada8ae4)
[INFO] [stdout] 
[INFO] [stdout] running 19 tests
[INFO] [stdout] test all_types_query ... ignored
[INFO] [stdout] test basic_query ... ignored
[INFO] [stdout] test bit_query ... ignored
[INFO] [stdout] test connects_from_a_connection_string ... ignored
[INFO] [stdout] test duplicate_column_names_stay_addressable ... ignored
[INFO] [stdout] test execute_command_on_a_stored_procedure ... ignored
[INFO] [stdout] test execute_reports_rows_affected ... ignored
[INFO] [stdout] test missing_column_is_an_error_not_a_panic ... ignored
[INFO] [stdout] test multiple_result_sets_keep_their_order ... ignored
[INFO] [stdout] test named_params_in_a_text_batch ... ignored
[INFO] [stdout] test non_ascii_sql_survives_parameter_rewriting ... ignored
[INFO] [stdout] test null_round_trips ... ignored
[INFO] [stdout] test positional_params ... ignored
[INFO] [stdout] test query_one_rejects_zero_and_many_rows ... ignored
[INFO] [stdout] test query_opt_handles_zero_and_one_row ... ignored
[INFO] [stdout] test query_scalar_reads_the_first_column ... ignored
[INFO] [stdout] test scalar_from_a_stored_procedure ... ignored
[INFO] [stdout] test stored_procedure_with_named_params ... ignored
[INFO] [stdout] test stored_procedure_without_params ... ignored
[INFO] [stdout] 
[INFO] [stdout] test result: ok. 0 passed; 0 failed; 19 ignored; 0 measured; 0 filtered out; finished in 0.00s
[INFO] [stdout] 
[INFO] [stderr]      Running tests/transaction_test.rs (/opt/rustwide/target/debug/build/tdsql/b32fc14d22279f17/out/transaction_test-b32fc14d22279f17)
[INFO] [stderr]    Doc-tests tdsql
[INFO] [stdout] 
[INFO] [stdout] running 13 tests
[INFO] [stdout] test anonymous_nested_transaction ... ignored
[INFO] [stdout] test client_still_usable_after_a_dropped_transaction ... ignored
[INFO] [stdout] test commit_persists_the_work ... ignored
[INFO] [stdout] test drop_without_commit_rolls_back ... ignored
[INFO] [stdout] test error_path_rolls_back ... ignored
[INFO] [stdout] test explicit_rollback_discards_the_work ... ignored
[INFO] [stdout] test isolation_level_is_accepted ... ignored
[INFO] [stdout] test rejects_a_malicious_savepoint_name ... ignored
[INFO] [stdout] test savepoint_commit_keeps_its_work ... ignored
[INFO] [stdout] test savepoint_rollback_keeps_the_outer_transaction ... ignored
[INFO] [stdout] test statements_fail_after_close ... ignored
[INFO] [stdout] test transaction_can_be_passed_around ... ignored
[INFO] [stdout] test uncommitted_work_is_visible_inside_the_transaction ... ignored
[INFO] [stdout] 
[INFO] [stdout] test result: ok. 0 passed; 0 failed; 13 ignored; 0 measured; 0 filtered out; finished in 0.00s
[INFO] [stdout] 
[INFO] [stdout] 
[INFO] [stdout] running 31 tests
[INFO] [stdout] test src/lib.rs - (line 120) - compile ... ok
[INFO] [stdout] test src/executor.rs - executor (line 6) - compile ... ok
[INFO] [stdout] test src/client.rs - client::Client::batch (line 646) - compile ... ok
[INFO] [stdout] test src/lib.rs - (line 164) - compile ... ok
[INFO] [stdout] test src/lib.rs - (line 220) - compile ... ok
[INFO] [stdout] test src/lib.rs - (line 207) - compile ... ok
[INFO] [stdout] test src/client.rs - client::Client (line 500) - compile ... ok
[INFO] [stdout] test src/lib.rs - (line 303) - compile ... ok
[INFO] [stdout] test src/lib.rs - (line 357) - compile ... ok
[INFO] [stdout] test src/lib.rs - (line 338) - compile ... ok
[INFO] [stdout] test src/lib.rs - (line 378) - compile ... ok
[INFO] [stdout] test src/lib.rs - (line 241) - compile ... ok
[INFO] [stdout] test src/client.rs - client::Client::transaction (line 712) - compile ... ok
[INFO] [stdout] test src/lib.rs - (line 498) - compile ... ok
[INFO] [stdout] test src/row.rs - row::Row::get (line 135) - compile ... ok
[INFO] [stdout] test src/lib.rs - (line 147) - compile ... ok
[INFO] [stdout] test src/lib.rs - (line 274) - compile ... ok
[INFO] [stdout] test src/lib.rs - (line 86) - compile ... ok
[INFO] [stdout] test src/lib.rs - (line 439) - compile ... FAILED
[INFO] [stdout] test src/transaction.rs - transaction::Transaction (line 60) - compile ... ok
[INFO] [stdout] test src/config.rs - config::Config (line 39) ... ok
[INFO] [stdout] test src/command.rs - command::Command (line 57) ... ok
[INFO] [stdout] test src/lib.rs - (line 402) - compile ... ok
[INFO] [stdout] test src/lib.rs - (line 191) - compile ... ok
[INFO] [stdout] test src/transaction.rs - transaction::Transaction (line 76) - compile ... ok
[INFO] [stdout] test src/error.rs - error::Error::code (line 282) ... ok
[INFO] [stdout] test src/lib.rs - (line 9) - compile ... ok
[INFO] [stdout] test src/lib.rs - (line 50) - compile ... ok
[INFO] [stdout] test src/command.rs - command::Parameter::new (line 26) ... ok
[INFO] [stdout] test src/config.rs - config::Config (line 26) ... ok
[INFO] [stdout] test src/lib.rs - (line 178) ... ok
[INFO] [stdout] 
[INFO] [stdout] failures:
[INFO] [stdout] 
[INFO] [stdout] ---- src/lib.rs - (line 439) stdout ----
[INFO] [stdout] error[E0432]: unresolved import `tdsql::blocking`
[INFO] [stdout]    --> src/lib.rs:441:12
[INFO] [stdout]     |
[INFO] [stdout] 441 | use tdsql::blocking::Client;
[INFO] [stdout]     |            ^^^^^^^^ could not find `blocking` in `tdsql`
[INFO] [stdout]     |
[INFO] [stdout] note: found an item that was configured out
[INFO] [stdout]    --> src/lib.rs:7:9
[INFO] [stdout]     |
[INFO] [stdout]   5 | #[cfg(feature = "blocking")]
[INFO] [stdout]     |       -------------------- the item is gated behind the `blocking` feature
[INFO] [stdout]   6 | #[cfg_attr(docsrs, doc(cfg(feature = "blocking")))]
[INFO] [stdout]   7 | pub mod blocking;
[INFO] [stdout]     |         ^^^^^^^^
[INFO] [stdout] 
[INFO] [stdout] error: aborting due to 1 previous error
[INFO] [stdout] 
[INFO] [stdout] For more information about this error, try `rustc --explain E0432`.
[INFO] [stdout] Couldn't compile the test.
[INFO] [stdout] 
[INFO] [stdout] failures:
[INFO] [stdout]     src/lib.rs - (line 439)
[INFO] [stdout] 
[INFO] [stdout] test result: FAILED. 30 passed; 1 failed; 0 ignored; 0 measured; 0 filtered out; finished in 1.11s
[INFO] [stdout] 
[INFO] [stderr] error: doctest failed, to rerun pass `--doc`
[INFO] running `Command { std: "docker" "inspect" "039464e97817f8bc2863eb0a785d6845d937a6f4deb98c1c8c9cb785b735b17f", kill_on_drop: false }`
[INFO] running `Command { std: "docker" "rm" "-f" "039464e97817f8bc2863eb0a785d6845d937a6f4deb98c1c8c9cb785b735b17f", kill_on_drop: false }`
[INFO] [stdout] 039464e97817f8bc2863eb0a785d6845d937a6f4deb98c1c8c9cb785b735b17f
