[INFO] fetching crate tdigest-rs 0.2.5...
[INFO] testing tdigest-rs-0.2.5 against 1.100.0-beta.1 for beta-1.100-2
[INFO] extracting crate tdigest-rs 0.2.5 into /workspace/builds/worker-5-tc2/source
[INFO] started tweaking crates.io crate tdigest-rs 0.2.5
[INFO] finished tweaking crates.io crate tdigest-rs 0.2.5
[INFO] tweaked toml for crates.io crate tdigest-rs 0.2.5 written to /workspace/builds/worker-5-tc2/source/Cargo.toml
[INFO] validating manifest of crates.io crate tdigest-rs 0.2.5 on toolchain 1.100.0-beta.1
[INFO] running `Command { std: CARGO_HOME="/workspace/cargo-home" RUSTUP_HOME="/workspace/rustup-home" "/workspace/cargo-home/bin/cargo" "+1.100.0-beta.1" "metadata" "--manifest-path" "Cargo.toml" "--no-deps", kill_on_drop: false }`
[INFO] running `Command { std: CARGO_HOME="/workspace/cargo-home" RUSTUP_HOME="/workspace/rustup-home" "/workspace/cargo-home/bin/cargo" "+1.100.0-beta.1" "generate-lockfile" "--manifest-path" "Cargo.toml", kill_on_drop: false }`
[INFO] [stderr]     Updating crates.io index
[INFO] [stderr]      Locking 10 packages to highest compatible versions
[INFO] [stderr]       Adding ordered-float v2.10.1 (available: v5.5.0)
[INFO] running `Command { std: CARGO_HOME="/workspace/cargo-home" RUSTUP_HOME="/workspace/rustup-home" "/workspace/cargo-home/bin/cargo" "+1.100.0-beta.1" "fetch" "--manifest-path" "Cargo.toml", kill_on_drop: false }`
[INFO] running `Command { std: "docker" "create" "-v" "/var/lib/crater-agent-workspace/builds/worker-5-tc2/source:/opt/rustwide/workdir:ro,Z" "-v" "/var/lib/crater-agent-workspace/builds/worker-5-tc2/target:/opt/rustwide/target:rw,Z" "-v" "/var/lib/crater-agent-workspace/cargo-home:/opt/rustwide/cargo-home:ro,Z" "-v" "/var/lib/crater-agent-workspace/rustup-home:/opt/rustwide/rustup-home:ro,Z" "-m" "1610612736" "--network" "none" "ghcr.io/rust-lang/crates-build-env/linux@sha256:3111399a4047eeb3a02b7a90e478d715f38a8c6669b5c4b49d30a17385265909" "sleep" "infinity", kill_on_drop: false }`
[INFO] [stdout] d3f9488fe8df65df2f860fa633e80573a6760c17a15e1d45fdaf7b96dc335f97
[INFO] running `Command { std: "docker" "start" "d3f9488fe8df65df2f860fa633e80573a6760c17a15e1d45fdaf7b96dc335f97", kill_on_drop: false }`
[INFO] running `Command { std: "docker" "inspect" "d3f9488fe8df65df2f860fa633e80573a6760c17a15e1d45fdaf7b96dc335f97", kill_on_drop: false }`
[INFO] running `Command { std: "docker" "exec" "-e" "SOURCE_DIR=/opt/rustwide/workdir" "-e" "CARGO_HOME=/opt/rustwide/cargo-home" "-e" "RUSTUP_HOME=/opt/rustwide/rustup-home" "-e" "CARGO_TARGET_DIR=/opt/rustwide/target" "-w" "/opt/rustwide/workdir" "--user" "0:0" "d3f9488fe8df65df2f860fa633e80573a6760c17a15e1d45fdaf7b96dc335f97" "/opt/rustwide/cargo-home/bin/cargo" "+1.100.0-beta.1" "metadata" "--no-deps" "--format-version=1", kill_on_drop: false }`
[INFO] running `Command { std: "docker" "inspect" "d3f9488fe8df65df2f860fa633e80573a6760c17a15e1d45fdaf7b96dc335f97", kill_on_drop: false }`
[INFO] running `Command { std: "docker" "exec" "-e" "SOURCE_DIR=/opt/rustwide/workdir" "-e" "CARGO_HOME=/opt/rustwide/cargo-home" "-e" "RUSTUP_HOME=/opt/rustwide/rustup-home" "-e" "CARGO_TARGET_DIR=/opt/rustwide/target" "-e" "CARGO_INCREMENTAL=0" "-e" "RUST_BACKTRACE=full" "-e" "RUSTFLAGS=--cap-lints=warn" "-e" "RUSTDOCFLAGS=--cap-lints=warn" "-w" "/opt/rustwide/workdir" "--user" "0:0" "d3f9488fe8df65df2f860fa633e80573a6760c17a15e1d45fdaf7b96dc335f97" "/opt/rustwide/cargo-home/bin/cargo" "+1.100.0-beta.1" "build" "--frozen" "--message-format=json", kill_on_drop: false }`
[INFO] [stderr]    Compiling num-traits v0.2.19
[INFO] [stderr]    Compiling ordered-float v2.10.1
[INFO] [stderr]    Compiling tdigest-rs v0.2.5 (/opt/rustwide/workdir)
[INFO] [stdout] warning: use of deprecated constant `std::f64::NAN`: replaced by the `NAN` associated constant on `f64`
[INFO] [stdout]    --> src/lib.rs:115:47
[INFO] [stdout]     |
[INFO] [stdout] 115 |             max: OrderedFloat::from(std::f64::NAN),
[INFO] [stdout]     |                                               ^^^
[INFO] [stdout]     |
[INFO] [stdout]     = note: `#[warn(deprecated)]` on by default
[INFO] [stdout] 
[INFO] [stdout] 
[INFO] [stdout] warning: use of deprecated constant `std::f64::NAN`: replaced by the `NAN` associated constant on `f64`
[INFO] [stdout]    --> src/lib.rs:116:47
[INFO] [stdout]     |
[INFO] [stdout] 116 |             min: OrderedFloat::from(std::f64::NAN),
[INFO] [stdout]     |                                               ^^^
[INFO] [stdout] 
[INFO] [stdout] 
[INFO] [stdout] warning: use of deprecated constant `std::f64::NAN`: replaced by the `NAN` associated constant on `f64`
[INFO] [stdout]    --> src/lib.rs:196:47
[INFO] [stdout]     |
[INFO] [stdout] 196 |             max: OrderedFloat::from(std::f64::NAN),
[INFO] [stdout]     |                                               ^^^
[INFO] [stdout] 
[INFO] [stdout] 
[INFO] [stdout] warning: use of deprecated constant `std::f64::NAN`: replaced by the `NAN` associated constant on `f64`
[INFO] [stdout]    --> src/lib.rs:197:47
[INFO] [stdout]     |
[INFO] [stdout] 197 |             min: OrderedFloat::from(std::f64::NAN),
[INFO] [stdout]     |                                               ^^^
[INFO] [stdout] 
[INFO] [stdout] 
[INFO] [stdout] warning: use of deprecated constant `std::f64::INFINITY`: replaced by the `INFINITY` associated constant on `f64`
[INFO] [stdout]    --> src/lib.rs:365:52
[INFO] [stdout]     |
[INFO] [stdout] 365 |         let mut min = OrderedFloat::from(std::f64::INFINITY);
[INFO] [stdout]     |                                                    ^^^^^^^^
[INFO] [stdout] 
[INFO] [stdout] 
[INFO] [stdout] warning: use of deprecated constant `std::f64::NEG_INFINITY`: replaced by the `NEG_INFINITY` associated constant on `f64`
[INFO] [stdout]    --> src/lib.rs:366:52
[INFO] [stdout]     |
[INFO] [stdout] 366 |         let mut max = OrderedFloat::from(std::f64::NEG_INFINITY);
[INFO] [stdout]     |                                                    ^^^^^^^^^^^^
[INFO] [stdout] 
[INFO] [stdout] 
[INFO] [stderr]     Finished `dev` profile [unoptimized + debuginfo] target(s) in 1.78s
[INFO] running `Command { std: "docker" "inspect" "d3f9488fe8df65df2f860fa633e80573a6760c17a15e1d45fdaf7b96dc335f97", kill_on_drop: false }`
[INFO] running `Command { std: "docker" "exec" "-e" "SOURCE_DIR=/opt/rustwide/workdir" "-e" "CARGO_HOME=/opt/rustwide/cargo-home" "-e" "RUSTUP_HOME=/opt/rustwide/rustup-home" "-e" "CARGO_TARGET_DIR=/opt/rustwide/target" "-e" "CARGO_INCREMENTAL=0" "-e" "RUST_BACKTRACE=full" "-e" "RUSTFLAGS=--cap-lints=warn" "-e" "RUSTDOCFLAGS=--cap-lints=warn" "-w" "/opt/rustwide/workdir" "--user" "0:0" "d3f9488fe8df65df2f860fa633e80573a6760c17a15e1d45fdaf7b96dc335f97" "/opt/rustwide/cargo-home/bin/cargo" "+1.100.0-beta.1" "test" "--frozen" "--no-run" "--message-format=json", kill_on_drop: false }`
[INFO] [stderr]    Compiling tdigest-rs v0.2.5 (/opt/rustwide/workdir)
[INFO] [stdout] warning: use of deprecated constant `std::f64::NAN`: replaced by the `NAN` associated constant on `f64`
[INFO] [stdout]    --> src/lib.rs:115:47
[INFO] [stdout]     |
[INFO] [stdout] 115 |             max: OrderedFloat::from(std::f64::NAN),
[INFO] [stdout]     |                                               ^^^
[INFO] [stdout]     |
[INFO] [stdout]     = note: `#[warn(deprecated)]` on by default
[INFO] [stdout] 
[INFO] [stdout] 
[INFO] [stdout] warning: use of deprecated constant `std::f64::NAN`: replaced by the `NAN` associated constant on `f64`
[INFO] [stdout]    --> src/lib.rs:116:47
[INFO] [stdout]     |
[INFO] [stdout] 116 |             min: OrderedFloat::from(std::f64::NAN),
[INFO] [stdout]     |                                               ^^^
[INFO] [stdout] 
[INFO] [stdout] 
[INFO] [stdout] warning: use of deprecated constant `std::f64::NAN`: replaced by the `NAN` associated constant on `f64`
[INFO] [stdout]    --> src/lib.rs:196:47
[INFO] [stdout]     |
[INFO] [stdout] 196 |             max: OrderedFloat::from(std::f64::NAN),
[INFO] [stdout]     |                                               ^^^
[INFO] [stdout] 
[INFO] [stdout] 
[INFO] [stdout] warning: use of deprecated constant `std::f64::NAN`: replaced by the `NAN` associated constant on `f64`
[INFO] [stdout]    --> src/lib.rs:197:47
[INFO] [stdout]     |
[INFO] [stdout] 197 |             min: OrderedFloat::from(std::f64::NAN),
[INFO] [stdout]     |                                               ^^^
[INFO] [stdout] 
[INFO] [stdout] 
[INFO] [stdout] warning: use of deprecated constant `std::f64::INFINITY`: replaced by the `INFINITY` associated constant on `f64`
[INFO] [stdout]    --> src/lib.rs:365:52
[INFO] [stdout]     |
[INFO] [stdout] 365 |         let mut min = OrderedFloat::from(std::f64::INFINITY);
[INFO] [stdout]     |                                                    ^^^^^^^^
[INFO] [stdout] 
[INFO] [stdout] 
[INFO] [stdout] warning: use of deprecated constant `std::f64::NEG_INFINITY`: replaced by the `NEG_INFINITY` associated constant on `f64`
[INFO] [stdout]    --> src/lib.rs:366:52
[INFO] [stdout]     |
[INFO] [stdout] 366 |         let mut max = OrderedFloat::from(std::f64::NEG_INFINITY);
[INFO] [stdout]     |                                                    ^^^^^^^^^^^^
[INFO] [stdout] 
[INFO] [stdout] 
[INFO] [stdout] warning: use of deprecated constant `std::f64::NAN`: replaced by the `NAN` associated constant on `f64`
[INFO] [stdout]    --> src/lib.rs:115:47
[INFO] [stdout]     |
[INFO] [stdout] 115 |             max: OrderedFloat::from(std::f64::NAN),
[INFO] [stdout]     |                                               ^^^
[INFO] [stdout]     |
[INFO] [stdout]     = note: `#[warn(deprecated)]` on by default
[INFO] [stdout] 
[INFO] [stdout] 
[INFO] [stdout] warning: use of deprecated constant `std::f64::NAN`: replaced by the `NAN` associated constant on `f64`
[INFO] [stdout]    --> src/lib.rs:116:47
[INFO] [stdout]     |
[INFO] [stdout] 116 |             min: OrderedFloat::from(std::f64::NAN),
[INFO] [stdout]     |                                               ^^^
[INFO] [stdout] 
[INFO] [stdout] 
[INFO] [stdout] warning: use of deprecated constant `std::f64::NAN`: replaced by the `NAN` associated constant on `f64`
[INFO] [stdout]    --> src/lib.rs:196:47
[INFO] [stdout]     |
[INFO] [stdout] 196 |             max: OrderedFloat::from(std::f64::NAN),
[INFO] [stdout]     |                                               ^^^
[INFO] [stdout] 
[INFO] [stdout] 
[INFO] [stdout] warning: use of deprecated constant `std::f64::NAN`: replaced by the `NAN` associated constant on `f64`
[INFO] [stdout]    --> src/lib.rs:197:47
[INFO] [stdout]     |
[INFO] [stdout] 197 |             min: OrderedFloat::from(std::f64::NAN),
[INFO] [stdout]     |                                               ^^^
[INFO] [stdout] 
[INFO] [stdout] 
[INFO] [stdout] warning: use of deprecated constant `std::f64::INFINITY`: replaced by the `INFINITY` associated constant on `f64`
[INFO] [stdout]    --> src/lib.rs:365:52
[INFO] [stdout]     |
[INFO] [stdout] 365 |         let mut min = OrderedFloat::from(std::f64::INFINITY);
[INFO] [stdout]     |                                                    ^^^^^^^^
[INFO] [stdout] 
[INFO] [stdout] 
[INFO] [stdout] warning: use of deprecated constant `std::f64::NEG_INFINITY`: replaced by the `NEG_INFINITY` associated constant on `f64`
[INFO] [stdout]    --> src/lib.rs:366:52
[INFO] [stdout]     |
[INFO] [stdout] 366 |         let mut max = OrderedFloat::from(std::f64::NEG_INFINITY);
[INFO] [stdout]     |                                                    ^^^^^^^^^^^^
[INFO] [stdout] 
[INFO] [stdout] 
[INFO] [stderr]     Finished `test` profile [unoptimized + debuginfo] target(s) in 0.77s
[INFO] running `Command { std: "docker" "inspect" "d3f9488fe8df65df2f860fa633e80573a6760c17a15e1d45fdaf7b96dc335f97", kill_on_drop: false }`
[INFO] running `Command { std: "docker" "exec" "-e" "SOURCE_DIR=/opt/rustwide/workdir" "-e" "CARGO_HOME=/opt/rustwide/cargo-home" "-e" "RUSTUP_HOME=/opt/rustwide/rustup-home" "-e" "CARGO_TARGET_DIR=/opt/rustwide/target" "-e" "CARGO_INCREMENTAL=0" "-e" "RUST_BACKTRACE=full" "-e" "RUSTFLAGS=--cap-lints=warn" "-e" "RUSTDOCFLAGS=--cap-lints=warn" "-w" "/opt/rustwide/workdir" "--user" "0:0" "d3f9488fe8df65df2f860fa633e80573a6760c17a15e1d45fdaf7b96dc335f97" "/opt/rustwide/cargo-home/bin/cargo" "+1.100.0-beta.1" "test" "--frozen", kill_on_drop: false }`
[INFO] [stderr] warning: use of deprecated constant `std::f64::NAN`: replaced by the `NAN` associated constant on `f64`
[INFO] [stderr]    --> src/lib.rs:115:47
[INFO] [stderr]     |
[INFO] [stderr] 115 |             max: OrderedFloat::from(std::f64::NAN),
[INFO] [stderr]     |                                               ^^^
[INFO] [stderr]     |
[INFO] [stderr]     = note: `#[warn(deprecated)]` on by default
[INFO] [stderr] 
[INFO] [stderr] warning: use of deprecated constant `std::f64::NAN`: replaced by the `NAN` associated constant on `f64`
[INFO] [stderr]    --> src/lib.rs:116:47
[INFO] [stderr]     |
[INFO] [stderr] 116 |             min: OrderedFloat::from(std::f64::NAN),
[INFO] [stderr]     |                                               ^^^
[INFO] [stderr] 
[INFO] [stderr] warning: use of deprecated constant `std::f64::NAN`: replaced by the `NAN` associated constant on `f64`
[INFO] [stderr]    --> src/lib.rs:196:47
[INFO] [stderr]     |
[INFO] [stderr] 196 |             max: OrderedFloat::from(std::f64::NAN),
[INFO] [stderr]     |                                               ^^^
[INFO] [stderr] 
[INFO] [stderr] warning: use of deprecated constant `std::f64::NAN`: replaced by the `NAN` associated constant on `f64`
[INFO] [stderr]    --> src/lib.rs:197:47
[INFO] [stderr]     |
[INFO] [stderr] 197 |             min: OrderedFloat::from(std::f64::NAN),
[INFO] [stderr]     |                                               ^^^
[INFO] [stderr] 
[INFO] [stderr] warning: use of deprecated constant `std::f64::INFINITY`: replaced by the `INFINITY` associated constant on `f64`
[INFO] [stderr]    --> src/lib.rs:365:52
[INFO] [stderr]     |
[INFO] [stderr] 365 |         let mut min = OrderedFloat::from(std::f64::INFINITY);
[INFO] [stderr]     |                                                    ^^^^^^^^
[INFO] [stderr] 
[INFO] [stderr] warning: use of deprecated constant `std::f64::NEG_INFINITY`: replaced by the `NEG_INFINITY` associated constant on `f64`
[INFO] [stderr]    --> src/lib.rs:366:52
[INFO] [stderr]     |
[INFO] [stderr] 366 |         let mut max = OrderedFloat::from(std::f64::NEG_INFINITY);
[INFO] [stderr]     |                                                    ^^^^^^^^^^^^
[INFO] [stderr] 
[INFO] [stderr] warning: `tdigest-rs` (lib) generated 6 warnings
[INFO] [stderr] warning: `tdigest-rs` (lib test) generated 6 warnings (6 duplicates)
[INFO] [stderr]     Finished `test` profile [unoptimized + debuginfo] target(s) in 0.05s
[INFO] [stderr]      Running unittests src/lib.rs (/opt/rustwide/target/debug/build/tdigest-rs/701052d20ae9a282/out/tdigest_rs-701052d20ae9a282)
[INFO] [stdout] 
[INFO] [stdout] running 6 tests
[INFO] [stdout] test tests::test_centroid_addition_regression ... ok
[INFO] [stdout] test tests::test_merge_digests ... ok
[INFO] [stdout] test tests::test_merge_sorted_against_skewed_distro ... ok
[INFO] [stdout] test tests::test_merge_sorted_against_uniform_distro ... ok
[INFO] [stdout] test tests::test_merge_unsorted_against_skewed_distro ... ok
[INFO] [stderr]    Doc-tests tdigest_rs
[INFO] [stdout] test tests::test_merge_unsorted_against_uniform_distro ... ok
[INFO] [stdout] 
[INFO] [stdout] test result: ok. 6 passed; 0 failed; 0 ignored; 0 measured; 0 filtered out; finished in 0.48s
[INFO] [stdout] 
[INFO] [stdout] 
[INFO] [stdout] running 1 test
[INFO] [stdout] test src/lib.rs - (line 16) ... FAILED
[INFO] [stdout] 
[INFO] [stdout] failures:
[INFO] [stdout] 
[INFO] [stdout] ---- src/lib.rs - (line 16) stdout ----
[INFO] [stdout] error[E0432]: unresolved import `tdigest`
[INFO] [stdout]   --> src/lib.rs:17:5
[INFO] [stdout]    |
[INFO] [stdout] 17 | use tdigest::TDigest;
[INFO] [stdout]    |     ^^^^^^^ use of unresolved module or unlinked crate `tdigest`
[INFO] [stdout]    |
[INFO] [stdout]    = help: if you wanted to use a crate named `tdigest`, use `cargo add tdigest` to add it to your `Cargo.toml`
[INFO] [stdout] 
[INFO] [stdout] error: aborting due to 1 previous error
[INFO] [stdout] 
[INFO] [stdout] For more information about this error, try `rustc --explain E0432`.
[INFO] [stdout] Couldn't compile the test.
[INFO] [stdout] 
[INFO] [stdout] failures:
[INFO] [stdout]     src/lib.rs - (line 16)
[INFO] [stdout] 
[INFO] [stdout] test result: FAILED. 0 passed; 1 failed; 0 ignored; 0 measured; 0 filtered out; finished in 0.08s
[INFO] [stdout] 
[INFO] [stderr] error: doctest failed, to rerun pass `--doc`
[INFO] running `Command { std: "docker" "inspect" "d3f9488fe8df65df2f860fa633e80573a6760c17a15e1d45fdaf7b96dc335f97", kill_on_drop: false }`
[INFO] running `Command { std: "docker" "rm" "-f" "d3f9488fe8df65df2f860fa633e80573a6760c17a15e1d45fdaf7b96dc335f97", kill_on_drop: false }`
[INFO] [stdout] d3f9488fe8df65df2f860fa633e80573a6760c17a15e1d45fdaf7b96dc335f97
