[INFO] fetching crate tdcv2 0.3.3...
[INFO] testing tdcv2-0.3.3 against 1.100.0-beta.1 for beta-1.100-2
[INFO] extracting crate tdcv2 0.3.3 into /workspace/builds/worker-3-tc2/source
[INFO] started tweaking crates.io crate tdcv2 0.3.3
[INFO] finished tweaking crates.io crate tdcv2 0.3.3
[INFO] tweaked toml for crates.io crate tdcv2 0.3.3 written to /workspace/builds/worker-3-tc2/source/Cargo.toml
[INFO] validating manifest of crates.io crate tdcv2 0.3.3 on toolchain 1.100.0-beta.1
[INFO] running `Command { std: CARGO_HOME="/workspace/cargo-home" RUSTUP_HOME="/workspace/rustup-home" "/workspace/cargo-home/bin/cargo" "+1.100.0-beta.1" "metadata" "--manifest-path" "Cargo.toml" "--no-deps", kill_on_drop: false }`
[INFO] crate crates.io crate tdcv2 0.3.3 already has a lockfile, it will not be regenerated
[INFO] running `Command { std: CARGO_HOME="/workspace/cargo-home" RUSTUP_HOME="/workspace/rustup-home" "/workspace/cargo-home/bin/cargo" "+1.100.0-beta.1" "fetch" "--manifest-path" "Cargo.toml", kill_on_drop: false }`
[INFO] running `Command { std: "docker" "create" "-v" "/var/lib/crater-agent-workspace/builds/worker-3-tc2/source:/opt/rustwide/workdir:ro,Z" "-v" "/var/lib/crater-agent-workspace/builds/worker-3-tc2/target:/opt/rustwide/target:rw,Z" "-v" "/var/lib/crater-agent-workspace/cargo-home:/opt/rustwide/cargo-home:ro,Z" "-v" "/var/lib/crater-agent-workspace/rustup-home:/opt/rustwide/rustup-home:ro,Z" "-m" "1610612736" "--network" "none" "ghcr.io/rust-lang/crates-build-env/linux@sha256:3111399a4047eeb3a02b7a90e478d715f38a8c6669b5c4b49d30a17385265909" "sleep" "infinity", kill_on_drop: false }`
[INFO] [stdout] db847fb80c69161b012df0b4ef691aa6d6054136b1db69908596bc58c8fcd1c0
[INFO] running `Command { std: "docker" "start" "db847fb80c69161b012df0b4ef691aa6d6054136b1db69908596bc58c8fcd1c0", kill_on_drop: false }`
[INFO] running `Command { std: "docker" "inspect" "db847fb80c69161b012df0b4ef691aa6d6054136b1db69908596bc58c8fcd1c0", kill_on_drop: false }`
[INFO] running `Command { std: "docker" "exec" "-e" "SOURCE_DIR=/opt/rustwide/workdir" "-e" "CARGO_HOME=/opt/rustwide/cargo-home" "-e" "RUSTUP_HOME=/opt/rustwide/rustup-home" "-e" "CARGO_TARGET_DIR=/opt/rustwide/target" "-w" "/opt/rustwide/workdir" "--user" "0:0" "db847fb80c69161b012df0b4ef691aa6d6054136b1db69908596bc58c8fcd1c0" "/opt/rustwide/cargo-home/bin/cargo" "+1.100.0-beta.1" "metadata" "--no-deps" "--format-version=1", kill_on_drop: false }`
[INFO] running `Command { std: "docker" "inspect" "db847fb80c69161b012df0b4ef691aa6d6054136b1db69908596bc58c8fcd1c0", kill_on_drop: false }`
[INFO] running `Command { std: "docker" "exec" "-e" "SOURCE_DIR=/opt/rustwide/workdir" "-e" "CARGO_HOME=/opt/rustwide/cargo-home" "-e" "RUSTUP_HOME=/opt/rustwide/rustup-home" "-e" "CARGO_TARGET_DIR=/opt/rustwide/target" "-e" "CARGO_INCREMENTAL=0" "-e" "RUST_BACKTRACE=full" "-e" "RUSTFLAGS=--cap-lints=warn" "-e" "RUSTDOCFLAGS=--cap-lints=warn" "-w" "/opt/rustwide/workdir" "--user" "0:0" "db847fb80c69161b012df0b4ef691aa6d6054136b1db69908596bc58c8fcd1c0" "/opt/rustwide/cargo-home/bin/cargo" "+1.100.0-beta.1" "build" "--frozen" "--message-format=json", kill_on_drop: false }`
[INFO] [stderr]    Compiling tdcv2 v0.3.3 (/opt/rustwide/workdir)
[INFO] [stdout] warning: unreachable pattern
[INFO] [stdout]   --> src/engine/disk.rs:57:9
[INFO] [stdout]    |
[INFO] [stdout] 56 |         EngineError::Unsupported(message) | EngineError::Invalid(message) => message.as_str(),
[INFO] [stdout]    |         ----------------------------------------------------------------- matches all the relevant values
[INFO] [stdout] 57 |         _ => return None,
[INFO] [stdout]    |         ^ no value can reach this
[INFO] [stdout]    |
[INFO] [stdout]    = note: `#[warn(unreachable_patterns)]` (part of `#[warn(unused)]`) on by default
[INFO] [stdout] 
[INFO] [stdout] 
[INFO] [stdout] warning: variable does not need to be mutable
[INFO] [stdout]     --> src/engine/memory.rs:3714:9
[INFO] [stdout]      |
[INFO] [stdout] 3714 |     let mut place_branch = |case: &Case,
[INFO] [stdout]      |         ----^^^^^^^^^^^^
[INFO] [stdout]      |         |
[INFO] [stdout]      |         help: remove this `mut`
[INFO] [stdout]      |
[INFO] [stdout]      = note: `#[warn(unused_mut)]` (part of `#[warn(unused)]`) on by default
[INFO] [stdout] 
[INFO] [stdout] 
[INFO] [stdout] warning: unused variable: `packs`
[INFO] [stdout]   --> src/engine/router.rs:35:33
[INFO] [stdout]    |
[INFO] [stdout] 35 | pub fn resolve(config: &Config, packs: Option<&DataPacks>) -> EngineResult<u8> {
[INFO] [stdout]    |                                 ^^^^^ help: if this is intentional, prefix it with an underscore: `_packs`
[INFO] [stdout]    |
[INFO] [stdout]    = note: `#[warn(unused_variables)]` (part of `#[warn(unused)]`) on by default
[INFO] [stdout] 
[INFO] [stdout] 
[INFO] [stdout] warning: variable does not need to be mutable
[INFO] [stdout]     --> src/engine/stream.rs:2832:25
[INFO] [stdout]      |
[INFO] [stdout] 2832 |                     let mut draw = |r: usize| {
[INFO] [stdout]      |                         ----^^^^
[INFO] [stdout]      |                         |
[INFO] [stdout]      |                         help: remove this `mut`
[INFO] [stdout] 
[INFO] [stdout] 
[INFO] [stdout] warning: unused variable: `columns`
[INFO] [stdout]    --> src/output/parquet/writer.rs:930:37
[INFO] [stdout]     |
[INFO] [stdout] 930 | fn write_row_groups(w: &mut Thrift, columns: &[Column], groups: &[GroupMeta]) -> EngineResult<()> {
[INFO] [stdout]     |                                     ^^^^^^^ help: if this is intentional, prefix it with an underscore: `_columns`
[INFO] [stdout] 
[INFO] [stdout] 
[INFO] [stdout] warning: variable does not need to be mutable
[INFO] [stdout]    --> src/pattern/svg.rs:244:9
[INFO] [stdout]     |
[INFO] [stdout] 244 |     let mut arc_to = |out: &mut Vec<[f64; 2]>, to: [f64; 2]| {
[INFO] [stdout]     |         ----^^^^^^
[INFO] [stdout]     |         |
[INFO] [stdout]     |         help: remove this `mut`
[INFO] [stdout] 
[INFO] [stdout] 
[INFO] [stdout] warning: function `long_attr` is never used
[INFO] [stdout]     --> src/engine/stream.rs:3831:4
[INFO] [stdout]      |
[INFO] [stdout] 3831 | fn long_attr(raw: Option<&String>, fallback: i64) -> EngineResult<i64> {
[INFO] [stdout]      |    ^^^^^^^^^
[INFO] [stdout]      |
[INFO] [stdout]      = note: `#[warn(dead_code)]` (part of `#[warn(unused)]`) on by default
[INFO] [stdout] 
[INFO] [stdout] 
[INFO] [stderr]     Finished `dev` profile [unoptimized + debuginfo] target(s) in 17.58s
[INFO] running `Command { std: "docker" "inspect" "db847fb80c69161b012df0b4ef691aa6d6054136b1db69908596bc58c8fcd1c0", kill_on_drop: false }`
[INFO] running `Command { std: "docker" "exec" "-e" "SOURCE_DIR=/opt/rustwide/workdir" "-e" "CARGO_HOME=/opt/rustwide/cargo-home" "-e" "RUSTUP_HOME=/opt/rustwide/rustup-home" "-e" "CARGO_TARGET_DIR=/opt/rustwide/target" "-e" "CARGO_INCREMENTAL=0" "-e" "RUST_BACKTRACE=full" "-e" "RUSTFLAGS=--cap-lints=warn" "-e" "RUSTDOCFLAGS=--cap-lints=warn" "-w" "/opt/rustwide/workdir" "--user" "0:0" "db847fb80c69161b012df0b4ef691aa6d6054136b1db69908596bc58c8fcd1c0" "/opt/rustwide/cargo-home/bin/cargo" "+1.100.0-beta.1" "test" "--frozen" "--no-run" "--message-format=json", kill_on_drop: false }`
[INFO] [stderr]    Compiling tdcv2 v0.3.3 (/opt/rustwide/workdir)
[INFO] [stdout] warning: unreachable pattern
[INFO] [stdout]   --> src/engine/disk.rs:57:9
[INFO] [stdout]    |
[INFO] [stdout] 56 |         EngineError::Unsupported(message) | EngineError::Invalid(message) => message.as_str(),
[INFO] [stdout]    |         ----------------------------------------------------------------- matches all the relevant values
[INFO] [stdout] 57 |         _ => return None,
[INFO] [stdout]    |         ^ no value can reach this
[INFO] [stdout]    |
[INFO] [stdout]    = note: `#[warn(unreachable_patterns)]` (part of `#[warn(unused)]`) on by default
[INFO] [stdout] 
[INFO] [stdout] 
[INFO] [stdout] warning: variable does not need to be mutable
[INFO] [stdout]     --> src/engine/memory.rs:3714:9
[INFO] [stdout]      |
[INFO] [stdout] 3714 |     let mut place_branch = |case: &Case,
[INFO] [stdout]      |         ----^^^^^^^^^^^^
[INFO] [stdout]      |         |
[INFO] [stdout]      |         help: remove this `mut`
[INFO] [stdout]      |
[INFO] [stdout]      = note: `#[warn(unused_mut)]` (part of `#[warn(unused)]`) on by default
[INFO] [stdout] 
[INFO] [stdout] 
[INFO] [stdout] warning: unused variable: `packs`
[INFO] [stdout]   --> src/engine/router.rs:35:33
[INFO] [stdout]    |
[INFO] [stdout] 35 | pub fn resolve(config: &Config, packs: Option<&DataPacks>) -> EngineResult<u8> {
[INFO] [stdout]    |                                 ^^^^^ help: if this is intentional, prefix it with an underscore: `_packs`
[INFO] [stdout]    |
[INFO] [stdout]    = note: `#[warn(unused_variables)]` (part of `#[warn(unused)]`) on by default
[INFO] [stdout] 
[INFO] [stdout] 
[INFO] [stdout] warning: variable does not need to be mutable
[INFO] [stdout]     --> src/engine/stream.rs:2832:25
[INFO] [stdout]      |
[INFO] [stdout] 2832 |                     let mut draw = |r: usize| {
[INFO] [stdout]      |                         ----^^^^
[INFO] [stdout]      |                         |
[INFO] [stdout]      |                         help: remove this `mut`
[INFO] [stdout] 
[INFO] [stdout] 
[INFO] [stdout] warning: unused variable: `columns`
[INFO] [stdout]    --> src/output/parquet/writer.rs:930:37
[INFO] [stdout]     |
[INFO] [stdout] 930 | fn write_row_groups(w: &mut Thrift, columns: &[Column], groups: &[GroupMeta]) -> EngineResult<()> {
[INFO] [stdout]     |                                     ^^^^^^^ help: if this is intentional, prefix it with an underscore: `_columns`
[INFO] [stdout] 
[INFO] [stdout] 
[INFO] [stdout] warning: variable does not need to be mutable
[INFO] [stdout]    --> src/pattern/svg.rs:244:9
[INFO] [stdout]     |
[INFO] [stdout] 244 |     let mut arc_to = |out: &mut Vec<[f64; 2]>, to: [f64; 2]| {
[INFO] [stdout]     |         ----^^^^^^
[INFO] [stdout]     |         |
[INFO] [stdout]     |         help: remove this `mut`
[INFO] [stdout] 
[INFO] [stdout] 
[INFO] [stdout] warning: function `long_attr` is never used
[INFO] [stdout]     --> src/engine/stream.rs:3831:4
[INFO] [stdout]      |
[INFO] [stdout] 3831 | fn long_attr(raw: Option<&String>, fallback: i64) -> EngineResult<i64> {
[INFO] [stdout]      |    ^^^^^^^^^
[INFO] [stdout]      |
[INFO] [stdout]      = note: `#[warn(dead_code)]` (part of `#[warn(unused)]`) on by default
[INFO] [stdout] 
[INFO] [stdout] 
[INFO] [stdout] warning: unreachable pattern
[INFO] [stdout]   --> src/engine/disk.rs:57:9
[INFO] [stdout]    |
[INFO] [stdout] 56 |         EngineError::Unsupported(message) | EngineError::Invalid(message) => message.as_str(),
[INFO] [stdout]    |         ----------------------------------------------------------------- matches all the relevant values
[INFO] [stdout] 57 |         _ => return None,
[INFO] [stdout]    |         ^ no value can reach this
[INFO] [stdout]    |
[INFO] [stdout]    = note: `#[warn(unreachable_patterns)]` (part of `#[warn(unused)]`) on by default
[INFO] [stdout] 
[INFO] [stdout] 
[INFO] [stdout] warning: variable does not need to be mutable
[INFO] [stdout]     --> src/engine/memory.rs:3714:9
[INFO] [stdout]      |
[INFO] [stdout] 3714 |     let mut place_branch = |case: &Case,
[INFO] [stdout]      |         ----^^^^^^^^^^^^
[INFO] [stdout]      |         |
[INFO] [stdout]      |         help: remove this `mut`
[INFO] [stdout]      |
[INFO] [stdout]      = note: `#[warn(unused_mut)]` (part of `#[warn(unused)]`) on by default
[INFO] [stdout] 
[INFO] [stdout] 
[INFO] [stdout] warning: unused variable: `packs`
[INFO] [stdout]   --> src/engine/router.rs:35:33
[INFO] [stdout]    |
[INFO] [stdout] 35 | pub fn resolve(config: &Config, packs: Option<&DataPacks>) -> EngineResult<u8> {
[INFO] [stdout]    |                                 ^^^^^ help: if this is intentional, prefix it with an underscore: `_packs`
[INFO] [stdout]    |
[INFO] [stdout]    = note: `#[warn(unused_variables)]` (part of `#[warn(unused)]`) on by default
[INFO] [stdout] 
[INFO] [stdout] 
[INFO] [stdout] warning: variable does not need to be mutable
[INFO] [stdout]     --> src/engine/stream.rs:2832:25
[INFO] [stdout]      |
[INFO] [stdout] 2832 |                     let mut draw = |r: usize| {
[INFO] [stdout]      |                         ----^^^^
[INFO] [stdout]      |                         |
[INFO] [stdout]      |                         help: remove this `mut`
[INFO] [stdout] 
[INFO] [stdout] 
[INFO] [stdout] warning: unused variable: `columns`
[INFO] [stdout]    --> src/output/parquet/writer.rs:930:37
[INFO] [stdout]     |
[INFO] [stdout] 930 | fn write_row_groups(w: &mut Thrift, columns: &[Column], groups: &[GroupMeta]) -> EngineResult<()> {
[INFO] [stdout]     |                                     ^^^^^^^ help: if this is intentional, prefix it with an underscore: `_columns`
[INFO] [stdout] 
[INFO] [stdout] 
[INFO] [stdout] warning: variable does not need to be mutable
[INFO] [stdout]    --> src/pattern/svg.rs:244:9
[INFO] [stdout]     |
[INFO] [stdout] 244 |     let mut arc_to = |out: &mut Vec<[f64; 2]>, to: [f64; 2]| {
[INFO] [stdout]     |         ----^^^^^^
[INFO] [stdout]     |         |
[INFO] [stdout]     |         help: remove this `mut`
[INFO] [stdout] 
[INFO] [stdout] 
[INFO] [stdout] warning: function `long_attr` is never used
[INFO] [stdout]     --> src/engine/stream.rs:3831:4
[INFO] [stdout]      |
[INFO] [stdout] 3831 | fn long_attr(raw: Option<&String>, fallback: i64) -> EngineResult<i64> {
[INFO] [stdout]      |    ^^^^^^^^^
[INFO] [stdout]      |
[INFO] [stdout]      = note: `#[warn(dead_code)]` (part of `#[warn(unused)]`) on by default
[INFO] [stdout] 
[INFO] [stdout] 
[INFO] [stderr]     Finished `test` profile [unoptimized + debuginfo] target(s) in 8.75s
[INFO] running `Command { std: "docker" "inspect" "db847fb80c69161b012df0b4ef691aa6d6054136b1db69908596bc58c8fcd1c0", kill_on_drop: false }`
[INFO] running `Command { std: "docker" "exec" "-e" "SOURCE_DIR=/opt/rustwide/workdir" "-e" "CARGO_HOME=/opt/rustwide/cargo-home" "-e" "RUSTUP_HOME=/opt/rustwide/rustup-home" "-e" "CARGO_TARGET_DIR=/opt/rustwide/target" "-e" "CARGO_INCREMENTAL=0" "-e" "RUST_BACKTRACE=full" "-e" "RUSTFLAGS=--cap-lints=warn" "-e" "RUSTDOCFLAGS=--cap-lints=warn" "-w" "/opt/rustwide/workdir" "--user" "0:0" "db847fb80c69161b012df0b4ef691aa6d6054136b1db69908596bc58c8fcd1c0" "/opt/rustwide/cargo-home/bin/cargo" "+1.100.0-beta.1" "test" "--frozen", kill_on_drop: false }`
[INFO] [stderr] warning: unreachable pattern
[INFO] [stderr]   --> src/engine/disk.rs:57:9
[INFO] [stderr]    |
[INFO] [stderr] 56 |         EngineError::Unsupported(message) | EngineError::Invalid(message) => message.as_str(),
[INFO] [stderr]    |         ----------------------------------------------------------------- matches all the relevant values
[INFO] [stderr] 57 |         _ => return None,
[INFO] [stderr]    |         ^ no value can reach this
[INFO] [stderr]    |
[INFO] [stderr]    = note: `#[warn(unreachable_patterns)]` (part of `#[warn(unused)]`) on by default
[INFO] [stderr] 
[INFO] [stderr] warning: variable does not need to be mutable
[INFO] [stderr]     --> src/engine/memory.rs:3714:9
[INFO] [stderr]      |
[INFO] [stderr] 3714 |     let mut place_branch = |case: &Case,
[INFO] [stderr]      |         ----^^^^^^^^^^^^
[INFO] [stderr]      |         |
[INFO] [stderr]      |         help: remove this `mut`
[INFO] [stderr]      |
[INFO] [stderr]      = note: `#[warn(unused_mut)]` (part of `#[warn(unused)]`) on by default
[INFO] [stderr] 
[INFO] [stderr] warning: unused variable: `packs`
[INFO] [stderr]   --> src/engine/router.rs:35:33
[INFO] [stderr]    |
[INFO] [stderr] 35 | pub fn resolve(config: &Config, packs: Option<&DataPacks>) -> EngineResult<u8> {
[INFO] [stderr]    |                                 ^^^^^ help: if this is intentional, prefix it with an underscore: `_packs`
[INFO] [stderr]    |
[INFO] [stderr]    = note: `#[warn(unused_variables)]` (part of `#[warn(unused)]`) on by default
[INFO] [stderr] 
[INFO] [stderr] warning: variable does not need to be mutable
[INFO] [stderr]     --> src/engine/stream.rs:2832:25
[INFO] [stderr]      |
[INFO] [stderr] 2832 |                     let mut draw = |r: usize| {
[INFO] [stderr]      |                         ----^^^^
[INFO] [stderr]      |                         |
[INFO] [stderr]      |                         help: remove this `mut`
[INFO] [stderr] 
[INFO] [stderr] warning: unused variable: `columns`
[INFO] [stderr]    --> src/output/parquet/writer.rs:930:37
[INFO] [stderr]     |
[INFO] [stderr] 930 | fn write_row_groups(w: &mut Thrift, columns: &[Column], groups: &[GroupMeta]) -> EngineResult<()> {
[INFO] [stderr]     |                                     ^^^^^^^ help: if this is intentional, prefix it with an underscore: `_columns`
[INFO] [stderr] 
[INFO] [stderr] warning: variable does not need to be mutable
[INFO] [stderr]    --> src/pattern/svg.rs:244:9
[INFO] [stderr]     |
[INFO] [stderr] 244 |     let mut arc_to = |out: &mut Vec<[f64; 2]>, to: [f64; 2]| {
[INFO] [stderr]     |         ----^^^^^^
[INFO] [stderr]     |         |
[INFO] [stderr]     |         help: remove this `mut`
[INFO] [stderr] 
[INFO] [stderr] warning: function `long_attr` is never used
[INFO] [stderr]     --> src/engine/stream.rs:3831:4
[INFO] [stderr]      |
[INFO] [stderr] 3831 | fn long_attr(raw: Option<&String>, fallback: i64) -> EngineResult<i64> {
[INFO] [stderr]      |    ^^^^^^^^^
[INFO] [stderr]      |
[INFO] [stderr]      = note: `#[warn(dead_code)]` (part of `#[warn(unused)]`) on by default
[INFO] [stderr] 
[INFO] [stderr] warning: `tdcv2` (lib) generated 7 warnings (run `cargo fix --lib -p tdcv2` to apply 5 suggestions)
[INFO] [stderr] warning: `tdcv2` (lib test) generated 7 warnings (7 duplicates)
[INFO] [stderr]     Finished `test` profile [unoptimized + debuginfo] target(s) in 0.04s
[INFO] [stderr]      Running unittests src/lib.rs (/opt/rustwide/target/debug/build/tdcv2/e118638a90f78457/out/tdcv2-e118638a90f78457)
[INFO] [stdout] 
[INFO] [stdout] running 34 tests
[INFO] [stdout] test archive::sha256::tests::matches_the_standards_vectors ... ok
[INFO] [stdout] test archive::sha256::tests::a_message_that_straddles_the_padding_boundary_is_right ... ok
[INFO] [stdout] test archive::sha256::hmac_tests::hashes_an_over_long_key ... ok
[INFO] [stdout] test date::calendar::offset_tests::an_offset_is_read_the_way_the_reference_reads_it ... ok
[INFO] [stdout] test engine::exact_uniq::tests::a_new_step_lifts_the_floor_instead_of_resetting_it ... ok
[INFO] [stdout] test engine::exact_uniq::tests::no_listener_no_work ... ok
[INFO] [stdout] test engine::memory::deal_tests::a_value_short_of_a_whole_share_still_lands_somewhere ... ok
[INFO] [stdout] test engine::memory::deal_tests::the_deal_is_the_arrangement_the_reference_makes ... ok
[INFO] [stdout] test engine::memory::deal_tests::leftover_units_are_handed_out_globally_strongest_claim_first ... ok
[INFO] [stdout] test human_bytes::tests::answers_a_nonsense_number_instead_of_panicking ... ok
[INFO] [stdout] test engine::memory::deal_tests::nothing_is_lost_and_nothing_is_invented ... ok
[INFO] [stdout] test engine::memory::deal_tests::every_block_gets_exactly_the_rows_it_has ... ok
[INFO] [stdout] test archive::sha256::hmac_tests::matches_rfc_4231 ... ok
[INFO] [stdout] test human_bytes::tests::never_prints_zero_point_zero_for_a_file_that_exists ... ok
[INFO] [stdout] test output::parquet::convert::tests::a_decimal_is_stored_as_its_unscaled_integer ... ok
[INFO] [stdout] test human_bytes::tests::promotes_rather_than_printing_1024_of_a_unit ... ok
[INFO] [stdout] test archive::sha256::hmac_tests::agrees_with_the_other_implementations ... ok
[INFO] [stdout] test human_bytes::tests::climbs_a_unit_when_it_should ... ok
[INFO] [stdout] test packs::env_proxy::tests::the_host_of_an_address_drops_userinfo_and_port ... ok
[INFO] [stdout] test human_bytes::tests::drops_the_decimal_at_a_hundred ... ok
[INFO] [stdout] test human_bytes::tests::keeps_a_decimal_below_a_hundred ... ok
[INFO] [stdout] test human_bytes::tests::says_bytes_in_bytes ... ok
[INFO] [stdout] test output::parquet::convert::tests::a_date_is_days_since_the_epoch ... ok
[INFO] [stdout] test packs::env_proxy::tests::a_proxy_address_is_shown_without_its_credentials ... ok
[INFO] [stdout] test output::parquet::convert::tests::a_number_is_refused_where_javascript_would_refuse_it ... ok
[INFO] [stdout] test output::parquet::convert::tests::a_timestamp_reads_its_offset ... ok
[INFO] [stdout] test engine::memory::deal_tests::unequal_blocks_do_not_starve_the_last_value ... ok
[INFO] [stdout] test output::parquet::convert::tests::a_uuid_is_sixteen_bytes_however_it_was_written ... ok
[INFO] [stdout] test output::parquet::convert::tests::a_value_that_cannot_be_held_exactly_is_refused_rather_than_rounded ... ok
[INFO] [stdout] test output::parquet::convert::tests::null_is_only_possible_where_the_type_allows_it ... ok
[INFO] [stdout] test packs::registry::tests::the_message_for_a_missing_curl_says_how_to_get_one_everywhere ... ok
[INFO] [stdout] test cli::pack_picker::screen_tests::draws_what_the_shared_fixture_says ... FAILED
[INFO] [stdout] test cli::pack_picker::key_tests::names_the_key_a_terminal_sent ... FAILED
[INFO] [stdout] test archive::sha256::tests::a_million_a_s_is_the_long_vector ... ok
[INFO] [stdout] 
[INFO] [stdout] failures:
[INFO] [stdout] 
[INFO] [stdout] ---- cli::pack_picker::screen_tests::draws_what_the_shared_fixture_says stdout ----
[INFO] [stdout] 
[INFO] [stdout] thread 'cli::pack_picker::screen_tests::draws_what_the_shared_fixture_says' (231) panicked at src/cli/pack_picker.rs:1794:17:
[INFO] [stdout] no pack-picker-screens.json above /opt/rustwide/workdir
[INFO] [stdout] stack backtrace:
[INFO] [stdout]    0:     0x55ccdfaf68d1 - std[617be2ca0a6fd877]::backtrace_rs::backtrace::libunwind::trace
[INFO] [stdout]                                at /rustc/e3feeb59cd1bdd011a2bfcc0747b55125d9b8527/library/std/src/../../backtrace/src/backtrace/libunwind.rs:117:9
[INFO] [stdout]    1:     0x55ccdfaf68d1 - std[617be2ca0a6fd877]::backtrace_rs::backtrace::trace_unsynchronized::<std[617be2ca0a6fd877]::sys::backtrace::_print_fmt::{closure#1}>
[INFO] [stdout]                                at /rustc/e3feeb59cd1bdd011a2bfcc0747b55125d9b8527/library/std/src/../../backtrace/src/backtrace/mod.rs:66:14
[INFO] [stdout]    2:     0x55ccdfaf68d1 - std[617be2ca0a6fd877]::sys::backtrace::_print_fmt
[INFO] [stdout]                                at /rustc/e3feeb59cd1bdd011a2bfcc0747b55125d9b8527/library/std/src/sys/backtrace.rs:74:9
[INFO] [stdout]    3:     0x55ccdfaf68d1 - <<std[617be2ca0a6fd877]::sys::backtrace::BacktraceLock>::print::DisplayBacktrace as core[a373ad73a504971]::fmt::Display>::fmt
[INFO] [stdout]                                at /rustc/e3feeb59cd1bdd011a2bfcc0747b55125d9b8527/library/std/src/sys/backtrace.rs:44:26
[INFO] [stdout]    4:     0x55ccdfb0c48a - <core[a373ad73a504971]::fmt::rt::Argument>::fmt
[INFO] [stdout]                                at /rustc/e3feeb59cd1bdd011a2bfcc0747b55125d9b8527/library/core/src/fmt/rt.rs:152:76
[INFO] [stdout]    5:     0x55ccdfb0c48a - core[a373ad73a504971]::fmt::write
[INFO] [stdout]    6:     0x55ccdfafaaec - core[a373ad73a504971]::io::write::default_write_fmt::<alloc[2e1b2a31b91974c5]::vec::Vec<u8>>
[INFO] [stdout]                                at /rustc/e3feeb59cd1bdd011a2bfcc0747b55125d9b8527/library/core/src/io/write.rs:402:11
[INFO] [stdout]    7:     0x55ccdfafaaec - <alloc[2e1b2a31b91974c5]::vec::Vec<u8> as core[a373ad73a504971]::io::write::Write>::write_fmt
[INFO] [stdout]                                at /rustc/e3feeb59cd1bdd011a2bfcc0747b55125d9b8527/library/core/src/io/write.rs:335:13
[INFO] [stdout]    8:     0x55ccdfad2736 - <std[617be2ca0a6fd877]::sys::backtrace::BacktraceLock>::print
[INFO] [stdout]                                at /rustc/e3feeb59cd1bdd011a2bfcc0747b55125d9b8527/library/std/src/sys/backtrace.rs:47:9
[INFO] [stdout]    9:     0x55ccdfad2736 - std[617be2ca0a6fd877]::panicking::default_hook::{closure#0}
[INFO] [stdout]                                at /rustc/e3feeb59cd1bdd011a2bfcc0747b55125d9b8527/library/std/src/panicking.rs:289:27
[INFO] [stdout]   10:     0x55ccdfaeec09 - std[617be2ca0a6fd877]::panicking::default_hook
[INFO] [stdout]                                at /rustc/e3feeb59cd1bdd011a2bfcc0747b55125d9b8527/library/std/src/panicking.rs:313:9
[INFO] [stdout]   11:     0x55ccdfa8aac0 - <alloc[2e1b2a31b91974c5]::boxed::Box<dyn for<'a, 'b> core[a373ad73a504971]::ops::function::Fn<(&'a std[617be2ca0a6fd877]::panic::PanicHookInfo<'b>,), Output = ()> + core[a373ad73a504971]::marker::Sync + core[a373ad73a504971]::marker::Send> as core[a373ad73a504971]::ops::function::Fn<(&std[617be2ca0a6fd877]::panic::PanicHookInfo,)>>::call
[INFO] [stdout]                                at /rustc/e3feeb59cd1bdd011a2bfcc0747b55125d9b8527/library/alloc/src/boxed.rs:2328:9
[INFO] [stdout]   12:     0x55ccdfa8aac0 - test[aada8e7e76ba119b]::test_main_inner::{closure#0}
[INFO] [stdout]                                at /rustc/e3feeb59cd1bdd011a2bfcc0747b55125d9b8527/library/test/src/lib.rs:137:21
[INFO] [stdout]   13:     0x55ccdfaeedc2 - <alloc[2e1b2a31b91974c5]::boxed::Box<dyn for<'a, 'b> core[a373ad73a504971]::ops::function::Fn<(&'a std[617be2ca0a6fd877]::panic::PanicHookInfo<'b>,), Output = ()> + core[a373ad73a504971]::marker::Sync + core[a373ad73a504971]::marker::Send> as core[a373ad73a504971]::ops::function::Fn<(&std[617be2ca0a6fd877]::panic::PanicHookInfo,)>>::call
[INFO] [stdout]                                at /rustc/e3feeb59cd1bdd011a2bfcc0747b55125d9b8527/library/alloc/src/boxed.rs:2328:9
[INFO] [stdout]   14:     0x55ccdfaeedc2 - std[617be2ca0a6fd877]::panicking::panic_with_hook
[INFO] [stdout]                                at /rustc/e3feeb59cd1bdd011a2bfcc0747b55125d9b8527/library/std/src/panicking.rs:819:13
[INFO] [stdout]   15:     0x55ccdfad2814 - std[617be2ca0a6fd877]::panicking::panic_handler::{closure#0}
[INFO] [stdout]                                at /rustc/e3feeb59cd1bdd011a2bfcc0747b55125d9b8527/library/std/src/panicking.rs:678:13
[INFO] [stdout]   16:     0x55ccdfacb369 - std[617be2ca0a6fd877]::sys::backtrace::__rust_end_short_backtrace::<std[617be2ca0a6fd877]::panicking::panic_handler::{closure#0}, !>
[INFO] [stdout]                                at /rustc/e3feeb59cd1bdd011a2bfcc0747b55125d9b8527/library/std/src/sys/backtrace.rs:182:18
[INFO] [stdout]   17:     0x55ccdfad33ed - __rustc[ea4f61d10b84890b]::rust_begin_unwind
[INFO] [stdout]                                at /rustc/e3feeb59cd1bdd011a2bfcc0747b55125d9b8527/library/std/src/panicking.rs:676:5
[INFO] [stdout]   18:     0x55ccdfb0cc8c - core[a373ad73a504971]::panicking::panic_fmt
[INFO] [stdout]                                at /rustc/e3feeb59cd1bdd011a2bfcc0747b55125d9b8527/library/core/src/panicking.rs:80:14
[INFO] [stdout]   19:     0x55ccdfa1e305 - tdcv2[dc621abedf0e96a3]::cli::pack_picker::screen_tests::fixture::{closure#0}
[INFO] [stdout]                                at /opt/rustwide/workdir/src/cli/pack_picker.rs:1794:17
[INFO] [stdout]   20:     0x55ccdfa6d612 - <core[a373ad73a504971]::option::Option<&std[617be2ca0a6fd877]::path::Path>>::unwrap_or_else::<tdcv2[dc621abedf0e96a3]::cli::pack_picker::screen_tests::fixture::{closure#0}>
[INFO] [stdout]                                at /rustc/e3feeb59cd1bdd011a2bfcc0747b55125d9b8527/library/core/src/option.rs:1067:21
[INFO] [stdout]   21:     0x55ccdfa1f73c - tdcv2[dc621abedf0e96a3]::cli::pack_picker::screen_tests::fixture
[INFO] [stdout]                                at /opt/rustwide/workdir/src/cli/pack_picker.rs:1793:32
[INFO] [stdout]   22:     0x55ccdfa206ac - tdcv2[dc621abedf0e96a3]::cli::pack_picker::screen_tests::draws_what_the_shared_fixture_says
[INFO] [stdout]                                at /opt/rustwide/workdir/src/cli/pack_picker.rs:1848:23
[INFO] [stdout]   23:     0x55ccdfa1db67 - tdcv2[dc621abedf0e96a3]::cli::pack_picker::screen_tests::draws_what_the_shared_fixture_says::{closure#0}
[INFO] [stdout]                                at /opt/rustwide/workdir/src/cli/pack_picker.rs:1847:44
[INFO] [stdout]   24:     0x55ccdfa33b16 - <tdcv2[dc621abedf0e96a3]::cli::pack_picker::screen_tests::draws_what_the_shared_fixture_says::{closure#0} as core[a373ad73a504971]::ops::function::FnOnce<()>>::call_once
[INFO] [stdout]                                at /rustc/e3feeb59cd1bdd011a2bfcc0747b55125d9b8527/library/core/src/ops/function.rs:250:5
[INFO] [stdout]   25:     0x55ccdfa7df0b - <fn() -> core[a373ad73a504971]::result::Result<(), alloc[2e1b2a31b91974c5]::string::String> as core[a373ad73a504971]::ops::function::FnOnce<()>>::call_once
[INFO] [stdout]                                at /rustc/e3feeb59cd1bdd011a2bfcc0747b55125d9b8527/library/core/src/ops/function.rs:250:5
[INFO] [stdout]   26:     0x55ccdfa7df0b - test[aada8e7e76ba119b]::__rust_begin_short_backtrace::<core[a373ad73a504971]::result::Result<(), alloc[2e1b2a31b91974c5]::string::String>, fn() -> core[a373ad73a504971]::result::Result<(), alloc[2e1b2a31b91974c5]::string::String>>
[INFO] [stdout]                                at /rustc/e3feeb59cd1bdd011a2bfcc0747b55125d9b8527/library/test/src/lib.rs:701:18
[INFO] [stdout]   27:     0x55ccdfa8b0e5 - test[aada8e7e76ba119b]::run_test_in_process::{closure#0}
[INFO] [stdout]                                at /rustc/e3feeb59cd1bdd011a2bfcc0747b55125d9b8527/library/test/src/lib.rs:724:74
[INFO] [stdout]   28:     0x55ccdfa8b0e5 - <core[a373ad73a504971]::panic::unwind_safe::AssertUnwindSafe<test[aada8e7e76ba119b]::run_test_in_process::{closure#0}> as core[a373ad73a504971]::ops::function::FnOnce<()>>::call_once
[INFO] [stdout]                                at /rustc/e3feeb59cd1bdd011a2bfcc0747b55125d9b8527/library/core/src/panic/unwind_safe.rs:275:9
[INFO] [stdout]   29:     0x55ccdfa8b0e5 - std[617be2ca0a6fd877]::panicking::catch_unwind::do_call::<core[a373ad73a504971]::panic::unwind_safe::AssertUnwindSafe<test[aada8e7e76ba119b]::run_test_in_process::{closure#0}>, core[a373ad73a504971]::result::Result<(), alloc[2e1b2a31b91974c5]::string::String>>
[INFO] [stdout]                                at /rustc/e3feeb59cd1bdd011a2bfcc0747b55125d9b8527/library/std/src/panicking.rs:573:43
[INFO] [stdout]   30:     0x55ccdfa8b0e5 - std[617be2ca0a6fd877]::panicking::catch_unwind::<core[a373ad73a504971]::result::Result<(), alloc[2e1b2a31b91974c5]::string::String>, core[a373ad73a504971]::panic::unwind_safe::AssertUnwindSafe<test[aada8e7e76ba119b]::run_test_in_process::{closure#0}>>
[INFO] [stdout]                                at /rustc/e3feeb59cd1bdd011a2bfcc0747b55125d9b8527/library/std/src/panicking.rs:541:19
[INFO] [stdout]   31:     0x55ccdfa8b0e5 - std[617be2ca0a6fd877]::panic::catch_unwind::<core[a373ad73a504971]::panic::unwind_safe::AssertUnwindSafe<test[aada8e7e76ba119b]::run_test_in_process::{closure#0}>, core[a373ad73a504971]::result::Result<(), alloc[2e1b2a31b91974c5]::string::String>>
[INFO] [stdout]                                at /rustc/e3feeb59cd1bdd011a2bfcc0747b55125d9b8527/library/std/src/panic.rs:359:14
[INFO] [stdout]   32:     0x55ccdfa8b0e5 - test[aada8e7e76ba119b]::run_test_in_process
[INFO] [stdout]                                at /rustc/e3feeb59cd1bdd011a2bfcc0747b55125d9b8527/library/test/src/lib.rs:724:27
[INFO] [stdout]   33:     0x55ccdfa8b0e5 - test[aada8e7e76ba119b]::run_test::{closure#0}
[INFO] [stdout]                                at /rustc/e3feeb59cd1bdd011a2bfcc0747b55125d9b8527/library/test/src/lib.rs:645:43
[INFO] [stdout]   34:     0x55ccdfa849d4 - test[aada8e7e76ba119b]::run_test::{closure#1}
[INFO] [stdout]                                at /rustc/e3feeb59cd1bdd011a2bfcc0747b55125d9b8527/library/test/src/lib.rs:675:41
[INFO] [stdout]   35:     0x55ccdfa849d4 - std[617be2ca0a6fd877]::sys::backtrace::__rust_begin_short_backtrace::<test[aada8e7e76ba119b]::run_test::{closure#1}, ()>
[INFO] [stdout]                                at /rustc/e3feeb59cd1bdd011a2bfcc0747b55125d9b8527/library/std/src/sys/backtrace.rs:166:18
[INFO] [stdout]   36:     0x55ccdfa8e172 - std[617be2ca0a6fd877]::thread::lifecycle::spawn_unchecked::<test[aada8e7e76ba119b]::run_test::{closure#1}, ()>::{closure#1}::{closure#0}
[INFO] [stdout]                                at /rustc/e3feeb59cd1bdd011a2bfcc0747b55125d9b8527/library/std/src/thread/lifecycle.rs:70:13
[INFO] [stdout]   37:     0x55ccdfa8e172 - <core[a373ad73a504971]::panic::unwind_safe::AssertUnwindSafe<std[617be2ca0a6fd877]::thread::lifecycle::spawn_unchecked<test[aada8e7e76ba119b]::run_test::{closure#1}, ()>::{closure#1}::{closure#0}> as core[a373ad73a504971]::ops::function::FnOnce<()>>::call_once
[INFO] [stdout]                                at /rustc/e3feeb59cd1bdd011a2bfcc0747b55125d9b8527/library/core/src/panic/unwind_safe.rs:275:9
[INFO] [stdout]   38:     0x55ccdfa8e172 - std[617be2ca0a6fd877]::panicking::catch_unwind::do_call::<core[a373ad73a504971]::panic::unwind_safe::AssertUnwindSafe<std[617be2ca0a6fd877]::thread::lifecycle::spawn_unchecked<test[aada8e7e76ba119b]::run_test::{closure#1}, ()>::{closure#1}::{closure#0}>, ()>
[INFO] [stdout]                                at /rustc/e3feeb59cd1bdd011a2bfcc0747b55125d9b8527/library/std/src/panicking.rs:573:43
[INFO] [stdout]   39:     0x55ccdfa8e172 - std[617be2ca0a6fd877]::panicking::catch_unwind::<(), core[a373ad73a504971]::panic::unwind_safe::AssertUnwindSafe<std[617be2ca0a6fd877]::thread::lifecycle::spawn_unchecked<test[aada8e7e76ba119b]::run_test::{closure#1}, ()>::{closure#1}::{closure#0}>>
[INFO] [stdout]                                at /rustc/e3feeb59cd1bdd011a2bfcc0747b55125d9b8527/library/std/src/panicking.rs:541:19
[INFO] [stdout]   40:     0x55ccdfa8e172 - std[617be2ca0a6fd877]::panic::catch_unwind::<core[a373ad73a504971]::panic::unwind_safe::AssertUnwindSafe<std[617be2ca0a6fd877]::thread::lifecycle::spawn_unchecked<test[aada8e7e76ba119b]::run_test::{closure#1}, ()>::{closure#1}::{closure#0}>, ()>
[INFO] [stdout]                                at /rustc/e3feeb59cd1bdd011a2bfcc0747b55125d9b8527/library/std/src/panic.rs:359:14
[INFO] [stdout]   41:     0x55ccdfa8e172 - std[617be2ca0a6fd877]::thread::lifecycle::spawn_unchecked::<test[aada8e7e76ba119b]::run_test::{closure#1}, ()>::{closure#1}
[INFO] [stdout]                                at /rustc/e3feeb59cd1bdd011a2bfcc0747b55125d9b8527/library/std/src/thread/lifecycle.rs:68:26
[INFO] [stdout]   42:     0x55ccdfa8e172 - <std[617be2ca0a6fd877]::thread::lifecycle::spawn_unchecked<test[aada8e7e76ba119b]::run_test::{closure#1}, ()>::{closure#1} as core[a373ad73a504971]::ops::function::FnOnce<()>>::call_once::{shim:vtable#0}
[INFO] [stdout]                                at /rustc/e3feeb59cd1bdd011a2bfcc0747b55125d9b8527/library/core/src/ops/function.rs:250:5
[INFO] [stdout]   43:     0x55ccdfaf5dcf - <alloc[2e1b2a31b91974c5]::boxed::Box<dyn core[a373ad73a504971]::ops::function::FnOnce<(), Output = ()> + core[a373ad73a504971]::marker::Send> as core[a373ad73a504971]::ops::function::FnOnce<()>>::call_once
[INFO] [stdout]                                at /rustc/e3feeb59cd1bdd011a2bfcc0747b55125d9b8527/library/alloc/src/boxed.rs:2314:9
[INFO] [stdout]   44:     0x55ccdfaf5dcf - <std[617be2ca0a6fd877]::sys::thread::unix::Thread>::new::thread_start
[INFO] [stdout]                                at /rustc/e3feeb59cd1bdd011a2bfcc0747b55125d9b8527/library/std/src/sys/thread/unix.rs:127:17
[INFO] [stdout]   45:     0x72351fcd8dfa - <unknown>
[INFO] [stdout]   46:     0x72351fd6c3d4 - clone
[INFO] [stdout]   47:                0x0 - <unknown>
[INFO] [stdout] 
[INFO] [stdout] ---- cli::pack_picker::key_tests::names_the_key_a_terminal_sent stdout ----
[INFO] [stdout] 
[INFO] [stdout] thread 'cli::pack_picker::key_tests::names_the_key_a_terminal_sent' (230) panicked at src/cli/pack_picker.rs:1700:17:
[INFO] [stdout] no pack-picker-keys.json above /opt/rustwide/workdir
[INFO] [stdout] stack backtrace:
[INFO] [stdout]    0:     0x55ccdfaf68d1 - std[617be2ca0a6fd877]::backtrace_rs::backtrace::libunwind::trace
[INFO] [stdout]                                at /rustc/e3feeb59cd1bdd011a2bfcc0747b55125d9b8527/library/std/src/../../backtrace/src/backtrace/libunwind.rs:117:9
[INFO] [stdout]    1:     0x55ccdfaf68d1 - std[617be2ca0a6fd877]::backtrace_rs::backtrace::trace_unsynchronized::<std[617be2ca0a6fd877]::sys::backtrace::_print_fmt::{closure#1}>
[INFO] [stdout]                                at /rustc/e3feeb59cd1bdd011a2bfcc0747b55125d9b8527/library/std/src/../../backtrace/src/backtrace/mod.rs:66:14
[INFO] [stdout]    2:     0x55ccdfaf68d1 - std[617be2ca0a6fd877]::sys::backtrace::_print_fmt
[INFO] [stdout]                                at /rustc/e3feeb59cd1bdd011a2bfcc0747b55125d9b8527/library/std/src/sys/backtrace.rs:74:9
[INFO] [stdout]    3:     0x55ccdfaf68d1 - <<std[617be2ca0a6fd877]::sys::backtrace::BacktraceLock>::print::DisplayBacktrace as core[a373ad73a504971]::fmt::Display>::fmt
[INFO] [stdout]                                at /rustc/e3feeb59cd1bdd011a2bfcc0747b55125d9b8527/library/std/src/sys/backtrace.rs:44:26
[INFO] [stdout]    4:     0x55ccdfb0c48a - <core[a373ad73a504971]::fmt::rt::Argument>::fmt
[INFO] [stdout]                                at /rustc/e3feeb59cd1bdd011a2bfcc0747b55125d9b8527/library/core/src/fmt/rt.rs:152:76
[INFO] [stdout]    5:     0x55ccdfb0c48a - core[a373ad73a504971]::fmt::write
[INFO] [stdout]    6:     0x55ccdfafaaec - core[a373ad73a504971]::io::write::default_write_fmt::<alloc[2e1b2a31b91974c5]::vec::Vec<u8>>
[INFO] [stdout]                                at /rustc/e3feeb59cd1bdd011a2bfcc0747b55125d9b8527/library/core/src/io/write.rs:402:11
[INFO] [stdout]    7:     0x55ccdfafaaec - <alloc[2e1b2a31b91974c5]::vec::Vec<u8> as core[a373ad73a504971]::io::write::Write>::write_fmt
[INFO] [stdout]                                at /rustc/e3feeb59cd1bdd011a2bfcc0747b55125d9b8527/library/core/src/io/write.rs:335:13
[INFO] [stdout]    8:     0x55ccdfad2736 - <std[617be2ca0a6fd877]::sys::backtrace::BacktraceLock>::print
[INFO] [stdout]                                at /rustc/e3feeb59cd1bdd011a2bfcc0747b55125d9b8527/library/std/src/sys/backtrace.rs:47:9
[INFO] [stdout]    9:     0x55ccdfad2736 - std[617be2ca0a6fd877]::panicking::default_hook::{closure#0}
[INFO] [stdout]                                at /rustc/e3feeb59cd1bdd011a2bfcc0747b55125d9b8527/library/std/src/panicking.rs:289:27
[INFO] [stdout]   10:     0x55ccdfaeec09 - std[617be2ca0a6fd877]::panicking::default_hook
[INFO] [stdout]                                at /rustc/e3feeb59cd1bdd011a2bfcc0747b55125d9b8527/library/std/src/panicking.rs:313:9
[INFO] [stdout]   11:     0x55ccdfa8aac0 - <alloc[2e1b2a31b91974c5]::boxed::Box<dyn for<'a, 'b> core[a373ad73a504971]::ops::function::Fn<(&'a std[617be2ca0a6fd877]::panic::PanicHookInfo<'b>,), Output = ()> + core[a373ad73a504971]::marker::Sync + core[a373ad73a504971]::marker::Send> as core[a373ad73a504971]::ops::function::Fn<(&std[617be2ca0a6fd877]::panic::PanicHookInfo,)>>::call
[INFO] [stdout]                                at /rustc/e3feeb59cd1bdd011a2bfcc0747b55125d9b8527/library/alloc/src/boxed.rs:2328:9
[INFO] [stdout]   12:     0x55ccdfa8aac0 - test[aada8e7e76ba119b]::test_main_inner::{closure#0}
[INFO] [stdout]                                at /rustc/e3feeb59cd1bdd011a2bfcc0747b55125d9b8527/library/test/src/lib.rs:137:21
[INFO] [stdout]   13:     0x55ccdfaeedc2 - <alloc[2e1b2a31b91974c5]::boxed::Box<dyn for<'a, 'b> core[a373ad73a504971]::ops::function::Fn<(&'a std[617be2ca0a6fd877]::panic::PanicHookInfo<'b>,), Output = ()> + core[a373ad73a504971]::marker::Sync + core[a373ad73a504971]::marker::Send> as core[a373ad73a504971]::ops::function::Fn<(&std[617be2ca0a6fd877]::panic::PanicHookInfo,)>>::call
[INFO] [stdout]                                at /rustc/e3feeb59cd1bdd011a2bfcc0747b55125d9b8527/library/alloc/src/boxed.rs:2328:9
[INFO] [stdout]   14:     0x55ccdfaeedc2 - std[617be2ca0a6fd877]::panicking::panic_with_hook
[INFO] [stdout]                                at /rustc/e3feeb59cd1bdd011a2bfcc0747b55125d9b8527/library/std/src/panicking.rs:819:13
[INFO] [stdout]   15:     0x55ccdfad2814 - std[617be2ca0a6fd877]::panicking::panic_handler::{closure#0}
[INFO] [stdout]                                at /rustc/e3feeb59cd1bdd011a2bfcc0747b55125d9b8527/library/std/src/panicking.rs:678:13
[INFO] [stdout]   16:     0x55ccdfacb369 - std[617be2ca0a6fd877]::sys::backtrace::__rust_end_short_backtrace::<std[617be2ca0a6fd877]::panicking::panic_handler::{closure#0}, !>
[INFO] [stdout]                                at /rustc/e3feeb59cd1bdd011a2bfcc0747b55125d9b8527/library/std/src/sys/backtrace.rs:182:18
[INFO] [stdout]   17:     0x55ccdfad33ed - __rustc[ea4f61d10b84890b]::rust_begin_unwind
[INFO] [stdout]                                at /rustc/e3feeb59cd1bdd011a2bfcc0747b55125d9b8527/library/std/src/panicking.rs:676:5
[INFO] [stdout]   18:     0x55ccdfb0cc8c - core[a373ad73a504971]::panicking::panic_fmt
[INFO] [stdout]                                at /rustc/e3feeb59cd1bdd011a2bfcc0747b55125d9b8527/library/core/src/panicking.rs:80:14
[INFO] [stdout]   19:     0x55ccdfa6ffa5 - tdcv2[dc621abedf0e96a3]::cli::pack_picker::key_tests::vectors::{closure#0}
[INFO] [stdout]                                at /opt/rustwide/workdir/src/cli/pack_picker.rs:1700:17
[INFO] [stdout]   20:     0x55ccdfa6d672 - <core[a373ad73a504971]::option::Option<&std[617be2ca0a6fd877]::path::Path>>::unwrap_or_else::<tdcv2[dc621abedf0e96a3]::cli::pack_picker::key_tests::vectors::{closure#0}>
[INFO] [stdout]                                at /rustc/e3feeb59cd1bdd011a2bfcc0747b55125d9b8527/library/core/src/option.rs:1067:21
[INFO] [stdout]   21:     0x55ccdfa7229a - tdcv2[dc621abedf0e96a3]::cli::pack_picker::key_tests::vectors
[INFO] [stdout]                                at /opt/rustwide/workdir/src/cli/pack_picker.rs:1699:32
[INFO] [stdout]   22:     0x55ccdfa72501 - tdcv2[dc621abedf0e96a3]::cli::pack_picker::key_tests::names_the_key_a_terminal_sent
[INFO] [stdout]                                at /opt/rustwide/workdir/src/cli/pack_picker.rs:1724:21
[INFO] [stdout]   23:     0x55ccdfa6ff07 - tdcv2[dc621abedf0e96a3]::cli::pack_picker::key_tests::names_the_key_a_terminal_sent::{closure#0}
[INFO] [stdout]                                at /opt/rustwide/workdir/src/cli/pack_picker.rs:1723:39
[INFO] [stdout]   24:     0x55ccdfa33b36 - <tdcv2[dc621abedf0e96a3]::cli::pack_picker::key_tests::names_the_key_a_terminal_sent::{closure#0} as core[a373ad73a504971]::ops::function::FnOnce<()>>::call_once
[INFO] [stdout]                                at /rustc/e3feeb59cd1bdd011a2bfcc0747b55125d9b8527/library/core/src/ops/function.rs:250:5
[INFO] [stdout]   25:     0x55ccdfa7df0b - <fn() -> core[a373ad73a504971]::result::Result<(), alloc[2e1b2a31b91974c5]::string::String> as core[a373ad73a504971]::ops::function::FnOnce<()>>::call_once
[INFO] [stdout]                                at /rustc/e3feeb59cd1bdd011a2bfcc0747b55125d9b8527/library/core/src/ops/function.rs:250:5
[INFO] [stdout]   26:     0x55ccdfa7df0b - test[aada8e7e76ba119b]::__rust_begin_short_backtrace::<core[a373ad73a504971]::result::Result<(), alloc[2e1b2a31b91974c5]::string::String>, fn() -> core[a373ad73a504971]::result::Result<(), alloc[2e1b2a31b91974c5]::string::String>>
[INFO] [stdout]                                at /rustc/e3feeb59cd1bdd011a2bfcc0747b55125d9b8527/library/test/src/lib.rs:701:18
[INFO] [stdout]   27:     0x55ccdfa8b0e5 - test[aada8e7e76ba119b]::run_test_in_process::{closure#0}
[INFO] [stdout]                                at /rustc/e3feeb59cd1bdd011a2bfcc0747b55125d9b8527/library/test/src/lib.rs:724:74
[INFO] [stdout]   28:     0x55ccdfa8b0e5 - <core[a373ad73a504971]::panic::unwind_safe::AssertUnwindSafe<test[aada8e7e76ba119b]::run_test_in_process::{closure#0}> as core[a373ad73a504971]::ops::function::FnOnce<()>>::call_once
[INFO] [stdout]                                at /rustc/e3feeb59cd1bdd011a2bfcc0747b55125d9b8527/library/core/src/panic/unwind_safe.rs:275:9
[INFO] [stdout]   29:     0x55ccdfa8b0e5 - std[617be2ca0a6fd877]::panicking::catch_unwind::do_call::<core[a373ad73a504971]::panic::unwind_safe::AssertUnwindSafe<test[aada8e7e76ba119b]::run_test_in_process::{closure#0}>, core[a373ad73a504971]::result::Result<(), alloc[2e1b2a31b91974c5]::string::String>>
[INFO] [stdout]                                at /rustc/e3feeb59cd1bdd011a2bfcc0747b55125d9b8527/library/std/src/panicking.rs:573:43
[INFO] [stdout]   30:     0x55ccdfa8b0e5 - std[617be2ca0a6fd877]::panicking::catch_unwind::<core[a373ad73a504971]::result::Result<(), alloc[2e1b2a31b91974c5]::string::String>, core[a373ad73a504971]::panic::unwind_safe::AssertUnwindSafe<test[aada8e7e76ba119b]::run_test_in_process::{closure#0}>>
[INFO] [stdout]                                at /rustc/e3feeb59cd1bdd011a2bfcc0747b55125d9b8527/library/std/src/panicking.rs:541:19
[INFO] [stdout]   31:     0x55ccdfa8b0e5 - std[617be2ca0a6fd877]::panic::catch_unwind::<core[a373ad73a504971]::panic::unwind_safe::AssertUnwindSafe<test[aada8e7e76ba119b]::run_test_in_process::{closure#0}>, core[a373ad73a504971]::result::Result<(), alloc[2e1b2a31b91974c5]::string::String>>
[INFO] [stdout]                                at /rustc/e3feeb59cd1bdd011a2bfcc0747b55125d9b8527/library/std/src/panic.rs:359:14
[INFO] [stdout]   32:     0x55ccdfa8b0e5 - test[aada8e7e76ba119b]::run_test_in_process
[INFO] [stdout]                                at /rustc/e3feeb59cd1bdd011a2bfcc0747b55125d9b8527/library/test/src/lib.rs:724:27
[INFO] [stdout]   33:     0x55ccdfa8b0e5 - test[aada8e7e76ba119b]::run_test::{closure#0}
[INFO] [stdout]                                at /rustc/e3feeb59cd1bdd011a2bfcc0747b55125d9b8527/library/test/src/lib.rs:645:43
[INFO] [stdout]   34:     0x55ccdfa849d4 - test[aada8e7e76ba119b]::run_test::{closure#1}
[INFO] [stdout]                                at /rustc/e3feeb59cd1bdd011a2bfcc0747b55125d9b8527/library/test/src/lib.rs:675:41
[INFO] [stdout]   35:     0x55ccdfa849d4 - std[617be2ca0a6fd877]::sys::backtrace::__rust_begin_short_backtrace::<test[aada8e7e76ba119b]::run_test::{closure#1}, ()>
[INFO] [stdout]                                at /rustc/e3feeb59cd1bdd011a2bfcc0747b55125d9b8527/library/std/src/sys/backtrace.rs:166:18
[INFO] [stdout]   36:     0x55ccdfa8e172 - std[617be2ca0a6fd877]::thread::lifecycle::spawn_unchecked::<test[aada8e7e76ba119b]::run_test::{closure#1}, ()>::{closure#1}::{closure#0}
[INFO] [stdout]                                at /rustc/e3feeb59cd1bdd011a2bfcc0747b55125d9b8527/library/std/src/thread/lifecycle.rs:70:13
[INFO] [stdout]   37:     0x55ccdfa8e172 - <core[a373ad73a504971]::panic::unwind_safe::AssertUnwindSafe<std[617be2ca0a6fd877]::thread::lifecycle::spawn_unchecked<test[aada8e7e76ba119b]::run_test::{closure#1}, ()>::{closure#1}::{closure#0}> as core[a373ad73a504971]::ops::function::FnOnce<()>>::call_once
[INFO] [stdout]                                at /rustc/e3feeb59cd1bdd011a2bfcc0747b55125d9b8527/library/core/src/panic/unwind_safe.rs:275:9
[INFO] [stdout]   38:     0x55ccdfa8e172 - std[617be2ca0a6fd877]::panicking::catch_unwind::do_call::<core[a373ad73a504971]::panic::unwind_safe::AssertUnwindSafe<std[617be2ca0a6fd877]::thread::lifecycle::spawn_unchecked<test[aada8e7e76ba119b]::run_test::{closure#1}, ()>::{closure#1}::{closure#0}>, ()>
[INFO] [stdout]                                at /rustc/e3feeb59cd1bdd011a2bfcc0747b55125d9b8527/library/std/src/panicking.rs:573:43
[INFO] [stdout]   39:     0x55ccdfa8e172 - std[617be2ca0a6fd877]::panicking::catch_unwind::<(), core[a373ad73a504971]::panic::unwind_safe::AssertUnwindSafe<std[617be2ca0a6fd877]::thread::lifecycle::spawn_unchecked<test[aada8e7e76ba119b]::run_test::{closure#1}, ()>::{closure#1}::{closure#0}>>
[INFO] [stdout]                                at /rustc/e3feeb59cd1bdd011a2bfcc0747b55125d9b8527/library/std/src/panicking.rs:541:19
[INFO] [stdout]   40:     0x55ccdfa8e172 - std[617be2ca0a6fd877]::panic::catch_unwind::<core[a373ad73a504971]::panic::unwind_safe::AssertUnwindSafe<std[617be2ca0a6fd877]::thread::lifecycle::spawn_unchecked<test[aada8e7e76ba119b]::run_test::{closure#1}, ()>::{closure#1}::{closure#0}>, ()>
[INFO] [stdout]                                at /rustc/e3feeb59cd1bdd011a2bfcc0747b55125d9b8527/library/std/src/panic.rs:359:14
[INFO] [stdout]   41:     0x55ccdfa8e172 - std[617be2ca0a6fd877]::thread::lifecycle::spawn_unchecked::<test[aada8e7e76ba119b]::run_test::{closure#1}, ()>::{closure#1}
[INFO] [stdout]                                at /rustc/e3feeb59cd1bdd011a2bfcc0747b55125d9b8527/library/std/src/thread/lifecycle.rs:68:26
[INFO] [stdout]   42:     0x55ccdfa8e172 - <std[617be2ca0a6fd877]::thread::lifecycle::spawn_unchecked<test[aada8e7e76ba119b]::run_test::{closure#1}, ()>::{closure#1} as core[a373ad73a504971]::ops::function::FnOnce<()>>::call_once::{shim:vtable#0}
[INFO] [stdout]                                at /rustc/e3feeb59cd1bdd011a2bfcc0747b55125d9b8527/library/core/src/ops/function.rs:250:5
[INFO] [stdout]   43:     0x55ccdfaf5dcf - <alloc[2e1b2a31b91974c5]::boxed::Box<dyn core[a373ad73a504971]::ops::function::FnOnce<(), Output = ()> + core[a373ad73a504971]::marker::Send> as core[a373ad73a504971]::ops::function::FnOnce<()>>::call_once
[INFO] [stdout]                                at /rustc/e3feeb59cd1bdd011a2bfcc0747b55125d9b8527/library/alloc/src/boxed.rs:2314:9
[INFO] [stdout]   44:     0x55ccdfaf5dcf - <std[617be2ca0a6fd877]::sys::thread::unix::Thread>::new::thread_start
[INFO] [stdout]                                at /rustc/e3feeb59cd1bdd011a2bfcc0747b55125d9b8527/library/std/src/sys/thread/unix.rs:127:17
[INFO] [stdout]   45:     0x72351fcd8dfa - <unknown>
[INFO] [stdout]   46:     0x72351fd6c3d4 - clone
[INFO] [stdout]   47:                0x0 - <unknown>
[INFO] [stdout] 
[INFO] [stdout] 
[INFO] [stdout] failures:
[INFO] [stdout]     cli::pack_picker::key_tests::names_the_key_a_terminal_sent
[INFO] [stdout]     cli::pack_picker::screen_tests::draws_what_the_shared_fixture_says
[INFO] [stdout] 
[INFO] [stdout] test result: FAILED. 32 passed; 2 failed; 0 ignored; 0 measured; 0 filtered out; finished in 0.18s
[INFO] [stdout] 
[INFO] [stderr] error: test failed, to rerun pass `--lib`
[INFO] running `Command { std: "docker" "inspect" "db847fb80c69161b012df0b4ef691aa6d6054136b1db69908596bc58c8fcd1c0", kill_on_drop: false }`
[INFO] running `Command { std: "docker" "rm" "-f" "db847fb80c69161b012df0b4ef691aa6d6054136b1db69908596bc58c8fcd1c0", kill_on_drop: false }`
[INFO] [stdout] db847fb80c69161b012df0b4ef691aa6d6054136b1db69908596bc58c8fcd1c0
