[INFO] fetching crate tauriless 0.2.4...
[INFO] testing tauriless-0.2.4 against 1.100.0-beta.1 for beta-1.100-2
[INFO] extracting crate tauriless 0.2.4 into /workspace/builds/worker-7-tc2/source
[INFO] started tweaking crates.io crate tauriless 0.2.4
[INFO] finished tweaking crates.io crate tauriless 0.2.4
[INFO] tweaked toml for crates.io crate tauriless 0.2.4 written to /workspace/builds/worker-7-tc2/source/Cargo.toml
[INFO] validating manifest of crates.io crate tauriless 0.2.4 on toolchain 1.100.0-beta.1
[INFO] running `Command { std: CARGO_HOME="/workspace/cargo-home" RUSTUP_HOME="/workspace/rustup-home" "/workspace/cargo-home/bin/cargo" "+1.100.0-beta.1" "metadata" "--manifest-path" "Cargo.toml" "--no-deps", kill_on_drop: false }`
[INFO] running `Command { std: CARGO_HOME="/workspace/cargo-home" RUSTUP_HOME="/workspace/rustup-home" "/workspace/cargo-home/bin/cargo" "+1.100.0-beta.1" "generate-lockfile" "--manifest-path" "Cargo.toml", kill_on_drop: false }`
[INFO] [stderr]     Updating crates.io index
[INFO] [stderr]      Locking 256 packages to highest compatible versions
[INFO] [stderr]       Adding generic-array v0.14.7 (available: v0.14.9)
[INFO] [stderr]       Adding toml v0.8.2 (available: v0.8.23)
[INFO] [stderr]       Adding toml_datetime v0.6.3 (available: v0.6.11)
[INFO] [stderr]       Adding toml_edit v0.20.2 (available: v0.20.7)
[INFO] running `Command { std: CARGO_HOME="/workspace/cargo-home" RUSTUP_HOME="/workspace/rustup-home" "/workspace/cargo-home/bin/cargo" "+1.100.0-beta.1" "fetch" "--manifest-path" "Cargo.toml", kill_on_drop: false }`
[INFO] running `Command { std: "docker" "create" "-v" "/var/lib/crater-agent-workspace/builds/worker-7-tc2/source:/opt/rustwide/workdir:ro,Z" "-v" "/var/lib/crater-agent-workspace/builds/worker-7-tc2/target:/opt/rustwide/target:rw,Z" "-v" "/var/lib/crater-agent-workspace/cargo-home:/opt/rustwide/cargo-home:ro,Z" "-v" "/var/lib/crater-agent-workspace/rustup-home:/opt/rustwide/rustup-home:ro,Z" "-m" "1610612736" "--network" "none" "ghcr.io/rust-lang/crates-build-env/linux@sha256:3111399a4047eeb3a02b7a90e478d715f38a8c6669b5c4b49d30a17385265909" "sleep" "infinity", kill_on_drop: false }`
[INFO] [stdout] e1dc0153f5ba79fe7eeee72d2313f2b01ec3814ef1c247b8f1bfe651461aea73
[INFO] running `Command { std: "docker" "start" "e1dc0153f5ba79fe7eeee72d2313f2b01ec3814ef1c247b8f1bfe651461aea73", kill_on_drop: false }`
[INFO] running `Command { std: "docker" "inspect" "e1dc0153f5ba79fe7eeee72d2313f2b01ec3814ef1c247b8f1bfe651461aea73", kill_on_drop: false }`
[INFO] running `Command { std: "docker" "exec" "-e" "SOURCE_DIR=/opt/rustwide/workdir" "-e" "CARGO_HOME=/opt/rustwide/cargo-home" "-e" "RUSTUP_HOME=/opt/rustwide/rustup-home" "-e" "CARGO_TARGET_DIR=/opt/rustwide/target" "-w" "/opt/rustwide/workdir" "--user" "0:0" "e1dc0153f5ba79fe7eeee72d2313f2b01ec3814ef1c247b8f1bfe651461aea73" "/opt/rustwide/cargo-home/bin/cargo" "+1.100.0-beta.1" "metadata" "--no-deps" "--format-version=1", kill_on_drop: false }`
[INFO] running `Command { std: "docker" "inspect" "e1dc0153f5ba79fe7eeee72d2313f2b01ec3814ef1c247b8f1bfe651461aea73", kill_on_drop: false }`
[INFO] running `Command { std: "docker" "exec" "-e" "SOURCE_DIR=/opt/rustwide/workdir" "-e" "CARGO_HOME=/opt/rustwide/cargo-home" "-e" "RUSTUP_HOME=/opt/rustwide/rustup-home" "-e" "CARGO_TARGET_DIR=/opt/rustwide/target" "-e" "CARGO_INCREMENTAL=0" "-e" "RUST_BACKTRACE=full" "-e" "RUSTFLAGS=--cap-lints=warn" "-e" "RUSTDOCFLAGS=--cap-lints=warn" "-w" "/opt/rustwide/workdir" "--user" "0:0" "e1dc0153f5ba79fe7eeee72d2313f2b01ec3814ef1c247b8f1bfe651461aea73" "/opt/rustwide/cargo-home/bin/cargo" "+1.100.0-beta.1" "build" "--frozen" "--message-format=json", kill_on_drop: false }`
[INFO] [stderr]    Compiling hashbrown v0.17.1
[INFO] [stderr]    Compiling equivalent v1.0.2
[INFO] [stderr]    Compiling winnow v0.5.40
[INFO] [stderr]    Compiling target-lexicon v0.12.16
[INFO] [stderr]    Compiling smallvec v1.16.2
[INFO] [stderr]    Compiling version-compare v0.2.1
[INFO] [stderr]    Compiling proc-macro-error-attr v1.0.4
[INFO] [stderr]    Compiling syn v1.0.109
[INFO] [stderr]    Compiling serde v1.0.229
[INFO] [stderr]    Compiling proc-macro-error v1.0.4
[INFO] [stderr]    Compiling futures-channel v0.3.34
[INFO] [stderr]    Compiling bitflags v2.13.2
[INFO] [stderr]    Compiling gio v0.18.4
[INFO] [stderr]    Compiling syn v3.0.6
[INFO] [stderr]    Compiling syn v2.0.119
[INFO] [stderr]    Compiling futures-io v0.3.34
[INFO] [stderr]    Compiling rustversion v1.0.23
[INFO] [stderr]    Compiling memoffset v0.9.1
[INFO] [stderr]    Compiling bumpalo v3.20.3
[INFO] [stderr]    Compiling field-offset v0.3.6
[INFO] [stderr]    Compiling x11 v2.21.0
[INFO] [stderr]    Compiling zerocopy v0.8.60
[INFO] [stderr]    Compiling gtk v0.18.2
[INFO] [stderr]    Compiling time-core v0.1.9
[INFO] [stderr]    Compiling num-conv v0.2.2
[INFO] [stderr]    Compiling x11-dl v2.21.0
[INFO] [stderr]    Compiling cookie v0.18.2
[INFO] [stderr]    Compiling powerfmt v0.2.1
[INFO] [stderr]    Compiling deranged v0.5.8
[INFO] [stderr]    Compiling option-ext v0.2.0
[INFO] [stderr]    Compiling dirs-sys v0.5.0
[INFO] [stderr]    Compiling either v1.19.0
[INFO] [stderr]    Compiling wry v0.57.0
[INFO] [stderr]    Compiling time-macros v0.2.32
[INFO] [stderr]    Compiling dirs v7.0.0
[INFO] [stderr]    Compiling http v1.5.0
[INFO] [stderr]    Compiling itertools v0.15.0
[INFO] [stderr]    Compiling indexmap v2.14.2
[INFO] [stderr]    Compiling cfg-expr v0.15.8
[INFO] [stderr]    Compiling tauriless_common v0.2.0
[INFO] [stderr]    Compiling toml_datetime v0.6.3
[INFO] [stderr]    Compiling serde_spanned v0.6.9
[INFO] [stderr]    Compiling dyn-clone v1.0.20
[INFO] [stderr]    Compiling raw-window-handle v0.6.2
[INFO] [stderr]    Compiling dpi v0.1.2
[INFO] [stderr]    Compiling wasm-bindgen v0.2.129
[INFO] [stderr]    Compiling serde_json v1.0.151
[INFO] [stderr]    Compiling time v0.3.55
[INFO] [stderr]    Compiling toml_edit v0.20.2
[INFO] [stderr]    Compiling toml_edit v0.19.15
[INFO] [stderr]    Compiling proc-macro-crate v1.3.1
[INFO] [stderr]    Compiling thiserror-impl v1.0.69
[INFO] [stderr]    Compiling zerocopy-derive v0.8.60
[INFO] [stderr]    Compiling gtk3-macros v0.18.2
[INFO] [stderr]    Compiling thiserror v1.0.69
[INFO] [stderr]    Compiling toml v0.8.2
[INFO] [stderr]    Compiling proc-macro-crate v2.0.2
[INFO] [stderr]    Compiling tauriless_macro v0.2.1
[INFO] [stderr]    Compiling system-deps v6.2.2
[INFO] [stderr]    Compiling wasm-bindgen-macro-support v0.2.129
[INFO] [stderr]    Compiling glib-macros v0.18.5
[INFO] [stderr]    Compiling glib-sys v0.18.1
[INFO] [stderr]    Compiling gobject-sys v0.18.0
[INFO] [stderr]    Compiling gio-sys v0.18.1
[INFO] [stderr]    Compiling gdk-sys v0.18.2
[INFO] [stderr]    Compiling cairo-sys-rs v0.18.2
[INFO] [stderr]    Compiling atk-sys v0.18.2
[INFO] [stderr]    Compiling pango-sys v0.18.0
[INFO] [stderr]    Compiling gdk-pixbuf-sys v0.18.0
[INFO] [stderr]    Compiling gtk-sys v0.18.2
[INFO] [stderr]    Compiling javascriptcore-rs-sys v1.1.1
[INFO] [stderr]    Compiling soup3-sys v0.5.0
[INFO] [stderr]    Compiling webkit2gtk-sys v2.0.2
[INFO] [stderr]    Compiling futures-macro v0.3.34
[INFO] [stderr]    Compiling serde_derive v1.0.229
[INFO] [stderr]    Compiling gdkx11-sys v0.18.2
[INFO] [stderr]    Compiling thiserror-impl v2.0.21
[INFO] [stderr]    Compiling futures-util v0.3.34
[INFO] [stderr]    Compiling thiserror v2.0.21
[INFO] [stderr]    Compiling futures-executor v0.3.34
[INFO] [stderr]    Compiling glib v0.18.5
[INFO] [stderr]    Compiling wasm-bindgen-macro v0.2.129
[INFO] [stderr]    Compiling half v2.7.1
[INFO] [stderr]    Compiling pot v3.0.1
[INFO] [stderr]    Compiling js-sys v0.3.106
[INFO] [stderr]    Compiling cairo-rs v0.18.5
[INFO] [stderr]    Compiling atk v0.18.2
[INFO] [stderr]    Compiling javascriptcore-rs v1.1.2
[INFO] [stderr]    Compiling serde-wasm-bindgen v0.6.5
[INFO] [stderr]    Compiling tauriless_serde v0.2.1
[INFO] [stderr]    Compiling pango v0.18.3
[INFO] [stderr]    Compiling gdk-pixbuf v0.18.5
[INFO] [stderr]    Compiling soup3 v0.5.0
[INFO] [stderr]    Compiling gdk v0.18.2
[INFO] [stderr]    Compiling gdkx11 v0.18.2
[INFO] [stderr]    Compiling webkit2gtk v2.0.2
[INFO] [stderr]    Compiling tauriless v0.2.4 (/opt/rustwide/workdir)
[INFO] [stderr] warning: unused dependency `serde_json`
[INFO] [stderr]  --> Cargo.toml:4:15
[INFO] [stderr]   |
[INFO] [stderr] 4 | [dependencies.serde_json]
[INFO] [stderr]   |               ^^^^^^^^^^^
[INFO] [stderr]   |
[INFO] [stderr]   = note: `cargo::unused_dependencies` is set to `warn` by default
[INFO] [stderr] help: consider removing the dependency on `serde_json`
[INFO] [stderr] warning: `tauriless` (manifest) generated 1 warning
[INFO] [stderr]     Finished `dev` profile [unoptimized + debuginfo] target(s) in 1m 46s
[INFO] running `Command { std: "docker" "inspect" "e1dc0153f5ba79fe7eeee72d2313f2b01ec3814ef1c247b8f1bfe651461aea73", kill_on_drop: false }`
[INFO] running `Command { std: "docker" "exec" "-e" "SOURCE_DIR=/opt/rustwide/workdir" "-e" "CARGO_HOME=/opt/rustwide/cargo-home" "-e" "RUSTUP_HOME=/opt/rustwide/rustup-home" "-e" "CARGO_TARGET_DIR=/opt/rustwide/target" "-e" "CARGO_INCREMENTAL=0" "-e" "RUST_BACKTRACE=full" "-e" "RUSTFLAGS=--cap-lints=warn" "-e" "RUSTDOCFLAGS=--cap-lints=warn" "-w" "/opt/rustwide/workdir" "--user" "0:0" "e1dc0153f5ba79fe7eeee72d2313f2b01ec3814ef1c247b8f1bfe651461aea73" "/opt/rustwide/cargo-home/bin/cargo" "+1.100.0-beta.1" "test" "--frozen" "--no-run" "--message-format=json", kill_on_drop: false }`
[INFO] [stderr]    Compiling tauriless v0.2.4 (/opt/rustwide/workdir)
[INFO] [stderr] warning: unused dependency `serde_json`
[INFO] [stderr]  --> Cargo.toml:4:15
[INFO] [stderr]   |
[INFO] [stderr] 4 | [dependencies.serde_json]
[INFO] [stderr]   |               ^^^^^^^^^^^
[INFO] [stderr]   |
[INFO] [stderr]   = note: `cargo::unused_dependencies` is set to `warn` by default
[INFO] [stderr] help: consider removing the dependency on `serde_json`
[INFO] [stderr] warning: `tauriless` (manifest) generated 1 warning
[INFO] [stderr]     Finished `test` profile [unoptimized + debuginfo] target(s) in 1.30s
[INFO] running `Command { std: "docker" "inspect" "e1dc0153f5ba79fe7eeee72d2313f2b01ec3814ef1c247b8f1bfe651461aea73", kill_on_drop: false }`
[INFO] running `Command { std: "docker" "exec" "-e" "SOURCE_DIR=/opt/rustwide/workdir" "-e" "CARGO_HOME=/opt/rustwide/cargo-home" "-e" "RUSTUP_HOME=/opt/rustwide/rustup-home" "-e" "CARGO_TARGET_DIR=/opt/rustwide/target" "-e" "CARGO_INCREMENTAL=0" "-e" "RUST_BACKTRACE=full" "-e" "RUSTFLAGS=--cap-lints=warn" "-e" "RUSTDOCFLAGS=--cap-lints=warn" "-w" "/opt/rustwide/workdir" "--user" "0:0" "e1dc0153f5ba79fe7eeee72d2313f2b01ec3814ef1c247b8f1bfe651461aea73" "/opt/rustwide/cargo-home/bin/cargo" "+1.100.0-beta.1" "test" "--frozen", kill_on_drop: false }`
[INFO] [stdout] 
[INFO] [stderr] warning: unused dependency `serde_json`
[INFO] [stdout] running 0 tests
[INFO] [stderr]  --> Cargo.toml:4:15
[INFO] [stdout] 
[INFO] [stderr]   |
[INFO] [stdout] test result: ok. 0 passed; 0 failed; 0 ignored; 0 measured; 0 filtered out; finished in 0.00s
[INFO] [stderr] 4 | [dependencies.serde_json]
[INFO] [stdout] 
[INFO] [stderr]   |               ^^^^^^^^^^^
[INFO] [stderr]   |
[INFO] [stderr]   = note: `cargo::unused_dependencies` is set to `warn` by default
[INFO] [stderr] help: consider removing the dependency on `serde_json`
[INFO] [stderr] warning: `tauriless` (manifest) generated 1 warning
[INFO] [stderr]     Finished `test` profile [unoptimized + debuginfo] target(s) in 0.18s
[INFO] [stderr]      Running unittests src/lib.rs (/opt/rustwide/target/debug/build/tauriless/51d648cc710ae934/out/tauriless-51d648cc710ae934)
[INFO] [stderr]    Doc-tests tauriless
[INFO] [stdout] 
[INFO] [stdout] running 1 test
[INFO] [stderr] error: doctest failed, to rerun pass `--doc`
[INFO] [stdout] test src/lib.rs - (line 20) - compile ... FAILED
[INFO] [stdout] 
[INFO] [stdout] failures:
[INFO] [stdout] 
[INFO] [stdout] ---- src/lib.rs - (line 20) stdout ----
[INFO] [stdout] error[E0433]: cannot find module or crate `tao` in this scope
[INFO] [stdout]   --> src/lib.rs:22:5
[INFO] [stdout]    |
[INFO] [stdout] 22 | use tao::{
[INFO] [stdout]    |     ^^^ use of unresolved module or unlinked crate `tao`
[INFO] [stdout]    |
[INFO] [stdout]    = help: if you wanted to use a crate named `tao`, use `cargo add tao` to add it to your `Cargo.toml`
[INFO] [stdout] 
[INFO] [stdout] error[E0433]: cannot find module or crate `tokio` in this scope
[INFO] [stdout]   --> src/lib.rs:58:33
[INFO] [stdout]    |
[INFO] [stdout] 58 |        .with_tauriless_commands(commands![argsless_sync_command, async_command_with_args])
[INFO] [stdout]    |                                 ^^^^^^^^^^^^^^^^^^^^^^^^^^^^^^^^^^^^^^^^^^^^^^^^^^^^^^^^^ use of unresolved module or unlinked crate `tokio`
[INFO] [stdout]    |
[INFO] [stdout]    = help: if you wanted to use a crate named `tokio`, use `cargo add tokio` to add it to your `Cargo.toml`
[INFO] [stdout]    = note: this error originates in the macro `commands` (in Nightly builds, run with -Z macro-backtrace for more info)
[INFO] [stdout] 
[INFO] [stdout] error[E0433]: cannot find module or crate `tokio` in this scope
[INFO] [stdout]   --> src/lib.rs:40:12
[INFO] [stdout]    |
[INFO] [stdout] 40 |   let rt = tokio::runtime::Builder::new_multi_thread()
[INFO] [stdout]    |            ^^^^^ use of unresolved module or unlinked crate `tokio`
[INFO] [stdout]    |
[INFO] [stdout]    = help: if you wanted to use a crate named `tokio`, use `cargo add tokio` to add it to your `Cargo.toml`
[INFO] [stdout] help: consider importing this struct
[INFO] [stdout]    |
[INFO] [stdout] 22 + use std::thread::Builder;
[INFO] [stdout]    |
[INFO] [stdout] help: if you import `Builder`, refer to it directly
[INFO] [stdout]    |
[INFO] [stdout] 40 -   let rt = tokio::runtime::Builder::new_multi_thread()
[INFO] [stdout] 40 +   let rt = Builder::new_multi_thread()
[INFO] [stdout]    |
[INFO] [stdout] 
[INFO] [stdout] error[E0061]: this function takes 0 arguments but 1 argument was supplied
[INFO] [stdout]    --> src/lib.rs:56:19
[INFO] [stdout]     |
[INFO] [stdout]  56 |    let _webview = WebViewBuilder::new(&window)
[INFO] [stdout]     |                   ^^^^^^^^^^^^^^^^^^^ ------- unexpected argument
[INFO] [stdout]     |
[INFO] [stdout] note: associated function defined here
[INFO] [stdout]    --> /opt/rustwide/cargo-home/registry/src/index.crates.io-1949cf8c6b5b557f/wry-0.57.0/src/lib.rs:911:10
[INFO] [stdout]     |
[INFO] [stdout] 911 |   pub fn new() -> Self {
[INFO] [stdout]     |          ^^^
[INFO] [stdout] help: remove the extra argument
[INFO] [stdout]     |
[INFO] [stdout]  56 -    let _webview = WebViewBuilder::new(&window)
[INFO] [stdout]  56 +    let _webview = WebViewBuilder::new()
[INFO] [stdout]     |
[INFO] [stdout] 
[INFO] [stdout] error[E0061]: this method takes 1 argument but 0 arguments were supplied
[INFO] [stdout]     --> src/lib.rs:59:9
[INFO] [stdout]      |
[INFO] [stdout]   59 |        .build()?;
[INFO] [stdout]      |         ^^^^^-- argument #1 of type `&_` is missing
[INFO] [stdout]      |
[INFO] [stdout] note: method defined here
[INFO] [stdout]     --> /opt/rustwide/cargo-home/registry/src/index.crates.io-1949cf8c6b5b557f/wry-0.57.0/src/lib.rs:1543:10
[INFO] [stdout]      |
[INFO] [stdout] 1543 |   pub fn build<W: HasWindowHandle>(self, window: &'a W) -> Result<WebView> {
[INFO] [stdout]      |          ^^^^^
[INFO] [stdout] help: provide the argument
[INFO] [stdout]      |
[INFO] [stdout]   59 |        .build(/* window */)?;
[INFO] [stdout]      |               ++++++++++++
[INFO] [stdout] 
[INFO] [stdout] error[E0308]: mismatched types
[INFO] [stdout]   --> src/lib.rs:39:14
[INFO] [stdout]    |
[INFO] [stdout] 39 | fn main() -> wry::Result<()>     {
[INFO] [stdout]    |    ----      ^^^^^^^^^^^^^^^ expected `Result<(), Error>`, found `()`
[INFO] [stdout]    |    |
[INFO] [stdout]    |    implicitly returns `()` as its body has no tail or `return` expression
[INFO] [stdout]    |
[INFO] [stdout]    = note:   expected enum `Result<(), wry::Error>`
[INFO] [stdout]            found unit type `()`
[INFO] [stdout] 
[INFO] [stdout] error[E0593]: closure is expected to take 3 arguments, but it takes 2 arguments
[INFO] [stdout]   --> src/lib.rs:58:33
[INFO] [stdout]    |
[INFO] [stdout] 58 |        .with_tauriless_commands(commands![argsless_sync_command, async_command_with_args])
[INFO] [stdout]    |                                 ^^^^^^^^^^^^^^^^^^^^^^^^^^^^^^^^^^^^^^^^^^^^^^^^^^^^^^^^^
[INFO] [stdout]    |                                 |
[INFO] [stdout]    |                                 expected closure that takes 3 arguments
[INFO] [stdout]    |                                 takes 2 arguments
[INFO] [stdout]    |
[INFO] [stdout]    = note: this error originates in the macro `commands` (in Nightly builds, run with -Z macro-backtrace for more info)
[INFO] [stdout] 
[INFO] [stdout] error: aborting due to 7 previous errors
[INFO] [stdout] 
[INFO] [stdout] Some errors have detailed explanations: E0061, E0308, E0433, E0593.
[INFO] [stdout] For more information about an error, try `rustc --explain E0061`.
[INFO] [stdout] Couldn't compile the test.
[INFO] [stdout] 
[INFO] [stdout] failures:
[INFO] [stdout]     src/lib.rs - (line 20)
[INFO] [stdout] 
[INFO] [stdout] test result: FAILED. 0 passed; 1 failed; 0 ignored; 0 measured; 0 filtered out; finished in 0.26s
[INFO] [stdout] 
[INFO] running `Command { std: "docker" "inspect" "e1dc0153f5ba79fe7eeee72d2313f2b01ec3814ef1c247b8f1bfe651461aea73", kill_on_drop: false }`
[INFO] running `Command { std: "docker" "rm" "-f" "e1dc0153f5ba79fe7eeee72d2313f2b01ec3814ef1c247b8f1bfe651461aea73", kill_on_drop: false }`
[INFO] [stdout] e1dc0153f5ba79fe7eeee72d2313f2b01ec3814ef1c247b8f1bfe651461aea73
