[INFO] fetching crate tauri-winit-x11 0.31.0-beta.3...
[INFO] testing tauri-winit-x11-0.31.0-beta.3 against 1.99.0-beta.8 for beta-1.100-2
[INFO] extracting crate tauri-winit-x11 0.31.0-beta.3 into /workspace/builds/worker-4-tc1/source
[INFO] started tweaking crates.io crate tauri-winit-x11 0.31.0-beta.3
[INFO] finished tweaking crates.io crate tauri-winit-x11 0.31.0-beta.3
[INFO] tweaked toml for crates.io crate tauri-winit-x11 0.31.0-beta.3 written to /workspace/builds/worker-4-tc1/source/Cargo.toml
[INFO] validating manifest of crates.io crate tauri-winit-x11 0.31.0-beta.3 on toolchain 1.99.0-beta.8
[INFO] running `Command { std: CARGO_HOME="/workspace/cargo-home" RUSTUP_HOME="/workspace/rustup-home" "/workspace/cargo-home/bin/cargo" "+1.99.0-beta.8" "metadata" "--manifest-path" "Cargo.toml" "--no-deps", kill_on_drop: false }`
[INFO] crate crates.io crate tauri-winit-x11 0.31.0-beta.3 already has a lockfile, it will not be regenerated
[INFO] running `Command { std: CARGO_HOME="/workspace/cargo-home" RUSTUP_HOME="/workspace/rustup-home" "/workspace/cargo-home/bin/cargo" "+1.99.0-beta.8" "fetch" "--manifest-path" "Cargo.toml", kill_on_drop: false }`
[INFO] [stderr]     Updating crates.io index
[INFO] [stderr]  Downloading crates ...
[INFO] [stderr]   Downloaded xcursor v0.3.11
[INFO] [stderr]   Downloaded winit-core v0.31.0-beta.3
[INFO] [stderr]   Downloaded winit-common v0.31.0-beta.3
[INFO] running `Command { std: "docker" "create" "-v" "/var/lib/crater-agent-workspace/builds/worker-4-tc1/source:/opt/rustwide/workdir:ro,Z" "-v" "/var/lib/crater-agent-workspace/builds/worker-4-tc1/target:/opt/rustwide/target:rw,Z" "-v" "/var/lib/crater-agent-workspace/cargo-home:/opt/rustwide/cargo-home:ro,Z" "-v" "/var/lib/crater-agent-workspace/rustup-home:/opt/rustwide/rustup-home:ro,Z" "-m" "1610612736" "--network" "none" "ghcr.io/rust-lang/crates-build-env/linux@sha256:3111399a4047eeb3a02b7a90e478d715f38a8c6669b5c4b49d30a17385265909" "sleep" "infinity", kill_on_drop: false }`
[INFO] [stdout] 7b1e4004fc091e288857268e927531660347417fe2cfd11b99651a09b0e00a90
[INFO] running `Command { std: "docker" "start" "7b1e4004fc091e288857268e927531660347417fe2cfd11b99651a09b0e00a90", kill_on_drop: false }`
[INFO] running `Command { std: "docker" "inspect" "7b1e4004fc091e288857268e927531660347417fe2cfd11b99651a09b0e00a90", kill_on_drop: false }`
[INFO] running `Command { std: "docker" "exec" "-e" "SOURCE_DIR=/opt/rustwide/workdir" "-e" "CARGO_HOME=/opt/rustwide/cargo-home" "-e" "RUSTUP_HOME=/opt/rustwide/rustup-home" "-e" "CARGO_TARGET_DIR=/opt/rustwide/target" "-w" "/opt/rustwide/workdir" "--user" "0:0" "7b1e4004fc091e288857268e927531660347417fe2cfd11b99651a09b0e00a90" "/opt/rustwide/cargo-home/bin/cargo" "+1.99.0-beta.8" "metadata" "--no-deps" "--format-version=1", kill_on_drop: false }`
[INFO] running `Command { std: "docker" "inspect" "7b1e4004fc091e288857268e927531660347417fe2cfd11b99651a09b0e00a90", kill_on_drop: false }`
[INFO] running `Command { std: "docker" "exec" "-e" "SOURCE_DIR=/opt/rustwide/workdir" "-e" "CARGO_HOME=/opt/rustwide/cargo-home" "-e" "RUSTUP_HOME=/opt/rustwide/rustup-home" "-e" "CARGO_TARGET_DIR=/opt/rustwide/target" "-e" "CARGO_INCREMENTAL=0" "-e" "RUST_BACKTRACE=full" "-e" "RUSTFLAGS=--cap-lints=warn" "-e" "RUSTDOCFLAGS=--cap-lints=warn" "-w" "/opt/rustwide/workdir" "--user" "0:0" "7b1e4004fc091e288857268e927531660347417fe2cfd11b99651a09b0e00a90" "/opt/rustwide/cargo-home/bin/cargo" "+1.99.0-beta.8" "build" "--frozen" "--message-format=json", kill_on_drop: false }`
[INFO] [stderr]    Compiling bitflags v2.13.2
[INFO] [stderr]    Compiling smallvec v1.16.1
[INFO] [stderr]    Compiling rustix v1.1.4
[INFO] [stderr]    Compiling tracing-core v0.1.36
[INFO] [stderr]    Compiling smol_str v0.3.2
[INFO] [stderr]    Compiling dpi v0.1.2
[INFO] [stderr]    Compiling as-raw-xcb-connection v1.0.1
[INFO] [stderr]    Compiling syn v2.0.119
[INFO] [stderr]    Compiling syn v3.0.5
[INFO] [stderr]    Compiling xcursor v0.3.11
[INFO] [stderr]    Compiling x11rb-protocol v0.13.2
[INFO] [stderr]    Compiling bytemuck v1.25.2
[INFO] [stderr]    Compiling x11-dl v2.21.0
[INFO] [stderr]    Compiling tracing v0.1.44
[INFO] [stderr]    Compiling keyboard-types v0.8.3
[INFO] [stderr]    Compiling xkbcommon-dl v0.4.2
[INFO] [stderr]    Compiling zerovec-derive v0.11.6
[INFO] [stderr]    Compiling displaydoc v0.2.7
[INFO] [stderr]    Compiling synstructure v0.13.2
[INFO] [stderr]    Compiling zerofrom-derive v0.1.7
[INFO] [stderr]    Compiling yoke-derive v0.8.2
[INFO] [stderr]    Compiling zerofrom v0.1.8
[INFO] [stderr]    Compiling yoke v0.8.3
[INFO] [stderr]    Compiling zerovec v0.11.8
[INFO] [stderr]    Compiling zerotrie v0.2.5
[INFO] [stderr]    Compiling gethostname v1.1.0
[INFO] [stderr]    Compiling polling v3.11.0
[INFO] [stderr]    Compiling tinystr v0.8.4
[INFO] [stderr]    Compiling potential_utf v0.1.6
[INFO] [stderr]    Compiling icu_collections v2.2.0
[INFO] [stderr]    Compiling calloop v0.14.4
[INFO] [stderr]    Compiling icu_locale_core v2.2.0
[INFO] [stderr]    Compiling icu_provider v2.2.0
[INFO] [stderr]    Compiling icu_normalizer v2.2.0
[INFO] [stderr]    Compiling icu_properties v2.2.0
[INFO] [stderr]    Compiling idna_adapter v1.2.2
[INFO] [stderr]    Compiling idna v1.1.0
[INFO] [stderr]    Compiling url v2.5.8
[INFO] [stderr]    Compiling winit-core v0.31.0-beta.3
[INFO] [stderr]    Compiling winit-common v0.31.0-beta.3
[INFO] [stderr]    Compiling x11rb v0.13.2
[INFO] [stderr]    Compiling tauri-winit-x11 v0.31.0-beta.3 (/opt/rustwide/workdir)
[INFO] [stderr]     Finished `dev` profile [unoptimized + debuginfo] target(s) in 33.13s
[INFO] running `Command { std: "docker" "inspect" "7b1e4004fc091e288857268e927531660347417fe2cfd11b99651a09b0e00a90", kill_on_drop: false }`
[INFO] running `Command { std: "docker" "exec" "-e" "SOURCE_DIR=/opt/rustwide/workdir" "-e" "CARGO_HOME=/opt/rustwide/cargo-home" "-e" "RUSTUP_HOME=/opt/rustwide/rustup-home" "-e" "CARGO_TARGET_DIR=/opt/rustwide/target" "-e" "CARGO_INCREMENTAL=0" "-e" "RUST_BACKTRACE=full" "-e" "RUSTFLAGS=--cap-lints=warn" "-e" "RUSTDOCFLAGS=--cap-lints=warn" "-w" "/opt/rustwide/workdir" "--user" "0:0" "7b1e4004fc091e288857268e927531660347417fe2cfd11b99651a09b0e00a90" "/opt/rustwide/cargo-home/bin/cargo" "+1.99.0-beta.8" "test" "--frozen" "--no-run" "--message-format=json", kill_on_drop: false }`
[INFO] [stderr]    Compiling tauri-winit-x11 v0.31.0-beta.3 (/opt/rustwide/workdir)
[INFO] [stderr]     Finished `test` profile [unoptimized + debuginfo] target(s) in 2.26s
[INFO] running `Command { std: "docker" "inspect" "7b1e4004fc091e288857268e927531660347417fe2cfd11b99651a09b0e00a90", kill_on_drop: false }`
[INFO] running `Command { std: "docker" "exec" "-e" "SOURCE_DIR=/opt/rustwide/workdir" "-e" "CARGO_HOME=/opt/rustwide/cargo-home" "-e" "RUSTUP_HOME=/opt/rustwide/rustup-home" "-e" "CARGO_TARGET_DIR=/opt/rustwide/target" "-e" "CARGO_INCREMENTAL=0" "-e" "RUST_BACKTRACE=full" "-e" "RUSTFLAGS=--cap-lints=warn" "-e" "RUSTDOCFLAGS=--cap-lints=warn" "-w" "/opt/rustwide/workdir" "--user" "0:0" "7b1e4004fc091e288857268e927531660347417fe2cfd11b99651a09b0e00a90" "/opt/rustwide/cargo-home/bin/cargo" "+1.99.0-beta.8" "test" "--frozen", kill_on_drop: false }`
[INFO] [stderr]     Finished `test` profile [unoptimized + debuginfo] target(s) in 0.07s
[INFO] [stderr]      Running unittests src/lib.rs (/opt/rustwide/target/debug/deps/winit_x11-b04cb6a4563459bb)
[INFO] [stdout] 
[INFO] [stdout] running 3 tests
[INFO] [stdout] test activation::tests::properly_escapes_x11_messages ... ok
[INFO] [stdout] test xsettings::tests::empty ... ok
[INFO] [stdout] test xsettings::tests::parse_xsettings ... ok
[INFO] [stdout] 
[INFO] [stderr]    Doc-tests winit_x11
[INFO] [stdout] test result: ok. 3 passed; 0 failed; 0 ignored; 0 measured; 0 filtered out; finished in 0.00s
[INFO] [stdout] 
[INFO] [stdout] 
[INFO] [stdout] running 2 tests
[INFO] [stdout] test src/lib.rs - WindowAttributesX11::with_embed_parent_window (line 245) - compile ... FAILED
[INFO] [stdout] test src/lib.rs - WindowAttributesX11::with_base_size (line 226) ... FAILED
[INFO] [stdout] 
[INFO] [stdout] failures:
[INFO] [stdout] 
[INFO] [stdout] ---- src/lib.rs - WindowAttributesX11::with_embed_parent_window (line 245) stdout ----
[INFO] [stdout] error[E0433]: cannot find module or crate `winit` in this scope
[INFO] [stdout]    --> src/lib.rs:246:5
[INFO] [stdout]     |
[INFO] [stdout] 246 | use winit::window::{Window, WindowAttributes};
[INFO] [stdout]     |     ^^^^^ use of unresolved module or unlinked crate `winit`
[INFO] [stdout]     |
[INFO] [stdout]     = help: if you wanted to use a crate named `winit`, use `cargo add winit` to add it to your `Cargo.toml`
[INFO] [stdout] 
[INFO] [stdout] error[E0433]: cannot find module or crate `winit` in this scope
[INFO] [stdout]    --> src/lib.rs:247:5
[INFO] [stdout]     |
[INFO] [stdout] 247 | use winit::event_loop::ActiveEventLoop;
[INFO] [stdout]     |     ^^^^^ use of unresolved module or unlinked crate `winit`
[INFO] [stdout]     |
[INFO] [stdout]     = help: if you wanted to use a crate named `winit`, use `cargo add winit` to add it to your `Cargo.toml`
[INFO] [stdout] 
[INFO] [stdout] error[E0433]: cannot find module or crate `winit` in this scope
[INFO] [stdout]    --> src/lib.rs:248:5
[INFO] [stdout]     |
[INFO] [stdout] 248 | use winit::platform::x11::{XWindow, WindowAttributesX11};
[INFO] [stdout]     |     ^^^^^ use of unresolved module or unlinked crate `winit`
[INFO] [stdout]     |
[INFO] [stdout]     = help: if you wanted to use a crate named `winit`, use `cargo add winit` to add it to your `Cargo.toml`
[INFO] [stdout] 
[INFO] [stdout] error: aborting due to 3 previous errors
[INFO] [stdout] 
[INFO] [stdout] For more information about this error, try `rustc --explain E0433`.
[INFO] [stdout] Couldn't compile the test.
[INFO] [stdout] ---- src/lib.rs - WindowAttributesX11::with_base_size (line 226) stdout ----
[INFO] [stdout] error[E0433]: cannot find module or crate `winit` in this scope
[INFO] [stdout]    --> src/lib.rs:227:5
[INFO] [stdout]     |
[INFO] [stdout] 227 | use winit::dpi::{LogicalSize, PhysicalSize};
[INFO] [stdout]     |     ^^^^^ use of unresolved module or unlinked crate `winit`
[INFO] [stdout]     |
[INFO] [stdout]     = help: if you wanted to use a crate named `winit`, use `cargo add winit` to add it to your `Cargo.toml`
[INFO] [stdout] 
[INFO] [stdout] error[E0433]: cannot find module or crate `winit` in this scope
[INFO] [stdout]    --> src/lib.rs:228:5
[INFO] [stdout]     |
[INFO] [stdout] 228 | use winit::window::{Window, WindowAttributes};
[INFO] [stdout]     |     ^^^^^ use of unresolved module or unlinked crate `winit`
[INFO] [stdout]     |
[INFO] [stdout]     = help: if you wanted to use a crate named `winit`, use `cargo add winit` to add it to your `Cargo.toml`
[INFO] [stdout] 
[INFO] [stdout] error[E0433]: cannot find module or crate `winit` in this scope
[INFO] [stdout]    --> src/lib.rs:229:5
[INFO] [stdout]     |
[INFO] [stdout] 229 | use winit::platform::x11::WindowAttributesX11;
[INFO] [stdout]     |     ^^^^^ use of unresolved module or unlinked crate `winit`
[INFO] [stdout]     |
[INFO] [stdout]     = help: if you wanted to use a crate named `winit`, use `cargo add winit` to add it to your `Cargo.toml`
[INFO] [stdout] 
[INFO] [stdout] error: aborting due to 3 previous errors
[INFO] [stdout] 
[INFO] [stdout] For more information about this error, try `rustc --explain E0433`.
[INFO] [stdout] Couldn't compile the test.
[INFO] [stdout] 
[INFO] [stdout] failures:
[INFO] [stdout]     src/lib.rs - WindowAttributesX11::with_base_size (line 226)
[INFO] [stdout]     src/lib.rs - WindowAttributesX11::with_embed_parent_window (line 245)
[INFO] [stdout] 
[INFO] [stdout] test result: FAILED. 0 passed; 2 failed; 0 ignored; 0 measured; 0 filtered out; finished in 0.04s
[INFO] [stdout] 
[INFO] [stdout] all doctests ran in 0.09s; merged doctests compilation took 0.05s
[INFO] [stderr] error: doctest failed, to rerun pass `--doc`
[INFO] running `Command { std: "docker" "inspect" "7b1e4004fc091e288857268e927531660347417fe2cfd11b99651a09b0e00a90", kill_on_drop: false }`
[INFO] running `Command { std: "docker" "rm" "-f" "7b1e4004fc091e288857268e927531660347417fe2cfd11b99651a09b0e00a90", kill_on_drop: false }`
[INFO] [stdout] 7b1e4004fc091e288857268e927531660347417fe2cfd11b99651a09b0e00a90
