[INFO] fetching crate tauri-use 0.2.2...
[INFO] testing tauri-use-0.2.2 against 1.100.0-beta.1 for beta-1.100-2
[INFO] extracting crate tauri-use 0.2.2 into /workspace/builds/worker-7-tc2/source
[INFO] started tweaking crates.io crate tauri-use 0.2.2
[INFO] finished tweaking crates.io crate tauri-use 0.2.2
[INFO] tweaked toml for crates.io crate tauri-use 0.2.2 written to /workspace/builds/worker-7-tc2/source/Cargo.toml
[INFO] validating manifest of crates.io crate tauri-use 0.2.2 on toolchain 1.100.0-beta.1
[INFO] running `Command { std: CARGO_HOME="/workspace/cargo-home" RUSTUP_HOME="/workspace/rustup-home" "/workspace/cargo-home/bin/cargo" "+1.100.0-beta.1" "metadata" "--manifest-path" "Cargo.toml" "--no-deps", kill_on_drop: false }`
[INFO] crate crates.io crate tauri-use 0.2.2 already has a lockfile, it will not be regenerated
[INFO] running `Command { std: CARGO_HOME="/workspace/cargo-home" RUSTUP_HOME="/workspace/rustup-home" "/workspace/cargo-home/bin/cargo" "+1.100.0-beta.1" "fetch" "--manifest-path" "Cargo.toml", kill_on_drop: false }`
[INFO] [stderr] warning: `package.homepage` is redundant with `package.repository`
[INFO] [stderr]   --> Cargo.toml:39:12
[INFO] [stderr]    |
[INFO] [stderr] 39 | homepage = "https://github.com/jcskey/tauri-use"
[INFO] [stderr]    |            ^^^^^^^^^^^^^^^^^^^^^^^^^^^^^^^^^^^^^
[INFO] [stderr] ...
[INFO] [stderr] 44 | repository = "https://github.com/jcskey/tauri-use"
[INFO] [stderr]    |              -------------------------------------
[INFO] [stderr]    |
[INFO] [stderr]    = note: `cargo::redundant_homepage` is set to `warn` by default
[INFO] [stderr] help: consider removing `package.homepage`
[INFO] [stderr] warning: `tauri-use` (manifest) generated 1 warning
[INFO] running `Command { std: "docker" "create" "-v" "/var/lib/crater-agent-workspace/builds/worker-7-tc2/source:/opt/rustwide/workdir:ro,Z" "-v" "/var/lib/crater-agent-workspace/builds/worker-7-tc2/target:/opt/rustwide/target:rw,Z" "-v" "/var/lib/crater-agent-workspace/cargo-home:/opt/rustwide/cargo-home:ro,Z" "-v" "/var/lib/crater-agent-workspace/rustup-home:/opt/rustwide/rustup-home:ro,Z" "-m" "1610612736" "--network" "none" "ghcr.io/rust-lang/crates-build-env/linux@sha256:3111399a4047eeb3a02b7a90e478d715f38a8c6669b5c4b49d30a17385265909" "sleep" "infinity", kill_on_drop: false }`
[INFO] [stdout] 75a5236ff7000872df4689e6ca48627844b30e3db2dadddbd75fbb312e337163
[INFO] running `Command { std: "docker" "start" "75a5236ff7000872df4689e6ca48627844b30e3db2dadddbd75fbb312e337163", kill_on_drop: false }`
[INFO] running `Command { std: "docker" "inspect" "75a5236ff7000872df4689e6ca48627844b30e3db2dadddbd75fbb312e337163", kill_on_drop: false }`
[INFO] running `Command { std: "docker" "exec" "-e" "SOURCE_DIR=/opt/rustwide/workdir" "-e" "CARGO_HOME=/opt/rustwide/cargo-home" "-e" "RUSTUP_HOME=/opt/rustwide/rustup-home" "-e" "CARGO_TARGET_DIR=/opt/rustwide/target" "-w" "/opt/rustwide/workdir" "--user" "0:0" "75a5236ff7000872df4689e6ca48627844b30e3db2dadddbd75fbb312e337163" "/opt/rustwide/cargo-home/bin/cargo" "+1.100.0-beta.1" "metadata" "--no-deps" "--format-version=1", kill_on_drop: false }`
[INFO] running `Command { std: "docker" "inspect" "75a5236ff7000872df4689e6ca48627844b30e3db2dadddbd75fbb312e337163", kill_on_drop: false }`
[INFO] running `Command { std: "docker" "exec" "-e" "SOURCE_DIR=/opt/rustwide/workdir" "-e" "CARGO_HOME=/opt/rustwide/cargo-home" "-e" "RUSTUP_HOME=/opt/rustwide/rustup-home" "-e" "CARGO_TARGET_DIR=/opt/rustwide/target" "-e" "CARGO_INCREMENTAL=0" "-e" "RUST_BACKTRACE=full" "-e" "RUSTFLAGS=--cap-lints=warn" "-e" "RUSTDOCFLAGS=--cap-lints=warn" "-w" "/opt/rustwide/workdir" "--user" "0:0" "75a5236ff7000872df4689e6ca48627844b30e3db2dadddbd75fbb312e337163" "/opt/rustwide/cargo-home/bin/cargo" "+1.100.0-beta.1" "build" "--frozen" "--message-format=json", kill_on_drop: false }`
[INFO] [stderr] warning: `package.homepage` is redundant with `package.repository`
[INFO] [stderr]   --> Cargo.toml:39:12
[INFO] [stderr]    |
[INFO] [stderr] 39 | homepage = "https://github.com/jcskey/tauri-use"
[INFO] [stderr]    |            ^^^^^^^^^^^^^^^^^^^^^^^^^^^^^^^^^^^^^
[INFO] [stderr] ...
[INFO] [stderr] 44 | repository = "https://github.com/jcskey/tauri-use"
[INFO] [stderr]    |              -------------------------------------
[INFO] [stderr]    |
[INFO] [stderr]    = note: `cargo::redundant_homepage` is set to `warn` by default
[INFO] [stderr] help: consider removing `package.homepage`
[INFO] [stderr] warning: `tauri-use` (manifest) generated 1 warning
[INFO] [stderr]    Compiling proc-macro2 v1.0.95
[INFO] [stderr]    Compiling wasm-bindgen-shared v0.2.100
[INFO] [stderr]    Compiling autocfg v1.4.0
[INFO] [stderr]    Compiling crossbeam-utils v0.8.21
[INFO] [stderr]    Compiling bumpalo v3.17.0
[INFO] [stderr]    Compiling log v0.4.27
[INFO] [stderr]    Compiling futures-sink v0.3.31
[INFO] [stderr]    Compiling rustversion v1.0.20
[INFO] [stderr]    Compiling memchr v2.7.4
[INFO] [stderr]    Compiling wasm-bindgen v0.2.100
[INFO] [stderr]    Compiling semver v1.0.26
[INFO] [stderr]    Compiling futures-io v0.3.31
[INFO] [stderr]    Compiling once_cell v1.21.3
[INFO] [stderr]    Compiling slotmap v1.0.7
[INFO] [stderr]    Compiling serde v1.0.219
[INFO] [stderr]    Compiling send_wrapper v0.6.0
[INFO] [stderr]    Compiling or_poisoned v0.1.0
[INFO] [stderr]    Compiling futures-channel v0.3.31
[INFO] [stderr]    Compiling guardian v1.3.0
[INFO] [stderr]    Compiling rustc-hash v2.1.1
[INFO] [stderr]    Compiling slab v0.4.9
[INFO] [stderr]    Compiling concurrent-queue v2.5.0
[INFO] [stderr]    Compiling rustc_version v0.4.1
[INFO] [stderr]    Compiling event-listener v5.4.0
[INFO] [stderr]    Compiling event-listener-strategy v0.5.4
[INFO] [stderr]    Compiling quote v1.0.40
[INFO] [stderr]    Compiling reactive_graph v0.2.0
[INFO] [stderr]    Compiling async-lock v3.4.0
[INFO] [stderr]    Compiling syn v2.0.100
[INFO] [stderr]    Compiling wasm-bindgen-backend v0.2.100
[INFO] [stderr]    Compiling futures-macro v0.3.31
[INFO] [stderr]    Compiling thiserror-impl v2.0.12
[INFO] [stderr]    Compiling serde_derive v1.0.219
[INFO] [stderr]    Compiling futures-util v0.3.31
[INFO] [stderr]    Compiling wasm-bindgen-macro-support v0.2.100
[INFO] [stderr]    Compiling thiserror v2.0.12
[INFO] [stderr]    Compiling wasm-bindgen-macro v0.2.100
[INFO] [stderr]    Compiling js-sys v0.3.77
[INFO] [stderr]    Compiling futures-executor v0.3.31
[INFO] [stderr]    Compiling futures v0.3.31
[INFO] [stderr]    Compiling any_spawner v0.3.0
[INFO] [stderr]    Compiling wasm-bindgen-futures v0.4.50
[INFO] [stderr]    Compiling serde-wasm-bindgen v0.6.5
[INFO] [stderr]    Compiling tauri-use v0.2.2 (/opt/rustwide/workdir)
[INFO] [stderr]     Finished `dev` profile [unoptimized + debuginfo] target(s) in 19.69s
[INFO] running `Command { std: "docker" "inspect" "75a5236ff7000872df4689e6ca48627844b30e3db2dadddbd75fbb312e337163", kill_on_drop: false }`
[INFO] running `Command { std: "docker" "exec" "-e" "SOURCE_DIR=/opt/rustwide/workdir" "-e" "CARGO_HOME=/opt/rustwide/cargo-home" "-e" "RUSTUP_HOME=/opt/rustwide/rustup-home" "-e" "CARGO_TARGET_DIR=/opt/rustwide/target" "-e" "CARGO_INCREMENTAL=0" "-e" "RUST_BACKTRACE=full" "-e" "RUSTFLAGS=--cap-lints=warn" "-e" "RUSTDOCFLAGS=--cap-lints=warn" "-w" "/opt/rustwide/workdir" "--user" "0:0" "75a5236ff7000872df4689e6ca48627844b30e3db2dadddbd75fbb312e337163" "/opt/rustwide/cargo-home/bin/cargo" "+1.100.0-beta.1" "test" "--frozen" "--no-run" "--message-format=json", kill_on_drop: false }`
[INFO] [stderr] warning: `package.homepage` is redundant with `package.repository`
[INFO] [stderr]   --> Cargo.toml:39:12
[INFO] [stderr]    |
[INFO] [stderr] 39 | homepage = "https://github.com/jcskey/tauri-use"
[INFO] [stderr]    |            ^^^^^^^^^^^^^^^^^^^^^^^^^^^^^^^^^^^^^
[INFO] [stderr] ...
[INFO] [stderr] 44 | repository = "https://github.com/jcskey/tauri-use"
[INFO] [stderr]    |              -------------------------------------
[INFO] [stderr]    |
[INFO] [stderr]    = note: `cargo::redundant_homepage` is set to `warn` by default
[INFO] [stderr] help: consider removing `package.homepage`
[INFO] [stderr] warning: `tauri-use` (manifest) generated 1 warning
[INFO] [stderr]    Compiling tauri-use v0.2.2 (/opt/rustwide/workdir)
[INFO] [stderr]     Finished `test` profile [unoptimized + debuginfo] target(s) in 0.65s
[INFO] running `Command { std: "docker" "inspect" "75a5236ff7000872df4689e6ca48627844b30e3db2dadddbd75fbb312e337163", kill_on_drop: false }`
[INFO] running `Command { std: "docker" "exec" "-e" "SOURCE_DIR=/opt/rustwide/workdir" "-e" "CARGO_HOME=/opt/rustwide/cargo-home" "-e" "RUSTUP_HOME=/opt/rustwide/rustup-home" "-e" "CARGO_TARGET_DIR=/opt/rustwide/target" "-e" "CARGO_INCREMENTAL=0" "-e" "RUST_BACKTRACE=full" "-e" "RUSTFLAGS=--cap-lints=warn" "-e" "RUSTDOCFLAGS=--cap-lints=warn" "-w" "/opt/rustwide/workdir" "--user" "0:0" "75a5236ff7000872df4689e6ca48627844b30e3db2dadddbd75fbb312e337163" "/opt/rustwide/cargo-home/bin/cargo" "+1.100.0-beta.1" "test" "--frozen", kill_on_drop: false }`
[INFO] [stderr] warning: `package.homepage` is redundant with `package.repository`
[INFO] [stderr]   --> Cargo.toml:39:12
[INFO] [stderr]    |
[INFO] [stderr] 39 | homepage = "https://github.com/jcskey/tauri-use"
[INFO] [stderr]    |            ^^^^^^^^^^^^^^^^^^^^^^^^^^^^^^^^^^^^^
[INFO] [stderr] ...
[INFO] [stderr] 44 | repository = "https://github.com/jcskey/tauri-use"
[INFO] [stderr]    |              -------------------------------------
[INFO] [stderr]    |
[INFO] [stderr]    = note: `cargo::redundant_homepage` is set to `warn` by default
[INFO] [stderr] help: consider removing `package.homepage`
[INFO] [stderr] warning: `tauri-use` (manifest) generated 1 warning
[INFO] [stderr]     Finished `test` profile [unoptimized + debuginfo] target(s) in 0.08s
[INFO] [stderr]      Running unittests src/lib.rs (/opt/rustwide/target/debug/build/tauri-use/d5f0fcf4b91638d7/out/tauri_use-d5f0fcf4b91638d7)
[INFO] [stderr]    Doc-tests tauri_use
[INFO] [stdout] 
[INFO] [stdout] running 0 tests
[INFO] [stdout] 
[INFO] [stdout] test result: ok. 0 passed; 0 failed; 0 ignored; 0 measured; 0 filtered out; finished in 0.00s
[INFO] [stdout] 
[INFO] [stdout] 
[INFO] [stdout] running 3 tests
[INFO] [stdout] test src/use_invoke.rs - use_invoke::use_invoke_with_args (line 62) ... FAILED
[INFO] [stdout] test src/use_invoke.rs - use_invoke::use_command (line 15) ... FAILED
[INFO] [stdout] test src/use_invoke.rs - use_invoke::use_invoke_with_options (line 110) ... FAILED
[INFO] [stdout] 
[INFO] [stdout] failures:
[INFO] [stdout] 
[INFO] [stdout] ---- src/use_invoke.rs - use_invoke::use_invoke_with_args (line 62) stdout ----
[INFO] [stdout] error: cannot find attribute `component` in this scope
[INFO] [stdout]   --> src/use_invoke.rs:63:3
[INFO] [stdout]    |
[INFO] [stdout] 63 | #[component]
[INFO] [stdout]    |   ^^^^^^^^^
[INFO] [stdout] 
[INFO] [stdout] error: cannot find macro `view` in this scope
[INFO] [stdout]   --> src/use_invoke.rs:71:5
[INFO] [stdout]    |
[INFO] [stdout] 71 |     view!{
[INFO] [stdout]    |     ^^^^
[INFO] [stdout] 
[INFO] [stdout] error[E0405]: cannot find trait `IntoView` in this scope
[INFO] [stdout]   --> src/use_invoke.rs:64:23
[INFO] [stdout]    |
[INFO] [stdout] 64 | pub fn Demo() -> impl IntoView {
[INFO] [stdout]    |                       ^^^^^^^^ not found in this scope
[INFO] [stdout] 
[INFO] [stdout] error[E0425]: cannot find type `IdWrapper` in this scope
[INFO] [stdout]   --> src/use_invoke.rs:69:32
[INFO] [stdout]    |
[INFO] [stdout] 69 |     } = use_invoke_with_args::<IdWrapper, ()>("delete_data");;
[INFO] [stdout]    |                                ^^^^^^^^^ not found in this scope
[INFO] [stdout]    |
[INFO] [stdout] help: you might be missing a type parameter
[INFO] [stdout]    |
[INFO] [stdout] 64 | pub fn Demo<IdWrapper>() -> impl IntoView {
[INFO] [stdout]    |            +++++++++++
[INFO] [stdout] 
[INFO] [stdout] error[E0422]: cannot find struct, variant or union type `UseTauriWithReturn` in this scope
[INFO] [stdout]   --> src/use_invoke.rs:65:9
[INFO] [stdout]    |
[INFO] [stdout] 65 |     let UseTauriWithReturn { 
[INFO] [stdout]    |         ^^^^^^^^^^^^^^^^^^ not found in this scope
[INFO] [stdout] 
[INFO] [stdout] error[E0425]: cannot find function `use_invoke_with_args` in this scope
[INFO] [stdout]   --> src/use_invoke.rs:69:9
[INFO] [stdout]    |
[INFO] [stdout] 69 |     } = use_invoke_with_args::<IdWrapper, ()>("delete_data");;
[INFO] [stdout]    |         ^^^^^^^^^^^^^^^^^^^^ not found in this scope
[INFO] [stdout] 
[INFO] [stdout] error: aborting due to 6 previous errors
[INFO] [stdout] 
[INFO] [stdout] Some errors have detailed explanations: E0405, E0422, E0425.
[INFO] [stdout] For more information about an error, try `rustc --explain E0405`.
[INFO] [stdout] Couldn't compile the test.
[INFO] [stdout] ---- src/use_invoke.rs - use_invoke::use_command (line 15) stdout ----
[INFO] [stdout] error: cannot find attribute `component` in this scope
[INFO] [stdout]   --> src/use_invoke.rs:16:3
[INFO] [stdout]    |
[INFO] [stdout] 16 | #[component]
[INFO] [stdout]    |   ^^^^^^^^^
[INFO] [stdout] 
[INFO] [stdout] error: cannot find macro `view` in this scope
[INFO] [stdout]   --> src/use_invoke.rs:24:5
[INFO] [stdout]    |
[INFO] [stdout] 24 |     view!{
[INFO] [stdout]    |     ^^^^
[INFO] [stdout] 
[INFO] [stdout] error[E0405]: cannot find trait `IntoView` in this scope
[INFO] [stdout]   --> src/use_invoke.rs:17:23
[INFO] [stdout]    |
[INFO] [stdout] 17 | pub fn Demo() -> impl IntoView {
[INFO] [stdout]    |                       ^^^^^^^^ not found in this scope
[INFO] [stdout] 
[INFO] [stdout] error[E0422]: cannot find struct, variant or union type `UseTauriWithReturn` in this scope
[INFO] [stdout]   --> src/use_invoke.rs:18:9
[INFO] [stdout]    |
[INFO] [stdout] 18 |     let UseTauriWithReturn { 
[INFO] [stdout]    |         ^^^^^^^^^^^^^^^^^^ not found in this scope
[INFO] [stdout] 
[INFO] [stdout] error[E0425]: cannot find function `use_command` in this scope
[INFO] [stdout]   --> src/use_invoke.rs:22:9
[INFO] [stdout]    |
[INFO] [stdout] 22 |     } = use_command::<Vec<Demo>>("list_data");
[INFO] [stdout]    |         ^^^^^^^^^^^ not found in this scope
[INFO] [stdout] 
[INFO] [stdout] error: aborting due to 5 previous errors
[INFO] [stdout] 
[INFO] [stdout] Some errors have detailed explanations: E0405, E0422, E0425.
[INFO] [stdout] For more information about an error, try `rustc --explain E0405`.
[INFO] [stdout] Couldn't compile the test.
[INFO] [stdout] ---- src/use_invoke.rs - use_invoke::use_invoke_with_options (line 110) stdout ----
[INFO] [stdout] error: cannot find attribute `component` in this scope
[INFO] [stdout]    --> src/use_invoke.rs:111:3
[INFO] [stdout]     |
[INFO] [stdout] 111 | #[component]
[INFO] [stdout]     |   ^^^^^^^^^
[INFO] [stdout] 
[INFO] [stdout] error: cannot find macro `view` in this scope
[INFO] [stdout]    --> src/use_invoke.rs:119:5
[INFO] [stdout]     |
[INFO] [stdout] 119 |     view!{
[INFO] [stdout]     |     ^^^^
[INFO] [stdout] 
[INFO] [stdout] error[E0405]: cannot find trait `IntoView` in this scope
[INFO] [stdout]    --> src/use_invoke.rs:112:23
[INFO] [stdout]     |
[INFO] [stdout] 112 | pub fn Demo() -> impl IntoView {
[INFO] [stdout]     |                       ^^^^^^^^ not found in this scope
[INFO] [stdout] 
[INFO] [stdout] error[E0425]: cannot find type `Options` in this scope
[INFO] [stdout]    --> src/use_invoke.rs:117:35
[INFO] [stdout]     |
[INFO] [stdout] 117 |     } = use_invoke_with_options::<Options, ()>("config_data");;
[INFO] [stdout]     |                                   ^^^^^^^ not found in this scope
[INFO] [stdout]     |
[INFO] [stdout] note: similarly named enum `Option` defined here
[INFO] [stdout]    --> /rustc/e3feeb59cd1bdd011a2bfcc0747b55125d9b8527/library/core/src/option.rs:598:0
[INFO] [stdout] help: an enum with a similar name exists
[INFO] [stdout]     |
[INFO] [stdout] 117 -     } = use_invoke_with_options::<Options, ()>("config_data");;
[INFO] [stdout] 117 +     } = use_invoke_with_options::<Option, ()>("config_data");;
[INFO] [stdout]     |
[INFO] [stdout] help: you might be missing a type parameter
[INFO] [stdout]     |
[INFO] [stdout] 112 | pub fn Demo<Options>() -> impl IntoView {
[INFO] [stdout]     |            +++++++++
[INFO] [stdout] 
[INFO] [stdout] error[E0422]: cannot find struct, variant or union type `UseTauriWithReturn` in this scope
[INFO] [stdout]    --> src/use_invoke.rs:113:9
[INFO] [stdout]     |
[INFO] [stdout] 113 |     let UseTauriWithReturn { 
[INFO] [stdout]     |         ^^^^^^^^^^^^^^^^^^ not found in this scope
[INFO] [stdout] 
[INFO] [stdout] error[E0425]: cannot find function `use_invoke_with_options` in this scope
[INFO] [stdout]    --> src/use_invoke.rs:117:9
[INFO] [stdout]     |
[INFO] [stdout] 117 |     } = use_invoke_with_options::<Options, ()>("config_data");;
[INFO] [stdout]     |         ^^^^^^^^^^^^^^^^^^^^^^^ not found in this scope
[INFO] [stdout] 
[INFO] [stdout] error: aborting due to 6 previous errors
[INFO] [stdout] 
[INFO] [stdout] Some errors have detailed explanations: E0405, E0422, E0425.
[INFO] [stdout] For more information about an error, try `rustc --explain E0405`.
[INFO] [stdout] Couldn't compile the test.
[INFO] [stdout] 
[INFO] [stdout] failures:
[INFO] [stdout]     src/use_invoke.rs - use_invoke::use_command (line 15)
[INFO] [stdout]     src/use_invoke.rs - use_invoke::use_invoke_with_args (line 62)
[INFO] [stdout]     src/use_invoke.rs - use_invoke::use_invoke_with_options (line 110)
[INFO] [stdout] 
[INFO] [stdout] test result: FAILED. 0 passed; 3 failed; 0 ignored; 0 measured; 0 filtered out; finished in 0.22s
[INFO] [stdout] 
[INFO] [stdout] all doctests ran in 0.39s; merged doctests compilation took 0.17s
[INFO] [stderr] error: doctest failed, to rerun pass `--doc`
[INFO] running `Command { std: "docker" "inspect" "75a5236ff7000872df4689e6ca48627844b30e3db2dadddbd75fbb312e337163", kill_on_drop: false }`
[INFO] running `Command { std: "docker" "rm" "-f" "75a5236ff7000872df4689e6ca48627844b30e3db2dadddbd75fbb312e337163", kill_on_drop: false }`
[INFO] [stdout] 75a5236ff7000872df4689e6ca48627844b30e3db2dadddbd75fbb312e337163
