[INFO] fetching crate tauri-plugin-android-fs 29.0.0...
[INFO] testing tauri-plugin-android-fs-29.0.0 against 1.99.0-beta.8 for beta-1.100-2
[INFO] extracting crate tauri-plugin-android-fs 29.0.0 into /workspace/builds/worker-0-tc1/source
[INFO] started tweaking crates.io crate tauri-plugin-android-fs 29.0.0
[INFO] finished tweaking crates.io crate tauri-plugin-android-fs 29.0.0
[INFO] tweaked toml for crates.io crate tauri-plugin-android-fs 29.0.0 written to /workspace/builds/worker-0-tc1/source/Cargo.toml
[INFO] validating manifest of crates.io crate tauri-plugin-android-fs 29.0.0 on toolchain 1.99.0-beta.8
[INFO] running `Command { std: CARGO_HOME="/workspace/cargo-home" RUSTUP_HOME="/workspace/rustup-home" "/workspace/cargo-home/bin/cargo" "+1.99.0-beta.8" "metadata" "--manifest-path" "Cargo.toml" "--no-deps", kill_on_drop: false }`
[INFO] crate crates.io crate tauri-plugin-android-fs 29.0.0 already has a lockfile, it will not be regenerated
[INFO] running `Command { std: CARGO_HOME="/workspace/cargo-home" RUSTUP_HOME="/workspace/rustup-home" "/workspace/cargo-home/bin/cargo" "+1.99.0-beta.8" "fetch" "--manifest-path" "Cargo.toml", kill_on_drop: false }`
[INFO] [stderr]     Updating crates.io index
[INFO] [stderr]  Downloading crates ...
[INFO] [stderr]   Downloaded toml_writer v1.0.3
[INFO] [stderr]   Downloaded serde_spanned v1.0.2
[INFO] [stderr]   Downloaded toml v0.9.7
[INFO] [stderr]   Downloaded time-core v0.1.6
[INFO] [stderr]   Downloaded windows-interface v0.59.2
[INFO] [stderr]   Downloaded windows-strings v0.5.0
[INFO] [stderr]   Downloaded windows-result v0.4.0
[INFO] [stderr]   Downloaded tauri-utils v2.7.0
[INFO] [stderr]   Downloaded time-macros v0.2.24
[INFO] [stderr]   Downloaded windows-implement v0.60.1
[INFO] [stderr]   Downloaded erased-serde v0.4.8
[INFO] [stderr]   Downloaded deranged v0.5.4
[INFO] [stderr]   Downloaded servo_arc v0.2.0
[INFO] [stderr]   Downloaded serde_with_macros v3.14.1
[INFO] [stderr]   Downloaded windows-core v0.62.1
[INFO] [stderr]   Downloaded kuchikiki v0.8.8-speedreader
[INFO] [stderr]   Downloaded selectors v0.24.0
[INFO] [stderr]   Downloaded dtoa v1.0.10
[INFO] [stderr]   Downloaded match_token v0.1.0
[INFO] [stderr]   Downloaded time v0.3.44
[INFO] [stderr]   Downloaded cssparser v0.29.6
[INFO] [stderr]   Downloaded markup5ever v0.14.1
[INFO] [stderr]   Downloaded tauri-plugin-fs v2.4.2
[INFO] [stderr]   Downloaded serde_with v3.14.1
[INFO] [stderr]   Downloaded html5ever v0.29.1
[INFO] [stderr]   Downloaded camino v1.2.0
[INFO] [stderr]   Downloaded tauri v2.8.5
[INFO] [stderr]   Downloaded tauri-plugin v2.4.0
[INFO] [stderr]   Downloaded quick-xml v0.38.3
[INFO] [stderr]   Downloaded windows-version v0.1.6
[INFO] [stderr]   Downloaded objc2-core-foundation v0.3.1
[INFO] [stderr]   Downloaded objc2 v0.6.2
[INFO] [stderr]   Downloaded objc2-foundation v0.3.1
[INFO] [stderr]   Downloaded webview2-com v0.38.0
[INFO] [stderr]   Downloaded tauri-runtime v2.8.0
[INFO] [stderr]   Downloaded webview2-com-macros v0.8.0
[INFO] [stderr]   Downloaded webkit2gtk v2.0.1
[INFO] [stderr]   Downloaded webkit2gtk-sys v2.0.1
[INFO] [stderr]   Downloaded objc2-app-kit v0.3.1
[INFO] [stderr]   Downloaded block2 v0.6.1
[INFO] [stderr]   Downloaded objc2-javascript-core v0.3.1
[INFO] [stderr]   Downloaded objc2-web-kit v0.3.1
[INFO] [stderr]   Downloaded tauri-macros v2.4.0
[INFO] [stderr]   Downloaded tauri-codegen v2.4.0
[INFO] [stderr]   Downloaded objc2-security v0.3.1
[INFO] [stderr]   Downloaded objc2-ui-kit v0.3.1
[INFO] [stderr]   Downloaded embed-resource v3.0.6
[INFO] [stderr]   Downloaded tauri-build v2.4.1
[INFO] [stderr]   Downloaded tauri-winres v0.3.3
[INFO] [stderr]   Downloaded webview2-com-sys v0.38.0
[INFO] [stderr]   Downloaded wasm-bindgen-futures v0.4.54
[INFO] [stderr]   Downloaded windows-targets v0.53.4
[INFO] [stderr]   Downloaded sync_async v0.1.0
[INFO] running `Command { std: "docker" "create" "-v" "/var/lib/crater-agent-workspace/builds/worker-0-tc1/source:/opt/rustwide/workdir:ro,Z" "-v" "/var/lib/crater-agent-workspace/builds/worker-0-tc1/target:/opt/rustwide/target:rw,Z" "-v" "/var/lib/crater-agent-workspace/cargo-home:/opt/rustwide/cargo-home:ro,Z" "-v" "/var/lib/crater-agent-workspace/rustup-home:/opt/rustwide/rustup-home:ro,Z" "-m" "1610612736" "--network" "none" "ghcr.io/rust-lang/crates-build-env/linux@sha256:3111399a4047eeb3a02b7a90e478d715f38a8c6669b5c4b49d30a17385265909" "sleep" "infinity", kill_on_drop: false }`
[INFO] [stdout] 601a1b7a35f32a768373ed0d8d6d1e153278ade749eb805cf822d1223b5ffcdd
[INFO] running `Command { std: "docker" "start" "601a1b7a35f32a768373ed0d8d6d1e153278ade749eb805cf822d1223b5ffcdd", kill_on_drop: false }`
[INFO] running `Command { std: "docker" "inspect" "601a1b7a35f32a768373ed0d8d6d1e153278ade749eb805cf822d1223b5ffcdd", kill_on_drop: false }`
[INFO] running `Command { std: "docker" "exec" "-e" "SOURCE_DIR=/opt/rustwide/workdir" "-e" "CARGO_HOME=/opt/rustwide/cargo-home" "-e" "RUSTUP_HOME=/opt/rustwide/rustup-home" "-e" "CARGO_TARGET_DIR=/opt/rustwide/target" "-w" "/opt/rustwide/workdir" "--user" "0:0" "601a1b7a35f32a768373ed0d8d6d1e153278ade749eb805cf822d1223b5ffcdd" "/opt/rustwide/cargo-home/bin/cargo" "+1.99.0-beta.8" "metadata" "--no-deps" "--format-version=1", kill_on_drop: false }`
[INFO] running `Command { std: "docker" "inspect" "601a1b7a35f32a768373ed0d8d6d1e153278ade749eb805cf822d1223b5ffcdd", kill_on_drop: false }`
[INFO] running `Command { std: "docker" "exec" "-e" "SOURCE_DIR=/opt/rustwide/workdir" "-e" "CARGO_HOME=/opt/rustwide/cargo-home" "-e" "RUSTUP_HOME=/opt/rustwide/rustup-home" "-e" "CARGO_TARGET_DIR=/opt/rustwide/target" "-e" "CARGO_INCREMENTAL=0" "-e" "RUST_BACKTRACE=full" "-e" "RUSTFLAGS=--cap-lints=warn" "-e" "RUSTDOCFLAGS=--cap-lints=warn" "-w" "/opt/rustwide/workdir" "--user" "0:0" "601a1b7a35f32a768373ed0d8d6d1e153278ade749eb805cf822d1223b5ffcdd" "/opt/rustwide/cargo-home/bin/cargo" "+1.99.0-beta.8" "build" "--frozen" "--message-format=json", kill_on_drop: false }`
[INFO] [stderr]    Compiling proc-macro2 v1.0.101
[INFO] [stderr]    Compiling unicode-ident v1.0.19
[INFO] [stderr]    Compiling serde_core v1.0.227
[INFO] [stderr]    Compiling serde v1.0.227
[INFO] [stderr]    Compiling libc v0.2.176
[INFO] [stderr]    Compiling smallvec v1.15.1
[INFO] [stderr]    Compiling hashbrown v0.16.0
[INFO] [stderr]    Compiling heck v0.5.0
[INFO] [stderr]    Compiling cfg-if v1.0.3
[INFO] [stderr]    Compiling target-lexicon v0.12.16
[INFO] [stderr]    Compiling version-compare v0.2.0
[INFO] [stderr]    Compiling memchr v2.7.6
[INFO] [stderr]    Compiling zerocopy v0.8.27
[INFO] [stderr]    Compiling syn v1.0.109
[INFO] [stderr]    Compiling stable_deref_trait v1.2.0
[INFO] [stderr]    Compiling siphasher v1.0.1
[INFO] [stderr]    Compiling siphasher v0.3.11
[INFO] [stderr]    Compiling phf_shared v0.11.3
[INFO] [stderr]    Compiling getrandom v0.1.16
[INFO] [stderr]    Compiling winnow v0.7.13
[INFO] [stderr]    Compiling typeid v1.0.3
[INFO] [stderr]    Compiling phf_shared v0.8.0
[INFO] [stderr]    Compiling proc-macro-error-attr v1.0.4
[INFO] [stderr]    Compiling toml_writer v1.0.3
[INFO] [stderr]    Compiling erased-serde v0.4.8
[INFO] [stderr]    Compiling proc-macro-hack v0.5.20+deprecated
[INFO] [stderr]    Compiling indexmap v2.11.4
[INFO] [stderr]    Compiling phf_shared v0.10.0
[INFO] [stderr]    Compiling proc-macro-error v1.0.4
[INFO] [stderr]    Compiling getrandom v0.3.3
[INFO] [stderr]    Compiling unic-char-range v0.9.0
[INFO] [stderr]    Compiling thiserror v2.0.16
[INFO] [stderr]    Compiling log v0.4.28
[INFO] [stderr]    Compiling unic-common v0.9.0
[INFO] [stderr]    Compiling regex-syntax v0.8.6
[INFO] [stderr]    Compiling serde_json v1.0.145
[INFO] [stderr]    Compiling new_debug_unreachable v1.0.6
[INFO] [stderr]    Compiling cfg-expr v0.15.8
[INFO] [stderr]    Compiling unic-ucd-version v0.9.0
[INFO] [stderr]    Compiling unic-char-property v0.9.0
[INFO] [stderr]    Compiling futures-core v0.3.31
[INFO] [stderr]    Compiling mac v0.1.1
[INFO] [stderr]    Compiling quote v1.0.40
[INFO] [stderr]    Compiling precomputed-hash v0.1.1
[INFO] [stderr]    Compiling futf v0.1.5
[INFO] [stderr]    Compiling unic-ucd-ident v0.9.0
[INFO] [stderr]    Compiling aho-corasick v1.1.3
[INFO] [stderr]    Compiling syn v2.0.106
[INFO] [stderr]    Compiling dtoa v1.0.10
[INFO] [stderr]    Compiling anyhow v1.0.100
[INFO] [stderr]    Compiling utf-8 v0.7.6
[INFO] [stderr]    Compiling percent-encoding v2.3.2
[INFO] [stderr]    Compiling slab v0.4.11
[INFO] [stderr]    Compiling form_urlencoded v1.2.2
[INFO] [stderr]    Compiling tendril v0.4.3
[INFO] [stderr]    Compiling dtoa-short v0.3.5
[INFO] [stderr]    Compiling indexmap v1.9.3
[INFO] [stderr]    Compiling nodrop v0.1.14
[INFO] [stderr]    Compiling matches v0.1.10
[INFO] [stderr]    Compiling camino v1.2.0
[INFO] [stderr]    Compiling convert_case v0.4.0
[INFO] [stderr]    Compiling servo_arc v0.2.0
[INFO] [stderr]    Compiling futures-channel v0.3.31
[INFO] [stderr]    Compiling phf v0.8.0
[INFO] [stderr]    Compiling fxhash v0.2.1
[INFO] [stderr]    Compiling dunce v1.0.5
[INFO] [stderr]    Compiling schemars v0.8.22
[INFO] [stderr]    Compiling glob v0.3.3
[INFO] [stderr]    Compiling hashbrown v0.12.3
[INFO] [stderr]    Compiling gio v0.18.4
[INFO] [stderr]    Compiling find-msvc-tools v0.1.8
[INFO] [stderr]    Compiling memoffset v0.9.1
[INFO] [stderr]    Compiling simd-adler32 v0.3.7
[INFO] [stderr]    Compiling crc32fast v1.5.0
[INFO] [stderr]    Compiling cc v1.2.53
[INFO] [stderr]    Compiling miniz_oxide v0.8.9
[INFO] [stderr]    Compiling gtk v0.18.2
[INFO] [stderr]    Compiling getrandom v0.2.16
[INFO] [stderr]    Compiling parking_lot_core v0.9.11
[INFO] [stderr]    Compiling dirs-sys v0.5.0
[INFO] [stderr]    Compiling fdeflate v0.3.7
[INFO] [stderr]    Compiling rand_core v0.6.4
[INFO] [stderr]    Compiling rand_core v0.5.1
[INFO] [stderr]    Compiling regex-automata v0.4.11
[INFO] [stderr]    Compiling toml_parser v1.0.3
[INFO] [stderr]    Compiling parking_lot v0.12.4
[INFO] [stderr]    Compiling rand_pcg v0.2.1
[INFO] [stderr]    Compiling dirs v6.0.0
[INFO] [stderr]    Compiling flate2 v1.1.2
[INFO] [stderr]    Compiling crypto-common v0.1.6
[INFO] [stderr]    Compiling time-core v0.1.6
[INFO] [stderr]    Compiling deranged v0.5.4
[INFO] [stderr]    Compiling digest v0.10.7
[INFO] [stderr]    Compiling semver v1.0.27
[INFO] [stderr]    Compiling serde_spanned v1.0.2
[INFO] [stderr]    Compiling toml_datetime v0.7.2
[INFO] [stderr]    Compiling rustc_version v0.4.1
[INFO] [stderr]    Compiling ppv-lite86 v0.2.21
[INFO] [stderr]    Compiling toml v0.9.7
[INFO] [stderr]    Compiling png v0.17.16
[INFO] [stderr]    Compiling time-macros v0.2.24
[INFO] [stderr]    Compiling serde-untagged v0.1.9
[INFO] [stderr]    Compiling field-offset v0.3.6
[INFO] [stderr]    Compiling cookie v0.18.1
[INFO] [stderr]    Compiling rand_chacha v0.3.1
[INFO] [stderr]    Compiling rand_chacha v0.2.2
[INFO] [stderr]    Compiling sha2 v0.10.9
[INFO] [stderr]    Compiling base64 v0.22.1
[INFO] [stderr]    Compiling tauri-runtime v2.8.0
[INFO] [stderr]    Compiling rand v0.8.5
[INFO] [stderr]    Compiling rand v0.7.3
[INFO] [stderr]    Compiling unicode-segmentation v1.12.0
[INFO] [stderr]    Compiling crossbeam-channel v0.5.15
[INFO] [stderr]    Compiling raw-window-handle v0.6.2
[INFO] [stderr]    Compiling tokio v1.47.1
[INFO] [stderr]    Compiling ico v0.4.0
[INFO] [stderr]    Compiling time v0.3.44
[INFO] [stderr]    Compiling embed-resource v3.0.6
[INFO] [stderr]    Compiling regex v1.11.3
[INFO] [stderr]    Compiling tauri-winres v0.3.3
[INFO] [stderr]    Compiling phf_generator v0.8.0
[INFO] [stderr]    Compiling phf_codegen v0.8.0
[INFO] [stderr]    Compiling phf_generator v0.11.3
[INFO] [stderr]    Compiling phf_generator v0.10.0
[INFO] [stderr]    Compiling selectors v0.24.0
[INFO] [stderr]    Compiling phf_codegen v0.11.3
[INFO] [stderr]    Compiling string_cache_codegen v0.5.4
[INFO] [stderr]    Compiling markup5ever v0.14.1
[INFO] [stderr]    Compiling phf_macros v0.10.0
[INFO] [stderr]    Compiling cssparser v0.29.6
[INFO] [stderr]    Compiling phf v0.10.1
[INFO] [stderr]    Compiling synstructure v0.13.2
[INFO] [stderr]    Compiling darling_core v0.21.3
[INFO] [stderr]    Compiling serde_derive_internals v0.29.1
[INFO] [stderr]    Compiling serde_derive v1.0.227
[INFO] [stderr]    Compiling zerofrom-derive v0.1.6
[INFO] [stderr]    Compiling yoke-derive v0.8.0
[INFO] [stderr]    Compiling zerovec-derive v0.11.1
[INFO] [stderr]    Compiling displaydoc v0.2.5
[INFO] [stderr]    Compiling thiserror-impl v1.0.69
[INFO] [stderr]    Compiling phf_macros v0.11.3
[INFO] [stderr]    Compiling thiserror-impl v2.0.16
[INFO] [stderr]    Compiling futures-macro v0.3.31
[INFO] [stderr]    Compiling cssparser-macros v0.6.1
[INFO] [stderr]    Compiling derive_more v0.99.20
[INFO] [stderr]    Compiling match_token v0.1.0
[INFO] [stderr]    Compiling ctor v0.2.9
[INFO] [stderr]    Compiling schemars_derive v0.8.22
[INFO] [stderr]    Compiling serialize-to-javascript-impl v0.1.2
[INFO] [stderr]    Compiling serde_repr v0.1.20
[INFO] [stderr]    Compiling phf v0.11.3
[INFO] [stderr]    Compiling sync_async v0.1.0
[INFO] [stderr]    Compiling futures-util v0.3.31
[INFO] [stderr]    Compiling zerofrom v0.1.6
[INFO] [stderr]    Compiling yoke v0.8.0
[INFO] [stderr]    Compiling thiserror v1.0.69
[INFO] [stderr]    Compiling zerovec v0.11.4
[INFO] [stderr]    Compiling zerotrie v0.2.2
[INFO] [stderr]    Compiling darling_macro v0.21.3
[INFO] [stderr]    Compiling darling v0.21.3
[INFO] [stderr]    Compiling serde_with_macros v3.14.1
[INFO] [stderr]    Compiling tinystr v0.8.1
[INFO] [stderr]    Compiling potential_utf v0.1.3
[INFO] [stderr]    Compiling icu_collections v2.0.0
[INFO] [stderr]    Compiling icu_locale_core v2.0.0
[INFO] [stderr]    Compiling icu_provider v2.0.0
[INFO] [stderr]    Compiling icu_normalizer v2.0.0
[INFO] [stderr]    Compiling icu_properties v2.0.1
[INFO] [stderr]    Compiling futures-executor v0.3.31
[INFO] [stderr]    Compiling bitflags v2.9.4
[INFO] [stderr]    Compiling uuid v1.18.1
[INFO] [stderr]    Compiling jsonptr v0.6.3
[INFO] [stderr]    Compiling dpi v0.1.2
[INFO] [stderr]    Compiling serde_with v3.14.1
[INFO] [stderr]    Compiling serialize-to-javascript v0.1.2
[INFO] [stderr]    Compiling toml_datetime v0.6.3
[INFO] [stderr]    Compiling serde_spanned v0.6.9
[INFO] [stderr]    Compiling string_cache v0.8.9
[INFO] [stderr]    Compiling cargo-platform v0.1.9
[INFO] [stderr]    Compiling toml_edit v0.20.2
[INFO] [stderr]    Compiling toml_edit v0.19.15
[INFO] [stderr]    Compiling cfb v0.7.3
[INFO] [stderr]    Compiling cargo_metadata v0.19.2
[INFO] [stderr]    Compiling cargo_toml v0.22.3
[INFO] [stderr]    Compiling json-patch v3.0.1
[INFO] [stderr]    Compiling idna_adapter v1.2.1
[INFO] [stderr]    Compiling infer v0.19.0
[INFO] [stderr]    Compiling idna v1.1.0
[INFO] [stderr]    Compiling html5ever v0.29.1
[INFO] [stderr]    Compiling keyboard-types v0.7.0
[INFO] [stderr]    Compiling url v2.5.7
[INFO] [stderr]    Compiling urlpattern v0.3.0
[INFO] [stderr]    Compiling kuchikiki v0.8.8-speedreader
[INFO] [stderr]    Compiling toml v0.8.2
[INFO] [stderr]    Compiling proc-macro-crate v2.0.2
[INFO] [stderr]    Compiling tauri-utils v2.7.0
[INFO] [stderr]    Compiling proc-macro-crate v1.3.1
[INFO] [stderr]    Compiling system-deps v6.2.2
[INFO] [stderr]    Compiling glib-macros v0.18.5
[INFO] [stderr]    Compiling gtk3-macros v0.18.2
[INFO] [stderr]    Compiling glib-sys v0.18.1
[INFO] [stderr]    Compiling gobject-sys v0.18.0
[INFO] [stderr]    Compiling gio-sys v0.18.1
[INFO] [stderr]    Compiling atk-sys v0.18.2
[INFO] [stderr]    Compiling gdk-sys v0.18.2
[INFO] [stderr]    Compiling pango-sys v0.18.0
[INFO] [stderr]    Compiling gdk-pixbuf-sys v0.18.0
[INFO] [stderr]    Compiling cairo-sys-rs v0.18.2
[INFO] [stderr]    Compiling gtk-sys v0.18.2
[INFO] [stderr]    Compiling soup3-sys v0.5.0
[INFO] [stderr]    Compiling javascriptcore-rs-sys v1.1.1
[INFO] [stderr]    Compiling webkit2gtk-sys v2.0.1
[INFO] [stderr]    Compiling glib v0.18.5
[INFO] [stderr]    Compiling tauri-build v2.4.1
[INFO] [stderr]    Compiling tauri-plugin v2.4.0
[INFO] [stderr]    Compiling tauri-codegen v2.4.0
[INFO] [stderr]    Compiling tauri v2.8.5
[INFO] [stderr]    Compiling tauri-plugin-fs v2.4.2
[INFO] [stderr]    Compiling tauri-macros v2.4.0
[INFO] [stderr]    Compiling tauri-plugin-android-fs v29.0.0 (/opt/rustwide/workdir)
[INFO] [stderr]    Compiling cairo-rs v0.18.5
[INFO] [stderr]    Compiling atk v0.18.2
[INFO] [stderr]    Compiling javascriptcore-rs v1.1.2
[INFO] [stderr]    Compiling gdk-pixbuf v0.18.5
[INFO] [stderr]    Compiling pango v0.18.3
[INFO] [stderr]    Compiling soup3 v0.5.0
[INFO] [stderr]    Compiling gdk v0.18.2
[INFO] [stderr]    Compiling webkit2gtk v2.0.1
[INFO] [stderr]    Compiling muda v0.17.1
[INFO] [stderr]     Finished `dev` profile [unoptimized + debuginfo] target(s) in 3m 02s
[INFO] running `Command { std: "docker" "inspect" "601a1b7a35f32a768373ed0d8d6d1e153278ade749eb805cf822d1223b5ffcdd", kill_on_drop: false }`
[INFO] running `Command { std: "docker" "exec" "-e" "SOURCE_DIR=/opt/rustwide/workdir" "-e" "CARGO_HOME=/opt/rustwide/cargo-home" "-e" "RUSTUP_HOME=/opt/rustwide/rustup-home" "-e" "CARGO_TARGET_DIR=/opt/rustwide/target" "-e" "CARGO_INCREMENTAL=0" "-e" "RUST_BACKTRACE=full" "-e" "RUSTFLAGS=--cap-lints=warn" "-e" "RUSTDOCFLAGS=--cap-lints=warn" "-w" "/opt/rustwide/workdir" "--user" "0:0" "601a1b7a35f32a768373ed0d8d6d1e153278ade749eb805cf822d1223b5ffcdd" "/opt/rustwide/cargo-home/bin/cargo" "+1.99.0-beta.8" "test" "--frozen" "--no-run" "--message-format=json", kill_on_drop: false }`
[INFO] [stderr]    Compiling tauri-plugin-android-fs v29.0.0 (/opt/rustwide/workdir)
[INFO] [stderr]     Finished `test` profile [unoptimized + debuginfo] target(s) in 4.49s
[INFO] running `Command { std: "docker" "inspect" "601a1b7a35f32a768373ed0d8d6d1e153278ade749eb805cf822d1223b5ffcdd", kill_on_drop: false }`
[INFO] running `Command { std: "docker" "exec" "-e" "SOURCE_DIR=/opt/rustwide/workdir" "-e" "CARGO_HOME=/opt/rustwide/cargo-home" "-e" "RUSTUP_HOME=/opt/rustwide/rustup-home" "-e" "CARGO_TARGET_DIR=/opt/rustwide/target" "-e" "CARGO_INCREMENTAL=0" "-e" "RUST_BACKTRACE=full" "-e" "RUSTFLAGS=--cap-lints=warn" "-e" "RUSTDOCFLAGS=--cap-lints=warn" "-w" "/opt/rustwide/workdir" "--user" "0:0" "601a1b7a35f32a768373ed0d8d6d1e153278ade749eb805cf822d1223b5ffcdd" "/opt/rustwide/cargo-home/bin/cargo" "+1.99.0-beta.8" "test" "--frozen", kill_on_drop: false }`
[INFO] [stderr]     Finished `test` profile [unoptimized + debuginfo] target(s) in 0.35s
[INFO] [stderr]      Running unittests src/lib.rs (/opt/rustwide/target/debug/deps/tauri_plugin_android_fs-50edcf0eba4b58af)
[INFO] [stdout] 
[INFO] [stdout] running 0 tests
[INFO] [stdout] 
[INFO] [stdout] test result: ok. 0 passed; 0 failed; 0 ignored; 0 measured; 0 filtered out; finished in 0.00s
[INFO] [stdout] 
[INFO] [stderr]    Doc-tests tauri_plugin_android_fs
[INFO] [stdout] 
[INFO] [stdout] running 13 tests
[INFO] [stdout] test src/api/app_storage.rs - api::app_storage::AsyncAppStorage (line 9) - compile ... FAILED
[INFO] [stdout] test src/api/private_storage.rs - api::private_storage::SyncPrivateStorage (line 9) - compile ... FAILED
[INFO] [stdout] test src/api/picker.rs - api::picker::SyncPicker (line 9) - compile ... ok
[INFO] [stdout] test src/api/opener.rs - api::opener::AsyncOpener (line 9) - compile ... FAILED
[INFO] [stdout] test src/api/android_fs.rs - api::android_fs::AsyncAndroidFs (line 9) - compile ... FAILED
[INFO] [stdout] test src/api/opener.rs - api::opener::SyncOpener (line 9) - compile ... FAILED
[INFO] [stdout] test src/api/app_storage.rs - api::app_storage::SyncAppStorage (line 9) - compile ... FAILED
[INFO] [stdout] test src/api/public_storage.rs - api::public_storage::AsyncPublicStorage (line 9) - compile ... ok
[INFO] [stdout] test src/api/public_storage.rs - api::public_storage::SyncPublicStorage (line 9) - compile ... ok
[INFO] [stdout] test src/api/picker.rs - api::picker::AsyncPicker (line 9) - compile ... ok
[INFO] [stdout] test src/api/android_fs.rs - api::android_fs::SyncAndroidFs (line 9) - compile ... FAILED
[INFO] [stdout] test src/api/private_storage.rs - api::private_storage::AsyncPrivateStorage (line 9) - compile ... FAILED
[INFO] [stdout] test src/lib.rs - init (line 22) ... FAILED
[INFO] [stdout] 
[INFO] [stdout] failures:
[INFO] [stdout] 
[INFO] [stdout] ---- src/api/app_storage.rs - api::app_storage::AsyncAppStorage (line 9) stdout ----
[INFO] [stdout] error[E0107]: missing generics for struct `AppHandle`
[INFO] [stdout]    --> src/api/app_storage.rs:13:31
[INFO] [stdout]     |
[INFO] [stdout]  13 | async fn example(app: &tauri::AppHandle) {
[INFO] [stdout]     |                               ^^^^^^^^^ expected 1 generic argument
[INFO] [stdout]     |
[INFO] [stdout] note: struct defined here, with 1 generic parameter: `R`
[INFO] [stdout]    --> /opt/rustwide/cargo-home/registry/src/index.crates.io-1949cf8c6b5b557f/tauri-2.8.5/src/app.rs:346:12
[INFO] [stdout]     |
[INFO] [stdout] 346 | pub struct AppHandle<R: Runtime> {
[INFO] [stdout]     |            ^^^^^^^^^ -
[INFO] [stdout] help: add missing generic argument
[INFO] [stdout]     |
[INFO] [stdout]  13 | async fn example(app: &tauri::AppHandle<R>) {
[INFO] [stdout]     |                                        +++
[INFO] [stdout] 
[INFO] [stdout] error: aborting due to 1 previous error
[INFO] [stdout] 
[INFO] [stdout] For more information about this error, try `rustc --explain E0107`.
[INFO] [stdout] Couldn't compile the test.
[INFO] [stdout] ---- src/api/private_storage.rs - api::private_storage::SyncPrivateStorage (line 9) stdout ----
[INFO] [stdout] error[E0107]: missing generics for struct `AppHandle`
[INFO] [stdout]    --> src/api/private_storage.rs:13:31
[INFO] [stdout]     |
[INFO] [stdout]  13 | async fn example(app: &tauri::AppHandle) {
[INFO] [stdout]     |                               ^^^^^^^^^ expected 1 generic argument
[INFO] [stdout]     |
[INFO] [stdout] note: struct defined here, with 1 generic parameter: `R`
[INFO] [stdout]    --> /opt/rustwide/cargo-home/registry/src/index.crates.io-1949cf8c6b5b557f/tauri-2.8.5/src/app.rs:346:12
[INFO] [stdout]     |
[INFO] [stdout] 346 | pub struct AppHandle<R: Runtime> {
[INFO] [stdout]     |            ^^^^^^^^^ -
[INFO] [stdout] help: add missing generic argument
[INFO] [stdout]     |
[INFO] [stdout]  13 | async fn example(app: &tauri::AppHandle<R>) {
[INFO] [stdout]     |                                        +++
[INFO] [stdout] 
[INFO] [stdout] error[E0277]: the `?` operator can only be used in an async function that returns `Result` or `Option` (or another type that implements `FromResidual`)
[INFO] [stdout]   --> src/api/private_storage.rs:19:86
[INFO] [stdout]    |
[INFO] [stdout] 13 |   async fn example(app: &tauri::AppHandle) {
[INFO] [stdout]    |  __________________________________________-
[INFO] [stdout] 14 | |     let api = app.android_fs_async();
[INFO] [stdout] 15 | |     let ps = api.private_storage();
[INFO] [stdout] ...  |
[INFO] [stdout] 19 | |     let cache_dir_path: std::path::PathBuf = ps.resolve_path(PrivateDir::Cache).await?;
[INFO] [stdout]    | |                                                                                      ^ cannot use the `?` operator in an async function that returns `()`
[INFO] [stdout] ...  |
[INFO] [stdout] 28 | |     let nobackup_data_dir_path = nobackup_data_dir_path.join("01K6049FVCD4SAGMAB6X20SA5S");
[INFO] [stdout] 29 | | }
[INFO] [stdout]    | |_- this function should return `Result` or `Option` to accept `?`
[INFO] [stdout] 
[INFO] [stdout] error[E0277]: the `?` operator can only be used in an async function that returns `Result` or `Option` (or another type that implements `FromResidual`)
[INFO] [stdout]   --> src/api/private_storage.rs:20:84
[INFO] [stdout]    |
[INFO] [stdout] 13 |   async fn example(app: &tauri::AppHandle) {
[INFO] [stdout]    |  __________________________________________-
[INFO] [stdout] 14 | |     let api = app.android_fs_async();
[INFO] [stdout] 15 | |     let ps = api.private_storage();
[INFO] [stdout] ...  |
[INFO] [stdout] 20 | |     let data_dir_path: std::path::PathBuf = ps.resolve_path(PrivateDir::Data).await?;
[INFO] [stdout]    | |                                                                                    ^ cannot use the `?` operator in an async function that returns `()`
[INFO] [stdout] ...  |
[INFO] [stdout] 28 | |     let nobackup_data_dir_path = nobackup_data_dir_path.join("01K6049FVCD4SAGMAB6X20SA5S");
[INFO] [stdout] 29 | | }
[INFO] [stdout]    | |_- this function should return `Result` or `Option` to accept `?`
[INFO] [stdout] 
[INFO] [stdout] error[E0277]: the `?` operator can only be used in an async function that returns `Result` or `Option` (or another type that implements `FromResidual`)
[INFO] [stdout]   --> src/api/private_storage.rs:21:101
[INFO] [stdout]    |
[INFO] [stdout] 13 |   async fn example(app: &tauri::AppHandle) {
[INFO] [stdout]    |  __________________________________________-
[INFO] [stdout] 14 | |     let api = app.android_fs_async();
[INFO] [stdout] 15 | |     let ps = api.private_storage();
[INFO] [stdout] ...  |
[INFO] [stdout] 21 | |     let nobackup_data_dir_path: std::path::PathBuf = ps.resolve_path(PrivateDir::NoBackupData).await?;
[INFO] [stdout]    | |                                                                                                     ^ cannot use the `?` operator in an async function that returns `()`
[INFO] [stdout] ...  |
[INFO] [stdout] 28 | |     let nobackup_data_dir_path = nobackup_data_dir_path.join("01K6049FVCD4SAGMAB6X20SA5S");
[INFO] [stdout] 29 | | }
[INFO] [stdout]    | |_- this function should return `Result` or `Option` to accept `?`
[INFO] [stdout] 
[INFO] [stdout] error: aborting due to 4 previous errors
[INFO] [stdout] 
[INFO] [stdout] Some errors have detailed explanations: E0107, E0277.
[INFO] [stdout] For more information about an error, try `rustc --explain E0107`.
[INFO] [stdout] Couldn't compile the test.
[INFO] [stdout] ---- src/api/opener.rs - api::opener::AsyncOpener (line 9) stdout ----
[INFO] [stdout] error[E0107]: missing generics for struct `AppHandle`
[INFO] [stdout]    --> src/api/opener.rs:13:31
[INFO] [stdout]     |
[INFO] [stdout]  13 | async fn example(app: &tauri::AppHandle) {
[INFO] [stdout]     |                               ^^^^^^^^^ expected 1 generic argument
[INFO] [stdout]     |
[INFO] [stdout] note: struct defined here, with 1 generic parameter: `R`
[INFO] [stdout]    --> /opt/rustwide/cargo-home/registry/src/index.crates.io-1949cf8c6b5b557f/tauri-2.8.5/src/app.rs:346:12
[INFO] [stdout]     |
[INFO] [stdout] 346 | pub struct AppHandle<R: Runtime> {
[INFO] [stdout]     |            ^^^^^^^^^ -
[INFO] [stdout] help: add missing generic argument
[INFO] [stdout]     |
[INFO] [stdout]  13 | async fn example(app: &tauri::AppHandle<R>) {
[INFO] [stdout]     |                                        +++
[INFO] [stdout] 
[INFO] [stdout] error: aborting due to 1 previous error
[INFO] [stdout] 
[INFO] [stdout] For more information about this error, try `rustc --explain E0107`.
[INFO] [stdout] Couldn't compile the test.
[INFO] [stdout] ---- src/api/android_fs.rs - api::android_fs::AsyncAndroidFs (line 9) stdout ----
[INFO] [stdout] error[E0107]: missing generics for struct `AppHandle`
[INFO] [stdout]    --> src/api/android_fs.rs:13:31
[INFO] [stdout]     |
[INFO] [stdout]  13 | async fn example(app: &tauri::AppHandle) {
[INFO] [stdout]     |                               ^^^^^^^^^ expected 1 generic argument
[INFO] [stdout]     |
[INFO] [stdout] note: struct defined here, with 1 generic parameter: `R`
[INFO] [stdout]    --> /opt/rustwide/cargo-home/registry/src/index.crates.io-1949cf8c6b5b557f/tauri-2.8.5/src/app.rs:346:12
[INFO] [stdout]     |
[INFO] [stdout] 346 | pub struct AppHandle<R: Runtime> {
[INFO] [stdout]     |            ^^^^^^^^^ -
[INFO] [stdout] help: add missing generic argument
[INFO] [stdout]     |
[INFO] [stdout]  13 | async fn example(app: &tauri::AppHandle<R>) {
[INFO] [stdout]     |                                        +++
[INFO] [stdout] 
[INFO] [stdout] error: aborting due to 1 previous error
[INFO] [stdout] 
[INFO] [stdout] For more information about this error, try `rustc --explain E0107`.
[INFO] [stdout] Couldn't compile the test.
[INFO] [stdout] ---- src/api/opener.rs - api::opener::SyncOpener (line 9) stdout ----
[INFO] [stdout] error[E0107]: missing generics for struct `AppHandle`
[INFO] [stdout]    --> src/api/opener.rs:13:31
[INFO] [stdout]     |
[INFO] [stdout]  13 | async fn example(app: &tauri::AppHandle) {
[INFO] [stdout]     |                               ^^^^^^^^^ expected 1 generic argument
[INFO] [stdout]     |
[INFO] [stdout] note: struct defined here, with 1 generic parameter: `R`
[INFO] [stdout]    --> /opt/rustwide/cargo-home/registry/src/index.crates.io-1949cf8c6b5b557f/tauri-2.8.5/src/app.rs:346:12
[INFO] [stdout]     |
[INFO] [stdout] 346 | pub struct AppHandle<R: Runtime> {
[INFO] [stdout]     |            ^^^^^^^^^ -
[INFO] [stdout] help: add missing generic argument
[INFO] [stdout]     |
[INFO] [stdout]  13 | async fn example(app: &tauri::AppHandle<R>) {
[INFO] [stdout]     |                                        +++
[INFO] [stdout] 
[INFO] [stdout] error: aborting due to 1 previous error
[INFO] [stdout] 
[INFO] [stdout] For more information about this error, try `rustc --explain E0107`.
[INFO] [stdout] Couldn't compile the test.
[INFO] [stdout] ---- src/api/app_storage.rs - api::app_storage::SyncAppStorage (line 9) stdout ----
[INFO] [stdout] error[E0107]: missing generics for struct `AppHandle`
[INFO] [stdout]    --> src/api/app_storage.rs:13:31
[INFO] [stdout]     |
[INFO] [stdout]  13 | async fn example(app: &tauri::AppHandle) {
[INFO] [stdout]     |                               ^^^^^^^^^ expected 1 generic argument
[INFO] [stdout]     |
[INFO] [stdout] note: struct defined here, with 1 generic parameter: `R`
[INFO] [stdout]    --> /opt/rustwide/cargo-home/registry/src/index.crates.io-1949cf8c6b5b557f/tauri-2.8.5/src/app.rs:346:12
[INFO] [stdout]     |
[INFO] [stdout] 346 | pub struct AppHandle<R: Runtime> {
[INFO] [stdout]     |            ^^^^^^^^^ -
[INFO] [stdout] help: add missing generic argument
[INFO] [stdout]     |
[INFO] [stdout]  13 | async fn example(app: &tauri::AppHandle<R>) {
[INFO] [stdout]     |                                        +++
[INFO] [stdout] 
[INFO] [stdout] error: aborting due to 1 previous error
[INFO] [stdout] 
[INFO] [stdout] For more information about this error, try `rustc --explain E0107`.
[INFO] [stdout] Couldn't compile the test.
[INFO] [stdout] ---- src/api/android_fs.rs - api::android_fs::SyncAndroidFs (line 9) stdout ----
[INFO] [stdout] error[E0107]: missing generics for struct `AppHandle`
[INFO] [stdout]    --> src/api/android_fs.rs:13:31
[INFO] [stdout]     |
[INFO] [stdout]  13 | async fn example(app: &tauri::AppHandle) {
[INFO] [stdout]     |                               ^^^^^^^^^ expected 1 generic argument
[INFO] [stdout]     |
[INFO] [stdout] note: struct defined here, with 1 generic parameter: `R`
[INFO] [stdout]    --> /opt/rustwide/cargo-home/registry/src/index.crates.io-1949cf8c6b5b557f/tauri-2.8.5/src/app.rs:346:12
[INFO] [stdout]     |
[INFO] [stdout] 346 | pub struct AppHandle<R: Runtime> {
[INFO] [stdout]     |            ^^^^^^^^^ -
[INFO] [stdout] help: add missing generic argument
[INFO] [stdout]     |
[INFO] [stdout]  13 | async fn example(app: &tauri::AppHandle<R>) {
[INFO] [stdout]     |                                        +++
[INFO] [stdout] 
[INFO] [stdout] error: aborting due to 1 previous error
[INFO] [stdout] 
[INFO] [stdout] For more information about this error, try `rustc --explain E0107`.
[INFO] [stdout] Couldn't compile the test.
[INFO] [stdout] ---- src/api/private_storage.rs - api::private_storage::AsyncPrivateStorage (line 9) stdout ----
[INFO] [stdout] error[E0107]: missing generics for struct `AppHandle`
[INFO] [stdout]    --> src/api/private_storage.rs:13:31
[INFO] [stdout]     |
[INFO] [stdout]  13 | async fn example(app: &tauri::AppHandle) {
[INFO] [stdout]     |                               ^^^^^^^^^ expected 1 generic argument
[INFO] [stdout]     |
[INFO] [stdout] note: struct defined here, with 1 generic parameter: `R`
[INFO] [stdout]    --> /opt/rustwide/cargo-home/registry/src/index.crates.io-1949cf8c6b5b557f/tauri-2.8.5/src/app.rs:346:12
[INFO] [stdout]     |
[INFO] [stdout] 346 | pub struct AppHandle<R: Runtime> {
[INFO] [stdout]     |            ^^^^^^^^^ -
[INFO] [stdout] help: add missing generic argument
[INFO] [stdout]     |
[INFO] [stdout]  13 | async fn example(app: &tauri::AppHandle<R>) {
[INFO] [stdout]     |                                        +++
[INFO] [stdout] 
[INFO] [stdout] error[E0277]: the `?` operator can only be used in an async function that returns `Result` or `Option` (or another type that implements `FromResidual`)
[INFO] [stdout]   --> src/api/private_storage.rs:19:86
[INFO] [stdout]    |
[INFO] [stdout] 13 |   async fn example(app: &tauri::AppHandle) {
[INFO] [stdout]    |  __________________________________________-
[INFO] [stdout] 14 | |     let api = app.android_fs_async();
[INFO] [stdout] 15 | |     let ps = api.private_storage();
[INFO] [stdout] ...  |
[INFO] [stdout] 19 | |     let cache_dir_path: std::path::PathBuf = ps.resolve_path(PrivateDir::Cache).await?;
[INFO] [stdout]    | |                                                                                      ^ cannot use the `?` operator in an async function that returns `()`
[INFO] [stdout] ...  |
[INFO] [stdout] 28 | |     let nobackup_data_dir_path = nobackup_data_dir_path.join("01K6049FVCD4SAGMAB6X20SA5S");
[INFO] [stdout] 29 | | }
[INFO] [stdout]    | |_- this function should return `Result` or `Option` to accept `?`
[INFO] [stdout] 
[INFO] [stdout] error[E0277]: the `?` operator can only be used in an async function that returns `Result` or `Option` (or another type that implements `FromResidual`)
[INFO] [stdout]   --> src/api/private_storage.rs:20:84
[INFO] [stdout]    |
[INFO] [stdout] 13 |   async fn example(app: &tauri::AppHandle) {
[INFO] [stdout]    |  __________________________________________-
[INFO] [stdout] 14 | |     let api = app.android_fs_async();
[INFO] [stdout] 15 | |     let ps = api.private_storage();
[INFO] [stdout] ...  |
[INFO] [stdout] 20 | |     let data_dir_path: std::path::PathBuf = ps.resolve_path(PrivateDir::Data).await?;
[INFO] [stdout]    | |                                                                                    ^ cannot use the `?` operator in an async function that returns `()`
[INFO] [stdout] ...  |
[INFO] [stdout] 28 | |     let nobackup_data_dir_path = nobackup_data_dir_path.join("01K6049FVCD4SAGMAB6X20SA5S");
[INFO] [stdout] 29 | | }
[INFO] [stdout]    | |_- this function should return `Result` or `Option` to accept `?`
[INFO] [stdout] 
[INFO] [stdout] error[E0277]: the `?` operator can only be used in an async function that returns `Result` or `Option` (or another type that implements `FromResidual`)
[INFO] [stdout]   --> src/api/private_storage.rs:21:101
[INFO] [stdout]    |
[INFO] [stdout] 13 |   async fn example(app: &tauri::AppHandle) {
[INFO] [stdout]    |  __________________________________________-
[INFO] [stdout] 14 | |     let api = app.android_fs_async();
[INFO] [stdout] 15 | |     let ps = api.private_storage();
[INFO] [stdout] ...  |
[INFO] [stdout] 21 | |     let nobackup_data_dir_path: std::path::PathBuf = ps.resolve_path(PrivateDir::NoBackupData).await?;
[INFO] [stdout]    | |                                                                                                     ^ cannot use the `?` operator in an async function that returns `()`
[INFO] [stdout] ...  |
[INFO] [stdout] 28 | |     let nobackup_data_dir_path = nobackup_data_dir_path.join("01K6049FVCD4SAGMAB6X20SA5S");
[INFO] [stdout] 29 | | }
[INFO] [stdout]    | |_- this function should return `Result` or `Option` to accept `?`
[INFO] [stdout] 
[INFO] [stdout] error: aborting due to 4 previous errors
[INFO] [stdout] 
[INFO] [stdout] Some errors have detailed explanations: E0107, E0277.
[INFO] [stdout] For more information about an error, try `rustc --explain E0107`.
[INFO] [stdout] Couldn't compile the test.
[INFO] [stdout] ---- src/lib.rs - init (line 22) stdout ----
[INFO] [stdout] error: unable to read Tauri config file at /opt/rustwide/workdir/tauri.conf.json because entity not found
[INFO] [stdout]   --> src/lib.rs:28:14
[INFO] [stdout]    |
[INFO] [stdout] 28 |         .run(tauri::generate_context!())
[INFO] [stdout]    |              ^^^^^^^^^^^^^^^^^^^^^^^^^^
[INFO] [stdout]    |
[INFO] [stdout]    = note: this error originates in the macro `tauri::generate_context` (in Nightly builds, run with -Z macro-backtrace for more info)
[INFO] [stdout] 
[INFO] [stdout] error: aborting due to 1 previous error
[INFO] [stdout] 
[INFO] [stdout] Couldn't compile the test.
[INFO] [stdout] 
[INFO] [stdout] failures:
[INFO] [stdout]     src/api/android_fs.rs - api::android_fs::AsyncAndroidFs (line 9)
[INFO] [stdout]     src/api/android_fs.rs - api::android_fs::SyncAndroidFs (line 9)
[INFO] [stdout]     src/api/app_storage.rs - api::app_storage::AsyncAppStorage (line 9)
[INFO] [stdout]     src/api/app_storage.rs - api::app_storage::SyncAppStorage (line 9)
[INFO] [stdout]     src/api/opener.rs - api::opener::AsyncOpener (line 9)
[INFO] [stdout]     src/api/opener.rs - api::opener::SyncOpener (line 9)
[INFO] [stdout]     src/api/private_storage.rs - api::private_storage::AsyncPrivateStorage (line 9)
[INFO] [stdout]     src/api/private_storage.rs - api::private_storage::SyncPrivateStorage (line 9)
[INFO] [stdout]     src/lib.rs - init (line 22)
[INFO] [stdout] 
[INFO] [stdout] test result: FAILED. 4 passed; 9 failed; 0 ignored; 0 measured; 0 filtered out; finished in 0.51s
[INFO] [stdout] 
[INFO] [stderr] error: doctest failed, to rerun pass `--doc`
[INFO] running `Command { std: "docker" "inspect" "601a1b7a35f32a768373ed0d8d6d1e153278ade749eb805cf822d1223b5ffcdd", kill_on_drop: false }`
[INFO] running `Command { std: "docker" "rm" "-f" "601a1b7a35f32a768373ed0d8d6d1e153278ade749eb805cf822d1223b5ffcdd", kill_on_drop: false }`
[INFO] [stdout] 601a1b7a35f32a768373ed0d8d6d1e153278ade749eb805cf822d1223b5ffcdd
