[INFO] fetching crate tantale_python_tests 0.3.2...
[INFO] testing tantale_python_tests-0.3.2 against 1.100.0-beta.1 for beta-1.100-2
[INFO] extracting crate tantale_python_tests 0.3.2 into /workspace/builds/worker-1-tc2/source
[INFO] started tweaking crates.io crate tantale_python_tests 0.3.2
[INFO] removed 0 missing tests
[INFO] finished tweaking crates.io crate tantale_python_tests 0.3.2
[INFO] tweaked toml for crates.io crate tantale_python_tests 0.3.2 written to /workspace/builds/worker-1-tc2/source/Cargo.toml
[INFO] validating manifest of crates.io crate tantale_python_tests 0.3.2 on toolchain 1.100.0-beta.1
[INFO] running `Command { std: CARGO_HOME="/workspace/cargo-home" RUSTUP_HOME="/workspace/rustup-home" "/workspace/cargo-home/bin/cargo" "+1.100.0-beta.1" "metadata" "--manifest-path" "Cargo.toml" "--no-deps", kill_on_drop: false }`
[INFO] crate crates.io crate tantale_python_tests 0.3.2 already has a lockfile, it will not be regenerated
[INFO] running `Command { std: CARGO_HOME="/workspace/cargo-home" RUSTUP_HOME="/workspace/rustup-home" "/workspace/cargo-home/bin/cargo" "+1.100.0-beta.1" "fetch" "--manifest-path" "Cargo.toml", kill_on_drop: false }`
[INFO] running `Command { std: "docker" "create" "-v" "/var/lib/crater-agent-workspace/builds/worker-1-tc2/source:/opt/rustwide/workdir:ro,Z" "-v" "/var/lib/crater-agent-workspace/builds/worker-1-tc2/target:/opt/rustwide/target:rw,Z" "-v" "/var/lib/crater-agent-workspace/cargo-home:/opt/rustwide/cargo-home:ro,Z" "-v" "/var/lib/crater-agent-workspace/rustup-home:/opt/rustwide/rustup-home:ro,Z" "-m" "1610612736" "--network" "none" "ghcr.io/rust-lang/crates-build-env/linux@sha256:3111399a4047eeb3a02b7a90e478d715f38a8c6669b5c4b49d30a17385265909" "sleep" "infinity", kill_on_drop: false }`
[INFO] [stdout] 3dad414dba0af7de4e3cb03fd144db9b140eaf69e37e95e706b547ef9896dcf3
[INFO] running `Command { std: "docker" "start" "3dad414dba0af7de4e3cb03fd144db9b140eaf69e37e95e706b547ef9896dcf3", kill_on_drop: false }`
[INFO] running `Command { std: "docker" "inspect" "3dad414dba0af7de4e3cb03fd144db9b140eaf69e37e95e706b547ef9896dcf3", kill_on_drop: false }`
[INFO] running `Command { std: "docker" "exec" "-e" "SOURCE_DIR=/opt/rustwide/workdir" "-e" "CARGO_HOME=/opt/rustwide/cargo-home" "-e" "RUSTUP_HOME=/opt/rustwide/rustup-home" "-e" "CARGO_TARGET_DIR=/opt/rustwide/target" "-w" "/opt/rustwide/workdir" "--user" "0:0" "3dad414dba0af7de4e3cb03fd144db9b140eaf69e37e95e706b547ef9896dcf3" "/opt/rustwide/cargo-home/bin/cargo" "+1.100.0-beta.1" "metadata" "--no-deps" "--format-version=1", kill_on_drop: false }`
[INFO] running `Command { std: "docker" "inspect" "3dad414dba0af7de4e3cb03fd144db9b140eaf69e37e95e706b547ef9896dcf3", kill_on_drop: false }`
[INFO] running `Command { std: "docker" "exec" "-e" "SOURCE_DIR=/opt/rustwide/workdir" "-e" "CARGO_HOME=/opt/rustwide/cargo-home" "-e" "RUSTUP_HOME=/opt/rustwide/rustup-home" "-e" "CARGO_TARGET_DIR=/opt/rustwide/target" "-e" "CARGO_INCREMENTAL=0" "-e" "RUST_BACKTRACE=full" "-e" "RUSTFLAGS=--cap-lints=warn" "-e" "RUSTDOCFLAGS=--cap-lints=warn" "-w" "/opt/rustwide/workdir" "--user" "0:0" "3dad414dba0af7de4e3cb03fd144db9b140eaf69e37e95e706b547ef9896dcf3" "/opt/rustwide/cargo-home/bin/cargo" "+1.100.0-beta.1" "build" "--frozen" "--message-format=json", kill_on_drop: false }`
[INFO] [stderr]     Finished `dev` profile [unoptimized + debuginfo] target(s) in 0.08s
[INFO] running `Command { std: "docker" "inspect" "3dad414dba0af7de4e3cb03fd144db9b140eaf69e37e95e706b547ef9896dcf3", kill_on_drop: false }`
[INFO] running `Command { std: "docker" "exec" "-e" "SOURCE_DIR=/opt/rustwide/workdir" "-e" "CARGO_HOME=/opt/rustwide/cargo-home" "-e" "RUSTUP_HOME=/opt/rustwide/rustup-home" "-e" "CARGO_TARGET_DIR=/opt/rustwide/target" "-e" "CARGO_INCREMENTAL=0" "-e" "RUST_BACKTRACE=full" "-e" "RUSTFLAGS=--cap-lints=warn" "-e" "RUSTDOCFLAGS=--cap-lints=warn" "-w" "/opt/rustwide/workdir" "--user" "0:0" "3dad414dba0af7de4e3cb03fd144db9b140eaf69e37e95e706b547ef9896dcf3" "/opt/rustwide/cargo-home/bin/cargo" "+1.100.0-beta.1" "test" "--frozen" "--no-run" "--message-format=json", kill_on_drop: false }`
[INFO] [stderr]    Compiling num-traits v0.2.19
[INFO] [stderr]    Compiling libc v0.2.183
[INFO] [stderr]    Compiling target-lexicon v0.13.5
[INFO] [stderr]    Compiling serde_core v1.0.228
[INFO] [stderr]    Compiling matrixmultiply v0.3.10
[INFO] [stderr]    Compiling syn v2.0.117
[INFO] [stderr]    Compiling rawpointer v0.2.1
[INFO] [stderr]    Compiling memchr v2.8.0
[INFO] [stderr]    Compiling either v1.15.0
[INFO] [stderr]    Compiling hashbrown v0.16.1
[INFO] [stderr]    Compiling pyo3-build-config v0.28.3
[INFO] [stderr]    Compiling csv-core v0.1.13
[INFO] [stderr]    Compiling indexmap v2.13.0
[INFO] [stderr]    Compiling num-integer v0.1.46
[INFO] [stderr]    Compiling num-complex v0.4.6
[INFO] [stderr]    Compiling rmp v0.8.15
[INFO] [stderr]    Compiling num-bigint v0.4.6
[INFO] [stderr]    Compiling num-iter v0.1.45
[INFO] [stderr]    Compiling getrandom v0.4.2
[INFO] [stderr]    Compiling num_cpus v1.17.0
[INFO] [stderr]    Compiling rayon v1.11.0
[INFO] [stderr]    Compiling rand v0.10.1
[INFO] [stderr]    Compiling itertools v0.14.0
[INFO] [stderr]    Compiling pyo3-macros-backend v0.28.3
[INFO] [stderr]    Compiling pyo3-ffi v0.28.3
[INFO] [stderr]    Compiling pyo3 v0.28.3
[INFO] [stderr]    Compiling csv v1.4.0
[INFO] [stderr]    Compiling num-rational v0.4.2
[INFO] [stderr]    Compiling num v0.4.3
[INFO] [stderr]    Compiling serde_derive v1.0.228
[INFO] [stderr]    Compiling tantale_macros v0.3.2
[INFO] [stderr]    Compiling serde v1.0.228
[INFO] [stderr]    Compiling pyo3-macros v0.28.3
[INFO] [stderr]    Compiling ndarray v0.17.2
[INFO] [stderr]    Compiling rmp-serde v1.3.1
[INFO] [stderr]    Compiling tantale_core v0.3.2
[INFO] [stderr]    Compiling wfg_rs v1.0.2
[INFO] [stderr]    Compiling tantale_algos v0.3.2
[INFO] [stderr]    Compiling tantale_python v0.3.2
[INFO] [stderr]    Compiling tantale v0.3.2
[INFO] [stderr]    Compiling tantale_python_tests v0.3.2 (/opt/rustwide/workdir)
[INFO] [stderr]     Finished `test` profile [unoptimized + debuginfo] target(s) in 1m 15s
[INFO] running `Command { std: "docker" "inspect" "3dad414dba0af7de4e3cb03fd144db9b140eaf69e37e95e706b547ef9896dcf3", kill_on_drop: false }`
[INFO] running `Command { std: "docker" "exec" "-e" "SOURCE_DIR=/opt/rustwide/workdir" "-e" "CARGO_HOME=/opt/rustwide/cargo-home" "-e" "RUSTUP_HOME=/opt/rustwide/rustup-home" "-e" "CARGO_TARGET_DIR=/opt/rustwide/target" "-e" "CARGO_INCREMENTAL=0" "-e" "RUST_BACKTRACE=full" "-e" "RUSTFLAGS=--cap-lints=warn" "-e" "RUSTDOCFLAGS=--cap-lints=warn" "-w" "/opt/rustwide/workdir" "--user" "0:0" "3dad414dba0af7de4e3cb03fd144db9b140eaf69e37e95e706b547ef9896dcf3" "/opt/rustwide/cargo-home/bin/cargo" "+1.100.0-beta.1" "test" "--frozen", kill_on_drop: false }`
[INFO] [stderr]     Finished `test` profile [unoptimized + debuginfo] target(s) in 0.18s
[INFO] [stderr]      Running tests/cleaner.rs (/opt/rustwide/target/debug/build/tantale_python_tests/80cb22521c35742b/out/cleaner-80cb22521c35742b)
[INFO] [stderr]      Running tests/run_checker.rs (/opt/rustwide/target/debug/build/tantale_python_tests/05a6498cf99ba143/out/run_checker-05a6498cf99ba143)
[INFO] [stdout] 
[INFO] [stdout] running 0 tests
[INFO] [stdout] 
[INFO] [stdout] test result: ok. 0 passed; 0 failed; 0 ignored; 0 measured; 0 filtered out; finished in 0.00s
[INFO] [stdout] 
[INFO] [stdout] 
[INFO] [stdout] running 0 tests
[INFO] [stdout] 
[INFO] [stdout] test result: ok. 0 passed; 0 failed; 0 ignored; 0 measured; 0 filtered out; finished in 0.00s
[INFO] [stdout] 
[INFO] [stderr]      Running tests/test_pytantale_objective_async/main.rs (/opt/rustwide/target/debug/build/tantale_python_tests/26f96bbf8fdd807a/out/test_pytantale_objective_async-26f96bbf8fdd807a)
[INFO] [stdout] 
[INFO] [stdout] running 1 test
[INFO] [stdout] test test_pytantale_async::test_python_function ... FAILED
[INFO] [stdout] 
[INFO] [stdout] failures:
[INFO] [stdout] 
[INFO] [stdout] ---- test_pytantale_async::test_python_function stdout ----
[INFO] [stdout] 
[INFO] [stdout] thread 'test_pytantale_async::test_python_function' (1095) panicked at /opt/rustwide/cargo-home/registry/src/index.crates.io-1949cf8c6b5b557f/tantale_core-0.3.2/src/recorder/csv.rs:941:51:
[INFO] [stdout] called `Result::unwrap()` on an `Err` value: Os { code: 30, kind: ReadOnlyFilesystem, message: "Read-only file system" }
[INFO] [stdout] stack backtrace:
[INFO] [stdout]    0:     0x63fc95133a61 - std[617be2ca0a6fd877]::backtrace_rs::backtrace::libunwind::trace
[INFO] [stdout]                                at /rustc/e3feeb59cd1bdd011a2bfcc0747b55125d9b8527/library/std/src/../../backtrace/src/backtrace/libunwind.rs:117:9
[INFO] [stdout]    1:     0x63fc95133a61 - std[617be2ca0a6fd877]::backtrace_rs::backtrace::trace_unsynchronized::<std[617be2ca0a6fd877]::sys::backtrace::_print_fmt::{closure#1}>
[INFO] [stdout]                                at /rustc/e3feeb59cd1bdd011a2bfcc0747b55125d9b8527/library/std/src/../../backtrace/src/backtrace/mod.rs:66:14
[INFO] [stdout]    2:     0x63fc95133a61 - std[617be2ca0a6fd877]::sys::backtrace::_print_fmt
[INFO] [stdout]                                at /rustc/e3feeb59cd1bdd011a2bfcc0747b55125d9b8527/library/std/src/sys/backtrace.rs:74:9
[INFO] [stdout]    3:     0x63fc95133a61 - <<std[617be2ca0a6fd877]::sys::backtrace::BacktraceLock>::print::DisplayBacktrace as core[a373ad73a504971]::fmt::Display>::fmt
[INFO] [stdout]                                at /rustc/e3feeb59cd1bdd011a2bfcc0747b55125d9b8527/library/std/src/sys/backtrace.rs:44:26
[INFO] [stdout]    4:     0x63fc95148d4a - <core[a373ad73a504971]::fmt::rt::Argument>::fmt
[INFO] [stdout]                                at /rustc/e3feeb59cd1bdd011a2bfcc0747b55125d9b8527/library/core/src/fmt/rt.rs:152:76
[INFO] [stdout]    5:     0x63fc95148d4a - core[a373ad73a504971]::fmt::write
[INFO] [stdout]    6:     0x63fc95137f4c - core[a373ad73a504971]::io::write::default_write_fmt::<alloc[2e1b2a31b91974c5]::vec::Vec<u8>>
[INFO] [stdout]                                at /rustc/e3feeb59cd1bdd011a2bfcc0747b55125d9b8527/library/core/src/io/write.rs:402:11
[INFO] [stdout]    7:     0x63fc95137f4c - <alloc[2e1b2a31b91974c5]::vec::Vec<u8> as core[a373ad73a504971]::io::write::Write>::write_fmt
[INFO] [stdout]                                at /rustc/e3feeb59cd1bdd011a2bfcc0747b55125d9b8527/library/core/src/io/write.rs:335:13
[INFO] [stdout]    8:     0x63fc9510e206 - <std[617be2ca0a6fd877]::sys::backtrace::BacktraceLock>::print
[INFO] [stdout]                                at /rustc/e3feeb59cd1bdd011a2bfcc0747b55125d9b8527/library/std/src/sys/backtrace.rs:47:9
[INFO] [stdout]    9:     0x63fc9510e206 - std[617be2ca0a6fd877]::panicking::default_hook::{closure#0}
[INFO] [stdout]                                at /rustc/e3feeb59cd1bdd011a2bfcc0747b55125d9b8527/library/std/src/panicking.rs:289:27
[INFO] [stdout]   10:     0x63fc9512b1b9 - std[617be2ca0a6fd877]::panicking::default_hook
[INFO] [stdout]                                at /rustc/e3feeb59cd1bdd011a2bfcc0747b55125d9b8527/library/std/src/panicking.rs:313:9
[INFO] [stdout]   11:     0x63fc95036880 - <alloc[2e1b2a31b91974c5]::boxed::Box<dyn for<'a, 'b> core[a373ad73a504971]::ops::function::Fn<(&'a std[617be2ca0a6fd877]::panic::PanicHookInfo<'b>,), Output = ()> + core[a373ad73a504971]::marker::Sync + core[a373ad73a504971]::marker::Send> as core[a373ad73a504971]::ops::function::Fn<(&std[617be2ca0a6fd877]::panic::PanicHookInfo,)>>::call
[INFO] [stdout]                                at /rustc/e3feeb59cd1bdd011a2bfcc0747b55125d9b8527/library/alloc/src/boxed.rs:2328:9
[INFO] [stdout]   12:     0x63fc95036880 - test[aada8e7e76ba119b]::test_main_inner::{closure#0}
[INFO] [stdout]                                at /rustc/e3feeb59cd1bdd011a2bfcc0747b55125d9b8527/library/test/src/lib.rs:137:21
[INFO] [stdout]   13:     0x63fc9512b4e2 - <alloc[2e1b2a31b91974c5]::boxed::Box<dyn for<'a, 'b> core[a373ad73a504971]::ops::function::Fn<(&'a std[617be2ca0a6fd877]::panic::PanicHookInfo<'b>,), Output = ()> + core[a373ad73a504971]::marker::Sync + core[a373ad73a504971]::marker::Send> as core[a373ad73a504971]::ops::function::Fn<(&std[617be2ca0a6fd877]::panic::PanicHookInfo,)>>::call
[INFO] [stdout]                                at /rustc/e3feeb59cd1bdd011a2bfcc0747b55125d9b8527/library/alloc/src/boxed.rs:2328:9
[INFO] [stdout]   14:     0x63fc9512b4e2 - std[617be2ca0a6fd877]::panicking::panic_with_hook
[INFO] [stdout]                                at /rustc/e3feeb59cd1bdd011a2bfcc0747b55125d9b8527/library/std/src/panicking.rs:819:13
[INFO] [stdout]   15:     0x63fc9510e2b2 - std[617be2ca0a6fd877]::panicking::panic_handler::{closure#0}
[INFO] [stdout]                                at /rustc/e3feeb59cd1bdd011a2bfcc0747b55125d9b8527/library/std/src/panicking.rs:685:13
[INFO] [stdout]   16:     0x63fc95106e49 - std[617be2ca0a6fd877]::sys::backtrace::__rust_end_short_backtrace::<std[617be2ca0a6fd877]::panicking::panic_handler::{closure#0}, !>
[INFO] [stdout]                                at /rustc/e3feeb59cd1bdd011a2bfcc0747b55125d9b8527/library/std/src/sys/backtrace.rs:182:18
[INFO] [stdout]   17:     0x63fc9510efad - __rustc[ea4f61d10b84890b]::rust_begin_unwind
[INFO] [stdout]                                at /rustc/e3feeb59cd1bdd011a2bfcc0747b55125d9b8527/library/std/src/panicking.rs:676:5
[INFO] [stdout]   18:     0x63fc9514953c - core[a373ad73a504971]::panicking::panic_fmt
[INFO] [stdout]                                at /rustc/e3feeb59cd1bdd011a2bfcc0747b55125d9b8527/library/core/src/panicking.rs:80:14
[INFO] [stdout]   19:     0x63fc95149292 - core[a373ad73a504971]::result::unwrap_failed
[INFO] [stdout]                                at /rustc/e3feeb59cd1bdd011a2bfcc0747b55125d9b8527/library/core/src/result.rs:1870:5
[INFO] [stdout]   20:     0x63fc94fe29ed - <core[a373ad73a504971]::result::Result<(), core[a373ad73a504971]::io::error::Error>>::unwrap
[INFO] [stdout]                                at /rustc/e3feeb59cd1bdd011a2bfcc0747b55125d9b8527/library/core/src/result.rs:1232:23
[INFO] [stdout]   21:     0x63fc94fe29ed - <tantale_core[70b80c8041d5bbc1]::recorder::csv::CSVRecorder as tantale_core[70b80c8041d5bbc1]::recorder::SeqRecorder<tantale_core[70b80c8041d5bbc1]::solution::partial::BaseSol<tantale_core[70b80c8041d5bbc1]::solution::id::SId, tantale_core[70b80c8041d5bbc1]::domain::bounded::Bounded<f64>, tantale_core[70b80c8041d5bbc1]::optimizer::opt::EmptyInfo>, tantale_core[70b80c8041d5bbc1]::solution::id::SId, test_pytantale_objective_async[455488c1ad5950e6]::test_pytantale_async::test_python_function::__PyOutWrapper, tantale_core[70b80c8041d5bbc1]::searchspace::spbase::Sp<tantale_core[70b80c8041d5bbc1]::domain::mixed::Mixed, tantale_core[70b80c8041d5bbc1]::domain::bounded::Bounded<f64>>, tantale_algos[540f85783d46d6ed]::random_search::RandomSearch, tantale_core[70b80c8041d5bbc1]::objective::obj::Objective<alloc[2e1b2a31b91974c5]::sync::Arc<[tantale_core[70b80c8041d5bbc1]::domain::mixed::MixedTypeDom]>, test_pytantale_objective_async[455488c1ad5950e6]::test_pytantale_async::test_python_function::__PyOutWrapper>>>::init
[INFO] [stdout]                                at /opt/rustwide/cargo-home/registry/src/index.crates.io-1949cf8c6b5b557f/tantale_core-0.3.2/src/recorder/csv.rs:941:51
[INFO] [stdout]   22:     0x63fc94ff4a09 - <tantale_core[70b80c8041d5bbc1]::experiment::basics::MonoExperiment<tantale_core[70b80c8041d5bbc1]::solution::partial::BaseSol<tantale_core[70b80c8041d5bbc1]::solution::id::SId, tantale_core[70b80c8041d5bbc1]::domain::bounded::Bounded<f64>, tantale_core[70b80c8041d5bbc1]::optimizer::opt::EmptyInfo>, tantale_core[70b80c8041d5bbc1]::solution::id::SId, tantale_core[70b80c8041d5bbc1]::searchspace::spbase::Sp<tantale_core[70b80c8041d5bbc1]::domain::mixed::Mixed, tantale_core[70b80c8041d5bbc1]::domain::bounded::Bounded<f64>>, tantale_algos[540f85783d46d6ed]::random_search::RandomSearch, tantale_core[70b80c8041d5bbc1]::stop::evaluated::Evaluated, tantale_core[70b80c8041d5bbc1]::recorder::csv::CSVRecorder, tantale_core[70b80c8041d5bbc1]::checkpointer::messagepack::MessagePack, test_pytantale_objective_async[455488c1ad5950e6]::test_pytantale_async::test_python_function::__PyOutWrapper, tantale_core[70b80c8041d5bbc1]::objective::obj::Objective<alloc[2e1b2a31b91974c5]::sync::Arc<[tantale_core[70b80c8041d5bbc1]::domain::mixed::MixedTypeDom]>, test_pytantale_objective_async[455488c1ad5950e6]::test_pytantale_async::test_python_function::__PyOutWrapper>, tantale_core[70b80c8041d5bbc1]::experiment::sequential::seqevaluator::SeqEvaluator<tantale_core[70b80c8041d5bbc1]::solution::id::SId, tantale_core[70b80c8041d5bbc1]::optimizer::opt::EmptyInfo, tantale_core[70b80c8041d5bbc1]::solution::shape::Pair<tantale_core[70b80c8041d5bbc1]::solution::partial::BaseSol<tantale_core[70b80c8041d5bbc1]::solution::id::SId, tantale_core[70b80c8041d5bbc1]::domain::mixed::Mixed, tantale_core[70b80c8041d5bbc1]::optimizer::opt::EmptyInfo>, tantale_core[70b80c8041d5bbc1]::solution::partial::BaseSol<tantale_core[70b80c8041d5bbc1]::solution::id::SId, tantale_core[70b80c8041d5bbc1]::domain::bounded::Bounded<f64>, tantale_core[70b80c8041d5bbc1]::optimizer::opt::EmptyInfo>, tantale_core[70b80c8041d5bbc1]::solution::id::SId, tantale_core[70b80c8041d5bbc1]::domain::mixed::Mixed, tantale_core[70b80c8041d5bbc1]::domain::bounded::Bounded<f64>, tantale_core[70b80c8041d5bbc1]::optimizer::opt::EmptyInfo>>> as tantale_core[70b80c8041d5bbc1]::experiment::Runable<tantale_core[70b80c8041d5bbc1]::solution::partial::BaseSol<tantale_core[70b80c8041d5bbc1]::solution::id::SId, tantale_core[70b80c8041d5bbc1]::domain::bounded::Bounded<f64>, tantale_core[70b80c8041d5bbc1]::optimizer::opt::EmptyInfo>, tantale_core[70b80c8041d5bbc1]::solution::id::SId, tantale_core[70b80c8041d5bbc1]::searchspace::spbase::Sp<tantale_core[70b80c8041d5bbc1]::domain::mixed::Mixed, tantale_core[70b80c8041d5bbc1]::domain::bounded::Bounded<f64>>, tantale_algos[540f85783d46d6ed]::random_search::RandomSearch, tantale_core[70b80c8041d5bbc1]::stop::evaluated::Evaluated, tantale_core[70b80c8041d5bbc1]::recorder::csv::CSVRecorder, tantale_core[70b80c8041d5bbc1]::checkpointer::messagepack::MessagePack, test_pytantale_objective_async[455488c1ad5950e6]::test_pytantale_async::test_python_function::__PyOutWrapper, tantale_core[70b80c8041d5bbc1]::objective::obj::Objective<alloc[2e1b2a31b91974c5]::sync::Arc<[tantale_core[70b80c8041d5bbc1]::domain::mixed::MixedTypeDom]>, test_pytantale_objective_async[455488c1ad5950e6]::test_pytantale_async::test_python_function::__PyOutWrapper>>>::new_with_pool
[INFO] [stdout]                                at /opt/rustwide/cargo-home/registry/src/index.crates.io-1949cf8c6b5b557f/tantale_core-0.3.2/src/experiment/sequential/seqrun.rs:109:19
[INFO] [stdout]   23:     0x63fc94feaf8e - tantale_core[70b80c8041d5bbc1]::experiment::mono_with_pool::<tantale_core[70b80c8041d5bbc1]::solution::id::SId, tantale_core[70b80c8041d5bbc1]::solution::partial::BaseSol<tantale_core[70b80c8041d5bbc1]::solution::id::SId, tantale_core[70b80c8041d5bbc1]::domain::bounded::Bounded<f64>, tantale_core[70b80c8041d5bbc1]::optimizer::opt::EmptyInfo>, tantale_core[70b80c8041d5bbc1]::searchspace::spbase::Sp<tantale_core[70b80c8041d5bbc1]::domain::mixed::Mixed, tantale_core[70b80c8041d5bbc1]::domain::bounded::Bounded<f64>>, tantale_algos[540f85783d46d6ed]::random_search::RandomSearch, tantale_core[70b80c8041d5bbc1]::stop::evaluated::Evaluated, tantale_core[70b80c8041d5bbc1]::recorder::csv::CSVRecorder, tantale_core[70b80c8041d5bbc1]::checkpointer::messagepack::MessagePack, test_pytantale_objective_async[455488c1ad5950e6]::test_pytantale_async::test_python_function::__PyOutWrapper, tantale_core[70b80c8041d5bbc1]::objective::obj::Objective<alloc[2e1b2a31b91974c5]::sync::Arc<[tantale_core[70b80c8041d5bbc1]::domain::mixed::MixedTypeDom]>, test_pytantale_objective_async[455488c1ad5950e6]::test_pytantale_async::test_python_function::__PyOutWrapper>, tantale_core[70b80c8041d5bbc1]::experiment::sequential::seqevaluator::SeqEvaluator<tantale_core[70b80c8041d5bbc1]::solution::id::SId, tantale_core[70b80c8041d5bbc1]::optimizer::opt::EmptyInfo, tantale_core[70b80c8041d5bbc1]::solution::shape::Pair<tantale_core[70b80c8041d5bbc1]::solution::partial::BaseSol<tantale_core[70b80c8041d5bbc1]::solution::id::SId, tantale_core[70b80c8041d5bbc1]::domain::mixed::Mixed, tantale_core[70b80c8041d5bbc1]::optimizer::opt::EmptyInfo>, tantale_core[70b80c8041d5bbc1]::solution::partial::BaseSol<tantale_core[70b80c8041d5bbc1]::solution::id::SId, tantale_core[70b80c8041d5bbc1]::domain::bounded::Bounded<f64>, tantale_core[70b80c8041d5bbc1]::optimizer::opt::EmptyInfo>, tantale_core[70b80c8041d5bbc1]::solution::id::SId, tantale_core[70b80c8041d5bbc1]::domain::mixed::Mixed, tantale_core[70b80c8041d5bbc1]::domain::bounded::Bounded<f64>, tantale_core[70b80c8041d5bbc1]::optimizer::opt::EmptyInfo>>>
[INFO] [stdout]                                at /opt/rustwide/cargo-home/registry/src/index.crates.io-1949cf8c6b5b557f/tantale_core-0.3.2/src/experiment.rs:400:5
[INFO] [stdout]   24:     0x63fc94fdfab1 - test_pytantale_objective_async[455488c1ad5950e6]::test_pytantale_async::test_python_function
[INFO] [stdout]                                at /opt/rustwide/workdir/tests/test_pytantale_objective_async/test_pytantale_async.rs:47:5
[INFO] [stdout]   25:     0x63fc94fdd797 - test_pytantale_objective_async[455488c1ad5950e6]::test_pytantale_async::test_python_function::{closure#0}
[INFO] [stdout]                                at /opt/rustwide/workdir/tests/test_pytantale_objective_async/test_pytantale_async.rs:12:26
[INFO] [stdout]   26:     0x63fc94fdc076 - <test_pytantale_objective_async[455488c1ad5950e6]::test_pytantale_async::test_python_function::{closure#0} as core[a373ad73a504971]::ops::function::FnOnce<()>>::call_once
[INFO] [stdout]                                at /rustc/e3feeb59cd1bdd011a2bfcc0747b55125d9b8527/library/core/src/ops/function.rs:250:5
[INFO] [stdout]   27:     0x63fc95029ccb - <fn() -> core[a373ad73a504971]::result::Result<(), alloc[2e1b2a31b91974c5]::string::String> as core[a373ad73a504971]::ops::function::FnOnce<()>>::call_once
[INFO] [stdout]                                at /rustc/e3feeb59cd1bdd011a2bfcc0747b55125d9b8527/library/core/src/ops/function.rs:250:5
[INFO] [stdout]   28:     0x63fc95029ccb - test[aada8e7e76ba119b]::__rust_begin_short_backtrace::<core[a373ad73a504971]::result::Result<(), alloc[2e1b2a31b91974c5]::string::String>, fn() -> core[a373ad73a504971]::result::Result<(), alloc[2e1b2a31b91974c5]::string::String>>
[INFO] [stdout]                                at /rustc/e3feeb59cd1bdd011a2bfcc0747b55125d9b8527/library/test/src/lib.rs:701:18
[INFO] [stdout]   29:     0x63fc95036ea5 - test[aada8e7e76ba119b]::run_test_in_process::{closure#0}
[INFO] [stdout]                                at /rustc/e3feeb59cd1bdd011a2bfcc0747b55125d9b8527/library/test/src/lib.rs:724:74
[INFO] [stdout]   30:     0x63fc95036ea5 - <core[a373ad73a504971]::panic::unwind_safe::AssertUnwindSafe<test[aada8e7e76ba119b]::run_test_in_process::{closure#0}> as core[a373ad73a504971]::ops::function::FnOnce<()>>::call_once
[INFO] [stdout]                                at /rustc/e3feeb59cd1bdd011a2bfcc0747b55125d9b8527/library/core/src/panic/unwind_safe.rs:275:9
[INFO] [stdout]   31:     0x63fc95036ea5 - std[617be2ca0a6fd877]::panicking::catch_unwind::do_call::<core[a373ad73a504971]::panic::unwind_safe::AssertUnwindSafe<test[aada8e7e76ba119b]::run_test_in_process::{closure#0}>, core[a373ad73a504971]::result::Result<(), alloc[2e1b2a31b91974c5]::string::String>>
[INFO] [stdout]                                at /rustc/e3feeb59cd1bdd011a2bfcc0747b55125d9b8527/library/std/src/panicking.rs:573:43
[INFO] [stdout]   32:     0x63fc95036ea5 - std[617be2ca0a6fd877]::panicking::catch_unwind::<core[a373ad73a504971]::result::Result<(), alloc[2e1b2a31b91974c5]::string::String>, core[a373ad73a504971]::panic::unwind_safe::AssertUnwindSafe<test[aada8e7e76ba119b]::run_test_in_process::{closure#0}>>
[INFO] [stdout]                                at /rustc/e3feeb59cd1bdd011a2bfcc0747b55125d9b8527/library/std/src/panicking.rs:541:19
[INFO] [stdout]   33:     0x63fc95036ea5 - std[617be2ca0a6fd877]::panic::catch_unwind::<core[a373ad73a504971]::panic::unwind_safe::AssertUnwindSafe<test[aada8e7e76ba119b]::run_test_in_process::{closure#0}>, core[a373ad73a504971]::result::Result<(), alloc[2e1b2a31b91974c5]::string::String>>
[INFO] [stdout]                                at /rustc/e3feeb59cd1bdd011a2bfcc0747b55125d9b8527/library/std/src/panic.rs:359:14
[INFO] [stdout]   34:     0x63fc95036ea5 - test[aada8e7e76ba119b]::run_test_in_process
[INFO] [stdout]                                at /rustc/e3feeb59cd1bdd011a2bfcc0747b55125d9b8527/library/test/src/lib.rs:724:27
[INFO] [stdout]   35:     0x63fc95036ea5 - test[aada8e7e76ba119b]::run_test::{closure#0}
[INFO] [stdout]                                at /rustc/e3feeb59cd1bdd011a2bfcc0747b55125d9b8527/library/test/src/lib.rs:645:43
[INFO] [stdout]   36:     0x63fc95030794 - test[aada8e7e76ba119b]::run_test::{closure#1}
[INFO] [stdout]                                at /rustc/e3feeb59cd1bdd011a2bfcc0747b55125d9b8527/library/test/src/lib.rs:675:41
[INFO] [stdout]   37:     0x63fc95030794 - std[617be2ca0a6fd877]::sys::backtrace::__rust_begin_short_backtrace::<test[aada8e7e76ba119b]::run_test::{closure#1}, ()>
[INFO] [stdout]                                at /rustc/e3feeb59cd1bdd011a2bfcc0747b55125d9b8527/library/std/src/sys/backtrace.rs:166:18
[INFO] [stdout]   38:     0x63fc95039f32 - std[617be2ca0a6fd877]::thread::lifecycle::spawn_unchecked::<test[aada8e7e76ba119b]::run_test::{closure#1}, ()>::{closure#1}::{closure#0}
[INFO] [stdout]                                at /rustc/e3feeb59cd1bdd011a2bfcc0747b55125d9b8527/library/std/src/thread/lifecycle.rs:70:13
[INFO] [stdout]   39:     0x63fc95039f32 - <core[a373ad73a504971]::panic::unwind_safe::AssertUnwindSafe<std[617be2ca0a6fd877]::thread::lifecycle::spawn_unchecked<test[aada8e7e76ba119b]::run_test::{closure#1}, ()>::{closure#1}::{closure#0}> as core[a373ad73a504971]::ops::function::FnOnce<()>>::call_once
[INFO] [stdout]                                at /rustc/e3feeb59cd1bdd011a2bfcc0747b55125d9b8527/library/core/src/panic/unwind_safe.rs:275:9
[INFO] [stdout]   40:     0x63fc95039f32 - std[617be2ca0a6fd877]::panicking::catch_unwind::do_call::<core[a373ad73a504971]::panic::unwind_safe::AssertUnwindSafe<std[617be2ca0a6fd877]::thread::lifecycle::spawn_unchecked<test[aada8e7e76ba119b]::run_test::{closure#1}, ()>::{closure#1}::{closure#0}>, ()>
[INFO] [stdout]                                at /rustc/e3feeb59cd1bdd011a2bfcc0747b55125d9b8527/library/std/src/panicking.rs:573:43
[INFO] [stdout]   41:     0x63fc95039f32 - std[617be2ca0a6fd877]::panicking::catch_unwind::<(), core[a373ad73a504971]::panic::unwind_safe::AssertUnwindSafe<std[617be2ca0a6fd877]::thread::lifecycle::spawn_unchecked<test[aada8e7e76ba119b]::run_test::{closure#1}, ()>::{closure#1}::{closure#0}>>
[INFO] [stdout]                                at /rustc/e3feeb59cd1bdd011a2bfcc0747b55125d9b8527/library/std/src/panicking.rs:541:19
[INFO] [stdout]   42:     0x63fc95039f32 - std[617be2ca0a6fd877]::panic::catch_unwind::<core[a373ad73a504971]::panic::unwind_safe::AssertUnwindSafe<std[617be2ca0a6fd877]::thread::lifecycle::spawn_unchecked<test[aada8e7e76ba119b]::run_test::{closure#1}, ()>::{closure#1}::{closure#0}>, ()>
[INFO] [stdout]                                at /rustc/e3feeb59cd1bdd011a2bfcc0747b55125d9b8527/library/std/src/panic.rs:359:14
[INFO] [stdout]   43:     0x63fc95039f32 - std[617be2ca0a6fd877]::thread::lifecycle::spawn_unchecked::<test[aada8e7e76ba119b]::run_test::{closure#1}, ()>::{closure#1}
[INFO] [stdout]                                at /rustc/e3feeb59cd1bdd011a2bfcc0747b55125d9b8527/library/std/src/thread/lifecycle.rs:68:26
[INFO] [stdout]   44:     0x63fc95039f32 - <std[617be2ca0a6fd877]::thread::lifecycle::spawn_unchecked<test[aada8e7e76ba119b]::run_test::{closure#1}, ()>::{closure#1} as core[a373ad73a504971]::ops::function::FnOnce<()>>::call_once::{shim:vtable#0}
[INFO] [stdout]                                at /rustc/e3feeb59cd1bdd011a2bfcc0747b55125d9b8527/library/core/src/ops/function.rs:250:5
[INFO] [stdout]   45:     0x63fc9513327f - <alloc[2e1b2a31b91974c5]::boxed::Box<dyn core[a373ad73a504971]::ops::function::FnOnce<(), Output = ()> + core[a373ad73a504971]::marker::Send> as core[a373ad73a504971]::ops::function::FnOnce<()>>::call_once
[INFO] [stdout]                                at /rustc/e3feeb59cd1bdd011a2bfcc0747b55125d9b8527/library/alloc/src/boxed.rs:2314:9
[INFO] [stdout]   46:     0x63fc9513327f - <std[617be2ca0a6fd877]::sys::thread::unix::Thread>::new::thread_start
[INFO] [stdout]                                at /rustc/e3feeb59cd1bdd011a2bfcc0747b55125d9b8527/library/std/src/sys/thread/unix.rs:127:17
[INFO] [stdout]   47:     0x7f8353720dfa - <unknown>
[INFO] [stdout]   48:     0x7f83537b43d4 - clone
[INFO] [stdout]   49:                0x0 - <unknown>
[INFO] [stdout] 
[INFO] [stdout] 
[INFO] [stdout] failures:
[INFO] [stdout]     test_pytantale_async::test_python_function
[INFO] [stdout] 
[INFO] [stdout] test result: FAILED. 0 passed; 1 failed; 0 ignored; 0 measured; 0 filtered out; finished in 0.39s
[INFO] [stdout] 
[INFO] [stderr] error: test failed, to rerun pass `--test test_pytantale_objective_async`
[INFO] running `Command { std: "docker" "inspect" "3dad414dba0af7de4e3cb03fd144db9b140eaf69e37e95e706b547ef9896dcf3", kill_on_drop: false }`
[INFO] running `Command { std: "docker" "rm" "-f" "3dad414dba0af7de4e3cb03fd144db9b140eaf69e37e95e706b547ef9896dcf3", kill_on_drop: false }`
[INFO] [stdout] 3dad414dba0af7de4e3cb03fd144db9b140eaf69e37e95e706b547ef9896dcf3
