[INFO] fetching crate taml 0.0.11...
[INFO] testing taml-0.0.11 against 1.99.0-beta.8 for beta-1.100-2
[INFO] extracting crate taml 0.0.11 into /workspace/builds/worker-0-tc1/source
[INFO] started tweaking crates.io crate taml 0.0.11
[INFO] finished tweaking crates.io crate taml 0.0.11
[INFO] tweaked toml for crates.io crate taml 0.0.11 written to /workspace/builds/worker-0-tc1/source/Cargo.toml
[INFO] validating manifest of crates.io crate taml 0.0.11 on toolchain 1.99.0-beta.8
[INFO] running `Command { std: CARGO_HOME="/workspace/cargo-home" RUSTUP_HOME="/workspace/rustup-home" "/workspace/cargo-home/bin/cargo" "+1.99.0-beta.8" "metadata" "--manifest-path" "Cargo.toml" "--no-deps", kill_on_drop: false }`
[INFO] running `Command { std: CARGO_HOME="/workspace/cargo-home" RUSTUP_HOME="/workspace/rustup-home" "/workspace/cargo-home/bin/cargo" "+1.99.0-beta.8" "generate-lockfile" "--manifest-path" "Cargo.toml", kill_on_drop: false }`
[INFO] [stderr]     Updating crates.io index
[INFO] [stderr]      Locking 117 packages to highest compatible versions
[INFO] [stderr]       Adding debugless-unwrap v0.0.4 (available: v1.0.0)
[INFO] [stderr]       Adding indexmap v1.9.3 (available: v2.14.2)
[INFO] [stderr]       Adding logos v0.12.1 (available: v0.16.1)
[INFO] [stderr]       Adding minicov v0.3.8 (available: v0.3.9)
[INFO] [stderr]       Adding smartstring v0.2.10 (available: v1.0.1)
[INFO] [stderr]       Adding syn v1.0.109 (available: v3.0.6)
[INFO] [stderr]       Adding try_match v0.2.3 (available: v0.4.2)
[INFO] running `Command { std: CARGO_HOME="/workspace/cargo-home" RUSTUP_HOME="/workspace/rustup-home" "/workspace/cargo-home/bin/cargo" "+1.99.0-beta.8" "fetch" "--manifest-path" "Cargo.toml", kill_on_drop: false }`
[INFO] [stderr]  Downloading crates ...
[INFO] [stderr]   Downloaded wasm-bindgen-test-shared v0.2.129
[INFO] [stderr]   Downloaded wasm-bindgen-test-macro v0.3.79
[INFO] [stderr]   Downloaded minicov v0.3.8
[INFO] [stderr]   Downloaded version-sync v0.9.5
[INFO] [stderr]   Downloaded wasm-bindgen-test v0.3.79
[INFO] [stderr]   Downloaded beef v0.5.2
[INFO] [stderr]   Downloaded gnaw v0.0.2
[INFO] [stderr]   Downloaded cervine v0.0.6
[INFO] [stderr]   Downloaded logos v0.12.1
[INFO] [stderr]   Downloaded enum_properties v0.3.0
[INFO] [stderr]   Downloaded doc-comment v0.3.4
[INFO] [stderr]   Downloaded try_match_inner v0.3.0
[INFO] [stderr]   Downloaded lazy-transform-str v0.0.6
[INFO] [stderr]   Downloaded try_match v0.2.3
[INFO] [stderr]   Downloaded debugless-unwrap v0.0.4
[INFO] [stderr]   Downloaded cargo-husky v1.5.0
[INFO] [stderr]   Downloaded logos-derive v0.12.1
[INFO] [stderr]   Downloaded unicase v2.10.0
[INFO] [stderr]   Downloaded smartstring v0.2.10
[INFO] [stderr]   Downloaded toml v0.7.8
[INFO] [stderr]   Downloaded pulldown-cmark v0.9.6
[INFO] [stderr]   Downloaded git_info v0.1.3
[INFO] running `Command { std: "docker" "create" "-v" "/var/lib/crater-agent-workspace/builds/worker-0-tc1/source:/opt/rustwide/workdir:ro,Z" "-v" "/var/lib/crater-agent-workspace/builds/worker-0-tc1/target:/opt/rustwide/target:rw,Z" "-v" "/var/lib/crater-agent-workspace/cargo-home:/opt/rustwide/cargo-home:ro,Z" "-v" "/var/lib/crater-agent-workspace/rustup-home:/opt/rustwide/rustup-home:ro,Z" "-m" "1610612736" "--network" "none" "ghcr.io/rust-lang/crates-build-env/linux@sha256:3111399a4047eeb3a02b7a90e478d715f38a8c6669b5c4b49d30a17385265909" "sleep" "infinity", kill_on_drop: false }`
[INFO] [stdout] 5d624da058c8e2401ff96116d064142f6eba30695244ee3607de9229a1c0a777
[INFO] running `Command { std: "docker" "start" "5d624da058c8e2401ff96116d064142f6eba30695244ee3607de9229a1c0a777", kill_on_drop: false }`
[INFO] running `Command { std: "docker" "inspect" "5d624da058c8e2401ff96116d064142f6eba30695244ee3607de9229a1c0a777", kill_on_drop: false }`
[INFO] running `Command { std: "docker" "exec" "-e" "SOURCE_DIR=/opt/rustwide/workdir" "-e" "CARGO_HOME=/opt/rustwide/cargo-home" "-e" "RUSTUP_HOME=/opt/rustwide/rustup-home" "-e" "CARGO_TARGET_DIR=/opt/rustwide/target" "-w" "/opt/rustwide/workdir" "--user" "0:0" "5d624da058c8e2401ff96116d064142f6eba30695244ee3607de9229a1c0a777" "/opt/rustwide/cargo-home/bin/cargo" "+1.99.0-beta.8" "metadata" "--no-deps" "--format-version=1", kill_on_drop: false }`
[INFO] running `Command { std: "docker" "inspect" "5d624da058c8e2401ff96116d064142f6eba30695244ee3607de9229a1c0a777", kill_on_drop: false }`
[INFO] running `Command { std: "docker" "exec" "-e" "SOURCE_DIR=/opt/rustwide/workdir" "-e" "CARGO_HOME=/opt/rustwide/cargo-home" "-e" "RUSTUP_HOME=/opt/rustwide/rustup-home" "-e" "CARGO_TARGET_DIR=/opt/rustwide/target" "-e" "CARGO_INCREMENTAL=0" "-e" "RUST_BACKTRACE=full" "-e" "RUSTFLAGS=--cap-lints=warn" "-e" "RUSTDOCFLAGS=--cap-lints=warn" "-w" "/opt/rustwide/workdir" "--user" "0:0" "5d624da058c8e2401ff96116d064142f6eba30695244ee3607de9229a1c0a777" "/opt/rustwide/cargo-home/bin/cargo" "+1.99.0-beta.8" "build" "--frozen" "--message-format=json", kill_on_drop: false }`
[INFO] [stderr]    Compiling proc-macro2 v1.0.107
[INFO] [stderr]    Compiling unicode-ident v1.0.26
[INFO] [stderr]    Compiling quote v1.0.47
[INFO] [stderr]    Compiling proc-macro-error-attr v1.0.4
[INFO] [stderr]    Compiling proc-macro-error v1.0.4
[INFO] [stderr]    Compiling proc-macro-hack v0.5.20+deprecated
[INFO] [stderr]    Compiling syn v1.0.109
[INFO] [stderr]    Compiling regex-syntax v0.6.29
[INFO] [stderr]    Compiling beef v0.5.2
[INFO] [stderr]    Compiling static_assertions v1.1.0
[INFO] [stderr]    Compiling smartstring v0.2.10
[INFO] [stderr]    Compiling gnaw v0.0.2
[INFO] [stderr]    Compiling cervine v0.0.6
[INFO] [stderr]    Compiling tap v1.0.1
[INFO] [stderr]    Compiling enum_properties v0.3.0
[INFO] [stderr]    Compiling debugless-unwrap v0.0.4
[INFO] [stderr]    Compiling lazy-transform-str v0.0.6
[INFO] [stderr]    Compiling logos-derive v0.12.1
[INFO] [stderr]    Compiling try_match_inner v0.3.0
[INFO] [stderr]    Compiling try_match v0.2.3
[INFO] [stderr]    Compiling logos v0.12.1
[INFO] [stderr]    Compiling taml v0.0.11 (/opt/rustwide/workdir)
[INFO] [stdout] warning: hiding a lifetime that's elided elsewhere is confusing
[INFO] [stdout]   --> src/token.rs:26:38
[INFO] [stdout]    |
[INFO] [stdout] 26 | pub fn escape_unencoded_data(string: &str) -> Cow<String, str> {
[INFO] [stdout]    |                                      ^^^^     ^^^^^^^^^^^^^^^^ the same lifetime is hidden here
[INFO] [stdout]    |                                      |
[INFO] [stdout]    |                                      the lifetime is elided here
[INFO] [stdout]    |
[INFO] [stdout]    = help: the same lifetime is referred to in inconsistent ways, making the signature confusing
[INFO] [stdout]    = note: `#[warn(mismatched_lifetime_syntaxes)]` on by default
[INFO] [stdout] help: use `'_` for type paths
[INFO] [stdout]    |
[INFO] [stdout] 26 | pub fn escape_unencoded_data(string: &str) -> Cow<'_, String, str> {
[INFO] [stdout]    |                                                   +++
[INFO] [stdout] 
[INFO] [stdout] 
[INFO] [stdout] warning: hiding a lifetime that's elided elsewhere is confusing
[INFO] [stdout]   --> src/token.rs:40:20
[INFO] [stdout]    |
[INFO] [stdout] 40 |         fn $name(string: &str) -> Cow<String, str> {
[INFO] [stdout]    |                          ^^^^     ^^^^^^^^^^^^^^^^ the same lifetime is hidden here
[INFO] [stdout]    |                          |
[INFO] [stdout]    |                          the lifetime is elided here
[INFO] [stdout] ...
[INFO] [stdout] 80 | define_escape!(escape_string, delimiter = '"', always_quote = true);
[INFO] [stdout]    | ------------------------------------------------------------------- in this macro invocation
[INFO] [stdout]    |
[INFO] [stdout]    = help: the same lifetime is referred to in inconsistent ways, making the signature confusing
[INFO] [stdout]    = note: this warning originates in the macro `define_escape` (in Nightly builds, run with -Z macro-backtrace for more info)
[INFO] [stdout] help: use `'_` for type paths
[INFO] [stdout]    |
[INFO] [stdout] 40 |         fn $name(string: &str) -> Cow<'_, String, str> {
[INFO] [stdout]    |                                       +++
[INFO] [stdout] 
[INFO] [stdout] 
[INFO] [stdout] warning: hiding a lifetime that's elided elsewhere is confusing
[INFO] [stdout]   --> src/token.rs:40:20
[INFO] [stdout]    |
[INFO] [stdout] 40 |         fn $name(string: &str) -> Cow<String, str> {
[INFO] [stdout]    |                          ^^^^     ^^^^^^^^^^^^^^^^ the same lifetime is hidden here
[INFO] [stdout]    |                          |
[INFO] [stdout]    |                          the lifetime is elided here
[INFO] [stdout] ...
[INFO] [stdout] 81 | define_escape!(escape_identifier, delimiter = '`', always_quote = false);
[INFO] [stdout]    | ------------------------------------------------------------------------ in this macro invocation
[INFO] [stdout]    |
[INFO] [stdout]    = help: the same lifetime is referred to in inconsistent ways, making the signature confusing
[INFO] [stdout]    = note: this warning originates in the macro `define_escape` (in Nightly builds, run with -Z macro-backtrace for more info)
[INFO] [stdout] help: use `'_` for type paths
[INFO] [stdout]    |
[INFO] [stdout] 40 |         fn $name(string: &str) -> Cow<'_, String, str> {
[INFO] [stdout]    |                                       +++
[INFO] [stdout] 
[INFO] [stdout] 
[INFO] [stdout] warning: hiding a lifetime that's elided elsewhere is confusing
[INFO] [stdout]   --> src/token.rs:83:55
[INFO] [stdout]    |
[INFO] [stdout] 83 | fn unescape_verbatim_and_r_to_carriage_return(string: &str) -> Cow<String, str> {
[INFO] [stdout]    |                                                       ^^^^     ^^^^^^^^^^^^^^^^ the same lifetime is hidden here
[INFO] [stdout]    |                                                       |
[INFO] [stdout]    |                                                       the lifetime is elided here
[INFO] [stdout]    |
[INFO] [stdout]    = help: the same lifetime is referred to in inconsistent ways, making the signature confusing
[INFO] [stdout] help: use `'_` for type paths
[INFO] [stdout]    |
[INFO] [stdout] 83 | fn unescape_verbatim_and_r_to_carriage_return(string: &str) -> Cow<'_, String, str> {
[INFO] [stdout]    |                                                                    +++
[INFO] [stdout] 
[INFO] [stdout] 
[INFO] [stderr]     Finished `dev` profile [unoptimized + debuginfo] target(s) in 15.12s
[INFO] running `Command { std: "docker" "inspect" "5d624da058c8e2401ff96116d064142f6eba30695244ee3607de9229a1c0a777", kill_on_drop: false }`
[INFO] running `Command { std: "docker" "exec" "-e" "SOURCE_DIR=/opt/rustwide/workdir" "-e" "CARGO_HOME=/opt/rustwide/cargo-home" "-e" "RUSTUP_HOME=/opt/rustwide/rustup-home" "-e" "CARGO_TARGET_DIR=/opt/rustwide/target" "-e" "CARGO_INCREMENTAL=0" "-e" "RUST_BACKTRACE=full" "-e" "RUSTFLAGS=--cap-lints=warn" "-e" "RUSTDOCFLAGS=--cap-lints=warn" "-w" "/opt/rustwide/workdir" "--user" "0:0" "5d624da058c8e2401ff96116d064142f6eba30695244ee3607de9229a1c0a777" "/opt/rustwide/cargo-home/bin/cargo" "+1.99.0-beta.8" "test" "--frozen" "--no-run" "--message-format=json", kill_on_drop: false }`
[INFO] [stderr]    Compiling syn v3.0.6
[INFO] [stderr]    Compiling serde_core v1.0.229
[INFO] [stderr]    Compiling wasm-bindgen-shared v0.2.129
[INFO] [stderr]    Compiling rustversion v1.0.23
[INFO] [stderr]    Compiling bumpalo v3.20.3
[INFO] [stderr]    Compiling once_cell v1.21.4
[INFO] [stderr]    Compiling slab v0.4.12
[INFO] [stderr]    Compiling libm v0.2.16
[INFO] [stderr]    Compiling futures-core v0.3.34
[INFO] [stderr]    Compiling indexmap v2.14.2
[INFO] [stderr]    Compiling num-traits v0.2.19
[INFO] [stderr]    Compiling futures-util v0.3.34
[INFO] [stderr]    Compiling regex-syntax v0.8.11
[INFO] [stderr]    Compiling winnow v0.5.40
[INFO] [stderr]    Compiling serde_json v1.0.151
[INFO] [stderr]    Compiling pulldown-cmark v0.9.6
[INFO] [stderr]    Compiling wasm-bindgen v0.2.129
[INFO] [stderr]    Compiling percent-encoding v2.3.2
[INFO] [stderr]    Compiling form_urlencoded v1.2.2
[INFO] [stderr]    Compiling doc-comment v0.3.4
[INFO] [stderr]    Compiling cargo-husky v1.5.0
[INFO] [stderr]    Compiling bitflags v2.13.2
[INFO] [stderr]    Compiling unicase v2.10.0
[INFO] [stderr]    Compiling syn v2.0.119
[INFO] [stderr]    Compiling regex-automata v0.4.18
[INFO] [stderr]    Compiling cast v0.3.0
[INFO] [stderr]    Compiling wasm-bindgen-test-shared v0.2.129
[INFO] [stderr]    Compiling semver v1.0.28
[INFO] [stderr]    Compiling nu-ansi-term v0.50.3
[INFO] [stderr]    Compiling oorandom v11.1.5
[INFO] [stderr]    Compiling git_info v0.1.3
[INFO] [stdout] warning: hiding a lifetime that's elided elsewhere is confusing
[INFO] [stdout]   --> src/token.rs:26:38
[INFO] [stdout]    |
[INFO] [stdout] 26 | pub fn escape_unencoded_data(string: &str) -> Cow<String, str> {
[INFO] [stdout]    |                                      ^^^^     ^^^^^^^^^^^^^^^^ the same lifetime is hidden here
[INFO] [stdout]    |                                      |
[INFO] [stdout]    |                                      the lifetime is elided here
[INFO] [stdout]    |
[INFO] [stdout]    = help: the same lifetime is referred to in inconsistent ways, making the signature confusing
[INFO] [stdout]    = note: `#[warn(mismatched_lifetime_syntaxes)]` on by default
[INFO] [stdout] help: use `'_` for type paths
[INFO] [stdout]    |
[INFO] [stdout] 26 | pub fn escape_unencoded_data(string: &str) -> Cow<'_, String, str> {
[INFO] [stdout]    |                                                   +++
[INFO] [stdout] 
[INFO] [stdout] 
[INFO] [stdout] warning: hiding a lifetime that's elided elsewhere is confusing
[INFO] [stdout]   --> src/token.rs:40:20
[INFO] [stdout]    |
[INFO] [stdout] 40 |         fn $name(string: &str) -> Cow<String, str> {
[INFO] [stdout]    |                          ^^^^     ^^^^^^^^^^^^^^^^ the same lifetime is hidden here
[INFO] [stdout]    |                          |
[INFO] [stdout]    |                          the lifetime is elided here
[INFO] [stdout] ...
[INFO] [stdout] 80 | define_escape!(escape_string, delimiter = '"', always_quote = true);
[INFO] [stdout]    | ------------------------------------------------------------------- in this macro invocation
[INFO] [stdout]    |
[INFO] [stdout]    = help: the same lifetime is referred to in inconsistent ways, making the signature confusing
[INFO] [stdout]    = note: this warning originates in the macro `define_escape` (in Nightly builds, run with -Z macro-backtrace for more info)
[INFO] [stdout] help: use `'_` for type paths
[INFO] [stdout]    |
[INFO] [stdout] 40 |         fn $name(string: &str) -> Cow<'_, String, str> {
[INFO] [stdout]    |                                       +++
[INFO] [stdout] 
[INFO] [stdout] 
[INFO] [stdout] warning: hiding a lifetime that's elided elsewhere is confusing
[INFO] [stdout]   --> src/token.rs:40:20
[INFO] [stdout]    |
[INFO] [stdout] 40 |         fn $name(string: &str) -> Cow<String, str> {
[INFO] [stdout]    |                          ^^^^     ^^^^^^^^^^^^^^^^ the same lifetime is hidden here
[INFO] [stdout]    |                          |
[INFO] [stdout]    |                          the lifetime is elided here
[INFO] [stdout] ...
[INFO] [stdout] 81 | define_escape!(escape_identifier, delimiter = '`', always_quote = false);
[INFO] [stdout]    | ------------------------------------------------------------------------ in this macro invocation
[INFO] [stdout]    |
[INFO] [stdout]    = help: the same lifetime is referred to in inconsistent ways, making the signature confusing
[INFO] [stdout]    = note: this warning originates in the macro `define_escape` (in Nightly builds, run with -Z macro-backtrace for more info)
[INFO] [stdout] help: use `'_` for type paths
[INFO] [stdout]    |
[INFO] [stdout] 40 |         fn $name(string: &str) -> Cow<'_, String, str> {
[INFO] [stdout]    |                                       +++
[INFO] [stdout] 
[INFO] [stdout] 
[INFO] [stdout] warning: hiding a lifetime that's elided elsewhere is confusing
[INFO] [stdout]   --> src/token.rs:83:55
[INFO] [stdout]    |
[INFO] [stdout] 83 | fn unescape_verbatim_and_r_to_carriage_return(string: &str) -> Cow<String, str> {
[INFO] [stdout]    |                                                       ^^^^     ^^^^^^^^^^^^^^^^ the same lifetime is hidden here
[INFO] [stdout]    |                                                       |
[INFO] [stdout]    |                                                       the lifetime is elided here
[INFO] [stdout]    |
[INFO] [stdout]    = help: the same lifetime is referred to in inconsistent ways, making the signature confusing
[INFO] [stdout] help: use `'_` for type paths
[INFO] [stdout]    |
[INFO] [stdout] 83 | fn unescape_verbatim_and_r_to_carriage_return(string: &str) -> Cow<'_, String, str> {
[INFO] [stdout]    |                                                                    +++
[INFO] [stdout] 
[INFO] [stdout] 
[INFO] [stderr]    Compiling regex v1.13.1
[INFO] [stderr]    Compiling synstructure v0.14.0
[INFO] [stderr]    Compiling wasm-bindgen-macro-support v0.2.129
[INFO] [stderr]    Compiling zerofrom-derive v0.1.8
[INFO] [stderr]    Compiling yoke-derive v0.8.4
[INFO] [stderr]    Compiling zerovec-derive v0.11.6
[INFO] [stderr]    Compiling displaydoc v0.2.7
[INFO] [stderr]    Compiling serde_derive v1.0.229
[INFO] [stderr]    Compiling wasm-bindgen-test-macro v0.3.79
[INFO] [stderr]    Compiling async-trait v0.1.92
[INFO] [stderr]    Compiling zerofrom v0.1.8
[INFO] [stderr]    Compiling yoke v0.8.3
[INFO] [stderr]    Compiling zerovec v0.11.8
[INFO] [stderr]    Compiling zerotrie v0.2.5
[INFO] [stderr]    Compiling tinystr v0.8.4
[INFO] [stderr]    Compiling potential_utf v0.1.6
[INFO] [stderr]    Compiling icu_locale_core v2.3.0
[INFO] [stderr]    Compiling icu_collections v2.3.0
[INFO] [stderr]    Compiling serde v1.0.229
[INFO] [stderr]    Compiling icu_provider v2.3.1
[INFO] [stderr]    Compiling toml_datetime v0.6.11
[INFO] [stderr]    Compiling serde_spanned v0.6.9
[INFO] [stderr]    Compiling icu_properties v2.3.0
[INFO] [stderr]    Compiling icu_normalizer v2.3.0
[INFO] [stderr]    Compiling toml_edit v0.19.15
[INFO] [stderr]    Compiling wasm-bindgen-macro v0.2.129
[INFO] [stderr]    Compiling idna_adapter v1.2.2
[INFO] [stderr]    Compiling idna v1.1.0
[INFO] [stderr]    Compiling url v2.5.8
[INFO] [stderr]    Compiling js-sys v0.3.106
[INFO] [stderr]    Compiling toml v0.7.8
[INFO] [stderr]    Compiling version-sync v0.9.5
[INFO] [stderr]    Compiling wasm-bindgen-futures v0.4.79
[INFO] [stderr]    Compiling wasm-bindgen-test v0.3.79
[INFO] [stderr]    Compiling taml v0.0.11 (/opt/rustwide/workdir)
[INFO] [stdout] warning: hiding a lifetime that's elided elsewhere is confusing
[INFO] [stdout]   --> src/token.rs:26:38
[INFO] [stdout]    |
[INFO] [stdout] 26 | pub fn escape_unencoded_data(string: &str) -> Cow<String, str> {
[INFO] [stdout]    |                                      ^^^^     ^^^^^^^^^^^^^^^^ the same lifetime is hidden here
[INFO] [stdout]    |                                      |
[INFO] [stdout]    |                                      the lifetime is elided here
[INFO] [stdout]    |
[INFO] [stdout]    = help: the same lifetime is referred to in inconsistent ways, making the signature confusing
[INFO] [stdout]    = note: `#[warn(mismatched_lifetime_syntaxes)]` on by default
[INFO] [stdout] help: use `'_` for type paths
[INFO] [stdout]    |
[INFO] [stdout] 26 | pub fn escape_unencoded_data(string: &str) -> Cow<'_, String, str> {
[INFO] [stdout]    |                                                   +++
[INFO] [stdout] 
[INFO] [stdout] 
[INFO] [stdout] warning: hiding a lifetime that's elided elsewhere is confusing
[INFO] [stdout]   --> src/token.rs:40:20
[INFO] [stdout]    |
[INFO] [stdout] 40 |         fn $name(string: &str) -> Cow<String, str> {
[INFO] [stdout]    |                          ^^^^     ^^^^^^^^^^^^^^^^ the same lifetime is hidden here
[INFO] [stdout]    |                          |
[INFO] [stdout]    |                          the lifetime is elided here
[INFO] [stdout] ...
[INFO] [stdout] 80 | define_escape!(escape_string, delimiter = '"', always_quote = true);
[INFO] [stdout]    | ------------------------------------------------------------------- in this macro invocation
[INFO] [stdout]    |
[INFO] [stdout]    = help: the same lifetime is referred to in inconsistent ways, making the signature confusing
[INFO] [stdout]    = note: this warning originates in the macro `define_escape` (in Nightly builds, run with -Z macro-backtrace for more info)
[INFO] [stdout] help: use `'_` for type paths
[INFO] [stdout]    |
[INFO] [stdout] 40 |         fn $name(string: &str) -> Cow<'_, String, str> {
[INFO] [stdout]    |                                       +++
[INFO] [stdout] 
[INFO] [stdout] 
[INFO] [stdout] warning: hiding a lifetime that's elided elsewhere is confusing
[INFO] [stdout]   --> src/token.rs:40:20
[INFO] [stdout]    |
[INFO] [stdout] 40 |         fn $name(string: &str) -> Cow<String, str> {
[INFO] [stdout]    |                          ^^^^     ^^^^^^^^^^^^^^^^ the same lifetime is hidden here
[INFO] [stdout]    |                          |
[INFO] [stdout]    |                          the lifetime is elided here
[INFO] [stdout] ...
[INFO] [stdout] 81 | define_escape!(escape_identifier, delimiter = '`', always_quote = false);
[INFO] [stdout]    | ------------------------------------------------------------------------ in this macro invocation
[INFO] [stdout]    |
[INFO] [stdout]    = help: the same lifetime is referred to in inconsistent ways, making the signature confusing
[INFO] [stdout]    = note: this warning originates in the macro `define_escape` (in Nightly builds, run with -Z macro-backtrace for more info)
[INFO] [stdout] help: use `'_` for type paths
[INFO] [stdout]    |
[INFO] [stdout] 40 |         fn $name(string: &str) -> Cow<'_, String, str> {
[INFO] [stdout]    |                                       +++
[INFO] [stdout] 
[INFO] [stdout] 
[INFO] [stdout] warning: hiding a lifetime that's elided elsewhere is confusing
[INFO] [stdout]   --> src/token.rs:83:55
[INFO] [stdout]    |
[INFO] [stdout] 83 | fn unescape_verbatim_and_r_to_carriage_return(string: &str) -> Cow<String, str> {
[INFO] [stdout]    |                                                       ^^^^     ^^^^^^^^^^^^^^^^ the same lifetime is hidden here
[INFO] [stdout]    |                                                       |
[INFO] [stdout]    |                                                       the lifetime is elided here
[INFO] [stdout]    |
[INFO] [stdout]    = help: the same lifetime is referred to in inconsistent ways, making the signature confusing
[INFO] [stdout] help: use `'_` for type paths
[INFO] [stdout]    |
[INFO] [stdout] 83 | fn unescape_verbatim_and_r_to_carriage_return(string: &str) -> Cow<'_, String, str> {
[INFO] [stdout]    |                                                                    +++
[INFO] [stdout] 
[INFO] [stdout] 
[INFO] [stderr]     Finished `test` profile [unoptimized + debuginfo] target(s) in 1m 20s
[INFO] running `Command { std: "docker" "inspect" "5d624da058c8e2401ff96116d064142f6eba30695244ee3607de9229a1c0a777", kill_on_drop: false }`
[INFO] running `Command { std: "docker" "exec" "-e" "SOURCE_DIR=/opt/rustwide/workdir" "-e" "CARGO_HOME=/opt/rustwide/cargo-home" "-e" "RUSTUP_HOME=/opt/rustwide/rustup-home" "-e" "CARGO_TARGET_DIR=/opt/rustwide/target" "-e" "CARGO_INCREMENTAL=0" "-e" "RUST_BACKTRACE=full" "-e" "RUSTFLAGS=--cap-lints=warn" "-e" "RUSTDOCFLAGS=--cap-lints=warn" "-w" "/opt/rustwide/workdir" "--user" "0:0" "5d624da058c8e2401ff96116d064142f6eba30695244ee3607de9229a1c0a777" "/opt/rustwide/cargo-home/bin/cargo" "+1.99.0-beta.8" "test" "--frozen", kill_on_drop: false }`
[INFO] [stderr] warning: hiding a lifetime that's elided elsewhere is confusing
[INFO] [stderr]   --> src/token.rs:26:38
[INFO] [stderr]    |
[INFO] [stderr] 26 | pub fn escape_unencoded_data(string: &str) -> Cow<String, str> {
[INFO] [stderr]    |                                      ^^^^     ^^^^^^^^^^^^^^^^ the same lifetime is hidden here
[INFO] [stderr]    |                                      |
[INFO] [stderr]    |                                      the lifetime is elided here
[INFO] [stderr]    |
[INFO] [stderr]    = help: the same lifetime is referred to in inconsistent ways, making the signature confusing
[INFO] [stderr]    = note: `#[warn(mismatched_lifetime_syntaxes)]` on by default
[INFO] [stderr] help: use `'_` for type paths
[INFO] [stderr]    |
[INFO] [stderr] 26 | pub fn escape_unencoded_data(string: &str) -> Cow<'_, String, str> {
[INFO] [stderr]    |                                                   +++
[INFO] [stderr] 
[INFO] [stderr] warning: hiding a lifetime that's elided elsewhere is confusing
[INFO] [stderr]   --> src/token.rs:40:20
[INFO] [stderr]    |
[INFO] [stderr] 40 |         fn $name(string: &str) -> Cow<String, str> {
[INFO] [stderr]    |                          ^^^^     ^^^^^^^^^^^^^^^^ the same lifetime is hidden here
[INFO] [stderr]    |                          |
[INFO] [stderr]    |                          the lifetime is elided here
[INFO] [stderr] ...
[INFO] [stderr] 80 | define_escape!(escape_string, delimiter = '"', always_quote = true);
[INFO] [stderr]    | ------------------------------------------------------------------- in this macro invocation
[INFO] [stderr]    |
[INFO] [stderr]    = help: the same lifetime is referred to in inconsistent ways, making the signature confusing
[INFO] [stderr]    = note: this warning originates in the macro `define_escape` (in Nightly builds, run with -Z macro-backtrace for more info)
[INFO] [stderr] help: use `'_` for type paths
[INFO] [stderr]    |
[INFO] [stderr] 40 |         fn $name(string: &str) -> Cow<'_, String, str> {
[INFO] [stderr]    |                                       +++
[INFO] [stderr] 
[INFO] [stderr] warning: hiding a lifetime that's elided elsewhere is confusing
[INFO] [stderr]   --> src/token.rs:40:20
[INFO] [stderr]    |
[INFO] [stderr] 40 |         fn $name(string: &str) -> Cow<String, str> {
[INFO] [stderr]    |                          ^^^^     ^^^^^^^^^^^^^^^^ the same lifetime is hidden here
[INFO] [stderr]    |                          |
[INFO] [stderr]    |                          the lifetime is elided here
[INFO] [stderr] ...
[INFO] [stderr] 81 | define_escape!(escape_identifier, delimiter = '`', always_quote = false);
[INFO] [stderr]    | ------------------------------------------------------------------------ in this macro invocation
[INFO] [stderr]    |
[INFO] [stderr]    = help: the same lifetime is referred to in inconsistent ways, making the signature confusing
[INFO] [stderr]    = note: this warning originates in the macro `define_escape` (in Nightly builds, run with -Z macro-backtrace for more info)
[INFO] [stderr] help: use `'_` for type paths
[INFO] [stderr]    |
[INFO] [stderr] 40 |         fn $name(string: &str) -> Cow<'_, String, str> {
[INFO] [stderr]    |                                       +++
[INFO] [stderr] 
[INFO] [stderr] warning: hiding a lifetime that's elided elsewhere is confusing
[INFO] [stderr]   --> src/token.rs:83:55
[INFO] [stderr]    |
[INFO] [stderr] 83 | fn unescape_verbatim_and_r_to_carriage_return(string: &str) -> Cow<String, str> {
[INFO] [stderr]    |                                                       ^^^^     ^^^^^^^^^^^^^^^^ the same lifetime is hidden here
[INFO] [stderr]    |                                                       |
[INFO] [stderr]    |                                                       the lifetime is elided here
[INFO] [stderr]    |
[INFO] [stderr]    = help: the same lifetime is referred to in inconsistent ways, making the signature confusing
[INFO] [stderr] help: use `'_` for type paths
[INFO] [stderr]    |
[INFO] [stderr] 83 | fn unescape_verbatim_and_r_to_carriage_return(string: &str) -> Cow<'_, String, str> {
[INFO] [stderr]    |                                                                    +++
[INFO] [stderr] 
[INFO] [stderr] warning: `taml` (lib) generated 4 warnings (run `cargo fix --lib -p taml` to apply 4 suggestions)
[INFO] [stderr] warning: `taml` (lib test) generated 4 warnings (4 duplicates)
[INFO] [stderr]     Finished `test` profile [unoptimized + debuginfo] target(s) in 0.15s
[INFO] [stdout] 
[INFO] [stdout] running 1 test
[INFO] [stderr]      Running unittests src/lib.rs (/opt/rustwide/target/debug/deps/taml-e01eb2348b58f04d)
[INFO] [stdout] test token::lex ... ok
[INFO] [stderr]      Running tests/meta_badges.rs (/opt/rustwide/target/debug/deps/meta_badges-8b61917dd7fe6292)
[INFO] [stdout] 
[INFO] [stdout] test result: ok. 1 passed; 0 failed; 0 ignored; 0 measured; 0 filtered out; finished in 0.00s
[INFO] [stdout] 
[INFO] [stdout] 
[INFO] [stdout] running 11 tests
[INFO] [stdout] test crates ... ok
[INFO] [stdout] test issues ... ok
[INFO] [stdout] test build_status ... ok
[INFO] [stdout] test lib ... ok
[INFO] [stdout] test crev ... ok
[INFO] [stdout] test license ... ok
[INFO] [stdout] test docs ... ok
[INFO] [stdout] test rust_version ... ok
[INFO] [stdout] test git_hub ... ok
[INFO] [stdout] test pulls ... ok
[INFO] [stdout] test weak_assert_branch ... ok
[INFO] [stdout] 
[INFO] [stdout] test result: ok. 11 passed; 0 failed; 0 ignored; 0 measured; 0 filtered out; finished in 0.06s
[INFO] [stdout] 
[INFO] [stderr]      Running tests/meta_cargo_badges.rs (/opt/rustwide/target/debug/deps/meta_cargo_badges-e8750d85e468d28b)
[INFO] [stdout] 
[INFO] [stdout] running 3 tests
[INFO] [stdout] test maintenance ... FAILED
[INFO] [stdout] test is_it_maintained_open_issues ... FAILED
[INFO] [stdout] test is_it_maintained_issue_resolution ... FAILED
[INFO] [stdout] 
[INFO] [stdout] failures:
[INFO] [stdout] 
[INFO] [stdout] ---- maintenance stdout ----
[INFO] [stdout] Searching for "^maintenance = \{ status = "experimental" \}" in Cargo.toml...
[INFO] [stdout] 
[INFO] [stdout] thread 'maintenance' (1618) panicked at tests/meta_cargo_badges.rs:31:5:
[INFO] [stdout] could not find "^maintenance = \{ status = "experimental" \}" in Cargo.toml
[INFO] [stdout] stack backtrace:
[INFO] [stdout]    0:     0x5e34b2548001 - std[70759c8f55707aa4]::backtrace_rs::backtrace::libunwind::trace
[INFO] [stdout]                                at /rustc/dfb0accb7f508ae8be965d8629557221c889dd98/library/std/src/../../backtrace/src/backtrace/libunwind.rs:117:9
[INFO] [stdout]    1:     0x5e34b2548001 - std[70759c8f55707aa4]::backtrace_rs::backtrace::trace_unsynchronized::<std[70759c8f55707aa4]::sys::backtrace::_print_fmt::{closure#1}>
[INFO] [stdout]                                at /rustc/dfb0accb7f508ae8be965d8629557221c889dd98/library/std/src/../../backtrace/src/backtrace/mod.rs:66:14
[INFO] [stdout]    2:     0x5e34b2548001 - std[70759c8f55707aa4]::sys::backtrace::_print_fmt
[INFO] [stdout]                                at /rustc/dfb0accb7f508ae8be965d8629557221c889dd98/library/std/src/sys/backtrace.rs:74:9
[INFO] [stdout]    3:     0x5e34b2548001 - <<std[70759c8f55707aa4]::sys::backtrace::BacktraceLock>::print::DisplayBacktrace as core[df12db4294e9bfd3]::fmt::Display>::fmt
[INFO] [stdout]                                at /rustc/dfb0accb7f508ae8be965d8629557221c889dd98/library/std/src/sys/backtrace.rs:44:26
[INFO] [stdout]    4:     0x5e34b255d0aa - <core[df12db4294e9bfd3]::fmt::rt::Argument>::fmt
[INFO] [stdout]                                at /rustc/dfb0accb7f508ae8be965d8629557221c889dd98/library/core/src/fmt/rt.rs:152:76
[INFO] [stdout]    5:     0x5e34b255d0aa - core[df12db4294e9bfd3]::fmt::write
[INFO] [stdout]    6:     0x5e34b254c4bc - core[df12db4294e9bfd3]::io::write::default_write_fmt::<alloc[2182bb758b4b3781]::vec::Vec<u8>>
[INFO] [stdout]                                at /rustc/dfb0accb7f508ae8be965d8629557221c889dd98/library/core/src/io/write.rs:402:11
[INFO] [stdout]    7:     0x5e34b254c4bc - <alloc[2182bb758b4b3781]::vec::Vec<u8> as core[df12db4294e9bfd3]::io::write::Write>::write_fmt
[INFO] [stdout]                                at /rustc/dfb0accb7f508ae8be965d8629557221c889dd98/library/core/src/io/write.rs:335:13
[INFO] [stdout]    8:     0x5e34b25245f6 - <std[70759c8f55707aa4]::sys::backtrace::BacktraceLock>::print
[INFO] [stdout]                                at /rustc/dfb0accb7f508ae8be965d8629557221c889dd98/library/std/src/sys/backtrace.rs:47:9
[INFO] [stdout]    9:     0x5e34b25245f6 - std[70759c8f55707aa4]::panicking::default_hook::{closure#0}
[INFO] [stdout]                                at /rustc/dfb0accb7f508ae8be965d8629557221c889dd98/library/std/src/panicking.rs:292:27
[INFO] [stdout]   10:     0x5e34b2540769 - std[70759c8f55707aa4]::panicking::default_hook
[INFO] [stdout]                                at /rustc/dfb0accb7f508ae8be965d8629557221c889dd98/library/std/src/panicking.rs:316:9
[INFO] [stdout]   11:     0x5e34b24dcbf0 - <alloc[2182bb758b4b3781]::boxed::Box<dyn for<'a, 'b> core[df12db4294e9bfd3]::ops::function::Fn<(&'a std[70759c8f55707aa4]::panic::PanicHookInfo<'b>,), Output = ()> + core[df12db4294e9bfd3]::marker::Send + core[df12db4294e9bfd3]::marker::Sync> as core[df12db4294e9bfd3]::ops::function::Fn<(&std[70759c8f55707aa4]::panic::PanicHookInfo,)>>::call
[INFO] [stdout]                                at /rustc/dfb0accb7f508ae8be965d8629557221c889dd98/library/alloc/src/boxed.rs:2334:9
[INFO] [stdout]   12:     0x5e34b24dcbf0 - test[9d35eded1c95d3be]::test_main_inner::<test[9d35eded1c95d3be]::test_main_static::{closure#0}>::{closure#0}
[INFO] [stdout]                                at /rustc/dfb0accb7f508ae8be965d8629557221c889dd98/library/test/src/lib.rs:155:21
[INFO] [stdout]   13:     0x5e34b2540922 - <alloc[2182bb758b4b3781]::boxed::Box<dyn for<'a, 'b> core[df12db4294e9bfd3]::ops::function::Fn<(&'a std[70759c8f55707aa4]::panic::PanicHookInfo<'b>,), Output = ()> + core[df12db4294e9bfd3]::marker::Send + core[df12db4294e9bfd3]::marker::Sync> as core[df12db4294e9bfd3]::ops::function::Fn<(&std[70759c8f55707aa4]::panic::PanicHookInfo,)>>::call
[INFO] [stdout]                                at /rustc/dfb0accb7f508ae8be965d8629557221c889dd98/library/alloc/src/boxed.rs:2334:9
[INFO] [stdout]   14:     0x5e34b2540922 - std[70759c8f55707aa4]::panicking::panic_with_hook
[INFO] [stdout]                                at /rustc/dfb0accb7f508ae8be965d8629557221c889dd98/library/std/src/panicking.rs:823:13
[INFO] [stdout]   15:     0x5e34b25246a2 - std[70759c8f55707aa4]::panicking::panic_handler::{closure#0}
[INFO] [stdout]                                at /rustc/dfb0accb7f508ae8be965d8629557221c889dd98/library/std/src/panicking.rs:688:13
[INFO] [stdout]   16:     0x5e34b251d429 - std[70759c8f55707aa4]::sys::backtrace::__rust_end_short_backtrace::<std[70759c8f55707aa4]::panicking::panic_handler::{closure#0}, !>
[INFO] [stdout]                                at /rustc/dfb0accb7f508ae8be965d8629557221c889dd98/library/std/src/sys/backtrace.rs:182:18
[INFO] [stdout]   17:     0x5e34b252529d - __rustc[8fa7c3cbc660c2b3]::rust_begin_unwind
[INFO] [stdout]                                at /rustc/dfb0accb7f508ae8be965d8629557221c889dd98/library/std/src/panicking.rs:679:5
[INFO] [stdout]   18:     0x5e34b255d94c - core[df12db4294e9bfd3]::panicking::panic_fmt
[INFO] [stdout]                                at /rustc/dfb0accb7f508ae8be965d8629557221c889dd98/library/core/src/panicking.rs:80:14
[INFO] [stdout]   19:     0x5e34b23c36f8 - core[df12db4294e9bfd3]::panicking::panic_display::<alloc[2182bb758b4b3781]::string::String>
[INFO] [stdout]                                at /rustc/dfb0accb7f508ae8be965d8629557221c889dd98/library/core/src/panicking.rs:259:5
[INFO] [stdout]   20:     0x5e34b23c3960 - meta_cargo_badges[e8daeef9153172f6]::maintenance
[INFO] [stdout]                                at /opt/rustwide/workdir/tests/meta_cargo_badges.rs:31:2
[INFO] [stdout]   21:     0x5e34b23c3767 - meta_cargo_badges[e8daeef9153172f6]::maintenance::{closure#0}
[INFO] [stdout]                                at /opt/rustwide/workdir/tests/meta_cargo_badges.rs:30:17
[INFO] [stdout]   22:     0x5e34b23c3f86 - <meta_cargo_badges[e8daeef9153172f6]::maintenance::{closure#0} as core[df12db4294e9bfd3]::ops::function::FnOnce<()>>::call_once
[INFO] [stdout]                                at /rustc/dfb0accb7f508ae8be965d8629557221c889dd98/library/core/src/ops/function.rs:250:5
[INFO] [stdout]   23:     0x5e34b24cfedb - <fn() -> core[df12db4294e9bfd3]::result::Result<(), alloc[2182bb758b4b3781]::string::String> as core[df12db4294e9bfd3]::ops::function::FnOnce<()>>::call_once
[INFO] [stdout]                                at /rustc/dfb0accb7f508ae8be965d8629557221c889dd98/library/core/src/ops/function.rs:250:5
[INFO] [stdout]   24:     0x5e34b24cfedb - test[9d35eded1c95d3be]::__rust_begin_short_backtrace::<core[df12db4294e9bfd3]::result::Result<(), alloc[2182bb758b4b3781]::string::String>, fn() -> core[df12db4294e9bfd3]::result::Result<(), alloc[2182bb758b4b3781]::string::String>>
[INFO] [stdout]                                at /rustc/dfb0accb7f508ae8be965d8629557221c889dd98/library/test/src/lib.rs:733:18
[INFO] [stdout]   25:     0x5e34b24dd545 - test[9d35eded1c95d3be]::run_test_in_process::{closure#0}
[INFO] [stdout]                                at /rustc/dfb0accb7f508ae8be965d8629557221c889dd98/library/test/src/lib.rs:756:74
[INFO] [stdout]   26:     0x5e34b24dd545 - <core[df12db4294e9bfd3]::panic::unwind_safe::AssertUnwindSafe<test[9d35eded1c95d3be]::run_test_in_process::{closure#0}> as core[df12db4294e9bfd3]::ops::function::FnOnce<()>>::call_once
[INFO] [stdout]                                at /rustc/dfb0accb7f508ae8be965d8629557221c889dd98/library/core/src/panic/unwind_safe.rs:275:9
[INFO] [stdout]   27:     0x5e34b24dd545 - std[70759c8f55707aa4]::panicking::catch_unwind::do_call::<core[df12db4294e9bfd3]::panic::unwind_safe::AssertUnwindSafe<test[9d35eded1c95d3be]::run_test_in_process::{closure#0}>, core[df12db4294e9bfd3]::result::Result<(), alloc[2182bb758b4b3781]::string::String>>
[INFO] [stdout]                                at /rustc/dfb0accb7f508ae8be965d8629557221c889dd98/library/std/src/panicking.rs:576:43
[INFO] [stdout]   28:     0x5e34b24dd545 - std[70759c8f55707aa4]::panicking::catch_unwind::<core[df12db4294e9bfd3]::result::Result<(), alloc[2182bb758b4b3781]::string::String>, core[df12db4294e9bfd3]::panic::unwind_safe::AssertUnwindSafe<test[9d35eded1c95d3be]::run_test_in_process::{closure#0}>>
[INFO] [stdout]                                at /rustc/dfb0accb7f508ae8be965d8629557221c889dd98/library/std/src/panicking.rs:544:19
[INFO] [stdout]   29:     0x5e34b24dd545 - std[70759c8f55707aa4]::panic::catch_unwind::<core[df12db4294e9bfd3]::panic::unwind_safe::AssertUnwindSafe<test[9d35eded1c95d3be]::run_test_in_process::{closure#0}>, core[df12db4294e9bfd3]::result::Result<(), alloc[2182bb758b4b3781]::string::String>>
[INFO] [stdout]                                at /rustc/dfb0accb7f508ae8be965d8629557221c889dd98/library/std/src/panic.rs:359:14
[INFO] [stdout]   30:     0x5e34b24dd545 - test[9d35eded1c95d3be]::run_test_in_process
[INFO] [stdout]                                at /rustc/dfb0accb7f508ae8be965d8629557221c889dd98/library/test/src/lib.rs:756:27
[INFO] [stdout]   31:     0x5e34b24dd545 - test[9d35eded1c95d3be]::run_test::{closure#0}
[INFO] [stdout]                                at /rustc/dfb0accb7f508ae8be965d8629557221c889dd98/library/test/src/lib.rs:677:43
[INFO] [stdout]   32:     0x5e34b24d6e04 - test[9d35eded1c95d3be]::run_test::{closure#1}
[INFO] [stdout]                                at /rustc/dfb0accb7f508ae8be965d8629557221c889dd98/library/test/src/lib.rs:707:41
[INFO] [stdout]   33:     0x5e34b24d6e04 - std[70759c8f55707aa4]::sys::backtrace::__rust_begin_short_backtrace::<test[9d35eded1c95d3be]::run_test::{closure#1}, ()>
[INFO] [stdout]                                at /rustc/dfb0accb7f508ae8be965d8629557221c889dd98/library/std/src/sys/backtrace.rs:166:18
[INFO] [stdout]   34:     0x5e34b24e06a2 - std[70759c8f55707aa4]::thread::lifecycle::spawn_unchecked::<test[9d35eded1c95d3be]::run_test::{closure#1}, ()>::{closure#1}::{closure#0}
[INFO] [stdout]                                at /rustc/dfb0accb7f508ae8be965d8629557221c889dd98/library/std/src/thread/lifecycle.rs:70:13
[INFO] [stdout]   35:     0x5e34b24e06a2 - <core[df12db4294e9bfd3]::panic::unwind_safe::AssertUnwindSafe<std[70759c8f55707aa4]::thread::lifecycle::spawn_unchecked<test[9d35eded1c95d3be]::run_test::{closure#1}, ()>::{closure#1}::{closure#0}> as core[df12db4294e9bfd3]::ops::function::FnOnce<()>>::call_once
[INFO] [stdout]                                at /rustc/dfb0accb7f508ae8be965d8629557221c889dd98/library/core/src/panic/unwind_safe.rs:275:9
[INFO] [stdout]   36:     0x5e34b24e06a2 - std[70759c8f55707aa4]::panicking::catch_unwind::do_call::<core[df12db4294e9bfd3]::panic::unwind_safe::AssertUnwindSafe<std[70759c8f55707aa4]::thread::lifecycle::spawn_unchecked<test[9d35eded1c95d3be]::run_test::{closure#1}, ()>::{closure#1}::{closure#0}>, ()>
[INFO] [stdout]                                at /rustc/dfb0accb7f508ae8be965d8629557221c889dd98/library/std/src/panicking.rs:576:43
[INFO] [stdout]   37:     0x5e34b24e06a2 - std[70759c8f55707aa4]::panicking::catch_unwind::<(), core[df12db4294e9bfd3]::panic::unwind_safe::AssertUnwindSafe<std[70759c8f55707aa4]::thread::lifecycle::spawn_unchecked<test[9d35eded1c95d3be]::run_test::{closure#1}, ()>::{closure#1}::{closure#0}>>
[INFO] [stdout]                                at /rustc/dfb0accb7f508ae8be965d8629557221c889dd98/library/std/src/panicking.rs:544:19
[INFO] [stdout]   38:     0x5e34b24e06a2 - std[70759c8f55707aa4]::panic::catch_unwind::<core[df12db4294e9bfd3]::panic::unwind_safe::AssertUnwindSafe<std[70759c8f55707aa4]::thread::lifecycle::spawn_unchecked<test[9d35eded1c95d3be]::run_test::{closure#1}, ()>::{closure#1}::{closure#0}>, ()>
[INFO] [stdout]                                at /rustc/dfb0accb7f508ae8be965d8629557221c889dd98/library/std/src/panic.rs:359:14
[INFO] [stdout]   39:     0x5e34b24e06a2 - std[70759c8f55707aa4]::thread::lifecycle::spawn_unchecked::<test[9d35eded1c95d3be]::run_test::{closure#1}, ()>::{closure#1}
[INFO] [stdout]                                at /rustc/dfb0accb7f508ae8be965d8629557221c889dd98/library/std/src/thread/lifecycle.rs:68:26
[INFO] [stdout]   40:     0x5e34b24e06a2 - <std[70759c8f55707aa4]::thread::lifecycle::spawn_unchecked<test[9d35eded1c95d3be]::run_test::{closure#1}, ()>::{closure#1} as core[df12db4294e9bfd3]::ops::function::FnOnce<()>>::call_once::{shim:vtable#0}
[INFO] [stdout]                                at /rustc/dfb0accb7f508ae8be965d8629557221c889dd98/library/core/src/ops/function.rs:250:5
[INFO] [stdout]   41:     0x5e34b25478d9 - <alloc[2182bb758b4b3781]::boxed::Box<dyn core[df12db4294e9bfd3]::ops::function::FnOnce<(), Output = ()> + core[df12db4294e9bfd3]::marker::Send> as core[df12db4294e9bfd3]::ops::function::FnOnce<()>>::call_once
[INFO] [stdout]                                at /rustc/dfb0accb7f508ae8be965d8629557221c889dd98/library/alloc/src/boxed.rs:2320:9
[INFO] [stdout]   42:     0x5e34b25478d9 - <std[70759c8f55707aa4]::sys::thread::unix::Thread>::new::thread_start
[INFO] [stdout]                                at /rustc/dfb0accb7f508ae8be965d8629557221c889dd98/library/std/src/sys/thread/unix.rs:123:17
[INFO] [stdout]   43:     0x7ae098721dfa - <unknown>
[INFO] [stdout]   44:     0x7ae0987b53d4 - clone
[INFO] [stdout]   45:                0x0 - <unknown>
[INFO] [stdout] 
[INFO] [stdout] ---- is_it_maintained_open_issues stdout ----
[INFO] [stdout] Searching for "^is-it-maintained-open-issues = \{ repository = "Tamschi/taml" \}" in Cargo.toml...
[INFO] [stdout] 
[INFO] [stdout] thread 'is_it_maintained_open_issues' (1617) panicked at tests/meta_cargo_badges.rs:20:5:
[INFO] [stdout] could not find "^is-it-maintained-open-issues = \{ repository = "Tamschi/taml" \}" in Cargo.toml
[INFO] [stdout] stack backtrace:
[INFO] [stdout]    0:     0x5e34b2548001 - std[70759c8f55707aa4]::backtrace_rs::backtrace::libunwind::trace
[INFO] [stdout]                                at /rustc/dfb0accb7f508ae8be965d8629557221c889dd98/library/std/src/../../backtrace/src/backtrace/libunwind.rs:117:9
[INFO] [stdout]    1:     0x5e34b2548001 - std[70759c8f55707aa4]::backtrace_rs::backtrace::trace_unsynchronized::<std[70759c8f55707aa4]::sys::backtrace::_print_fmt::{closure#1}>
[INFO] [stdout]                                at /rustc/dfb0accb7f508ae8be965d8629557221c889dd98/library/std/src/../../backtrace/src/backtrace/mod.rs:66:14
[INFO] [stdout]    2:     0x5e34b2548001 - std[70759c8f55707aa4]::sys::backtrace::_print_fmt
[INFO] [stdout]                                at /rustc/dfb0accb7f508ae8be965d8629557221c889dd98/library/std/src/sys/backtrace.rs:74:9
[INFO] [stdout]    3:     0x5e34b2548001 - <<std[70759c8f55707aa4]::sys::backtrace::BacktraceLock>::print::DisplayBacktrace as core[df12db4294e9bfd3]::fmt::Display>::fmt
[INFO] [stdout]                                at /rustc/dfb0accb7f508ae8be965d8629557221c889dd98/library/std/src/sys/backtrace.rs:44:26
[INFO] [stdout]    4:     0x5e34b255d0aa - <core[df12db4294e9bfd3]::fmt::rt::Argument>::fmt
[INFO] [stdout]                                at /rustc/dfb0accb7f508ae8be965d8629557221c889dd98/library/core/src/fmt/rt.rs:152:76
[INFO] [stdout]    5:     0x5e34b255d0aa - core[df12db4294e9bfd3]::fmt::write
[INFO] [stdout]    6:     0x5e34b254c4bc - core[df12db4294e9bfd3]::io::write::default_write_fmt::<alloc[2182bb758b4b3781]::vec::Vec<u8>>
[INFO] [stdout]                                at /rustc/dfb0accb7f508ae8be965d8629557221c889dd98/library/core/src/io/write.rs:402:11
[INFO] [stdout]    7:     0x5e34b254c4bc - <alloc[2182bb758b4b3781]::vec::Vec<u8> as core[df12db4294e9bfd3]::io::write::Write>::write_fmt
[INFO] [stdout]                                at /rustc/dfb0accb7f508ae8be965d8629557221c889dd98/library/core/src/io/write.rs:335:13
[INFO] [stdout]    8:     0x5e34b25245f6 - <std[70759c8f55707aa4]::sys::backtrace::BacktraceLock>::print
[INFO] [stdout]                                at /rustc/dfb0accb7f508ae8be965d8629557221c889dd98/library/std/src/sys/backtrace.rs:47:9
[INFO] [stdout]    9:     0x5e34b25245f6 - std[70759c8f55707aa4]::panicking::default_hook::{closure#0}
[INFO] [stdout]                                at /rustc/dfb0accb7f508ae8be965d8629557221c889dd98/library/std/src/panicking.rs:292:27
[INFO] [stdout]   10:     0x5e34b2540769 - std[70759c8f55707aa4]::panicking::default_hook
[INFO] [stdout]                                at /rustc/dfb0accb7f508ae8be965d8629557221c889dd98/library/std/src/panicking.rs:316:9
[INFO] [stdout]   11:     0x5e34b24dcbf0 - <alloc[2182bb758b4b3781]::boxed::Box<dyn for<'a, 'b> core[df12db4294e9bfd3]::ops::function::Fn<(&'a std[70759c8f55707aa4]::panic::PanicHookInfo<'b>,), Output = ()> + core[df12db4294e9bfd3]::marker::Send + core[df12db4294e9bfd3]::marker::Sync> as core[df12db4294e9bfd3]::ops::function::Fn<(&std[70759c8f55707aa4]::panic::PanicHookInfo,)>>::call
[INFO] [stdout]                                at /rustc/dfb0accb7f508ae8be965d8629557221c889dd98/library/alloc/src/boxed.rs:2334:9
[INFO] [stdout]   12:     0x5e34b24dcbf0 - test[9d35eded1c95d3be]::test_main_inner::<test[9d35eded1c95d3be]::test_main_static::{closure#0}>::{closure#0}
[INFO] [stdout]                                at /rustc/dfb0accb7f508ae8be965d8629557221c889dd98/library/test/src/lib.rs:155:21
[INFO] [stdout]   13:     0x5e34b2540922 - <alloc[2182bb758b4b3781]::boxed::Box<dyn for<'a, 'b> core[df12db4294e9bfd3]::ops::function::Fn<(&'a std[70759c8f55707aa4]::panic::PanicHookInfo<'b>,), Output = ()> + core[df12db4294e9bfd3]::marker::Send + core[df12db4294e9bfd3]::marker::Sync> as core[df12db4294e9bfd3]::ops::function::Fn<(&std[70759c8f55707aa4]::panic::PanicHookInfo,)>>::call
[INFO] [stdout]                                at /rustc/dfb0accb7f508ae8be965d8629557221c889dd98/library/alloc/src/boxed.rs:2334:9
[INFO] [stdout]   14:     0x5e34b2540922 - std[70759c8f55707aa4]::panicking::panic_with_hook
[INFO] [stdout]                                at /rustc/dfb0accb7f508ae8be965d8629557221c889dd98/library/std/src/panicking.rs:823:13
[INFO] [stdout]   15:     0x5e34b25246a2 - std[70759c8f55707aa4]::panicking::panic_handler::{closure#0}
[INFO] [stdout]                                at /rustc/dfb0accb7f508ae8be965d8629557221c889dd98/library/std/src/panicking.rs:688:13
[INFO] [stdout]   16:     0x5e34b251d429 - std[70759c8f55707aa4]::sys::backtrace::__rust_end_short_backtrace::<std[70759c8f55707aa4]::panicking::panic_handler::{closure#0}, !>
[INFO] [stdout]                                at /rustc/dfb0accb7f508ae8be965d8629557221c889dd98/library/std/src/sys/backtrace.rs:182:18
[INFO] [stdout]   17:     0x5e34b252529d - __rustc[8fa7c3cbc660c2b3]::rust_begin_unwind
[INFO] [stdout]                                at /rustc/dfb0accb7f508ae8be965d8629557221c889dd98/library/std/src/panicking.rs:679:5
[INFO] [stdout]   18:     0x5e34b255d94c - core[df12db4294e9bfd3]::panicking::panic_fmt
[INFO] [stdout]                                at /rustc/dfb0accb7f508ae8be965d8629557221c889dd98/library/core/src/panicking.rs:80:14
[INFO] [stdout]   19:     0x5e34b23c36f8 - core[df12db4294e9bfd3]::panicking::panic_display::<alloc[2182bb758b4b3781]::string::String>
[INFO] [stdout]                                at /rustc/dfb0accb7f508ae8be965d8629557221c889dd98/library/core/src/panicking.rs:259:5
[INFO] [stdout]   20:     0x5e34b23c3b0c - meta_cargo_badges[e8daeef9153172f6]::is_it_maintained_open_issues
[INFO] [stdout]                                at /opt/rustwide/workdir/tests/meta_cargo_badges.rs:20:2
[INFO] [stdout]   21:     0x5e34b23c3797 - meta_cargo_badges[e8daeef9153172f6]::is_it_maintained_open_issues::{closure#0}
[INFO] [stdout]                                at /opt/rustwide/workdir/tests/meta_cargo_badges.rs:19:34
[INFO] [stdout]   22:     0x5e34b23c3fa6 - <meta_cargo_badges[e8daeef9153172f6]::is_it_maintained_open_issues::{closure#0} as core[df12db4294e9bfd3]::ops::function::FnOnce<()>>::call_once
[INFO] [stdout]                                at /rustc/dfb0accb7f508ae8be965d8629557221c889dd98/library/core/src/ops/function.rs:250:5
[INFO] [stdout]   23:     0x5e34b24cfedb - <fn() -> core[df12db4294e9bfd3]::result::Result<(), alloc[2182bb758b4b3781]::string::String> as core[df12db4294e9bfd3]::ops::function::FnOnce<()>>::call_once
[INFO] [stdout]                                at /rustc/dfb0accb7f508ae8be965d8629557221c889dd98/library/core/src/ops/function.rs:250:5
[INFO] [stdout]   24:     0x5e34b24cfedb - test[9d35eded1c95d3be]::__rust_begin_short_backtrace::<core[df12db4294e9bfd3]::result::Result<(), alloc[2182bb758b4b3781]::string::String>, fn() -> core[df12db4294e9bfd3]::result::Result<(), alloc[2182bb758b4b3781]::string::String>>
[INFO] [stdout]                                at /rustc/dfb0accb7f508ae8be965d8629557221c889dd98/library/test/src/lib.rs:733:18
[INFO] [stdout]   25:     0x5e34b24dd545 - test[9d35eded1c95d3be]::run_test_in_process::{closure#0}
[INFO] [stdout]                                at /rustc/dfb0accb7f508ae8be965d8629557221c889dd98/library/test/src/lib.rs:756:74
[INFO] [stdout]   26:     0x5e34b24dd545 - <core[df12db4294e9bfd3]::panic::unwind_safe::AssertUnwindSafe<test[9d35eded1c95d3be]::run_test_in_process::{closure#0}> as core[df12db4294e9bfd3]::ops::function::FnOnce<()>>::call_once
[INFO] [stdout]                                at /rustc/dfb0accb7f508ae8be965d8629557221c889dd98/library/core/src/panic/unwind_safe.rs:275:9
[INFO] [stdout]   27:     0x5e34b24dd545 - std[70759c8f55707aa4]::panicking::catch_unwind::do_call::<core[df12db4294e9bfd3]::panic::unwind_safe::AssertUnwindSafe<test[9d35eded1c95d3be]::run_test_in_process::{closure#0}>, core[df12db4294e9bfd3]::result::Result<(), alloc[2182bb758b4b3781]::string::String>>
[INFO] [stdout]                                at /rustc/dfb0accb7f508ae8be965d8629557221c889dd98/library/std/src/panicking.rs:576:43
[INFO] [stdout]   28:     0x5e34b24dd545 - std[70759c8f55707aa4]::panicking::catch_unwind::<core[df12db4294e9bfd3]::result::Result<(), alloc[2182bb758b4b3781]::string::String>, core[df12db4294e9bfd3]::panic::unwind_safe::AssertUnwindSafe<test[9d35eded1c95d3be]::run_test_in_process::{closure#0}>>
[INFO] [stdout]                                at /rustc/dfb0accb7f508ae8be965d8629557221c889dd98/library/std/src/panicking.rs:544:19
[INFO] [stdout]   29:     0x5e34b24dd545 - std[70759c8f55707aa4]::panic::catch_unwind::<core[df12db4294e9bfd3]::panic::unwind_safe::AssertUnwindSafe<test[9d35eded1c95d3be]::run_test_in_process::{closure#0}>, core[df12db4294e9bfd3]::result::Result<(), alloc[2182bb758b4b3781]::string::String>>
[INFO] [stdout]                                at /rustc/dfb0accb7f508ae8be965d8629557221c889dd98/library/std/src/panic.rs:359:14
[INFO] [stdout]   30:     0x5e34b24dd545 - test[9d35eded1c95d3be]::run_test_in_process
[INFO] [stdout]                                at /rustc/dfb0accb7f508ae8be965d8629557221c889dd98/library/test/src/lib.rs:756:27
[INFO] [stdout]   31:     0x5e34b24dd545 - test[9d35eded1c95d3be]::run_test::{closure#0}
[INFO] [stdout]                                at /rustc/dfb0accb7f508ae8be965d8629557221c889dd98/library/test/src/lib.rs:677:43
[INFO] [stdout]   32:     0x5e34b24d6e04 - test[9d35eded1c95d3be]::run_test::{closure#1}
[INFO] [stdout]                                at /rustc/dfb0accb7f508ae8be965d8629557221c889dd98/library/test/src/lib.rs:707:41
[INFO] [stdout]   33:     0x5e34b24d6e04 - std[70759c8f55707aa4]::sys::backtrace::__rust_begin_short_backtrace::<test[9d35eded1c95d3be]::run_test::{closure#1}, ()>
[INFO] [stdout]                                at /rustc/dfb0accb7f508ae8be965d8629557221c889dd98/library/std/src/sys/backtrace.rs:166:18
[INFO] [stdout]   34:     0x5e34b24e06a2 - std[70759c8f55707aa4]::thread::lifecycle::spawn_unchecked::<test[9d35eded1c95d3be]::run_test::{closure#1}, ()>::{closure#1}::{closure#0}
[INFO] [stdout]                                at /rustc/dfb0accb7f508ae8be965d8629557221c889dd98/library/std/src/thread/lifecycle.rs:70:13
[INFO] [stdout]   35:     0x5e34b24e06a2 - <core[df12db4294e9bfd3]::panic::unwind_safe::AssertUnwindSafe<std[70759c8f55707aa4]::thread::lifecycle::spawn_unchecked<test[9d35eded1c95d3be]::run_test::{closure#1}, ()>::{closure#1}::{closure#0}> as core[df12db4294e9bfd3]::ops::function::FnOnce<()>>::call_once
[INFO] [stdout]                                at /rustc/dfb0accb7f508ae8be965d8629557221c889dd98/library/core/src/panic/unwind_safe.rs:275:9
[INFO] [stdout]   36:     0x5e34b24e06a2 - std[70759c8f55707aa4]::panicking::catch_unwind::do_call::<core[df12db4294e9bfd3]::panic::unwind_safe::AssertUnwindSafe<std[70759c8f55707aa4]::thread::lifecycle::spawn_unchecked<test[9d35eded1c95d3be]::run_test::{closure#1}, ()>::{closure#1}::{closure#0}>, ()>
[INFO] [stdout]                                at /rustc/dfb0accb7f508ae8be965d8629557221c889dd98/library/std/src/panicking.rs:576:43
[INFO] [stdout]   37:     0x5e34b24e06a2 - std[70759c8f55707aa4]::panicking::catch_unwind::<(), core[df12db4294e9bfd3]::panic::unwind_safe::AssertUnwindSafe<std[70759c8f55707aa4]::thread::lifecycle::spawn_unchecked<test[9d35eded1c95d3be]::run_test::{closure#1}, ()>::{closure#1}::{closure#0}>>
[INFO] [stdout]                                at /rustc/dfb0accb7f508ae8be965d8629557221c889dd98/library/std/src/panicking.rs:544:19
[INFO] [stdout]   38:     0x5e34b24e06a2 - std[70759c8f55707aa4]::panic::catch_unwind::<core[df12db4294e9bfd3]::panic::unwind_safe::AssertUnwindSafe<std[70759c8f55707aa4]::thread::lifecycle::spawn_unchecked<test[9d35eded1c95d3be]::run_test::{closure#1}, ()>::{closure#1}::{closure#0}>, ()>
[INFO] [stdout]                                at /rustc/dfb0accb7f508ae8be965d8629557221c889dd98/library/std/src/panic.rs:359:14
[INFO] [stdout]   39:     0x5e34b24e06a2 - std[70759c8f55707aa4]::thread::lifecycle::spawn_unchecked::<test[9d35eded1c95d3be]::run_test::{closure#1}, ()>::{closure#1}
[INFO] [stdout]                                at /rustc/dfb0accb7f508ae8be965d8629557221c889dd98/library/std/src/thread/lifecycle.rs:68:26
[INFO] [stdout]   40:     0x5e34b24e06a2 - <std[70759c8f55707aa4]::thread::lifecycle::spawn_unchecked<test[9d35eded1c95d3be]::run_test::{closure#1}, ()>::{closure#1} as core[df12db4294e9bfd3]::ops::function::FnOnce<()>>::call_once::{shim:vtable#0}
[INFO] [stdout]                                at /rustc/dfb0accb7f508ae8be965d8629557221c889dd98/library/core/src/ops/function.rs:250:5
[INFO] [stdout]   41:     0x5e34b25478d9 - <alloc[2182bb758b4b3781]::boxed::Box<dyn core[df12db4294e9bfd3]::ops::function::FnOnce<(), Output = ()> + core[df12db4294e9bfd3]::marker::Send> as core[df12db4294e9bfd3]::ops::function::FnOnce<()>>::call_once
[INFO] [stdout]                                at /rustc/dfb0accb7f508ae8be965d8629557221c889dd98/library/alloc/src/boxed.rs:2320:9
[INFO] [stdout]   42:     0x5e34b25478d9 - <std[70759c8f55707aa4]::sys::thread::unix::Thread>::new::thread_start
[INFO] [stdout]                                at /rustc/dfb0accb7f508ae8be965d8629557221c889dd98/library/std/src/sys/thread/unix.rs:123:17
[INFO] [stdout]   43:     0x7ae098721dfa - <unknown>
[INFO] [stdout]   44:     0x7ae0987b53d4 - clone
[INFO] [stdout]   45:                0x0 - <unknown>
[INFO] [stdout] 
[INFO] [stdout] ---- is_it_maintained_issue_resolution stdout ----
[INFO] [stdout] Searching for "^is-it-maintained-issue-resolution = \{ repository = "Tamschi/taml" \}" in Cargo.toml...
[INFO] [stdout] 
[INFO] [stdout] thread 'is_it_maintained_issue_resolution' (1616) panicked at tests/meta_cargo_badges.rs:9:5:
[INFO] [stdout] could not find "^is-it-maintained-issue-resolution = \{ repository = "Tamschi/taml" \}" in Cargo.toml
[INFO] [stdout] stack backtrace:
[INFO] [stdout]    0:     0x5e34b2548001 - std[70759c8f55707aa4]::backtrace_rs::backtrace::libunwind::trace
[INFO] [stdout]                                at /rustc/dfb0accb7f508ae8be965d8629557221c889dd98/library/std/src/../../backtrace/src/backtrace/libunwind.rs:117:9
[INFO] [stdout]    1:     0x5e34b2548001 - std[70759c8f55707aa4]::backtrace_rs::backtrace::trace_unsynchronized::<std[70759c8f55707aa4]::sys::backtrace::_print_fmt::{closure#1}>
[INFO] [stdout]                                at /rustc/dfb0accb7f508ae8be965d8629557221c889dd98/library/std/src/../../backtrace/src/backtrace/mod.rs:66:14
[INFO] [stdout]    2:     0x5e34b2548001 - std[70759c8f55707aa4]::sys::backtrace::_print_fmt
[INFO] [stdout]                                at /rustc/dfb0accb7f508ae8be965d8629557221c889dd98/library/std/src/sys/backtrace.rs:74:9
[INFO] [stdout]    3:     0x5e34b2548001 - <<std[70759c8f55707aa4]::sys::backtrace::BacktraceLock>::print::DisplayBacktrace as core[df12db4294e9bfd3]::fmt::Display>::fmt
[INFO] [stdout]                                at /rustc/dfb0accb7f508ae8be965d8629557221c889dd98/library/std/src/sys/backtrace.rs:44:26
[INFO] [stdout]    4:     0x5e34b255d0aa - <core[df12db4294e9bfd3]::fmt::rt::Argument>::fmt
[INFO] [stdout]                                at /rustc/dfb0accb7f508ae8be965d8629557221c889dd98/library/core/src/fmt/rt.rs:152:76
[INFO] [stdout]    5:     0x5e34b255d0aa - core[df12db4294e9bfd3]::fmt::write
[INFO] [stdout]    6:     0x5e34b254c4bc - core[df12db4294e9bfd3]::io::write::default_write_fmt::<alloc[2182bb758b4b3781]::vec::Vec<u8>>
[INFO] [stdout]                                at /rustc/dfb0accb7f508ae8be965d8629557221c889dd98/library/core/src/io/write.rs:402:11
[INFO] [stdout]    7:     0x5e34b254c4bc - <alloc[2182bb758b4b3781]::vec::Vec<u8> as core[df12db4294e9bfd3]::io::write::Write>::write_fmt
[INFO] [stdout]                                at /rustc/dfb0accb7f508ae8be965d8629557221c889dd98/library/core/src/io/write.rs:335:13
[INFO] [stdout]    8:     0x5e34b25245f6 - <std[70759c8f55707aa4]::sys::backtrace::BacktraceLock>::print
[INFO] [stdout]                                at /rustc/dfb0accb7f508ae8be965d8629557221c889dd98/library/std/src/sys/backtrace.rs:47:9
[INFO] [stdout]    9:     0x5e34b25245f6 - std[70759c8f55707aa4]::panicking::default_hook::{closure#0}
[INFO] [stdout]                                at /rustc/dfb0accb7f508ae8be965d8629557221c889dd98/library/std/src/panicking.rs:292:27
[INFO] [stdout]   10:     0x5e34b2540769 - std[70759c8f55707aa4]::panicking::default_hook
[INFO] [stdout]                                at /rustc/dfb0accb7f508ae8be965d8629557221c889dd98/library/std/src/panicking.rs:316:9
[INFO] [stdout]   11:     0x5e34b24dcbf0 - <alloc[2182bb758b4b3781]::boxed::Box<dyn for<'a, 'b> core[df12db4294e9bfd3]::ops::function::Fn<(&'a std[70759c8f55707aa4]::panic::PanicHookInfo<'b>,), Output = ()> + core[df12db4294e9bfd3]::marker::Send + core[df12db4294e9bfd3]::marker::Sync> as core[df12db4294e9bfd3]::ops::function::Fn<(&std[70759c8f55707aa4]::panic::PanicHookInfo,)>>::call
[INFO] [stdout]                                at /rustc/dfb0accb7f508ae8be965d8629557221c889dd98/library/alloc/src/boxed.rs:2334:9
[INFO] [stdout]   12:     0x5e34b24dcbf0 - test[9d35eded1c95d3be]::test_main_inner::<test[9d35eded1c95d3be]::test_main_static::{closure#0}>::{closure#0}
[INFO] [stdout]                                at /rustc/dfb0accb7f508ae8be965d8629557221c889dd98/library/test/src/lib.rs:155:21
[INFO] [stdout]   13:     0x5e34b2540922 - <alloc[2182bb758b4b3781]::boxed::Box<dyn for<'a, 'b> core[df12db4294e9bfd3]::ops::function::Fn<(&'a std[70759c8f55707aa4]::panic::PanicHookInfo<'b>,), Output = ()> + core[df12db4294e9bfd3]::marker::Send + core[df12db4294e9bfd3]::marker::Sync> as core[df12db4294e9bfd3]::ops::function::Fn<(&std[70759c8f55707aa4]::panic::PanicHookInfo,)>>::call
[INFO] [stdout]                                at /rustc/dfb0accb7f508ae8be965d8629557221c889dd98/library/alloc/src/boxed.rs:2334:9
[INFO] [stdout]   14:     0x5e34b2540922 - std[70759c8f55707aa4]::panicking::panic_with_hook
[INFO] [stdout]                                at /rustc/dfb0accb7f508ae8be965d8629557221c889dd98/library/std/src/panicking.rs:823:13
[INFO] [stdout]   15:     0x5e34b25246a2 - std[70759c8f55707aa4]::panicking::panic_handler::{closure#0}
[INFO] [stdout]                                at /rustc/dfb0accb7f508ae8be965d8629557221c889dd98/library/std/src/panicking.rs:688:13
[INFO] [stdout]   16:     0x5e34b251d429 - std[70759c8f55707aa4]::sys::backtrace::__rust_end_short_backtrace::<std[70759c8f55707aa4]::panicking::panic_handler::{closure#0}, !>
[INFO] [stdout]                                at /rustc/dfb0accb7f508ae8be965d8629557221c889dd98/library/std/src/sys/backtrace.rs:182:18
[INFO] [stdout]   17:     0x5e34b252529d - __rustc[8fa7c3cbc660c2b3]::rust_begin_unwind
[INFO] [stdout]                                at /rustc/dfb0accb7f508ae8be965d8629557221c889dd98/library/std/src/panicking.rs:679:5
[INFO] [stdout]   18:     0x5e34b255d94c - core[df12db4294e9bfd3]::panicking::panic_fmt
[INFO] [stdout]                                at /rustc/dfb0accb7f508ae8be965d8629557221c889dd98/library/core/src/panicking.rs:80:14
[INFO] [stdout]   19:     0x5e34b23c36f8 - core[df12db4294e9bfd3]::panicking::panic_display::<alloc[2182bb758b4b3781]::string::String>
[INFO] [stdout]                                at /rustc/dfb0accb7f508ae8be965d8629557221c889dd98/library/core/src/panicking.rs:259:5
[INFO] [stdout]   20:     0x5e34b23c3ce0 - meta_cargo_badges[e8daeef9153172f6]::is_it_maintained_issue_resolution
[INFO] [stdout]                                at /opt/rustwide/workdir/tests/meta_cargo_badges.rs:9:2
[INFO] [stdout]   21:     0x5e34b23c37c7 - meta_cargo_badges[e8daeef9153172f6]::is_it_maintained_issue_resolution::{closure#0}
[INFO] [stdout]                                at /opt/rustwide/workdir/tests/meta_cargo_badges.rs:8:39
[INFO] [stdout]   22:     0x5e34b23c3fc6 - <meta_cargo_badges[e8daeef9153172f6]::is_it_maintained_issue_resolution::{closure#0} as core[df12db4294e9bfd3]::ops::function::FnOnce<()>>::call_once
[INFO] [stdout]                                at /rustc/dfb0accb7f508ae8be965d8629557221c889dd98/library/core/src/ops/function.rs:250:5
[INFO] [stdout]   23:     0x5e34b24cfedb - <fn() -> core[df12db4294e9bfd3]::result::Result<(), alloc[2182bb758b4b3781]::string::String> as core[df12db4294e9bfd3]::ops::function::FnOnce<()>>::call_once
[INFO] [stdout]                                at /rustc/dfb0accb7f508ae8be965d8629557221c889dd98/library/core/src/ops/function.rs:250:5
[INFO] [stdout]   24:     0x5e34b24cfedb - test[9d35eded1c95d3be]::__rust_begin_short_backtrace::<core[df12db4294e9bfd3]::result::Result<(), alloc[2182bb758b4b3781]::string::String>, fn() -> core[df12db4294e9bfd3]::result::Result<(), alloc[2182bb758b4b3781]::string::String>>
[INFO] [stdout]                                at /rustc/dfb0accb7f508ae8be965d8629557221c889dd98/library/test/src/lib.rs:733:18
[INFO] [stdout]   25:     0x5e34b24dd545 - test[9d35eded1c95d3be]::run_test_in_process::{closure#0}
[INFO] [stdout]                                at /rustc/dfb0accb7f508ae8be965d8629557221c889dd98/library/test/src/lib.rs:756:74
[INFO] [stdout]   26:     0x5e34b24dd545 - <core[df12db4294e9bfd3]::panic::unwind_safe::AssertUnwindSafe<test[9d35eded1c95d3be]::run_test_in_process::{closure#0}> as core[df12db4294e9bfd3]::ops::function::FnOnce<()>>::call_once
[INFO] [stdout]                                at /rustc/dfb0accb7f508ae8be965d8629557221c889dd98/library/core/src/panic/unwind_safe.rs:275:9
[INFO] [stdout]   27:     0x5e34b24dd545 - std[70759c8f55707aa4]::panicking::catch_unwind::do_call::<core[df12db4294e9bfd3]::panic::unwind_safe::AssertUnwindSafe<test[9d35eded1c95d3be]::run_test_in_process::{closure#0}>, core[df12db4294e9bfd3]::result::Result<(), alloc[2182bb758b4b3781]::string::String>>
[INFO] [stdout]                                at /rustc/dfb0accb7f508ae8be965d8629557221c889dd98/library/std/src/panicking.rs:576:43
[INFO] [stdout]   28:     0x5e34b24dd545 - std[70759c8f55707aa4]::panicking::catch_unwind::<core[df12db4294e9bfd3]::result::Result<(), alloc[2182bb758b4b3781]::string::String>, core[df12db4294e9bfd3]::panic::unwind_safe::AssertUnwindSafe<test[9d35eded1c95d3be]::run_test_in_process::{closure#0}>>
[INFO] [stdout]                                at /rustc/dfb0accb7f508ae8be965d8629557221c889dd98/library/std/src/panicking.rs:544:19
[INFO] [stdout]   29:     0x5e34b24dd545 - std[70759c8f55707aa4]::panic::catch_unwind::<core[df12db4294e9bfd3]::panic::unwind_safe::AssertUnwindSafe<test[9d35eded1c95d3be]::run_test_in_process::{closure#0}>, core[df12db4294e9bfd3]::result::Result<(), alloc[2182bb758b4b3781]::string::String>>
[INFO] [stdout]                                at /rustc/dfb0accb7f508ae8be965d8629557221c889dd98/library/std/src/panic.rs:359:14
[INFO] [stdout]   30:     0x5e34b24dd545 - test[9d35eded1c95d3be]::run_test_in_process
[INFO] [stdout]                                at /rustc/dfb0accb7f508ae8be965d8629557221c889dd98/library/test/src/lib.rs:756:27
[INFO] [stdout]   31:     0x5e34b24dd545 - test[9d35eded1c95d3be]::run_test::{closure#0}
[INFO] [stdout]                                at /rustc/dfb0accb7f508ae8be965d8629557221c889dd98/library/test/src/lib.rs:677:43
[INFO] [stdout]   32:     0x5e34b24d6e04 - test[9d35eded1c95d3be]::run_test::{closure#1}
[INFO] [stdout]                                at /rustc/dfb0accb7f508ae8be965d8629557221c889dd98/library/test/src/lib.rs:707:41
[INFO] [stdout]   33:     0x5e34b24d6e04 - std[70759c8f55707aa4]::sys::backtrace::__rust_begin_short_backtrace::<test[9d35eded1c95d3be]::run_test::{closure#1}, ()>
[INFO] [stdout]                                at /rustc/dfb0accb7f508ae8be965d8629557221c889dd98/library/std/src/sys/backtrace.rs:166:18
[INFO] [stdout]   34:     0x5e34b24e06a2 - std[70759c8f55707aa4]::thread::lifecycle::spawn_unchecked::<test[9d35eded1c95d3be]::run_test::{closure#1}, ()>::{closure#1}::{closure#0}
[INFO] [stdout]                                at /rustc/dfb0accb7f508ae8be965d8629557221c889dd98/library/std/src/thread/lifecycle.rs:70:13
[INFO] [stdout]   35:     0x5e34b24e06a2 - <core[df12db4294e9bfd3]::panic::unwind_safe::AssertUnwindSafe<std[70759c8f55707aa4]::thread::lifecycle::spawn_unchecked<test[9d35eded1c95d3be]::run_test::{closure#1}, ()>::{closure#1}::{closure#0}> as core[df12db4294e9bfd3]::ops::function::FnOnce<()>>::call_once
[INFO] [stdout]                                at /rustc/dfb0accb7f508ae8be965d8629557221c889dd98/library/core/src/panic/unwind_safe.rs:275:9
[INFO] [stdout]   36:     0x5e34b24e06a2 - std[70759c8f55707aa4]::panicking::catch_unwind::do_call::<core[df12db4294e9bfd3]::panic::unwind_safe::AssertUnwindSafe<std[70759c8f55707aa4]::thread::lifecycle::spawn_unchecked<test[9d35eded1c95d3be]::run_test::{closure#1}, ()>::{closure#1}::{closure#0}>, ()>
[INFO] [stdout]                                at /rustc/dfb0accb7f508ae8be965d8629557221c889dd98/library/std/src/panicking.rs:576:43
[INFO] [stdout]   37:     0x5e34b24e06a2 - std[70759c8f55707aa4]::panicking::catch_unwind::<(), core[df12db4294e9bfd3]::panic::unwind_safe::AssertUnwindSafe<std[70759c8f55707aa4]::thread::lifecycle::spawn_unchecked<test[9d35eded1c95d3be]::run_test::{closure#1}, ()>::{closure#1}::{closure#0}>>
[INFO] [stdout]                                at /rustc/dfb0accb7f508ae8be965d8629557221c889dd98/library/std/src/panicking.rs:544:19
[INFO] [stdout]   38:     0x5e34b24e06a2 - std[70759c8f55707aa4]::panic::catch_unwind::<core[df12db4294e9bfd3]::panic::unwind_safe::AssertUnwindSafe<std[70759c8f55707aa4]::thread::lifecycle::spawn_unchecked<test[9d35eded1c95d3be]::run_test::{closure#1}, ()>::{closure#1}::{closure#0}>, ()>
[INFO] [stdout]                                at /rustc/dfb0accb7f508ae8be965d8629557221c889dd98/library/std/src/panic.rs:359:14
[INFO] [stdout]   39:     0x5e34b24e06a2 - std[70759c8f55707aa4]::thread::lifecycle::spawn_unchecked::<test[9d35eded1c95d3be]::run_test::{closure#1}, ()>::{closure#1}
[INFO] [stdout]                                at /rustc/dfb0accb7f508ae8be965d8629557221c889dd98/library/std/src/thread/lifecycle.rs:68:26
[INFO] [stdout]   40:     0x5e34b24e06a2 - <std[70759c8f55707aa4]::thread::lifecycle::spawn_unchecked<test[9d35eded1c95d3be]::run_test::{closure#1}, ()>::{closure#1} as core[df12db4294e9bfd3]::ops::function::FnOnce<()>>::call_once::{shim:vtable#0}
[INFO] [stdout]                                at /rustc/dfb0accb7f508ae8be965d8629557221c889dd98/library/core/src/ops/function.rs:250:5
[INFO] [stdout]   41:     0x5e34b25478d9 - <alloc[2182bb758b4b3781]::boxed::Box<dyn core[df12db4294e9bfd3]::ops::function::FnOnce<(), Output = ()> + core[df12db4294e9bfd3]::marker::Send> as core[df12db4294e9bfd3]::ops::function::FnOnce<()>>::call_once
[INFO] [stdout]                                at /rustc/dfb0accb7f508ae8be965d8629557221c889dd98/library/alloc/src/boxed.rs:2320:9
[INFO] [stdout]   42:     0x5e34b25478d9 - <std[70759c8f55707aa4]::sys::thread::unix::Thread>::new::thread_start
[INFO] [stdout]                                at /rustc/dfb0accb7f508ae8be965d8629557221c889dd98/library/std/src/sys/thread/unix.rs:123:17
[INFO] [stdout]   43:     0x7ae098721dfa - <unknown>
[INFO] [stdout]   44:     0x7ae0987b53d4 - clone
[INFO] [stdout]   45:                0x0 - <unknown>
[INFO] [stdout] 
[INFO] [stdout] 
[INFO] [stdout] failures:
[INFO] [stdout]     is_it_maintained_issue_resolution
[INFO] [stdout]     is_it_maintained_open_issues
[INFO] [stdout]     maintenance
[INFO] [stdout] 
[INFO] [stdout] test result: FAILED. 0 passed; 3 failed; 0 ignored; 0 measured; 0 filtered out; finished in 0.10s
[INFO] [stdout] 
[INFO] [stderr] error: test failed, to rerun pass `--test meta_cargo_badges`
[INFO] running `Command { std: "docker" "inspect" "5d624da058c8e2401ff96116d064142f6eba30695244ee3607de9229a1c0a777", kill_on_drop: false }`
[INFO] running `Command { std: "docker" "rm" "-f" "5d624da058c8e2401ff96116d064142f6eba30695244ee3607de9229a1c0a777", kill_on_drop: false }`
[INFO] [stdout] 5d624da058c8e2401ff96116d064142f6eba30695244ee3607de9229a1c0a777
