[INFO] fetching crate syslog-too 0.1.1...
[INFO] testing syslog-too-0.1.1 against 1.99.0-beta.8 for beta-1.100-2
[INFO] extracting crate syslog-too 0.1.1 into /workspace/builds/worker-5-tc1/source
[INFO] started tweaking crates.io crate syslog-too 0.1.1
[INFO] removed 0 missing examples
[INFO] finished tweaking crates.io crate syslog-too 0.1.1
[INFO] tweaked toml for crates.io crate syslog-too 0.1.1 written to /workspace/builds/worker-5-tc1/source/Cargo.toml
[INFO] validating manifest of crates.io crate syslog-too 0.1.1 on toolchain 1.99.0-beta.8
[INFO] running `Command { std: CARGO_HOME="/workspace/cargo-home" RUSTUP_HOME="/workspace/rustup-home" "/workspace/cargo-home/bin/cargo" "+1.99.0-beta.8" "metadata" "--manifest-path" "Cargo.toml" "--no-deps", kill_on_drop: false }`
[INFO] crate crates.io crate syslog-too 0.1.1 already has a lockfile, it will not be regenerated
[INFO] running `Command { std: CARGO_HOME="/workspace/cargo-home" RUSTUP_HOME="/workspace/rustup-home" "/workspace/cargo-home/bin/cargo" "+1.99.0-beta.8" "fetch" "--manifest-path" "Cargo.toml", kill_on_drop: false }`
[INFO] running `Command { std: "docker" "create" "-v" "/var/lib/crater-agent-workspace/builds/worker-5-tc1/source:/opt/rustwide/workdir:ro,Z" "-v" "/var/lib/crater-agent-workspace/builds/worker-5-tc1/target:/opt/rustwide/target:rw,Z" "-v" "/var/lib/crater-agent-workspace/cargo-home:/opt/rustwide/cargo-home:ro,Z" "-v" "/var/lib/crater-agent-workspace/rustup-home:/opt/rustwide/rustup-home:ro,Z" "-m" "1610612736" "--network" "none" "ghcr.io/rust-lang/crates-build-env/linux@sha256:3111399a4047eeb3a02b7a90e478d715f38a8c6669b5c4b49d30a17385265909" "sleep" "infinity", kill_on_drop: false }`
[INFO] [stdout] e66adcd5f5692f68c56b4726a55a147b7bb9f33945d70582e50c737c177e6c4d
[INFO] running `Command { std: "docker" "start" "e66adcd5f5692f68c56b4726a55a147b7bb9f33945d70582e50c737c177e6c4d", kill_on_drop: false }`
[INFO] running `Command { std: "docker" "inspect" "e66adcd5f5692f68c56b4726a55a147b7bb9f33945d70582e50c737c177e6c4d", kill_on_drop: false }`
[INFO] running `Command { std: "docker" "exec" "-e" "SOURCE_DIR=/opt/rustwide/workdir" "-e" "CARGO_HOME=/opt/rustwide/cargo-home" "-e" "RUSTUP_HOME=/opt/rustwide/rustup-home" "-e" "CARGO_TARGET_DIR=/opt/rustwide/target" "-w" "/opt/rustwide/workdir" "--user" "0:0" "e66adcd5f5692f68c56b4726a55a147b7bb9f33945d70582e50c737c177e6c4d" "/opt/rustwide/cargo-home/bin/cargo" "+1.99.0-beta.8" "metadata" "--no-deps" "--format-version=1", kill_on_drop: false }`
[INFO] running `Command { std: "docker" "inspect" "e66adcd5f5692f68c56b4726a55a147b7bb9f33945d70582e50c737c177e6c4d", kill_on_drop: false }`
[INFO] running `Command { std: "docker" "exec" "-e" "SOURCE_DIR=/opt/rustwide/workdir" "-e" "CARGO_HOME=/opt/rustwide/cargo-home" "-e" "RUSTUP_HOME=/opt/rustwide/rustup-home" "-e" "CARGO_TARGET_DIR=/opt/rustwide/target" "-e" "CARGO_INCREMENTAL=0" "-e" "RUST_BACKTRACE=full" "-e" "RUSTFLAGS=--cap-lints=warn" "-e" "RUSTDOCFLAGS=--cap-lints=warn" "-w" "/opt/rustwide/workdir" "--user" "0:0" "e66adcd5f5692f68c56b4726a55a147b7bb9f33945d70582e50c737c177e6c4d" "/opt/rustwide/cargo-home/bin/cargo" "+1.99.0-beta.8" "build" "--frozen" "--message-format=json", kill_on_drop: false }`
[INFO] [stderr]    Compiling time-core v0.1.8
[INFO] [stderr]    Compiling num-conv v0.2.1
[INFO] [stderr]    Compiling deranged v0.5.8
[INFO] [stderr]    Compiling hostname v0.4.2
[INFO] [stderr]    Compiling time v0.3.47
[INFO] [stderr]    Compiling syslog-too v0.1.1 (/opt/rustwide/workdir)
[INFO] [stderr]     Finished `dev` profile [unoptimized + debuginfo] target(s) in 3.94s
[INFO] running `Command { std: "docker" "inspect" "e66adcd5f5692f68c56b4726a55a147b7bb9f33945d70582e50c737c177e6c4d", kill_on_drop: false }`
[INFO] running `Command { std: "docker" "exec" "-e" "SOURCE_DIR=/opt/rustwide/workdir" "-e" "CARGO_HOME=/opt/rustwide/cargo-home" "-e" "RUSTUP_HOME=/opt/rustwide/rustup-home" "-e" "CARGO_TARGET_DIR=/opt/rustwide/target" "-e" "CARGO_INCREMENTAL=0" "-e" "RUST_BACKTRACE=full" "-e" "RUSTFLAGS=--cap-lints=warn" "-e" "RUSTDOCFLAGS=--cap-lints=warn" "-w" "/opt/rustwide/workdir" "--user" "0:0" "e66adcd5f5692f68c56b4726a55a147b7bb9f33945d70582e50c737c177e6c4d" "/opt/rustwide/cargo-home/bin/cargo" "+1.99.0-beta.8" "test" "--frozen" "--no-run" "--message-format=json", kill_on_drop: false }`
[INFO] [stderr]    Compiling syslog-too v0.1.1 (/opt/rustwide/workdir)
[INFO] [stdout] warning: unused import: `log::LevelFilter`
[INFO] [stdout]  --> examples/rfc5424.rs:6:5
[INFO] [stdout]   |
[INFO] [stdout] 6 | use log::LevelFilter;
[INFO] [stdout]   |     ^^^^^^^^^^^^^^^^
[INFO] [stdout]   |
[INFO] [stdout]   = note: `#[warn(unused_imports)]` (part of `#[warn(unused)]`) on by default
[INFO] [stdout] 
[INFO] [stdout] 
[INFO] [stderr]     Finished `test` profile [unoptimized + debuginfo] target(s) in 1.44s
[INFO] running `Command { std: "docker" "inspect" "e66adcd5f5692f68c56b4726a55a147b7bb9f33945d70582e50c737c177e6c4d", kill_on_drop: false }`
[INFO] running `Command { std: "docker" "exec" "-e" "SOURCE_DIR=/opt/rustwide/workdir" "-e" "CARGO_HOME=/opt/rustwide/cargo-home" "-e" "RUSTUP_HOME=/opt/rustwide/rustup-home" "-e" "CARGO_TARGET_DIR=/opt/rustwide/target" "-e" "CARGO_INCREMENTAL=0" "-e" "RUST_BACKTRACE=full" "-e" "RUSTFLAGS=--cap-lints=warn" "-e" "RUSTDOCFLAGS=--cap-lints=warn" "-w" "/opt/rustwide/workdir" "--user" "0:0" "e66adcd5f5692f68c56b4726a55a147b7bb9f33945d70582e50c737c177e6c4d" "/opt/rustwide/cargo-home/bin/cargo" "+1.99.0-beta.8" "test" "--frozen", kill_on_drop: false }`
[INFO] [stderr] warning: unused import: `log::LevelFilter`
[INFO] [stderr]  --> examples/rfc5424.rs:6:5
[INFO] [stderr]   |
[INFO] [stderr] 6 | use log::LevelFilter;
[INFO] [stderr]   |     ^^^^^^^^^^^^^^^^
[INFO] [stderr]   |
[INFO] [stderr]   = note: `#[warn(unused_imports)]` (part of `#[warn(unused)]`) on by default
[INFO] [stderr] 
[INFO] [stderr] warning: `syslog-too` (example "rfc5424") generated 1 warning (run `cargo fix --example "rfc5424" -p syslog-too` to apply 1 suggestion)
[INFO] [stderr]     Finished `test` profile [unoptimized + debuginfo] target(s) in 0.07s
[INFO] [stdout] 
[INFO] [stderr]      Running unittests src/lib.rs (/opt/rustwide/target/debug/deps/syslog_too-57671e6b3879f01b)
[INFO] [stdout] running 9 tests
[INFO] [stdout] test errors::error_is_send_sync ... ok
[INFO] [stdout] test format::test::quote_is_escaped ... ok
[INFO] [stdout] test format::test::backslash_is_escaped ... ok
[INFO] [stdout] test format::test::test_formatter3164_defaults ... ok
[INFO] [stdout] test format::test::test_formatter5424_defaults ... ok
[INFO] [stdout] test tests::test_tcp ... ok
[INFO] [stdout] test tests::test_unix_socket ... ok
[INFO] [stdout] test tests::test_udp ... ok
[INFO] [stdout] test format::test::end_bracket_is_escaped ... ok
[INFO] [stdout] 
[INFO] [stdout] test result: ok. 9 passed; 0 failed; 0 ignored; 0 measured; 0 filtered out; finished in 0.02s
[INFO] [stdout] 
[INFO] [stderr]    Doc-tests syslog_too
[INFO] [stdout] 
[INFO] [stdout] running 2 tests
[INFO] [stdout] test src/lib.rs - (line 12) ... FAILED
[INFO] [stdout] test src/lib.rs - (line 32) ... ok
[INFO] [stdout] 
[INFO] [stdout] failures:
[INFO] [stdout] 
[INFO] [stdout] ---- src/lib.rs - (line 12) stdout ----
[INFO] [stdout] error[E0433]: cannot find module or crate `syslog` in this scope
[INFO] [stdout]   --> src/lib.rs:23:7
[INFO] [stdout]    |
[INFO] [stdout] 23 | match syslog::unix(formatter) {
[INFO] [stdout]    |       ^^^^^^ use of unresolved module or unlinked crate `syslog`
[INFO] [stdout]    |
[INFO] [stdout]    = help: if you wanted to use a crate named `syslog`, use `cargo add syslog` to add it to your `Cargo.toml`
[INFO] [stdout] 
[INFO] [stdout] error: aborting due to 1 previous error
[INFO] [stdout] 
[INFO] [stdout] For more information about this error, try `rustc --explain E0433`.
[INFO] [stdout] Couldn't compile the test.
[INFO] [stdout] 
[INFO] [stdout] failures:
[INFO] [stdout]     src/lib.rs - (line 12)
[INFO] [stdout] 
[INFO] [stdout] test result: FAILED. 1 passed; 1 failed; 0 ignored; 0 measured; 0 filtered out; finished in 0.31s
[INFO] [stdout] 
[INFO] [stdout] all doctests ran in 0.40s; merged doctests compilation took 0.09s
[INFO] [stderr] error: doctest failed, to rerun pass `--doc`
[INFO] running `Command { std: "docker" "inspect" "e66adcd5f5692f68c56b4726a55a147b7bb9f33945d70582e50c737c177e6c4d", kill_on_drop: false }`
[INFO] running `Command { std: "docker" "rm" "-f" "e66adcd5f5692f68c56b4726a55a147b7bb9f33945d70582e50c737c177e6c4d", kill_on_drop: false }`
[INFO] [stdout] e66adcd5f5692f68c56b4726a55a147b7bb9f33945d70582e50c737c177e6c4d
