[INFO] fetching crate sxurl 1.1.0...
[INFO] testing sxurl-1.1.0 against 1.100.0-beta.1 for beta-1.100-2
[INFO] extracting crate sxurl 1.1.0 into /workspace/builds/worker-5-tc2/source
[INFO] started tweaking crates.io crate sxurl 1.1.0
[INFO] removed 0 missing tests
[INFO] finished tweaking crates.io crate sxurl 1.1.0
[INFO] tweaked toml for crates.io crate sxurl 1.1.0 written to /workspace/builds/worker-5-tc2/source/Cargo.toml
[INFO] validating manifest of crates.io crate sxurl 1.1.0 on toolchain 1.100.0-beta.1
[INFO] running `Command { std: CARGO_HOME="/workspace/cargo-home" RUSTUP_HOME="/workspace/rustup-home" "/workspace/cargo-home/bin/cargo" "+1.100.0-beta.1" "metadata" "--manifest-path" "Cargo.toml" "--no-deps", kill_on_drop: false }`
[INFO] crate crates.io crate sxurl 1.1.0 already has a lockfile, it will not be regenerated
[INFO] running `Command { std: CARGO_HOME="/workspace/cargo-home" RUSTUP_HOME="/workspace/rustup-home" "/workspace/cargo-home/bin/cargo" "+1.100.0-beta.1" "fetch" "--manifest-path" "Cargo.toml", kill_on_drop: false }`
[INFO] [stderr] warning: `package.homepage` is redundant with `package.repository`
[INFO] [stderr]   --> Cargo.toml:46:12
[INFO] [stderr]    |
[INFO] [stderr] 46 | homepage = "https://github.com/hjpithadia/sxurl"
[INFO] [stderr]    |            ^^^^^^^^^^^^^^^^^^^^^^^^^^^^^^^^^^^^^
[INFO] [stderr] ...
[INFO] [stderr] 51 | repository = "https://github.com/hjpithadia/sxurl"
[INFO] [stderr]    |              -------------------------------------
[INFO] [stderr]    |
[INFO] [stderr]    = note: `cargo::redundant_homepage` is set to `warn` by default
[INFO] [stderr] help: consider removing `package.homepage`
[INFO] [stderr] warning: `sxurl` (manifest) generated 1 warning
[INFO] running `Command { std: "docker" "create" "-v" "/var/lib/crater-agent-workspace/builds/worker-5-tc2/source:/opt/rustwide/workdir:ro,Z" "-v" "/var/lib/crater-agent-workspace/builds/worker-5-tc2/target:/opt/rustwide/target:rw,Z" "-v" "/var/lib/crater-agent-workspace/cargo-home:/opt/rustwide/cargo-home:ro,Z" "-v" "/var/lib/crater-agent-workspace/rustup-home:/opt/rustwide/rustup-home:ro,Z" "-m" "1610612736" "--network" "none" "ghcr.io/rust-lang/crates-build-env/linux@sha256:3111399a4047eeb3a02b7a90e478d715f38a8c6669b5c4b49d30a17385265909" "sleep" "infinity", kill_on_drop: false }`
[INFO] [stdout] 5d189c789d7ec2b5ee1370133edaf4f111476184f3ed7253577f7142d483a481
[INFO] running `Command { std: "docker" "start" "5d189c789d7ec2b5ee1370133edaf4f111476184f3ed7253577f7142d483a481", kill_on_drop: false }`
[INFO] running `Command { std: "docker" "inspect" "5d189c789d7ec2b5ee1370133edaf4f111476184f3ed7253577f7142d483a481", kill_on_drop: false }`
[INFO] running `Command { std: "docker" "exec" "-e" "SOURCE_DIR=/opt/rustwide/workdir" "-e" "CARGO_HOME=/opt/rustwide/cargo-home" "-e" "RUSTUP_HOME=/opt/rustwide/rustup-home" "-e" "CARGO_TARGET_DIR=/opt/rustwide/target" "-w" "/opt/rustwide/workdir" "--user" "0:0" "5d189c789d7ec2b5ee1370133edaf4f111476184f3ed7253577f7142d483a481" "/opt/rustwide/cargo-home/bin/cargo" "+1.100.0-beta.1" "metadata" "--no-deps" "--format-version=1", kill_on_drop: false }`
[INFO] running `Command { std: "docker" "inspect" "5d189c789d7ec2b5ee1370133edaf4f111476184f3ed7253577f7142d483a481", kill_on_drop: false }`
[INFO] running `Command { std: "docker" "exec" "-e" "SOURCE_DIR=/opt/rustwide/workdir" "-e" "CARGO_HOME=/opt/rustwide/cargo-home" "-e" "RUSTUP_HOME=/opt/rustwide/rustup-home" "-e" "CARGO_TARGET_DIR=/opt/rustwide/target" "-e" "CARGO_INCREMENTAL=0" "-e" "RUST_BACKTRACE=full" "-e" "RUSTFLAGS=--cap-lints=warn" "-e" "RUSTDOCFLAGS=--cap-lints=warn" "-w" "/opt/rustwide/workdir" "--user" "0:0" "5d189c789d7ec2b5ee1370133edaf4f111476184f3ed7253577f7142d483a481" "/opt/rustwide/cargo-home/bin/cargo" "+1.100.0-beta.1" "build" "--frozen" "--message-format=json", kill_on_drop: false }`
[INFO] [stderr] warning: `package.homepage` is redundant with `package.repository`
[INFO] [stderr]   --> Cargo.toml:46:12
[INFO] [stderr]    |
[INFO] [stderr] 46 | homepage = "https://github.com/hjpithadia/sxurl"
[INFO] [stderr]    |            ^^^^^^^^^^^^^^^^^^^^^^^^^^^^^^^^^^^^^
[INFO] [stderr] ...
[INFO] [stderr] 51 | repository = "https://github.com/hjpithadia/sxurl"
[INFO] [stderr]    |              -------------------------------------
[INFO] [stderr]    |
[INFO] [stderr]    = note: `cargo::redundant_homepage` is set to `warn` by default
[INFO] [stderr] help: consider removing `package.homepage`
[INFO] [stderr] warning: `sxurl` (manifest) generated 1 warning
[INFO] [stderr]    Compiling unicode-ident v1.0.19
[INFO] [stderr]    Compiling stable_deref_trait v1.2.0
[INFO] [stderr]    Compiling writeable v0.6.1
[INFO] [stderr]    Compiling litemap v0.8.0
[INFO] [stderr]    Compiling typenum v1.18.0
[INFO] [stderr]    Compiling icu_normalizer_data v2.0.0
[INFO] [stderr]    Compiling icu_properties_data v2.0.1
[INFO] [stderr]    Compiling serde_core v1.0.225
[INFO] [stderr]    Compiling smallvec v1.15.1
[INFO] [stderr]    Compiling serde v1.0.225
[INFO] [stderr]    Compiling percent-encoding v2.3.2
[INFO] [stderr]    Compiling thiserror v2.0.16
[INFO] [stderr]    Compiling psl-types v2.0.11
[INFO] [stderr]    Compiling proc-macro2 v1.0.101
[INFO] [stderr]    Compiling form_urlencoded v1.2.2
[INFO] [stderr]    Compiling psl v2.1.141
[INFO] [stderr]    Compiling quote v1.0.40
[INFO] [stderr]    Compiling syn v2.0.106
[INFO] [stderr]    Compiling generic-array v0.14.7
[INFO] [stderr]    Compiling crypto-common v0.1.6
[INFO] [stderr]    Compiling block-buffer v0.10.4
[INFO] [stderr]    Compiling digest v0.10.7
[INFO] [stderr]    Compiling sha2 v0.10.9
[INFO] [stderr]    Compiling synstructure v0.13.2
[INFO] [stderr]    Compiling zerofrom-derive v0.1.6
[INFO] [stderr]    Compiling yoke-derive v0.8.0
[INFO] [stderr]    Compiling zerovec-derive v0.11.1
[INFO] [stderr]    Compiling displaydoc v0.2.5
[INFO] [stderr]    Compiling serde_derive v1.0.225
[INFO] [stderr]    Compiling thiserror-impl v2.0.16
[INFO] [stderr]    Compiling zerofrom v0.1.6
[INFO] [stderr]    Compiling yoke v0.8.0
[INFO] [stderr]    Compiling zerotrie v0.2.2
[INFO] [stderr]    Compiling zerovec v0.11.4
[INFO] [stderr]    Compiling tinystr v0.8.1
[INFO] [stderr]    Compiling potential_utf v0.1.3
[INFO] [stderr]    Compiling icu_locale_core v2.0.0
[INFO] [stderr]    Compiling icu_collections v2.0.0
[INFO] [stderr]    Compiling icu_provider v2.0.0
[INFO] [stderr]    Compiling icu_properties v2.0.1
[INFO] [stderr]    Compiling icu_normalizer v2.0.0
[INFO] [stderr]    Compiling idna_adapter v1.2.1
[INFO] [stderr]    Compiling idna v1.1.0
[INFO] [stderr]    Compiling url v2.5.7
[INFO] [stderr]    Compiling sxurl v1.1.0 (/opt/rustwide/workdir)
[INFO] [stdout] warning: unused variable: `path_present`
[INFO] [stdout]    --> src/core/decoder.rs:142:9
[INFO] [stdout]     |
[INFO] [stdout] 142 |     let path_present = (flags & (1 << 5)) != 0;
[INFO] [stdout]     |         ^^^^^^^^^^^^ help: if this is intentional, prefix it with an underscore: `_path_present`
[INFO] [stdout]     |
[INFO] [stdout]     = note: `#[warn(unused_variables)]` (part of `#[warn(unused)]`) on by default
[INFO] [stdout] 
[INFO] [stdout] 
[INFO] [stdout] warning: fields `path_hash`, `params_hash`, and `fragment_hash` are never read
[INFO] [stdout]   --> src/core/encoder.rs:22:5
[INFO] [stdout]    |
[INFO] [stdout] 18 | struct ComputedHashes {
[INFO] [stdout]    |        -------------- fields in this struct
[INFO] [stdout] ...
[INFO] [stdout] 22 |     path_hash: u64,
[INFO] [stdout]    |     ^^^^^^^^^
[INFO] [stdout] 23 |     params_hash: u64,
[INFO] [stdout]    |     ^^^^^^^^^^^
[INFO] [stdout] 24 |     fragment_hash: u64,
[INFO] [stdout]    |     ^^^^^^^^^^^^^
[INFO] [stdout]    |
[INFO] [stdout]    = note: `ComputedHashes` has derived impls for the traits `Clone` and `Debug`, but these are intentionally ignored during dead code analysis
[INFO] [stdout]    = note: `#[warn(dead_code)]` (part of `#[warn(unused)]`) on by default
[INFO] [stdout] 
[INFO] [stdout] 
[INFO] [stdout] warning: unused variable: `spec_bytes`
[INFO] [stdout]    --> src/main.rs:481:21
[INFO] [stdout]     |
[INFO] [stdout] 481 |                 let spec_bytes = spec_value.to_le_bytes();
[INFO] [stdout]     |                     ^^^^^^^^^^ help: if this is intentional, prefix it with an underscore: `_spec_bytes`
[INFO] [stdout]     |
[INFO] [stdout]     = note: `#[warn(unused_variables)]` (part of `#[warn(unused)]`) on by default
[INFO] [stdout] 
[INFO] [stdout] 
[INFO] [stdout] warning: unused variable: `spec_bytes_be`
[INFO] [stdout]    --> src/main.rs:482:21
[INFO] [stdout]     |
[INFO] [stdout] 482 |                 let spec_bytes_be = spec_value.to_be_bytes();
[INFO] [stdout]     |                     ^^^^^^^^^^^^^ help: if this is intentional, prefix it with an underscore: `_spec_bytes_be`
[INFO] [stdout] 
[INFO] [stdout] 
[INFO] [stderr]     Finished `dev` profile [unoptimized + debuginfo] target(s) in 22.56s
[INFO] running `Command { std: "docker" "inspect" "5d189c789d7ec2b5ee1370133edaf4f111476184f3ed7253577f7142d483a481", kill_on_drop: false }`
[INFO] running `Command { std: "docker" "exec" "-e" "SOURCE_DIR=/opt/rustwide/workdir" "-e" "CARGO_HOME=/opt/rustwide/cargo-home" "-e" "RUSTUP_HOME=/opt/rustwide/rustup-home" "-e" "CARGO_TARGET_DIR=/opt/rustwide/target" "-e" "CARGO_INCREMENTAL=0" "-e" "RUST_BACKTRACE=full" "-e" "RUSTFLAGS=--cap-lints=warn" "-e" "RUSTDOCFLAGS=--cap-lints=warn" "-w" "/opt/rustwide/workdir" "--user" "0:0" "5d189c789d7ec2b5ee1370133edaf4f111476184f3ed7253577f7142d483a481" "/opt/rustwide/cargo-home/bin/cargo" "+1.100.0-beta.1" "test" "--frozen" "--no-run" "--message-format=json", kill_on_drop: false }`
[INFO] [stderr] warning: `package.homepage` is redundant with `package.repository`
[INFO] [stderr]   --> Cargo.toml:46:12
[INFO] [stderr]    |
[INFO] [stderr] 46 | homepage = "https://github.com/hjpithadia/sxurl"
[INFO] [stderr]    |            ^^^^^^^^^^^^^^^^^^^^^^^^^^^^^^^^^^^^^
[INFO] [stderr] ...
[INFO] [stderr] 51 | repository = "https://github.com/hjpithadia/sxurl"
[INFO] [stderr]    |              -------------------------------------
[INFO] [stderr]    |
[INFO] [stderr]    = note: `cargo::redundant_homepage` is set to `warn` by default
[INFO] [stderr] help: consider removing `package.homepage`
[INFO] [stderr] warning: `sxurl` (manifest) generated 1 warning
[INFO] [stderr]    Compiling serde_core v1.0.225
[INFO] [stderr]    Compiling serde v1.0.225
[INFO] [stderr]    Compiling num-traits v0.2.19
[INFO] [stderr]    Compiling rustix v1.1.2
[INFO] [stderr]    Compiling regex-syntax v0.8.6
[INFO] [stderr]    Compiling serde_json v1.0.145
[INFO] [stderr]    Compiling half v2.6.0
[INFO] [stderr]    Compiling ciborium-io v0.2.2
[INFO] [stderr]    Compiling plotters-backend v0.3.7
[INFO] [stderr]    Compiling ryu v1.0.20
[INFO] [stderr]    Compiling clap_lex v0.7.5
[INFO] [stderr]    Compiling anstyle v1.0.11
[INFO] [stderr]    Compiling itoa v1.0.15
[INFO] [stderr]    Compiling memchr v2.7.5
[INFO] [stderr]    Compiling ppv-lite86 v0.2.21
[INFO] [stderr]    Compiling itertools v0.13.0
[INFO] [stderr]    Compiling wait-timeout v0.2.1
[INFO] [stderr]    Compiling cast v0.3.0
[INFO] [stderr]    Compiling ciborium-ll v0.2.2
[INFO] [stderr]    Compiling walkdir v2.5.0
[INFO] [stderr]    Compiling rayon v1.11.0
[INFO] [stderr]    Compiling rand v0.9.2
[INFO] [stderr]    Compiling clap_builder v4.5.47
[INFO] [stderr]    Compiling plotters-svg v0.3.7
[INFO] [stderr]    Compiling rand_xorshift v0.4.0
[INFO] [stderr]    Compiling anes v0.1.6
[INFO] [stderr]    Compiling oorandom v11.1.5
[INFO] [stderr]    Compiling rand_chacha v0.9.0
[INFO] [stderr]    Compiling plotters v0.3.7
[INFO] [stderr]    Compiling regex-automata v0.4.10
[INFO] [stderr]    Compiling criterion-plot v0.6.0
[INFO] [stderr]    Compiling tempfile v3.22.0
[INFO] [stderr]    Compiling clap v4.5.47
[INFO] [stderr]    Compiling rusty-fork v0.3.0
[INFO] [stderr]    Compiling proptest v1.7.0
[INFO] [stderr]    Compiling regex v1.11.2
[INFO] [stderr]    Compiling url v2.5.7
[INFO] [stderr]    Compiling ciborium v0.2.2
[INFO] [stderr]    Compiling tinytemplate v1.2.1
[INFO] [stderr]    Compiling criterion v0.7.0
[INFO] [stderr]    Compiling sxurl v1.1.0 (/opt/rustwide/workdir)
[INFO] [stdout] warning: unused variable: `path_present`
[INFO] [stdout]    --> src/core/decoder.rs:142:9
[INFO] [stdout]     |
[INFO] [stdout] 142 |     let path_present = (flags & (1 << 5)) != 0;
[INFO] [stdout]     |         ^^^^^^^^^^^^ help: if this is intentional, prefix it with an underscore: `_path_present`
[INFO] [stdout]     |
[INFO] [stdout]     = note: `#[warn(unused_variables)]` (part of `#[warn(unused)]`) on by default
[INFO] [stdout] 
[INFO] [stdout] 
[INFO] [stdout] warning: fields `path_hash`, `params_hash`, and `fragment_hash` are never read
[INFO] [stdout]   --> src/core/encoder.rs:22:5
[INFO] [stdout]    |
[INFO] [stdout] 18 | struct ComputedHashes {
[INFO] [stdout]    |        -------------- fields in this struct
[INFO] [stdout] ...
[INFO] [stdout] 22 |     path_hash: u64,
[INFO] [stdout]    |     ^^^^^^^^^
[INFO] [stdout] 23 |     params_hash: u64,
[INFO] [stdout]    |     ^^^^^^^^^^^
[INFO] [stdout] 24 |     fragment_hash: u64,
[INFO] [stdout]    |     ^^^^^^^^^^^^^
[INFO] [stdout]    |
[INFO] [stdout]    = note: `ComputedHashes` has derived impls for the traits `Clone` and `Debug`, but these are intentionally ignored during dead code analysis
[INFO] [stdout]    = note: `#[warn(dead_code)]` (part of `#[warn(unused)]`) on by default
[INFO] [stdout] 
[INFO] [stdout] 
[INFO] [stdout] warning: unused variable: `spec_bytes`
[INFO] [stdout]    --> src/main.rs:481:21
[INFO] [stdout]     |
[INFO] [stdout] 481 |                 let spec_bytes = spec_value.to_le_bytes();
[INFO] [stdout]     |                     ^^^^^^^^^^ help: if this is intentional, prefix it with an underscore: `_spec_bytes`
[INFO] [stdout]     |
[INFO] [stdout]     = note: `#[warn(unused_variables)]` (part of `#[warn(unused)]`) on by default
[INFO] [stdout] 
[INFO] [stdout] 
[INFO] [stdout] warning: unused variable: `spec_bytes_be`
[INFO] [stdout]    --> src/main.rs:482:21
[INFO] [stdout]     |
[INFO] [stdout] 482 |                 let spec_bytes_be = spec_value.to_be_bytes();
[INFO] [stdout]     |                     ^^^^^^^^^^^^^ help: if this is intentional, prefix it with an underscore: `_spec_bytes_be`
[INFO] [stdout] 
[INFO] [stdout] 
[INFO] [stdout] warning: unused variable: `spec_bytes`
[INFO] [stdout]    --> src/main.rs:481:21
[INFO] [stdout]     |
[INFO] [stdout] 481 |                 let spec_bytes = spec_value.to_le_bytes();
[INFO] [stdout]     |                     ^^^^^^^^^^ help: if this is intentional, prefix it with an underscore: `_spec_bytes`
[INFO] [stdout]     |
[INFO] [stdout]     = note: `#[warn(unused_variables)]` (part of `#[warn(unused)]`) on by default
[INFO] [stdout] 
[INFO] [stdout] 
[INFO] [stdout] warning: unused variable: `spec_bytes_be`
[INFO] [stdout]    --> src/main.rs:482:21
[INFO] [stdout]     |
[INFO] [stdout] 482 |                 let spec_bytes_be = spec_value.to_be_bytes();
[INFO] [stdout]     |                     ^^^^^^^^^^^^^ help: if this is intentional, prefix it with an underscore: `_spec_bytes_be`
[INFO] [stdout] 
[INFO] [stdout] 
[INFO] [stdout] warning: unused variable: `path_present`
[INFO] [stdout]    --> src/core/decoder.rs:142:9
[INFO] [stdout]     |
[INFO] [stdout] 142 |     let path_present = (flags & (1 << 5)) != 0;
[INFO] [stdout]     |         ^^^^^^^^^^^^ help: if this is intentional, prefix it with an underscore: `_path_present`
[INFO] [stdout]     |
[INFO] [stdout]     = note: `#[warn(unused_variables)]` (part of `#[warn(unused)]`) on by default
[INFO] [stdout] 
[INFO] [stdout] 
[INFO] [stdout] warning: fields `params_hash` and `fragment_hash` are never read
[INFO] [stdout]   --> src/core/encoder.rs:23:5
[INFO] [stdout]    |
[INFO] [stdout] 18 | struct ComputedHashes {
[INFO] [stdout]    |        -------------- fields in this struct
[INFO] [stdout] ...
[INFO] [stdout] 23 |     params_hash: u64,
[INFO] [stdout]    |     ^^^^^^^^^^^
[INFO] [stdout] 24 |     fragment_hash: u64,
[INFO] [stdout]    |     ^^^^^^^^^^^^^
[INFO] [stdout]    |
[INFO] [stdout]    = note: `ComputedHashes` has derived impls for the traits `Clone` and `Debug`, but these are intentionally ignored during dead code analysis
[INFO] [stdout]    = note: `#[warn(dead_code)]` (part of `#[warn(unused)]`) on by default
[INFO] [stdout] 
[INFO] [stdout] 
[INFO] [stderr]     Finished `test` profile [unoptimized + debuginfo] target(s) in 23.46s
[INFO] running `Command { std: "docker" "inspect" "5d189c789d7ec2b5ee1370133edaf4f111476184f3ed7253577f7142d483a481", kill_on_drop: false }`
[INFO] running `Command { std: "docker" "exec" "-e" "SOURCE_DIR=/opt/rustwide/workdir" "-e" "CARGO_HOME=/opt/rustwide/cargo-home" "-e" "RUSTUP_HOME=/opt/rustwide/rustup-home" "-e" "CARGO_TARGET_DIR=/opt/rustwide/target" "-e" "CARGO_INCREMENTAL=0" "-e" "RUST_BACKTRACE=full" "-e" "RUSTFLAGS=--cap-lints=warn" "-e" "RUSTDOCFLAGS=--cap-lints=warn" "-w" "/opt/rustwide/workdir" "--user" "0:0" "5d189c789d7ec2b5ee1370133edaf4f111476184f3ed7253577f7142d483a481" "/opt/rustwide/cargo-home/bin/cargo" "+1.100.0-beta.1" "test" "--frozen", kill_on_drop: false }`
[INFO] [stderr] warning: `package.homepage` is redundant with `package.repository`
[INFO] [stderr]   --> Cargo.toml:46:12
[INFO] [stderr]    |
[INFO] [stderr] 46 | homepage = "https://github.com/hjpithadia/sxurl"
[INFO] [stderr]    |            ^^^^^^^^^^^^^^^^^^^^^^^^^^^^^^^^^^^^^
[INFO] [stderr] ...
[INFO] [stderr] 51 | repository = "https://github.com/hjpithadia/sxurl"
[INFO] [stderr]    |              -------------------------------------
[INFO] [stderr]    |
[INFO] [stderr]    = note: `cargo::redundant_homepage` is set to `warn` by default
[INFO] [stderr] help: consider removing `package.homepage`
[INFO] [stderr] warning: `sxurl` (manifest) generated 1 warning
[INFO] [stderr] warning: unused variable: `path_present`
[INFO] [stderr]    --> src/core/decoder.rs:142:9
[INFO] [stderr]     |
[INFO] [stderr] 142 |     let path_present = (flags & (1 << 5)) != 0;
[INFO] [stderr]     |         ^^^^^^^^^^^^ help: if this is intentional, prefix it with an underscore: `_path_present`
[INFO] [stderr]     |
[INFO] [stderr]     = note: `#[warn(unused_variables)]` (part of `#[warn(unused)]`) on by default
[INFO] [stderr] 
[INFO] [stderr] warning: fields `path_hash`, `params_hash`, and `fragment_hash` are never read
[INFO] [stderr]   --> src/core/encoder.rs:22:5
[INFO] [stderr]    |
[INFO] [stderr] 18 | struct ComputedHashes {
[INFO] [stderr]    |        -------------- fields in this struct
[INFO] [stderr] ...
[INFO] [stderr] 22 |     path_hash: u64,
[INFO] [stderr]    |     ^^^^^^^^^
[INFO] [stderr] 23 |     params_hash: u64,
[INFO] [stderr]    |     ^^^^^^^^^^^
[INFO] [stderr] 24 |     fragment_hash: u64,
[INFO] [stderr]    |     ^^^^^^^^^^^^^
[INFO] [stderr]    |
[INFO] [stderr]    = note: `ComputedHashes` has derived impls for the traits `Clone` and `Debug`, but these are intentionally ignored during dead code analysis
[INFO] [stderr]    = note: `#[warn(dead_code)]` (part of `#[warn(unused)]`) on by default
[INFO] [stderr] 
[INFO] [stderr] warning: fields `params_hash` and `fragment_hash` are never read
[INFO] [stderr]   --> src/core/encoder.rs:23:5
[INFO] [stderr]    |
[INFO] [stderr] 18 | struct ComputedHashes {
[INFO] [stderr]    |        -------------- fields in this struct
[INFO] [stderr] ...
[INFO] [stderr] 23 |     params_hash: u64,
[INFO] [stderr]    |     ^^^^^^^^^^^
[INFO] [stderr] 24 |     fragment_hash: u64,
[INFO] [stderr]    |     ^^^^^^^^^^^^^
[INFO] [stderr]    |
[INFO] [stderr]    = note: `ComputedHashes` has derived impls for the traits `Clone` and `Debug`, but these are intentionally ignored during dead code analysis
[INFO] [stderr]    = note: `#[warn(dead_code)]` (part of `#[warn(unused)]`) on by default
[INFO] [stderr] 
[INFO] [stderr] warning: `sxurl` (lib) generated 2 warnings (run `cargo fix --lib -p sxurl` to apply 1 suggestion)
[INFO] [stderr] warning: `sxurl` (lib test) generated 2 warnings (1 duplicate)
[INFO] [stderr] warning: unused variable: `spec_bytes`
[INFO] [stderr]    --> src/main.rs:481:21
[INFO] [stderr]     |
[INFO] [stderr] 481 |                 let spec_bytes = spec_value.to_le_bytes();
[INFO] [stderr]     |                     ^^^^^^^^^^ help: if this is intentional, prefix it with an underscore: `_spec_bytes`
[INFO] [stderr]     |
[INFO] [stderr]     = note: `#[warn(unused_variables)]` (part of `#[warn(unused)]`) on by default
[INFO] [stderr] 
[INFO] [stderr] warning: unused variable: `spec_bytes_be`
[INFO] [stderr]    --> src/main.rs:482:21
[INFO] [stderr]     |
[INFO] [stderr] 482 |                 let spec_bytes_be = spec_value.to_be_bytes();
[INFO] [stderr]     |                     ^^^^^^^^^^^^^ help: if this is intentional, prefix it with an underscore: `_spec_bytes_be`
[INFO] [stderr] 
[INFO] [stderr] warning: `sxurl` (bin "sxurl") generated 2 warnings (run `cargo fix --bin "sxurl" -p sxurl` to apply 2 suggestions)
[INFO] [stderr] warning: `sxurl` (bin "sxurl" test) generated 2 warnings (2 duplicates)
[INFO] [stderr]     Finished `test` profile [unoptimized + debuginfo] target(s) in 0.24s
[INFO] [stderr]      Running unittests src/lib.rs (/opt/rustwide/target/debug/build/sxurl/a2feb3e1c7790718/out/sxurl-a2feb3e1c7790718)
[INFO] [stdout] 
[INFO] [stdout] running 80 tests
[INFO] [stdout] test core::decoder::tests::test_matches_component ... ok
[INFO] [stdout] test core::decoder::tests::test_round_trip ... ok
[INFO] [stdout] test core::decoder::tests::test_hex_slices ... ok
[INFO] [stdout] test core::decoder::tests::test_decode_invalid_hex ... ok
[INFO] [stdout] test core::encoder::tests::test_encode_url_with_params ... ok
[INFO] [stdout] test core::encoder::tests::test_encode_url_basic ... ok
[INFO] [stdout] test core::encoder::tests::test_domain_sxurl_different_schemes ... ok
[INFO] [stdout] test core::encoder::tests::test_domain_sxurl_with_complex_tld ... ok
[INFO] [stdout] test core::decoder::tests::test_decode_wrong_length ... ok
[INFO] [stdout] test core::encoder::tests::test_compute_component_hashes_efficiency ... ok
[INFO] [stdout] test core::encoder::tests::test_idna_encoding ... ok
[INFO] [stdout] test core::decoder::tests::test_decode_with_flags ... ok
[INFO] [stdout] test core::encoder::tests::test_encode_domain_to_hex_basic ... ok
[INFO] [stdout] test core::encoder::tests::test_normalize_and_encode ... ok
[INFO] [stdout] test core::encoder::tests::test_domain_vs_full_sxurl_comparison ... ok
[INFO] [stdout] test core::encoder::tests::test_domain_sxurl_same_domain_different_paths ... ok
[INFO] [stdout] test core::hasher::tests::test_empty_components ... ok
[INFO] [stdout] test core::hasher::tests::test_extract_lower_bits ... ok
[INFO] [stdout] test core::hasher::tests::test_component_hashers ... ok
[INFO] [stdout] test core::encoder::tests::test_encode_url_to_hex ... ok
[INFO] [stdout] test core::hasher::tests::test_different_labels_produce_different_hashes ... ok
[INFO] [stdout] test core::encoder::tests::test_psl_integration ... ok
[INFO] [stdout] test core::encoder::tests::test_encoder_default ... ok
[INFO] [stdout] test core::hasher::tests::test_basic_hashing ... ok
[INFO] [stdout] test core::hasher::tests::test_sxurl_test_vector_hash ... ok
[INFO] [stdout] test core::packer::tests::test_pack_sxurl_with_params ... ok
[INFO] [stdout] test core::packer::tests::test_sxurl_hex_conversion ... ok
[INFO] [stdout] test core::packer::tests::test_v2_format_positions ... ok
[INFO] [stdout] test error::tests::test_error_display ... ok
[INFO] [stdout] test error::tests::test_error_equality ... ok
[INFO] [stdout] test error::tests::test_url_parse_error_conversion ... ok
[INFO] [stdout] test types::tests::test_sxurl_header_creation ... ok
[INFO] [stdout] test types::tests::test_url_components ... ok
[INFO] [stdout] test core::hasher::tests::test_known_hash_values ... ok
[INFO] [stdout] test core::matcher::tests::test_sxurl_contains_working ... ok
[INFO] [stdout] test core::encoder::tests::test_encoder_struct ... ok
[INFO] [stdout] test core::packer::tests::test_pack_sxurl_basic ... ok
[INFO] [stdout] test types::tests::test_v2_flag_packing ... ok
[INFO] [stdout] test url::normalizer::tests::test_dns_label_validation ... ok
[INFO] [stdout] test core::encoder::tests::test_host_extraction_from_full_sxurl ... ok
[INFO] [stdout] test url::normalizer::tests::test_extract_components_with_empty_parts ... ok
[INFO] [stdout] test core::hasher::tests::test_bit_width_limits ... ok
[INFO] [stdout] test core::encoder::tests::test_encode_invalid_scheme ... ok
[INFO] [stdout] test url::normalizer::tests::test_host_normalization ... ok
[INFO] [stdout] test url::psl::tests::test_complex_tld ... ok
[INFO] [stdout] test core::encoder::tests::test_domain_sxurl_header_flags ... ok
[INFO] [stdout] test types::tests::test_scheme_codes ... ok
[INFO] [stdout] test url::normalizer::tests::test_normalize_basic_url ... ok
[INFO] [stdout] test types::tests::test_scheme_from_code ... ok
[INFO] [stdout] test url::normalizer::tests::test_host_validation ... ok
[INFO] [stdout] test url::normalizer::tests::test_normalize_preserves_raw_components ... ok
[INFO] [stdout] test core::decoder::tests::test_decode_basic ... ok
[INFO] [stdout] test url::psl::tests::test_complex_tld_with_subdomain ... ok
[INFO] [stdout] test url::normalizer::tests::test_invalid_scheme ... ok
[INFO] [stdout] test url::psl::tests::test_extract_url_components ... ok
[INFO] [stdout] test url::psl::tests::test_fallback_splitting ... ok
[INFO] [stdout] test url::utils::tests::test_get_path_segments ... ok
[INFO] [stdout] test url::utils::tests::test_get_query_value ... ok
[INFO] [stdout] test url::psl::tests::test_minimal_domain ... ok
[INFO] [stdout] test url::utils::tests::test_get_filename ... ok
[INFO] [stdout] test url::utils::tests::test_get_url_component ... ok
[INFO] [stdout] test url::utils::tests::test_join_url_path ... ok
[INFO] [stdout] test core::encoder::tests::test_domain_sxurl_different_subdomains ... ok
[INFO] [stdout] test core::hasher::tests::test_hash_extraction_verification ... ok
[INFO] [stdout] test url::utils::tests::test_parse_query ... ok
[INFO] [stdout] test url::normalizer::tests::test_extract_raw_components ... ok
[INFO] [stdout] test url::utils::tests::test_split_domain ... ok
[INFO] [stdout] test url::utils::tests::test_split_url_complete ... ok
[INFO] [stdout] test url::utils::tests::test_split_url_minimal ... ok
[INFO] [stdout] test url::utils::tests::test_strip_url_component ... ok
[INFO] [stdout] test url::utils::tests::test_url_checks ... ok
[INFO] [stdout] test url::psl::tests::test_international_domain ... ok
[INFO] [stdout] test url::psl::tests::test_multi_level_subdomain ... ok
[INFO] [stdout] test url::psl::tests::test_simple_domain_splitting ... ok
[INFO] [stdout] test url::psl::tests::test_subdomain_splitting ... ok
[INFO] [stdout] test url::utils::tests::test_anchor_operations ... ok
[INFO] [stdout] test url::utils::tests::test_component_functions_consistency ... ok
[INFO] [stdout] test core::hasher::tests::test_v2_bit_widths ... ok
[INFO] [stderr]      Running unittests src/main.rs (/opt/rustwide/target/debug/build/sxurl/48183bd4a3373b22/out/sxurl-48183bd4a3373b22)
[INFO] [stdout] test core::matcher::tests::test_sxurl_convenience_functions ... ok
[INFO] [stdout] test types::tests::test_url_components_empty ... ok
[INFO] [stdout] 
[INFO] [stdout] test result: ok. 80 passed; 0 failed; 0 ignored; 0 measured; 0 filtered out; finished in 0.05s
[INFO] [stdout] 
[INFO] [stdout] 
[INFO] [stdout] running 0 tests
[INFO] [stdout] 
[INFO] [stdout] test result: ok. 0 passed; 0 failed; 0 ignored; 0 measured; 0 filtered out; finished in 0.00s
[INFO] [stdout] 
[INFO] [stderr]      Running tests/hash_tests.rs (/opt/rustwide/target/debug/build/sxurl/40a5492446da3906/out/hash_tests-40a5492446da3906)
[INFO] [stdout] 
[INFO] [stdout] running 9 tests
[INFO] [stdout] test test_all_spec_hash_values ... ok
[INFO] [stdout] test test_hash_collision_resistance ... ok
[INFO] [stdout] test test_hash_extraction_methods ... ok
[INFO] [stdout] test test_manual_hash_calculation ... ok
[INFO] [stdout] test test_component_hasher_determinism ... ok
[INFO] [stdout] test test_empty_string_hashes ... ok
[INFO] [stdout] test test_hash_endianness ... ok
[INFO] [stdout] test test_bit_width_error_handling ... ok
[INFO] [stdout] test test_bit_width_edge_cases ... ok
[INFO] [stdout] 
[INFO] [stdout] test result: ok. 9 passed; 0 failed; 0 ignored; 0 measured; 0 filtered out; finished in 0.04s
[INFO] [stdout] 
[INFO] [stderr]      Running tests/integration_tests.rs (/opt/rustwide/target/debug/build/sxurl/6058eb94ed2f5a19/out/integration_tests-6058eb94ed2f5a19)
[INFO] [stdout] 
[INFO] [stdout] running 21 tests
[INFO] [stdout] test test_idna_domains ... ok
[INFO] [stdout] test test_bit_width_masking ... ok
[INFO] [stdout] test test_complex_urls ... ok
[INFO] [stdout] test test_empty_components ... ok
[INFO] [stdout] test test_encoder_api ... ok
[INFO] [stdout] test test_hex_validation ... ok
[INFO] [stdout] test test_invalid_schemes ... ok
[INFO] [stdout] test test_header_with_flags ... ok
[INFO] [stdout] test test_hash_consistency ... ok
[INFO] [stdout] test test_header_construction ... ok
[INFO] [stdout] test test_hash_label_separation ... ok
[INFO] [stdout] test test_spec_compliance ... ok
[INFO] [stdout] test test_url_normalization ... ok
[INFO] [stdout] test test_round_trip_consistency ... ok
[INFO] [stdout] test test_spec_hash_vectors ... ok
[INFO] [stdout] test test_docs_rs_complete_sxurl ... ok
[INFO] [stdout] test test_valid_schemes ... ok
[INFO] [stdout] test test_hex_slice_positions ... ok
[INFO] [stdout] test test_port_handling ... ok
[INFO] [stdout] test test_psl_domain_splitting ... ok
[INFO] [stdout] test test_hex_conversion ... ok
[INFO] [stdout] 
[INFO] [stdout] test result: ok. 21 passed; 0 failed; 0 ignored; 0 measured; 0 filtered out; finished in 0.01s
[INFO] [stdout] 
[INFO] [stderr]      Running tests/packing_tests.rs (/opt/rustwide/target/debug/build/sxurl/56599395171ffa79/out/packing_tests-56599395171ffa79)
[INFO] [stdout] 
[INFO] [stdout] running 12 tests
[INFO] [stdout] test test_empty_component_packing ... ok
[INFO] [stdout] test test_flag_bits_exact ... ok
[INFO] [stdout] test test_sxurl_length ... ok
[INFO] [stdout] test test_bit_packing_determinism ... ok
[INFO] [stdout] test test_invalid_hex_input ... ok
[INFO] [stdout] test test_hex_character_validity ... ok
[INFO] [stdout] test test_port_encoding ... ok
[INFO] [stdout] test test_spec_compliance_exact ... ok
[INFO] [stdout] test test_header_packing ... ok
[INFO] [stdout] test test_valid_hex_input ... ok
[INFO] [stdout] test test_hex_round_trip ... ok
[INFO] [stdout] test test_hex_slice_boundaries ... ok
[INFO] [stdout] 
[INFO] [stdout] test result: ok. 12 passed; 0 failed; 0 ignored; 0 measured; 0 filtered out; finished in 0.00s
[INFO] [stdout] 
[INFO] [stderr]      Running tests/url_tests.rs (/opt/rustwide/target/debug/build/sxurl/2400bb694c065152/out/url_tests-2400bb694c065152)
[INFO] [stdout] 
[INFO] [stdout] running 14 tests
[INFO] [stdout] test test_url_components_new ... ok
[INFO] [stderr]      Running tests/utils_tests.rs (/opt/rustwide/target/debug/build/sxurl/acbafcff86acbf85/out/utils_tests-acbafcff86acbf85)
[INFO] [stdout] test test_fragment_preservation ... ok
[INFO] [stdout] test test_complex_real_world_urls ... ok
[INFO] [stdout] test test_component_extraction ... ok
[INFO] [stdout] test test_host_validation ... ok
[INFO] [stdout] test test_default_ports ... ok
[INFO] [stdout] test test_query_preservation ... ok
[INFO] [stdout] test test_case_insensitive_normalization ... ok
[INFO] [stdout] test test_invalid_urls ... ok
[INFO] [stdout] test test_scheme_validation ... ok
[INFO] [stdout] test test_url_normalization_basic ... ok
[INFO] [stdout] test test_url_normalization_idna ... ok
[INFO] [stdout] test test_ip_address_rejection ... ok
[INFO] [stdout] test test_path_preservation ... ok
[INFO] [stdout] 
[INFO] [stdout] test result: ok. 14 passed; 0 failed; 0 ignored; 0 measured; 0 filtered out; finished in 0.02s
[INFO] [stdout] 
[INFO] [stdout] 
[INFO] [stdout] running 7 tests
[INFO] [stdout] test test_scheme_detection ... ok
[INFO] [stdout] test test_url_joining ... ok
[INFO] [stdout] test test_complex_domains ... ok
[INFO] [stdout] test test_query_parameter_parsing ... ok
[INFO] [stdout] test test_anchor_operations ... ok
[INFO] [stdout] test test_url_parsing_integration ... ok
[INFO] [stderr]    Doc-tests sxurl
[INFO] [stdout] test test_empty_components ... ok
[INFO] [stdout] 
[INFO] [stdout] test result: ok. 7 passed; 0 failed; 0 ignored; 0 measured; 0 filtered out; finished in 0.11s
[INFO] [stdout] 
[INFO] [stdout] 
[INFO] [stdout] running 27 tests
[INFO] [stdout] test src/core/encoder.rs - core::encoder::encode_url (line 95) ... ok
[INFO] [stdout] test src/url/utils.rs - url::utils::get_anchor (line 231) ... ok
[INFO] [stdout] test src/url/utils.rs - url::utils::get_path_segments (line 137) ... ok
[INFO] [stdout] test src/core/decoder.rs - core::decoder::matches_component (line 204) ... FAILED
[INFO] [stdout] test src/core/encoder.rs - core::encoder::encode_host_to_hex (line 172) ... FAILED
[INFO] [stdout] test src/url/utils.rs - url::utils::get_filename (line 159) ... ok
[INFO] [stdout] test src/core/matcher.rs - core::matcher::sxurl_contains (line 28) ... ok
[INFO] [stdout] test src/core/encoder.rs - core::encoder::extract_host_from_full_sxurl (line 288) ... ok
[INFO] [stdout] test src/core/encoder.rs - core::encoder::extract_host_from_full_bytes (line 340) ... ok
[INFO] [stdout] test src/core/matcher.rs - core::matcher::sxurl_has_domain (line 114) ... ok
[INFO] [stdout] test src/core/matcher.rs - core::matcher::sxurl_has_tld (line 144) ... ok
[INFO] [stdout] test src/core/matcher.rs - core::matcher::sxurl_has_subdomain (line 129) ... ok
[INFO] [stdout] test src/core/encoder.rs - core::encoder::encode_url_to_hex (line 127) ... FAILED
[INFO] [stdout] test src/lib.rs - (line 18) ... ok
[INFO] [stdout] test src/core/decoder.rs - core::decoder::decode_hex (line 83) ... FAILED
[INFO] [stdout] test src/url/utils.rs - url::utils::parse_query (line 189) ... ok
[INFO] [stdout] test src/url/utils.rs - url::utils::has_anchor (line 322) ... ok
[INFO] [stdout] test src/url/utils.rs - url::utils::join_url_path (line 267) ... ok
[INFO] [stdout] test src/url/utils.rs - url::utils::get_query_value (line 211) ... ok
[INFO] [stdout] test src/url/utils.rs - url::utils::strip_anchor (line 249) ... ok
[INFO] [stdout] test src/core/encoder.rs - core::encoder::encode_host_to_hex (line 201) ... FAILED
[INFO] [stdout] test src/url/utils.rs - url::utils::split_domain (line 105) ... ok
[INFO] [stdout] test src/url/utils.rs - url::utils::is_https (line 294) ... ok
[INFO] [stdout] test src/url/utils.rs - url::utils::get_url_component (line 349) ... ok
[INFO] [stdout] test src/url/utils.rs - url::utils::strip_url_component (line 408) ... ok
[INFO] [stdout] test src/url/utils.rs - url::utils::has_query (line 308) ... ok
[INFO] [stdout] test src/url/utils.rs - url::utils::split_url (line 42) ... ok
[INFO] [stdout] 
[INFO] [stdout] failures:
[INFO] [stdout] 
[INFO] [stdout] ---- src/core/decoder.rs - core::decoder::matches_component (line 204) stdout ----
[INFO] [stdout] Test executable failed (exit status: 101).
[INFO] [stdout] 
[INFO] [stdout] stderr:
[INFO] [stdout] 
[INFO] [stdout] thread 'main' (2100) panicked at src/core/decoder.rs:9:1:
[INFO] [stdout] assertion failed: is_rs_tld
[INFO] [stdout] stack backtrace:
[INFO] [stdout]    0:     0x6178d370fa81 - std[617be2ca0a6fd877]::backtrace_rs::backtrace::libunwind::trace
[INFO] [stdout]                                at /rustc/e3feeb59cd1bdd011a2bfcc0747b55125d9b8527/library/std/src/../../backtrace/src/backtrace/libunwind.rs:117:9
[INFO] [stdout]    1:     0x6178d370fa81 - std[617be2ca0a6fd877]::backtrace_rs::backtrace::trace_unsynchronized::<std[617be2ca0a6fd877]::sys::backtrace::_print_fmt::{closure#1}>
[INFO] [stdout]                                at /rustc/e3feeb59cd1bdd011a2bfcc0747b55125d9b8527/library/std/src/../../backtrace/src/backtrace/mod.rs:66:14
[INFO] [stdout]    2:     0x6178d370fa81 - std[617be2ca0a6fd877]::sys::backtrace::_print_fmt
[INFO] [stdout]                                at /rustc/e3feeb59cd1bdd011a2bfcc0747b55125d9b8527/library/std/src/sys/backtrace.rs:74:9
[INFO] [stdout]    3:     0x6178d370fa81 - <<std[617be2ca0a6fd877]::sys::backtrace::BacktraceLock>::print::DisplayBacktrace as core[a373ad73a504971]::fmt::Display>::fmt
[INFO] [stdout]                                at /rustc/e3feeb59cd1bdd011a2bfcc0747b55125d9b8527/library/std/src/sys/backtrace.rs:44:26
[INFO] [stdout]    4:     0x6178d371fcba - <core[a373ad73a504971]::fmt::rt::Argument>::fmt
[INFO] [stdout]                                at /rustc/e3feeb59cd1bdd011a2bfcc0747b55125d9b8527/library/core/src/fmt/rt.rs:152:76
[INFO] [stdout]    5:     0x6178d371fcba - core[a373ad73a504971]::fmt::write
[INFO] [stdout]    6:     0x6178d3712aec - core[a373ad73a504971]::io::write::default_write_fmt::<std[617be2ca0a6fd877]::sys::stdio::unix::Stderr>
[INFO] [stdout]                                at /rustc/e3feeb59cd1bdd011a2bfcc0747b55125d9b8527/library/core/src/io/write.rs:402:11
[INFO] [stdout]    7:     0x6178d3712aec - <std[617be2ca0a6fd877]::sys::stdio::unix::Stderr as core[a373ad73a504971]::io::write::Write>::write_fmt
[INFO] [stdout]                                at /rustc/e3feeb59cd1bdd011a2bfcc0747b55125d9b8527/library/core/src/io/write.rs:335:13
[INFO] [stdout]    8:     0x6178d36f9e26 - <std[617be2ca0a6fd877]::sys::backtrace::BacktraceLock>::print
[INFO] [stdout]                                at /rustc/e3feeb59cd1bdd011a2bfcc0747b55125d9b8527/library/std/src/sys/backtrace.rs:47:9
[INFO] [stdout]    9:     0x6178d36f9e26 - std[617be2ca0a6fd877]::panicking::default_hook::{closure#0}
[INFO] [stdout]                                at /rustc/e3feeb59cd1bdd011a2bfcc0747b55125d9b8527/library/std/src/panicking.rs:289:27
[INFO] [stdout]   10:     0x6178d370c4a1 - std[617be2ca0a6fd877]::panicking::default_hook
[INFO] [stdout]                                at /rustc/e3feeb59cd1bdd011a2bfcc0747b55125d9b8527/library/std/src/panicking.rs:316:9
[INFO] [stdout]   11:     0x6178d370c65b - std[617be2ca0a6fd877]::panicking::panic_with_hook
[INFO] [stdout]                                at /rustc/e3feeb59cd1bdd011a2bfcc0747b55125d9b8527/library/std/src/panicking.rs:811:13
[INFO] [stdout]   12:     0x6178d36f9f04 - std[617be2ca0a6fd877]::panicking::panic_handler::{closure#0}
[INFO] [stdout]                                at /rustc/e3feeb59cd1bdd011a2bfcc0747b55125d9b8527/library/std/src/panicking.rs:678:13
[INFO] [stdout]   13:     0x6178d36f30d9 - std[617be2ca0a6fd877]::sys::backtrace::__rust_end_short_backtrace::<std[617be2ca0a6fd877]::panicking::panic_handler::{closure#0}, !>
[INFO] [stdout]                                at /rustc/e3feeb59cd1bdd011a2bfcc0747b55125d9b8527/library/std/src/sys/backtrace.rs:182:18
[INFO] [stdout]   14:     0x6178d36fa61d - __rustc[ea4f61d10b84890b]::rust_begin_unwind
[INFO] [stdout]                                at /rustc/e3feeb59cd1bdd011a2bfcc0747b55125d9b8527/library/std/src/panicking.rs:676:5
[INFO] [stdout]   15:     0x6178d37203ec - core[a373ad73a504971]::panicking::panic_fmt
[INFO] [stdout]                                at /rustc/e3feeb59cd1bdd011a2bfcc0747b55125d9b8527/library/core/src/panicking.rs:80:14
[INFO] [stdout]   16:     0x6178d37203b2 - core[a373ad73a504971]::panicking::panic
[INFO] [stdout]                                at /rustc/e3feeb59cd1bdd011a2bfcc0747b55125d9b8527/library/core/src/panicking.rs:150:5
[INFO] [stdout]   17:     0x6178d36d6b3e - rust_out[72a830746f8703f]::main::_doctest_main_src_core_decoder_rs_204_0
[INFO] [stdout]   18:     0x6178d36d6a56 - rust_out[72a830746f8703f]::main
[INFO] [stdout]   19:     0x6178d36d6e0b - <fn() as core[a373ad73a504971]::ops::function::FnOnce<()>>::call_once
[INFO] [stdout]   20:     0x6178d36d6a1e - std[617be2ca0a6fd877]::sys::backtrace::__rust_begin_short_backtrace::<fn(), ()>
[INFO] [stdout]   21:     0x6178d36d6a29 - std[617be2ca0a6fd877]::rt::lang_start::<()>::{closure#0}
[INFO] [stdout]   22:     0x6178d370bc48 - <&dyn core[a373ad73a504971]::ops::function::Fn<(), Output = i32> + core[a373ad73a504971]::marker::Sync + core[a373ad73a504971]::panic::unwind_safe::RefUnwindSafe as core[a373ad73a504971]::ops::function::FnOnce<()>>::call_once
[INFO] [stdout]                                at /rustc/e3feeb59cd1bdd011a2bfcc0747b55125d9b8527/library/core/src/ops/function.rs:287:21
[INFO] [stdout]   23:     0x6178d370bc48 - std[617be2ca0a6fd877]::panicking::catch_unwind::do_call::<&dyn core[a373ad73a504971]::ops::function::Fn<(), Output = i32> + core[a373ad73a504971]::marker::Sync + core[a373ad73a504971]::panic::unwind_safe::RefUnwindSafe, i32>
[INFO] [stdout]                                at /rustc/e3feeb59cd1bdd011a2bfcc0747b55125d9b8527/library/std/src/panicking.rs:573:43
[INFO] [stdout]   24:     0x6178d370bc48 - std[617be2ca0a6fd877]::panicking::catch_unwind::<i32, &dyn core[a373ad73a504971]::ops::function::Fn<(), Output = i32> + core[a373ad73a504971]::marker::Sync + core[a373ad73a504971]::panic::unwind_safe::RefUnwindSafe>
[INFO] [stdout]                                at /rustc/e3feeb59cd1bdd011a2bfcc0747b55125d9b8527/library/std/src/panicking.rs:541:19
[INFO] [stdout]   25:     0x6178d370bc48 - std[617be2ca0a6fd877]::panic::catch_unwind::<&dyn core[a373ad73a504971]::ops::function::Fn<(), Output = i32> + core[a373ad73a504971]::marker::Sync + core[a373ad73a504971]::panic::unwind_safe::RefUnwindSafe, i32>
[INFO] [stdout]                                at /rustc/e3feeb59cd1bdd011a2bfcc0747b55125d9b8527/library/std/src/panic.rs:359:14
[INFO] [stdout]   26:     0x6178d370bc48 - std[617be2ca0a6fd877]::rt::lang_start_internal::{closure#0}
[INFO] [stdout]                                at /rustc/e3feeb59cd1bdd011a2bfcc0747b55125d9b8527/library/std/src/rt.rs:175:24
[INFO] [stdout]   27:     0x6178d370bc48 - std[617be2ca0a6fd877]::panicking::catch_unwind::do_call::<std[617be2ca0a6fd877]::rt::lang_start_internal::{closure#0}, isize>
[INFO] [stdout]                                at /rustc/e3feeb59cd1bdd011a2bfcc0747b55125d9b8527/library/std/src/panicking.rs:573:43
[INFO] [stdout]   28:     0x6178d370bc48 - std[617be2ca0a6fd877]::panicking::catch_unwind::<isize, std[617be2ca0a6fd877]::rt::lang_start_internal::{closure#0}>
[INFO] [stdout]                                at /rustc/e3feeb59cd1bdd011a2bfcc0747b55125d9b8527/library/std/src/panicking.rs:541:19
[INFO] [stdout]   29:     0x6178d370bc48 - std[617be2ca0a6fd877]::panic::catch_unwind::<std[617be2ca0a6fd877]::rt::lang_start_internal::{closure#0}, isize>
[INFO] [stdout]                                at /rustc/e3feeb59cd1bdd011a2bfcc0747b55125d9b8527/library/std/src/panic.rs:359:14
[INFO] [stdout]   30:     0x6178d370bc48 - std[617be2ca0a6fd877]::rt::lang_start_internal
[INFO] [stdout]                                at /rustc/e3feeb59cd1bdd011a2bfcc0747b55125d9b8527/library/std/src/rt.rs:171:5
[INFO] [stdout]   31:     0x6178d36d6a11 - std[617be2ca0a6fd877]::rt::lang_start::<()>
[INFO] [stdout]   32:     0x6178d36d6e45 - main
[INFO] [stdout]   33:     0x718bf25da601 - <unknown>
[INFO] [stdout]   34:     0x718bf25da718 - __libc_start_main
[INFO] [stdout]   35:     0x6178d36d6925 - _start
[INFO] [stdout]   36:                0x0 - <unknown>
[INFO] [stdout] 
[INFO] [stdout] 
[INFO] [stdout] ---- src/core/encoder.rs - core::encoder::encode_host_to_hex (line 172) stdout ----
[INFO] [stdout] error[E0432]: unresolved import `sxurl::encode_domain_to_hex`
[INFO] [stdout]    --> src/core/encoder.rs:174:5
[INFO] [stdout]     |
[INFO] [stdout] 174 | use sxurl::encode_domain_to_hex;
[INFO] [stdout]     |     ^^^^^^^--------------------
[INFO] [stdout]     |            |
[INFO] [stdout]     |            no `encode_domain_to_hex` in the root
[INFO] [stdout]     |
[INFO] [stdout] help: a similar name exists in the module
[INFO] [stdout]     |
[INFO] [stdout] 174 - use sxurl::encode_domain_to_hex;
[INFO] [stdout] 174 + use sxurl::encode_host_to_hex;
[INFO] [stdout]     |
[INFO] [stdout] 
[INFO] [stdout] error: aborting due to 1 previous error
[INFO] [stdout] 
[INFO] [stdout] For more information about this error, try `rustc --explain E0432`.
[INFO] [stdout] Couldn't compile the test.
[INFO] [stdout] ---- src/core/encoder.rs - core::encoder::encode_url_to_hex (line 127) stdout ----
[INFO] [stdout] Test executable failed (exit status: 101).
[INFO] [stdout] 
[INFO] [stdout] stderr:
[INFO] [stdout] 
[INFO] [stdout] thread 'main' (2185) panicked at src/core/encoder.rs:9:1:
[INFO] [stdout] assertion failed: sxurl_hex.starts_with("100")
[INFO] [stdout] stack backtrace:
[INFO] [stdout]    0:     0x618f09de4371 - std[617be2ca0a6fd877]::backtrace_rs::backtrace::libunwind::trace
[INFO] [stdout]                                at /rustc/e3feeb59cd1bdd011a2bfcc0747b55125d9b8527/library/std/src/../../backtrace/src/backtrace/libunwind.rs:117:9
[INFO] [stdout]    1:     0x618f09de4371 - std[617be2ca0a6fd877]::backtrace_rs::backtrace::trace_unsynchronized::<std[617be2ca0a6fd877]::sys::backtrace::_print_fmt::{closure#1}>
[INFO] [stdout]                                at /rustc/e3feeb59cd1bdd011a2bfcc0747b55125d9b8527/library/std/src/../../backtrace/src/backtrace/mod.rs:66:14
[INFO] [stdout]    2:     0x618f09de4371 - std[617be2ca0a6fd877]::sys::backtrace::_print_fmt
[INFO] [stdout]                                at /rustc/e3feeb59cd1bdd011a2bfcc0747b55125d9b8527/library/std/src/sys/backtrace.rs:74:9
[INFO] [stdout]    3:     0x618f09de4371 - <<std[617be2ca0a6fd877]::sys::backtrace::BacktraceLock>::print::DisplayBacktrace as core[a373ad73a504971]::fmt::Display>::fmt
[INFO] [stdout]                                at /rustc/e3feeb59cd1bdd011a2bfcc0747b55125d9b8527/library/std/src/sys/backtrace.rs:44:26
[INFO] [stdout]    4:     0x618f09df5dca - <core[a373ad73a504971]::fmt::rt::Argument>::fmt
[INFO] [stdout]                                at /rustc/e3feeb59cd1bdd011a2bfcc0747b55125d9b8527/library/core/src/fmt/rt.rs:152:76
[INFO] [stdout]    5:     0x618f09df5dca - core[a373ad73a504971]::fmt::write
[INFO] [stdout]    6:     0x618f09de740c - core[a373ad73a504971]::io::write::default_write_fmt::<std[617be2ca0a6fd877]::sys::stdio::unix::Stderr>
[INFO] [stdout]                                at /rustc/e3feeb59cd1bdd011a2bfcc0747b55125d9b8527/library/core/src/io/write.rs:402:11
[INFO] [stdout]    7:     0x618f09de740c - <std[617be2ca0a6fd877]::sys::stdio::unix::Stderr as core[a373ad73a504971]::io::write::Write>::write_fmt
[INFO] [stdout]                                at /rustc/e3feeb59cd1bdd011a2bfcc0747b55125d9b8527/library/core/src/io/write.rs:335:13
[INFO] [stdout]    8:     0x618f09dce716 - <std[617be2ca0a6fd877]::sys::backtrace::BacktraceLock>::print
[INFO] [stdout]                                at /rustc/e3feeb59cd1bdd011a2bfcc0747b55125d9b8527/library/std/src/sys/backtrace.rs:47:9
[INFO] [stdout]    9:     0x618f09dce716 - std[617be2ca0a6fd877]::panicking::default_hook::{closure#0}
[INFO] [stdout]                                at /rustc/e3feeb59cd1bdd011a2bfcc0747b55125d9b8527/library/std/src/panicking.rs:289:27
[INFO] [stdout]   10:     0x618f09de0d91 - std[617be2ca0a6fd877]::panicking::default_hook
[INFO] [stdout]                                at /rustc/e3feeb59cd1bdd011a2bfcc0747b55125d9b8527/library/std/src/panicking.rs:316:9
[INFO] [stdout]   11:     0x618f09de0f4b - std[617be2ca0a6fd877]::panicking::panic_with_hook
[INFO] [stdout]                                at /rustc/e3feeb59cd1bdd011a2bfcc0747b55125d9b8527/library/std/src/panicking.rs:811:13
[INFO] [stdout]   12:     0x618f09dce7f4 - std[617be2ca0a6fd877]::panicking::panic_handler::{closure#0}
[INFO] [stdout]                                at /rustc/e3feeb59cd1bdd011a2bfcc0747b55125d9b8527/library/std/src/panicking.rs:678:13
[INFO] [stdout]   13:     0x618f09dc79c9 - std[617be2ca0a6fd877]::sys::backtrace::__rust_end_short_backtrace::<std[617be2ca0a6fd877]::panicking::panic_handler::{closure#0}, !>
[INFO] [stdout]                                at /rustc/e3feeb59cd1bdd011a2bfcc0747b55125d9b8527/library/std/src/sys/backtrace.rs:182:18
[INFO] [stdout]   14:     0x618f09dcef0d - __rustc[ea4f61d10b84890b]::rust_begin_unwind
[INFO] [stdout]                                at /rustc/e3feeb59cd1bdd011a2bfcc0747b55125d9b8527/library/std/src/panicking.rs:676:5
[INFO] [stdout]   15:     0x618f09df657c - core[a373ad73a504971]::panicking::panic_fmt
[INFO] [stdout]                                at /rustc/e3feeb59cd1bdd011a2bfcc0747b55125d9b8527/library/core/src/panicking.rs:80:14
[INFO] [stdout]   16:     0x618f09df6542 - core[a373ad73a504971]::panicking::panic
[INFO] [stdout]                                at /rustc/e3feeb59cd1bdd011a2bfcc0747b55125d9b8527/library/core/src/panicking.rs:150:5
[INFO] [stdout]   17:     0x618f09ae7388 - rust_out[72a830746f8703f]::main::_doctest_main_src_core_encoder_rs_127_0
[INFO] [stdout]   18:     0x618f09ae71d6 - rust_out[72a830746f8703f]::main
[INFO] [stdout]   19:     0x618f09ae7693 - <fn() as core[a373ad73a504971]::ops::function::FnOnce<()>>::call_once
[INFO] [stdout]   20:     0x618f09ae719e - std[617be2ca0a6fd877]::sys::backtrace::__rust_begin_short_backtrace::<fn(), ()>
[INFO] [stdout]   21:     0x618f09ae71a9 - std[617be2ca0a6fd877]::rt::lang_start::<()>::{closure#0}
[INFO] [stdout]   22:     0x618f09de0538 - <&dyn core[a373ad73a504971]::ops::function::Fn<(), Output = i32> + core[a373ad73a504971]::marker::Sync + core[a373ad73a504971]::panic::unwind_safe::RefUnwindSafe as core[a373ad73a504971]::ops::function::FnOnce<()>>::call_once
[INFO] [stdout]                                at /rustc/e3feeb59cd1bdd011a2bfcc0747b55125d9b8527/library/core/src/ops/function.rs:287:21
[INFO] [stdout]   23:     0x618f09de0538 - std[617be2ca0a6fd877]::panicking::catch_unwind::do_call::<&dyn core[a373ad73a504971]::ops::function::Fn<(), Output = i32> + core[a373ad73a504971]::marker::Sync + core[a373ad73a504971]::panic::unwind_safe::RefUnwindSafe, i32>
[INFO] [stdout]                                at /rustc/e3feeb59cd1bdd011a2bfcc0747b55125d9b8527/library/std/src/panicking.rs:573:43
[INFO] [stdout]   24:     0x618f09de0538 - std[617be2ca0a6fd877]::panicking::catch_unwind::<i32, &dyn core[a373ad73a504971]::ops::function::Fn<(), Output = i32> + core[a373ad73a504971]::marker::Sync + core[a373ad73a504971]::panic::unwind_safe::RefUnwindSafe>
[INFO] [stdout]                                at /rustc/e3feeb59cd1bdd011a2bfcc0747b55125d9b8527/library/std/src/panicking.rs:541:19
[INFO] [stdout]   25:     0x618f09de0538 - std[617be2ca0a6fd877]::panic::catch_unwind::<&dyn core[a373ad73a504971]::ops::function::Fn<(), Output = i32> + core[a373ad73a504971]::marker::Sync + core[a373ad73a504971]::panic::unwind_safe::RefUnwindSafe, i32>
[INFO] [stdout]                                at /rustc/e3feeb59cd1bdd011a2bfcc0747b55125d9b8527/library/std/src/panic.rs:359:14
[INFO] [stdout]   26:     0x618f09de0538 - std[617be2ca0a6fd877]::rt::lang_start_internal::{closure#0}
[INFO] [stdout]                                at /rustc/e3feeb59cd1bdd011a2bfcc0747b55125d9b8527/library/std/src/rt.rs:175:24
[INFO] [stdout]   27:     0x618f09de0538 - std[617be2ca0a6fd877]::panicking::catch_unwind::do_call::<std[617be2ca0a6fd877]::rt::lang_start_internal::{closure#0}, isize>
[INFO] [stdout]                                at /rustc/e3feeb59cd1bdd011a2bfcc0747b55125d9b8527/library/std/src/panicking.rs:573:43
[INFO] [stdout]   28:     0x618f09de0538 - std[617be2ca0a6fd877]::panicking::catch_unwind::<isize, std[617be2ca0a6fd877]::rt::lang_start_internal::{closure#0}>
[INFO] [stdout]                                at /rustc/e3feeb59cd1bdd011a2bfcc0747b55125d9b8527/library/std/src/panicking.rs:541:19
[INFO] [stdout]   29:     0x618f09de0538 - std[617be2ca0a6fd877]::panic::catch_unwind::<std[617be2ca0a6fd877]::rt::lang_start_internal::{closure#0}, isize>
[INFO] [stdout]                                at /rustc/e3feeb59cd1bdd011a2bfcc0747b55125d9b8527/library/std/src/panic.rs:359:14
[INFO] [stdout]   30:     0x618f09de0538 - std[617be2ca0a6fd877]::rt::lang_start_internal
[INFO] [stdout]                                at /rustc/e3feeb59cd1bdd011a2bfcc0747b55125d9b8527/library/std/src/rt.rs:171:5
[INFO] [stdout]   31:     0x618f09ae7191 - std[617be2ca0a6fd877]::rt::lang_start::<()>
[INFO] [stdout]   32:     0x618f09ae76d5 - main
[INFO] [stdout]   33:     0x70b1af5dd601 - <unknown>
[INFO] [stdout]   34:     0x70b1af5dd718 - __libc_start_main
[INFO] [stdout]   35:     0x618f09ae70a5 - _start
[INFO] [stdout]   36:                0x0 - <unknown>
[INFO] [stdout] 
[INFO] [stdout] 
[INFO] [stdout] ---- src/core/decoder.rs - core::decoder::decode_hex (line 83) stdout ----
[INFO] [stdout] Test executable failed (exit status: 101).
[INFO] [stdout] 
[INFO] [stdout] stderr:
[INFO] [stdout] 
[INFO] [stdout] thread 'main' (2163) panicked at src/core/decoder.rs:9:1:
[INFO] [stdout] assertion `left == right` failed
[INFO] [stdout]   left: "http"
[INFO] [stdout]  right: "https"
[INFO] [stdout] stack backtrace:
[INFO] [stdout]    0:     0x5e994708d5e1 - std[617be2ca0a6fd877]::backtrace_rs::backtrace::libunwind::trace
[INFO] [stdout]                                at /rustc/e3feeb59cd1bdd011a2bfcc0747b55125d9b8527/library/std/src/../../backtrace/src/backtrace/libunwind.rs:117:9
[INFO] [stdout]    1:     0x5e994708d5e1 - std[617be2ca0a6fd877]::backtrace_rs::backtrace::trace_unsynchronized::<std[617be2ca0a6fd877]::sys::backtrace::_print_fmt::{closure#1}>
[INFO] [stdout]                                at /rustc/e3feeb59cd1bdd011a2bfcc0747b55125d9b8527/library/std/src/../../backtrace/src/backtrace/mod.rs:66:14
[INFO] [stdout]    2:     0x5e994708d5e1 - std[617be2ca0a6fd877]::sys::backtrace::_print_fmt
[INFO] [stdout]                                at /rustc/e3feeb59cd1bdd011a2bfcc0747b55125d9b8527/library/std/src/sys/backtrace.rs:74:9
[INFO] [stdout]    3:     0x5e994708d5e1 - <<std[617be2ca0a6fd877]::sys::backtrace::BacktraceLock>::print::DisplayBacktrace as core[a373ad73a504971]::fmt::Display>::fmt
[INFO] [stdout]                                at /rustc/e3feeb59cd1bdd011a2bfcc0747b55125d9b8527/library/std/src/sys/backtrace.rs:44:26
[INFO] [stdout]    4:     0x5e994709d81a - <core[a373ad73a504971]::fmt::rt::Argument>::fmt
[INFO] [stdout]                                at /rustc/e3feeb59cd1bdd011a2bfcc0747b55125d9b8527/library/core/src/fmt/rt.rs:152:76
[INFO] [stdout]    5:     0x5e994709d81a - core[a373ad73a504971]::fmt::write
[INFO] [stdout]    6:     0x5e994709064c - core[a373ad73a504971]::io::write::default_write_fmt::<std[617be2ca0a6fd877]::sys::stdio::unix::Stderr>
[INFO] [stdout]                                at /rustc/e3feeb59cd1bdd011a2bfcc0747b55125d9b8527/library/core/src/io/write.rs:402:11
[INFO] [stdout]    7:     0x5e994709064c - <std[617be2ca0a6fd877]::sys::stdio::unix::Stderr as core[a373ad73a504971]::io::write::Write>::write_fmt
[INFO] [stdout]                                at /rustc/e3feeb59cd1bdd011a2bfcc0747b55125d9b8527/library/core/src/io/write.rs:335:13
[INFO] [stdout]    8:     0x5e9947077986 - <std[617be2ca0a6fd877]::sys::backtrace::BacktraceLock>::print
[INFO] [stdout]                                at /rustc/e3feeb59cd1bdd011a2bfcc0747b55125d9b8527/library/std/src/sys/backtrace.rs:47:9
[INFO] [stdout]    9:     0x5e9947077986 - std[617be2ca0a6fd877]::panicking::default_hook::{closure#0}
[INFO] [stdout]                                at /rustc/e3feeb59cd1bdd011a2bfcc0747b55125d9b8527/library/std/src/panicking.rs:289:27
[INFO] [stdout]   10:     0x5e994708a001 - std[617be2ca0a6fd877]::panicking::default_hook
[INFO] [stdout]                                at /rustc/e3feeb59cd1bdd011a2bfcc0747b55125d9b8527/library/std/src/panicking.rs:316:9
[INFO] [stdout]   11:     0x5e994708a1bb - std[617be2ca0a6fd877]::panicking::panic_with_hook
[INFO] [stdout]                                at /rustc/e3feeb59cd1bdd011a2bfcc0747b55125d9b8527/library/std/src/panicking.rs:811:13
[INFO] [stdout]   12:     0x5e9947077a32 - std[617be2ca0a6fd877]::panicking::panic_handler::{closure#0}
[INFO] [stdout]                                at /rustc/e3feeb59cd1bdd011a2bfcc0747b55125d9b8527/library/std/src/panicking.rs:685:13
[INFO] [stdout]   13:     0x5e9947070c39 - std[617be2ca0a6fd877]::sys::backtrace::__rust_end_short_backtrace::<std[617be2ca0a6fd877]::panicking::panic_handler::{closure#0}, !>
[INFO] [stdout]                                at /rustc/e3feeb59cd1bdd011a2bfcc0747b55125d9b8527/library/std/src/sys/backtrace.rs:182:18
[INFO] [stdout]   14:     0x5e994707817d - __rustc[ea4f61d10b84890b]::rust_begin_unwind
[INFO] [stdout]                                at /rustc/e3feeb59cd1bdd011a2bfcc0747b55125d9b8527/library/std/src/panicking.rs:676:5
[INFO] [stdout]   15:     0x5e994709df4c - core[a373ad73a504971]::panicking::panic_fmt
[INFO] [stdout]                                at /rustc/e3feeb59cd1bdd011a2bfcc0747b55125d9b8527/library/core/src/panicking.rs:80:14
[INFO] [stdout]   16:     0x5e994709de63 - core[a373ad73a504971]::panicking::assert_failed_inner
[INFO] [stdout]                                at /rustc/e3feeb59cd1bdd011a2bfcc0747b55125d9b8527/library/core/src/panicking.rs:452:17
[INFO] [stdout]   17:     0x5e994705fe15 - core[a373ad73a504971]::panicking::assert_failed::<alloc[2e1b2a31b91974c5]::string::String, &str>
[INFO] [stdout]   18:     0x5e994705ffd1 - rust_out[72a830746f8703f]::main::_doctest_main_src_core_decoder_rs_83_0
[INFO] [stdout]   19:     0x5e994705fe56 - rust_out[72a830746f8703f]::main
[INFO] [stdout]   20:     0x5e9947060323 - <fn() as core[a373ad73a504971]::ops::function::FnOnce<()>>::call_once
[INFO] [stdout]   21:     0x5e994705fe1e - std[617be2ca0a6fd877]::sys::backtrace::__rust_begin_short_backtrace::<fn(), ()>
[INFO] [stdout]   22:     0x5e994705fe29 - std[617be2ca0a6fd877]::rt::lang_start::<()>::{closure#0}
[INFO] [stdout]   23:     0x5e99470897a8 - <&dyn core[a373ad73a504971]::ops::function::Fn<(), Output = i32> + core[a373ad73a504971]::marker::Sync + core[a373ad73a504971]::panic::unwind_safe::RefUnwindSafe as core[a373ad73a504971]::ops::function::FnOnce<()>>::call_once
[INFO] [stdout]                                at /rustc/e3feeb59cd1bdd011a2bfcc0747b55125d9b8527/library/core/src/ops/function.rs:287:21
[INFO] [stdout]   24:     0x5e99470897a8 - std[617be2ca0a6fd877]::panicking::catch_unwind::do_call::<&dyn core[a373ad73a504971]::ops::function::Fn<(), Output = i32> + core[a373ad73a504971]::marker::Sync + core[a373ad73a504971]::panic::unwind_safe::RefUnwindSafe, i32>
[INFO] [stdout]                                at /rustc/e3feeb59cd1bdd011a2bfcc0747b55125d9b8527/library/std/src/panicking.rs:573:43
[INFO] [stdout]   25:     0x5e99470897a8 - std[617be2ca0a6fd877]::panicking::catch_unwind::<i32, &dyn core[a373ad73a504971]::ops::function::Fn<(), Output = i32> + core[a373ad73a504971]::marker::Sync + core[a373ad73a504971]::panic::unwind_safe::RefUnwindSafe>
[INFO] [stdout]                                at /rustc/e3feeb59cd1bdd011a2bfcc0747b55125d9b8527/library/std/src/panicking.rs:541:19
[INFO] [stdout]   26:     0x5e99470897a8 - std[617be2ca0a6fd877]::panic::catch_unwind::<&dyn core[a373ad73a504971]::ops::function::Fn<(), Output = i32> + core[a373ad73a504971]::marker::Sync + core[a373ad73a504971]::panic::unwind_safe::RefUnwindSafe, i32>
[INFO] [stdout]                                at /rustc/e3feeb59cd1bdd011a2bfcc0747b55125d9b8527/library/std/src/panic.rs:359:14
[INFO] [stdout]   27:     0x5e99470897a8 - std[617be2ca0a6fd877]::rt::lang_start_internal::{closure#0}
[INFO] [stdout]                                at /rustc/e3feeb59cd1bdd011a2bfcc0747b55125d9b8527/library/std/src/rt.rs:175:24
[INFO] [stdout]   28:     0x5e99470897a8 - std[617be2ca0a6fd877]::panicking::catch_unwind::do_call::<std[617be2ca0a6fd877]::rt::lang_start_internal::{closure#0}, isize>
[INFO] [stdout]                                at /rustc/e3feeb59cd1bdd011a2bfcc0747b55125d9b8527/library/std/src/panicking.rs:573:43
[INFO] [stdout]   29:     0x5e99470897a8 - std[617be2ca0a6fd877]::panicking::catch_unwind::<isize, std[617be2ca0a6fd877]::rt::lang_start_internal::{closure#0}>
[INFO] [stdout]                                at /rustc/e3feeb59cd1bdd011a2bfcc0747b55125d9b8527/library/std/src/panicking.rs:541:19
[INFO] [stdout]   30:     0x5e99470897a8 - std[617be2ca0a6fd877]::panic::catch_unwind::<std[617be2ca0a6fd877]::rt::lang_start_internal::{closure#0}, isize>
[INFO] [stdout]                                at /rustc/e3feeb59cd1bdd011a2bfcc0747b55125d9b8527/library/std/src/panic.rs:359:14
[INFO] [stdout]   31:     0x5e99470897a8 - std[617be2ca0a6fd877]::rt::lang_start_internal
[INFO] [stdout]                                at /rustc/e3feeb59cd1bdd011a2bfcc0747b55125d9b8527/library/std/src/rt.rs:171:5
[INFO] [stdout]   32:     0x5e994705fdd1 - std[617be2ca0a6fd877]::rt::lang_start::<()>
[INFO] [stdout]   33:     0x5e9947060365 - main
[INFO] [stdout]   34:     0x7422da9a5601 - <unknown>
[INFO] [stdout]   35:     0x7422da9a5718 - __libc_start_main
[INFO] [stdout]   36:     0x5e994705fce5 - _start
[INFO] [stdout]   37:                0x0 - <unknown>
[INFO] [stdout] 
[INFO] [stdout] 
[INFO] [stdout] ---- src/core/encoder.rs - core::encoder::encode_host_to_hex (line 201) stdout ----
[INFO] [stdout] error[E0432]: unresolved import `sxurl::encode_domain_to_hex`
[INFO] [stdout]    --> src/core/encoder.rs:204:5
[INFO] [stdout]     |
[INFO] [stdout] 204 | use sxurl::encode_domain_to_hex;
[INFO] [stdout]     |     ^^^^^^^--------------------
[INFO] [stdout]     |            |
[INFO] [stdout]     |            no `encode_domain_to_hex` in the root
[INFO] [stdout]     |
[INFO] [stdout] help: a similar name exists in the module
[INFO] [stdout]     |
[INFO] [stdout] 204 - use sxurl::encode_domain_to_hex;
[INFO] [stdout] 204 + use sxurl::encode_host_to_hex;
[INFO] [stdout]     |
[INFO] [stdout] 
[INFO] [stdout] error: aborting due to 1 previous error
[INFO] [stdout] 
[INFO] [stdout] For more information about this error, try `rustc --explain E0432`.
[INFO] [stdout] Couldn't compile the test.
[INFO] [stdout] 
[INFO] [stdout] failures:
[INFO] [stdout]     src/core/decoder.rs - core::decoder::decode_hex (line 83)
[INFO] [stdout]     src/core/decoder.rs - core::decoder::matches_component (line 204)
[INFO] [stdout]     src/core/encoder.rs - core::encoder::encode_host_to_hex (line 172)
[INFO] [stdout]     src/core/encoder.rs - core::encoder::encode_host_to_hex (line 201)
[INFO] [stdout]     src/core/encoder.rs - core::encoder::encode_url_to_hex (line 127)
[INFO] [stdout] 
[INFO] [stdout] test result: FAILED. 22 passed; 5 failed; 0 ignored; 0 measured; 0 filtered out; finished in 1.85s
[INFO] [stdout] 
[INFO] [stderr] error: doctest failed, to rerun pass `--doc`
[INFO] running `Command { std: "docker" "inspect" "5d189c789d7ec2b5ee1370133edaf4f111476184f3ed7253577f7142d483a481", kill_on_drop: false }`
[INFO] running `Command { std: "docker" "rm" "-f" "5d189c789d7ec2b5ee1370133edaf4f111476184f3ed7253577f7142d483a481", kill_on_drop: false }`
[INFO] [stdout] 5d189c789d7ec2b5ee1370133edaf4f111476184f3ed7253577f7142d483a481
