[INFO] fetching crate sword-web 0.4.1...
[INFO] testing sword-web-0.4.1 against 1.99.0-beta.8 for beta-1.100-2
[INFO] extracting crate sword-web 0.4.1 into /workspace/builds/worker-1-tc1/source
[INFO] started tweaking crates.io crate sword-web 0.4.1
[INFO] finished tweaking crates.io crate sword-web 0.4.1
[INFO] tweaked toml for crates.io crate sword-web 0.4.1 written to /workspace/builds/worker-1-tc1/source/Cargo.toml
[INFO] validating manifest of crates.io crate sword-web 0.4.1 on toolchain 1.99.0-beta.8
[INFO] running `Command { std: CARGO_HOME="/workspace/cargo-home" RUSTUP_HOME="/workspace/rustup-home" "/workspace/cargo-home/bin/cargo" "+1.99.0-beta.8" "metadata" "--manifest-path" "Cargo.toml" "--no-deps", kill_on_drop: false }`
[INFO] crate crates.io crate sword-web 0.4.1 already has a lockfile, it will not be regenerated
[INFO] running `Command { std: CARGO_HOME="/workspace/cargo-home" RUSTUP_HOME="/workspace/rustup-home" "/workspace/cargo-home/bin/cargo" "+1.99.0-beta.8" "fetch" "--manifest-path" "Cargo.toml", kill_on_drop: false }`
[INFO] [stderr]     Updating crates.io index
[INFO] [stderr]  Downloading crates ...
[INFO] [stderr]   Downloaded rust-embed-utils v8.11.0
[INFO] [stderr]   Downloaded rust-embed-impl v8.11.0
[INFO] [stderr]   Downloaded validator v0.21.0
[INFO] [stderr]   Downloaded sword-layers v0.4.1
[INFO] [stderr]   Downloaded tower-cookies v0.11.0
[INFO] [stderr]   Downloaded zlib-rs v0.6.3
[INFO] [stderr]   Downloaded sword-macros v0.4.1
[INFO] [stderr]   Downloaded thisconfig-macros v0.3.0
[INFO] [stderr]   Downloaded thisconfig v0.3.0
[INFO] [stderr]   Downloaded duration-str v0.20.0
[INFO] [stderr]   Downloaded sword-core v0.4.1
[INFO] [stderr]   Downloaded expect-json-macros v1.11.0
[INFO] [stderr]   Downloaded tower-http v0.7.1
[INFO] [stderr]   Downloaded byte-unit v5.2.5
[INFO] [stderr]   Downloaded utf8-width v0.1.8
[INFO] [stderr]   Downloaded axum_responses v0.5.5
[INFO] [stderr]   Downloaded axum_responses_macros v0.1.3
[INFO] [stderr]   Downloaded rust-multipart-rfc7578_2 v0.9.0
[INFO] [stderr]   Downloaded enum-ordinalize v4.4.2
[INFO] [stderr]   Downloaded bytesize v2.4.0
[INFO] [stderr]   Downloaded reserve-port v2.5.0
[INFO] [stderr]   Downloaded expect-json v1.11.0
[INFO] [stderr]   Downloaded typetag-impl v0.2.23
[INFO] [stderr]   Downloaded enum-ordinalize-derive v4.4.2
[INFO] [stderr]   Downloaded typetag v0.2.23
[INFO] [stderr]   Downloaded educe v0.7.6
[INFO] [stderr]   Downloaded axum-test v21.1.0
[INFO] [stderr]   Downloaded rust-embed v8.11.0
[INFO] running `Command { std: "docker" "create" "-v" "/var/lib/crater-agent-workspace/builds/worker-1-tc1/source:/opt/rustwide/workdir:ro,Z" "-v" "/var/lib/crater-agent-workspace/builds/worker-1-tc1/target:/opt/rustwide/target:rw,Z" "-v" "/var/lib/crater-agent-workspace/cargo-home:/opt/rustwide/cargo-home:ro,Z" "-v" "/var/lib/crater-agent-workspace/rustup-home:/opt/rustwide/rustup-home:ro,Z" "-m" "1610612736" "--network" "none" "ghcr.io/rust-lang/crates-build-env/linux@sha256:3111399a4047eeb3a02b7a90e478d715f38a8c6669b5c4b49d30a17385265909" "sleep" "infinity", kill_on_drop: false }`
[INFO] [stdout] 5ed4994db94f42cadd112a53653d2f78d5cc60d4ac4dde1e4b8451ec69f43606
[INFO] running `Command { std: "docker" "start" "5ed4994db94f42cadd112a53653d2f78d5cc60d4ac4dde1e4b8451ec69f43606", kill_on_drop: false }`
[INFO] running `Command { std: "docker" "inspect" "5ed4994db94f42cadd112a53653d2f78d5cc60d4ac4dde1e4b8451ec69f43606", kill_on_drop: false }`
[INFO] running `Command { std: "docker" "exec" "-e" "SOURCE_DIR=/opt/rustwide/workdir" "-e" "CARGO_HOME=/opt/rustwide/cargo-home" "-e" "RUSTUP_HOME=/opt/rustwide/rustup-home" "-e" "CARGO_TARGET_DIR=/opt/rustwide/target" "-w" "/opt/rustwide/workdir" "--user" "0:0" "5ed4994db94f42cadd112a53653d2f78d5cc60d4ac4dde1e4b8451ec69f43606" "/opt/rustwide/cargo-home/bin/cargo" "+1.99.0-beta.8" "metadata" "--no-deps" "--format-version=1", kill_on_drop: false }`
[INFO] running `Command { std: "docker" "inspect" "5ed4994db94f42cadd112a53653d2f78d5cc60d4ac4dde1e4b8451ec69f43606", kill_on_drop: false }`
[INFO] running `Command { std: "docker" "exec" "-e" "SOURCE_DIR=/opt/rustwide/workdir" "-e" "CARGO_HOME=/opt/rustwide/cargo-home" "-e" "RUSTUP_HOME=/opt/rustwide/rustup-home" "-e" "CARGO_TARGET_DIR=/opt/rustwide/target" "-e" "CARGO_INCREMENTAL=0" "-e" "RUST_BACKTRACE=full" "-e" "RUSTFLAGS=--cap-lints=warn" "-e" "RUSTDOCFLAGS=--cap-lints=warn" "-w" "/opt/rustwide/workdir" "--user" "0:0" "5ed4994db94f42cadd112a53653d2f78d5cc60d4ac4dde1e4b8451ec69f43606" "/opt/rustwide/cargo-home/bin/cargo" "+1.99.0-beta.8" "build" "--frozen" "--message-format=json", kill_on_drop: false }`
[INFO] [stderr]    Compiling serde_core v1.0.229
[INFO] [stderr]    Compiling getrandom v0.2.17
[INFO] [stderr]    Compiling smallvec v1.16.0
[INFO] [stderr]    Compiling tokio-macros v2.7.2
[INFO] [stderr]    Compiling futures-channel v0.3.34
[INFO] [stderr]    Compiling num-traits v0.2.19
[INFO] [stderr]    Compiling subtle v2.6.1
[INFO] [stderr]    Compiling serde_json v1.0.151
[INFO] [stderr]    Compiling tracing v0.1.44
[INFO] [stderr]    Compiling tracing-core v0.1.36
[INFO] [stderr]    Compiling rand_core v0.6.4
[INFO] [stderr]    Compiling crypto-common v0.1.7
[INFO] [stderr]    Compiling parking_lot_core v0.9.12
[INFO] [stderr]    Compiling zerocopy v0.8.56
[INFO] [stderr]    Compiling time-macros v0.2.29
[INFO] [stderr]    Compiling serde v1.0.229
[INFO] [stderr]    Compiling inout v0.1.4
[INFO] [stderr]    Compiling parking_lot v0.12.5
[INFO] [stderr]    Compiling futures-task v0.3.34
[INFO] [stderr]    Compiling rust_decimal v1.42.1
[INFO] [stderr]    Compiling tokio v1.53.1
[INFO] [stderr]    Compiling slab v0.4.12
[INFO] [stderr]    Compiling chrono v0.4.45
[INFO] [stderr]    Compiling futures-util v0.3.34
[INFO] [stderr]    Compiling time v0.3.49
[INFO] [stderr]    Compiling digest v0.10.7
[INFO] [stderr]    Compiling cipher v0.4.4
[INFO] [stderr]    Compiling universal-hash v0.5.1
[INFO] [stderr]    Compiling serde_path_to_error v0.1.20
[INFO] [stderr]    Compiling polyval v0.6.2
[INFO] [stderr]    Compiling thiserror v2.0.20
[INFO] [stderr]    Compiling hyper v1.11.1
[INFO] [stderr]    Compiling serde_urlencoded v0.7.1
[INFO] [stderr]    Compiling tower v0.5.3
[INFO] [stderr]    Compiling axum-core v0.5.6
[INFO] [stderr]    Compiling ghash v0.5.1
[INFO] [stderr]    Compiling ctr v0.9.2
[INFO] [stderr]    Compiling aes v0.8.4
[INFO] [stderr]    Compiling serde_spanned v1.1.1
[INFO] [stderr]    Compiling hyper-util v0.1.20
[INFO] [stderr]    Compiling toml_datetime v0.7.5+spec-1.1.0
[INFO] [stderr]    Compiling hmac v0.12.1
[INFO] [stderr]    Compiling aead v0.5.2
[INFO] [stderr]    Compiling cookie v0.18.2
[INFO] [stderr]    Compiling utf8-width v0.1.8
[INFO] [stderr]    Compiling regex-automata v0.4.14
[INFO] [stderr]    Compiling toml v0.9.12+spec-1.1.0
[INFO] [stderr]    Compiling byte-unit v5.2.5
[INFO] [stderr]    Compiling ppv-lite86 v0.2.21
[INFO] [stderr]    Compiling aes-gcm v0.10.3
[INFO] [stderr]    Compiling hkdf v0.12.4
[INFO] [stderr]    Compiling getrandom v0.4.3
[INFO] [stderr]    Compiling duration-str v0.20.0
[INFO] [stderr]    Compiling sha2 v0.10.9
[INFO] [stderr]    Compiling rand_chacha v0.3.1
[INFO] [stderr]    Compiling axum v0.8.9
[INFO] [stderr]    Compiling rand v0.8.6
[INFO] [stderr]    Compiling thisconfig-macros v0.3.0
[INFO] [stderr]    Compiling regex-lite v0.1.9
[INFO] [stderr]    Compiling uuid v1.26.0
[INFO] [stderr]    Compiling thisconfig v0.3.0
[INFO] [stderr]    Compiling tracing-serde v0.2.0
[INFO] [stderr]    Compiling tracing-log v0.2.0
[INFO] [stderr]    Compiling tower-http v0.7.1
[INFO] [stderr]    Compiling async-stream-impl v0.3.6
[INFO] [stderr]    Compiling matchers v0.2.0
[INFO] [stderr]    Compiling tracing-subscriber v0.3.23
[INFO] [stderr]    Compiling tower-cookies v0.11.0
[INFO] [stderr]    Compiling async-stream v0.3.6
[INFO] [stderr]    Compiling tokio-stream v0.1.19
[INFO] [stderr]    Compiling axum_responses_macros v0.1.3
[INFO] [stderr]    Compiling sword-macros v0.4.1
[INFO] [stderr]    Compiling axum_responses v0.5.5
[INFO] [stderr]    Compiling sword-core v0.4.1
[INFO] [stderr]    Compiling sword-layers v0.4.1
[INFO] [stderr]    Compiling sword-web v0.4.1 (/opt/rustwide/workdir)
[INFO] [stderr]     Finished `dev` profile [unoptimized + debuginfo] target(s) in 1m 23s
[INFO] running `Command { std: "docker" "inspect" "5ed4994db94f42cadd112a53653d2f78d5cc60d4ac4dde1e4b8451ec69f43606", kill_on_drop: false }`
[INFO] running `Command { std: "docker" "exec" "-e" "SOURCE_DIR=/opt/rustwide/workdir" "-e" "CARGO_HOME=/opt/rustwide/cargo-home" "-e" "RUSTUP_HOME=/opt/rustwide/rustup-home" "-e" "CARGO_TARGET_DIR=/opt/rustwide/target" "-e" "CARGO_INCREMENTAL=0" "-e" "RUST_BACKTRACE=full" "-e" "RUSTFLAGS=--cap-lints=warn" "-e" "RUSTDOCFLAGS=--cap-lints=warn" "-w" "/opt/rustwide/workdir" "--user" "0:0" "5ed4994db94f42cadd112a53653d2f78d5cc60d4ac4dde1e4b8451ec69f43606" "/opt/rustwide/cargo-home/bin/cargo" "+1.99.0-beta.8" "test" "--frozen" "--no-run" "--message-format=json", kill_on_drop: false }`
[INFO] [stderr]    Compiling serde v1.0.229
[INFO] [stderr]    Compiling tracing v0.1.44
[INFO] [stderr]    Compiling zerovec-derive v0.11.3
[INFO] [stderr]    Compiling displaydoc v0.2.6
[INFO] [stderr]    Compiling futures-util v0.3.34
[INFO] [stderr]    Compiling getrandom v0.4.3
[INFO] [stderr]    Compiling aho-corasick v1.1.4
[INFO] [stderr]    Compiling hyper v1.11.1
[INFO] [stderr]    Compiling axum-core v0.5.6
[INFO] [stderr]    Compiling zerotrie v0.2.4
[INFO] [stderr]    Compiling rust_decimal v1.42.1
[INFO] [stderr]    Compiling serde_urlencoded v0.7.1
[INFO] [stderr]    Compiling zerovec v0.11.6
[INFO] [stderr]    Compiling hyper-util v0.1.20
[INFO] [stderr]    Compiling regex-automata v0.4.14
[INFO] [stderr]    Compiling typeid v1.0.3
[INFO] [stderr]    Compiling axum v0.8.9
[INFO] [stderr]    Compiling uuid v1.26.0
[INFO] [stderr]    Compiling tinystr v0.8.3
[INFO] [stderr]    Compiling icu_locale_core v2.2.0
[INFO] [stderr]    Compiling potential_utf v0.1.5
[INFO] [stderr]    Compiling icu_collections v2.2.0
[INFO] [stderr]    Compiling erased-serde v0.4.10
[INFO] [stderr]    Compiling byte-unit v5.2.5
[INFO] [stderr]    Compiling duration-str v0.20.0
[INFO] [stderr]    Compiling num-bigint v0.4.8
[INFO] [stderr]    Compiling thisconfig-macros v0.3.0
[INFO] [stderr]    Compiling tower v0.5.3
[INFO] [stderr]    Compiling typetag v0.2.23
[INFO] [stderr]    Compiling thisconfig v0.3.0
[INFO] [stderr]    Compiling icu_provider v2.2.0
[INFO] [stderr]    Compiling icu_properties v2.2.0
[INFO] [stderr]    Compiling icu_normalizer v2.2.0
[INFO] [stderr]    Compiling chacha20 v0.10.2
[INFO] [stderr]    Compiling tracing-serde v0.2.0
[INFO] [stderr]    Compiling num-rational v0.4.2
[INFO] [stderr]    Compiling typetag-impl v0.2.23
[INFO] [stderr]    Compiling enum-ordinalize-derive v4.4.2
[INFO] [stderr]    Compiling tower-http v0.7.1
[INFO] [stderr]    Compiling idna_adapter v1.2.2
[INFO] [stderr]    Compiling idna v1.1.0
[INFO] [stderr]    Compiling enum-ordinalize v4.4.2
[INFO] [stderr]    Compiling num v0.4.3
[INFO] [stderr]    Compiling rand v0.10.2
[INFO] [stderr]    Compiling matchers v0.2.0
[INFO] [stderr]    Compiling tracing-subscriber v0.3.23
[INFO] [stderr]    Compiling regex v1.12.4
[INFO] [stderr]    Compiling tower-cookies v0.11.0
[INFO] [stderr]    Compiling email_address v0.2.9
[INFO] [stderr]    Compiling async-stream-impl v0.3.6
[INFO] [stderr]    Compiling expect-json-macros v1.11.0
[INFO] [stderr]    Compiling diff v0.1.13
[INFO] [stderr]    Compiling yansi v1.0.1
[INFO] [stderr]    Compiling expect-json v1.11.0
[INFO] [stderr]    Compiling async-stream v0.3.6
[INFO] [stderr]    Compiling rust-multipart-rfc7578_2 v0.9.0
[INFO] [stderr]    Compiling url v2.5.8
[INFO] [stderr]    Compiling pretty_assertions v1.4.1
[INFO] [stderr]    Compiling educe v0.7.6
[INFO] [stderr]    Compiling reserve-port v2.5.0
[INFO] [stderr]    Compiling axum_responses_macros v0.1.3
[INFO] [stderr]    Compiling sword-macros v0.4.1
[INFO] [stderr]    Compiling bytesize v2.4.0
[INFO] [stderr]    Compiling axum_responses v0.5.5
[INFO] [stderr]    Compiling sword-core v0.4.1
[INFO] [stderr]    Compiling axum-test v21.1.0
[INFO] [stderr]    Compiling sword-layers v0.4.1
[INFO] [stderr]    Compiling sword-web v0.4.1 (/opt/rustwide/workdir)
[INFO] [stderr]     Finished `test` profile [unoptimized + debuginfo] target(s) in 1m 17s
[INFO] running `Command { std: "docker" "inspect" "5ed4994db94f42cadd112a53653d2f78d5cc60d4ac4dde1e4b8451ec69f43606", kill_on_drop: false }`
[INFO] running `Command { std: "docker" "exec" "-e" "SOURCE_DIR=/opt/rustwide/workdir" "-e" "CARGO_HOME=/opt/rustwide/cargo-home" "-e" "RUSTUP_HOME=/opt/rustwide/rustup-home" "-e" "CARGO_TARGET_DIR=/opt/rustwide/target" "-e" "CARGO_INCREMENTAL=0" "-e" "RUST_BACKTRACE=full" "-e" "RUSTFLAGS=--cap-lints=warn" "-e" "RUSTDOCFLAGS=--cap-lints=warn" "-w" "/opt/rustwide/workdir" "--user" "0:0" "5ed4994db94f42cadd112a53653d2f78d5cc60d4ac4dde1e4b8451ec69f43606" "/opt/rustwide/cargo-home/bin/cargo" "+1.99.0-beta.8" "test" "--frozen", kill_on_drop: false }`
[INFO] [stderr]     Finished `test` profile [unoptimized + debuginfo] target(s) in 0.38s
[INFO] [stderr]      Running unittests src/lib.rs (/opt/rustwide/target/debug/deps/sword_web-41d11f4ede5f1e66)
[INFO] [stdout] 
[INFO] [stderr]    Doc-tests sword_web
[INFO] [stdout] running 0 tests
[INFO] [stdout] 
[INFO] [stdout] test result: ok. 0 passed; 0 failed; 0 ignored; 0 measured; 0 filtered out; finished in 0.00s
[INFO] [stdout] 
[INFO] [stdout] 
[INFO] [stdout] running 8 tests
[INFO] [stdout] test src/controller.rs - controller::WebController (line 19) ... ignored
[INFO] [stdout] test src/request/mod.rs - request::Request::body (line 230) ... ignored
[INFO] [stdout] test src/request/mod.rs - request::Request::cookies (line 360) ... ignored
[INFO] [stdout] test src/request/mod.rs - request::Request::query (line 297) ... ignored
[INFO] [stdout] test src/response/sse.rs - response::sse (line 9) ... ignored
[INFO] [stdout] test src/response/json.rs - response::json::JsonResponse (line 20) ... FAILED
[INFO] [stdout] test src/response/redirect.rs - response::redirect::Redirect (line 12) ... FAILED
[INFO] [stdout] test src/response/file.rs - response::file::File (line 11) ... FAILED
[INFO] [stdout] 
[INFO] [stdout] failures:
[INFO] [stdout] 
[INFO] [stdout] ---- src/response/json.rs - response::json::JsonResponse (line 20) stdout ----
[INFO] [stdout] error[E0432]: unresolved import `axum_responses`
[INFO] [stdout]   --> src/response/json.rs:21:5
[INFO] [stdout]    |
[INFO] [stdout] 21 | use axum_responses::JsonResponse;
[INFO] [stdout]    |     ^^^^^^^^^^^^^^ use of unresolved module or unlinked crate `axum_responses`
[INFO] [stdout]    |
[INFO] [stdout]    = help: if you wanted to use a crate named `axum_responses`, use `cargo add axum_responses` to add it to your `Cargo.toml`
[INFO] [stdout] 
[INFO] [stdout] error: aborting due to 1 previous error
[INFO] [stdout] 
[INFO] [stdout] For more information about this error, try `rustc --explain E0432`.
[INFO] [stdout] Couldn't compile the test.
[INFO] [stdout] ---- src/response/redirect.rs - response::redirect::Redirect (line 12) stdout ----
[INFO] [stdout] error[E0432]: unresolved import `axum_responses`
[INFO] [stdout]   --> src/response/redirect.rs:13:5
[INFO] [stdout]    |
[INFO] [stdout] 13 | use axum_responses::Redirect;
[INFO] [stdout]    |     ^^^^^^^^^^^^^^ use of unresolved module or unlinked crate `axum_responses`
[INFO] [stdout]    |
[INFO] [stdout]    = help: if you wanted to use a crate named `axum_responses`, use `cargo add axum_responses` to add it to your `Cargo.toml`
[INFO] [stdout] 
[INFO] [stdout] error: aborting due to 1 previous error
[INFO] [stdout] 
[INFO] [stdout] For more information about this error, try `rustc --explain E0432`.
[INFO] [stdout] Couldn't compile the test.
[INFO] [stdout] ---- src/response/file.rs - response::file::File (line 11) stdout ----
[INFO] [stdout] error[E0432]: unresolved import `axum_responses`
[INFO] [stdout]   --> src/response/file.rs:12:5
[INFO] [stdout]    |
[INFO] [stdout] 12 | use axum_responses::{File, ContentDisposition};
[INFO] [stdout]    |     ^^^^^^^^^^^^^^ use of unresolved module or unlinked crate `axum_responses`
[INFO] [stdout]    |
[INFO] [stdout]    = help: if you wanted to use a crate named `axum_responses`, use `cargo add axum_responses` to add it to your `Cargo.toml`
[INFO] [stdout] 
[INFO] [stdout] error: aborting due to 1 previous error
[INFO] [stdout] 
[INFO] [stdout] For more information about this error, try `rustc --explain E0432`.
[INFO] [stdout] Couldn't compile the test.
[INFO] [stdout] 
[INFO] [stdout] failures:
[INFO] [stdout]     src/response/file.rs - response::file::File (line 11)
[INFO] [stdout]     src/response/json.rs - response::json::JsonResponse (line 20)
[INFO] [stdout]     src/response/redirect.rs - response::redirect::Redirect (line 12)
[INFO] [stdout] 
[INFO] [stdout] test result: FAILED. 0 passed; 3 failed; 5 ignored; 0 measured; 0 filtered out; finished in 0.25s
[INFO] [stdout] 
[INFO] [stdout] all doctests ran in 0.44s; merged doctests compilation took 0.19s
[INFO] [stderr] error: doctest failed, to rerun pass `--doc`
[INFO] running `Command { std: "docker" "inspect" "5ed4994db94f42cadd112a53653d2f78d5cc60d4ac4dde1e4b8451ec69f43606", kill_on_drop: false }`
[INFO] running `Command { std: "docker" "rm" "-f" "5ed4994db94f42cadd112a53653d2f78d5cc60d4ac4dde1e4b8451ec69f43606", kill_on_drop: false }`
[INFO] [stdout] 5ed4994db94f42cadd112a53653d2f78d5cc60d4ac4dde1e4b8451ec69f43606
