[INFO] fetching crate swamp-script-eval 0.1.10...
[INFO] testing swamp-script-eval-0.1.10 against 1.100.0-beta.1 for beta-1.100-2
[INFO] extracting crate swamp-script-eval 0.1.10 into /workspace/builds/worker-0-tc2/source
[INFO] started tweaking crates.io crate swamp-script-eval 0.1.10
[INFO] removed 0 missing tests
[INFO] finished tweaking crates.io crate swamp-script-eval 0.1.10
[INFO] tweaked toml for crates.io crate swamp-script-eval 0.1.10 written to /workspace/builds/worker-0-tc2/source/Cargo.toml
[INFO] validating manifest of crates.io crate swamp-script-eval 0.1.10 on toolchain 1.100.0-beta.1
[INFO] running `Command { std: CARGO_HOME="/workspace/cargo-home" RUSTUP_HOME="/workspace/rustup-home" "/workspace/cargo-home/bin/cargo" "+1.100.0-beta.1" "metadata" "--manifest-path" "Cargo.toml" "--no-deps", kill_on_drop: false }`
[INFO] crate crates.io crate swamp-script-eval 0.1.10 already has a lockfile, it will not be regenerated
[INFO] running `Command { std: CARGO_HOME="/workspace/cargo-home" RUSTUP_HOME="/workspace/rustup-home" "/workspace/cargo-home/bin/cargo" "+1.100.0-beta.1" "fetch" "--manifest-path" "Cargo.toml", kill_on_drop: false }`
[INFO] running `Command { std: "docker" "create" "-v" "/var/lib/crater-agent-workspace/builds/worker-0-tc2/source:/opt/rustwide/workdir:ro,Z" "-v" "/var/lib/crater-agent-workspace/builds/worker-0-tc2/target:/opt/rustwide/target:rw,Z" "-v" "/var/lib/crater-agent-workspace/cargo-home:/opt/rustwide/cargo-home:ro,Z" "-v" "/var/lib/crater-agent-workspace/rustup-home:/opt/rustwide/rustup-home:ro,Z" "-m" "1610612736" "--network" "none" "ghcr.io/rust-lang/crates-build-env/linux@sha256:3111399a4047eeb3a02b7a90e478d715f38a8c6669b5c4b49d30a17385265909" "sleep" "infinity", kill_on_drop: false }`
[INFO] [stdout] a00a4c2d779542d39c43c6f34dfc96044d7348ed7744d78dfae3553b704bab11
[INFO] running `Command { std: "docker" "start" "a00a4c2d779542d39c43c6f34dfc96044d7348ed7744d78dfae3553b704bab11", kill_on_drop: false }`
[INFO] running `Command { std: "docker" "inspect" "a00a4c2d779542d39c43c6f34dfc96044d7348ed7744d78dfae3553b704bab11", kill_on_drop: false }`
[INFO] running `Command { std: "docker" "exec" "-e" "SOURCE_DIR=/opt/rustwide/workdir" "-e" "CARGO_HOME=/opt/rustwide/cargo-home" "-e" "RUSTUP_HOME=/opt/rustwide/rustup-home" "-e" "CARGO_TARGET_DIR=/opt/rustwide/target" "-w" "/opt/rustwide/workdir" "--user" "0:0" "a00a4c2d779542d39c43c6f34dfc96044d7348ed7744d78dfae3553b704bab11" "/opt/rustwide/cargo-home/bin/cargo" "+1.100.0-beta.1" "metadata" "--no-deps" "--format-version=1", kill_on_drop: false }`
[INFO] running `Command { std: "docker" "inspect" "a00a4c2d779542d39c43c6f34dfc96044d7348ed7744d78dfae3553b704bab11", kill_on_drop: false }`
[INFO] running `Command { std: "docker" "exec" "-e" "SOURCE_DIR=/opt/rustwide/workdir" "-e" "CARGO_HOME=/opt/rustwide/cargo-home" "-e" "RUSTUP_HOME=/opt/rustwide/rustup-home" "-e" "CARGO_TARGET_DIR=/opt/rustwide/target" "-e" "CARGO_INCREMENTAL=0" "-e" "RUST_BACKTRACE=full" "-e" "RUSTFLAGS=--cap-lints=warn" "-e" "RUSTDOCFLAGS=--cap-lints=warn" "-w" "/opt/rustwide/workdir" "--user" "0:0" "a00a4c2d779542d39c43c6f34dfc96044d7348ed7744d78dfae3553b704bab11" "/opt/rustwide/cargo-home/bin/cargo" "+1.100.0-beta.1" "build" "--frozen" "--message-format=json", kill_on_drop: false }`
[INFO] [stderr]    Compiling regex-syntax v0.8.5
[INFO] [stderr]    Compiling anstyle v1.0.10
[INFO] [stderr]    Compiling seq-map v0.0.13
[INFO] [stderr]    Compiling colorchoice v1.0.3
[INFO] [stderr]    Compiling anstyle-query v1.1.2
[INFO] [stderr]    Compiling is_terminal_polyfill v1.70.1
[INFO] [stderr]    Compiling anstyle-parse v0.2.6
[INFO] [stderr]    Compiling env_filter v0.1.3
[INFO] [stderr]    Compiling seq-fmt v0.0.1
[INFO] [stderr]    Compiling swamp-script-node v0.1.10
[INFO] [stderr]    Compiling fixed32 v0.0.17
[INFO] [stderr]    Compiling tiny-ver v0.1.2
[INFO] [stderr]    Compiling pathdiff v0.2.3
[INFO] [stderr]    Compiling syn v2.0.98
[INFO] [stderr]    Compiling sparse-slot v0.0.4
[INFO] [stderr]    Compiling squirrel-prng v0.0.1
[INFO] [stderr]    Compiling anstream v0.6.18
[INFO] [stderr]    Compiling env_logger v0.11.6
[INFO] [stderr]    Compiling regex-automata v0.4.9
[INFO] [stderr]    Compiling regex v1.11.1
[INFO] [stderr]    Compiling tracing-attributes v0.1.28
[INFO] [stderr]    Compiling test-log-macros v0.2.17
[INFO] [stderr]    Compiling tracing v0.1.41
[INFO] [stderr]    Compiling tracing-subscriber v0.3.19
[INFO] [stderr]    Compiling swamp-script-types v0.1.10
[INFO] [stderr]    Compiling swamp-script-semantic v0.1.10
[INFO] [stderr]    Compiling swamp-script-core-extra v0.1.10
[INFO] [stderr]    Compiling test-log v0.2.17
[INFO] [stderr]    Compiling swamp-script-source-map v0.1.10
[INFO] [stderr]    Compiling swamp-script-source-map-lookup v0.1.10
[INFO] [stderr]    Compiling swamp-script-eval v0.1.10 (/opt/rustwide/workdir)
[INFO] [stdout] warning: unused variable: `found`
[INFO] [stdout]     --> src/lib.rs:1191:37
[INFO] [stdout]      |
[INFO] [stdout] 1191 |                         if let Some(ref found) = maybe_value {
[INFO] [stdout]      |                                     ^^^^^^^^^ help: if this is intentional, prefix it with an underscore: `_found`
[INFO] [stdout]      |
[INFO] [stdout]      = note: `#[warn(unused_variables)]` (part of `#[warn(unused)]`) on by default
[INFO] [stdout] 
[INFO] [stdout] 
[INFO] [stdout] warning: variable does not need to be mutable
[INFO] [stdout]     --> src/lib.rs:1623:25
[INFO] [stdout]      |
[INFO] [stdout] 1623 |                     let mut borrowed = value_ref.borrow();
[INFO] [stdout]      |                         ----^^^^^^^^
[INFO] [stdout]      |                         |
[INFO] [stdout]      |                         help: remove this `mut`
[INFO] [stdout]      |
[INFO] [stdout]      = note: `#[warn(unused_mut)]` (part of `#[warn(unused)]`) on by default
[INFO] [stdout] 
[INFO] [stdout] 
[INFO] [stdout] warning: variable does not need to be mutable
[INFO] [stdout]     --> src/lib.rs:1642:25
[INFO] [stdout]      |
[INFO] [stdout] 1642 |                     let mut borrowed = value_ref.borrow();
[INFO] [stdout]      |                         ----^^^^^^^^
[INFO] [stdout]      |                         |
[INFO] [stdout]      |                         help: remove this `mut`
[INFO] [stdout] 
[INFO] [stdout] 
[INFO] [stdout] warning: variable does not need to be mutable
[INFO] [stdout]     --> src/lib.rs:1660:25
[INFO] [stdout]      |
[INFO] [stdout] 1660 |                     let mut borrowed = value_ref.borrow();
[INFO] [stdout]      |                         ----^^^^^^^^
[INFO] [stdout]      |                         |
[INFO] [stdout]      |                         help: remove this `mut`
[INFO] [stdout] 
[INFO] [stdout] 
[INFO] [stdout] warning: variable does not need to be mutable
[INFO] [stdout]     --> src/lib.rs:1678:25
[INFO] [stdout]      |
[INFO] [stdout] 1678 |                     let mut borrowed = value_ref.borrow();
[INFO] [stdout]      |                         ----^^^^^^^^
[INFO] [stdout]      |                         |
[INFO] [stdout]      |                         help: remove this `mut`
[INFO] [stdout] 
[INFO] [stdout] 
[INFO] [stdout] warning: hiding a lifetime that's elided elsewhere is confusing
[INFO] [stdout]    --> src/value_ref.rs:106:18
[INFO] [stdout]     |
[INFO] [stdout] 106 |     pub fn unref(&self) -> Ref<Value> {
[INFO] [stdout]     |                  ^^^^^     ^^^^^^^^^^ the same lifetime is hidden here
[INFO] [stdout]     |                  |
[INFO] [stdout]     |                  the lifetime is elided here
[INFO] [stdout]     |
[INFO] [stdout]     = help: the same lifetime is referred to in inconsistent ways, making the signature confusing
[INFO] [stdout]     = note: `#[warn(mismatched_lifetime_syntaxes)]` on by default
[INFO] [stdout] help: use `'_` for type paths
[INFO] [stdout]     |
[INFO] [stdout] 106 |     pub fn unref(&self) -> Ref<'_, Value> {
[INFO] [stdout]     |                                +++
[INFO] [stdout] 
[INFO] [stdout] 
[INFO] [stderr]     Finished `dev` profile [unoptimized + debuginfo] target(s) in 13.80s
[INFO] running `Command { std: "docker" "inspect" "a00a4c2d779542d39c43c6f34dfc96044d7348ed7744d78dfae3553b704bab11", kill_on_drop: false }`
[INFO] running `Command { std: "docker" "exec" "-e" "SOURCE_DIR=/opt/rustwide/workdir" "-e" "CARGO_HOME=/opt/rustwide/cargo-home" "-e" "RUSTUP_HOME=/opt/rustwide/rustup-home" "-e" "CARGO_TARGET_DIR=/opt/rustwide/target" "-e" "CARGO_INCREMENTAL=0" "-e" "RUST_BACKTRACE=full" "-e" "RUSTFLAGS=--cap-lints=warn" "-e" "RUSTDOCFLAGS=--cap-lints=warn" "-w" "/opt/rustwide/workdir" "--user" "0:0" "a00a4c2d779542d39c43c6f34dfc96044d7348ed7744d78dfae3553b704bab11" "/opt/rustwide/cargo-home/bin/cargo" "+1.100.0-beta.1" "test" "--frozen" "--no-run" "--message-format=json", kill_on_drop: false }`
[INFO] [stdout] warning: unused variable: `found`
[INFO] [stdout]     --> src/lib.rs:1191:37
[INFO] [stdout]      |
[INFO] [stdout] 1191 |                         if let Some(ref found) = maybe_value {
[INFO] [stdout]      |                                     ^^^^^^^^^ help: if this is intentional, prefix it with an underscore: `_found`
[INFO] [stdout]      |
[INFO] [stdout]      = note: `#[warn(unused_variables)]` (part of `#[warn(unused)]`) on by default
[INFO] [stdout] 
[INFO] [stdout] 
[INFO] [stdout] warning: variable does not need to be mutable
[INFO] [stdout]     --> src/lib.rs:1623:25
[INFO] [stdout]      |
[INFO] [stdout] 1623 |                     let mut borrowed = value_ref.borrow();
[INFO] [stdout]      |                         ----^^^^^^^^
[INFO] [stdout]      |                         |
[INFO] [stdout]      |                         help: remove this `mut`
[INFO] [stdout]      |
[INFO] [stdout]      = note: `#[warn(unused_mut)]` (part of `#[warn(unused)]`) on by default
[INFO] [stdout] 
[INFO] [stdout] 
[INFO] [stdout] warning: variable does not need to be mutable
[INFO] [stdout]     --> src/lib.rs:1642:25
[INFO] [stdout]      |
[INFO] [stdout] 1642 |                     let mut borrowed = value_ref.borrow();
[INFO] [stdout]      |                         ----^^^^^^^^
[INFO] [stdout]      |                         |
[INFO] [stdout]      |                         help: remove this `mut`
[INFO] [stdout] 
[INFO] [stdout] 
[INFO] [stdout] warning: variable does not need to be mutable
[INFO] [stdout]     --> src/lib.rs:1660:25
[INFO] [stdout]      |
[INFO] [stdout] 1660 |                     let mut borrowed = value_ref.borrow();
[INFO] [stdout]      |                         ----^^^^^^^^
[INFO] [stdout]      |                         |
[INFO] [stdout]      |                         help: remove this `mut`
[INFO] [stdout] 
[INFO] [stdout] 
[INFO] [stdout] warning: variable does not need to be mutable
[INFO] [stdout]     --> src/lib.rs:1678:25
[INFO] [stdout]      |
[INFO] [stdout] 1678 |                     let mut borrowed = value_ref.borrow();
[INFO] [stdout]      |                         ----^^^^^^^^
[INFO] [stdout]      |                         |
[INFO] [stdout]      |                         help: remove this `mut`
[INFO] [stdout] 
[INFO] [stdout] 
[INFO] [stdout] warning: hiding a lifetime that's elided elsewhere is confusing
[INFO] [stdout]    --> src/value_ref.rs:106:18
[INFO] [stdout]     |
[INFO] [stdout] 106 |     pub fn unref(&self) -> Ref<Value> {
[INFO] [stdout]     |                  ^^^^^     ^^^^^^^^^^ the same lifetime is hidden here
[INFO] [stdout]     |                  |
[INFO] [stdout]     |                  the lifetime is elided here
[INFO] [stdout]     |
[INFO] [stdout]     = help: the same lifetime is referred to in inconsistent ways, making the signature confusing
[INFO] [stdout]     = note: `#[warn(mismatched_lifetime_syntaxes)]` on by default
[INFO] [stdout] help: use `'_` for type paths
[INFO] [stdout]     |
[INFO] [stdout] 106 |     pub fn unref(&self) -> Ref<'_, Value> {
[INFO] [stdout]     |                                +++
[INFO] [stdout] 
[INFO] [stdout] 
[INFO] [stderr]    Compiling swamp-script-eval v0.1.10 (/opt/rustwide/workdir)
[INFO] [stdout] warning: unused variable: `script`
[INFO] [stdout]   --> tests/util.rs:14:14
[INFO] [stdout]    |
[INFO] [stdout] 14 | pub fn check(script: &str, expected_result: &str) {
[INFO] [stdout]    |              ^^^^^^ help: if this is intentional, prefix it with an underscore: `_script`
[INFO] [stdout]    |
[INFO] [stdout]    = note: `#[warn(unused_variables)]` (part of `#[warn(unused)]`) on by default
[INFO] [stdout] 
[INFO] [stdout] 
[INFO] [stdout] warning: unused variable: `expected_result`
[INFO] [stdout]   --> tests/util.rs:14:28
[INFO] [stdout]    |
[INFO] [stdout] 14 | pub fn check(script: &str, expected_result: &str) {
[INFO] [stdout]    |                            ^^^^^^^^^^^^^^^ help: if this is intentional, prefix it with an underscore: `_expected_result`
[INFO] [stdout] 
[INFO] [stdout] 
[INFO] [stdout] warning: unused variable: `script`
[INFO] [stdout]   --> tests/util.rs:19:19
[INFO] [stdout]    |
[INFO] [stdout] 19 | pub fn check_fail(script: &str, expected_err: &str) {
[INFO] [stdout]    |                   ^^^^^^ help: if this is intentional, prefix it with an underscore: `_script`
[INFO] [stdout] 
[INFO] [stdout] 
[INFO] [stdout] warning: unused variable: `expected_err`
[INFO] [stdout]   --> tests/util.rs:19:33
[INFO] [stdout]    |
[INFO] [stdout] 19 | pub fn check_fail(script: &str, expected_err: &str) {
[INFO] [stdout]    |                                 ^^^^^^^^^^^^ help: if this is intentional, prefix it with an underscore: `_expected_err`
[INFO] [stdout] 
[INFO] [stdout] 
[INFO] [stdout] warning: unused variable: `script`
[INFO] [stdout]   --> tests/util.rs:24:20
[INFO] [stdout]    |
[INFO] [stdout] 24 | pub fn check_value(script: &str, expected_value: Value) {
[INFO] [stdout]    |                    ^^^^^^ help: if this is intentional, prefix it with an underscore: `_script`
[INFO] [stdout] 
[INFO] [stdout] 
[INFO] [stdout] warning: unused variable: `expected_value`
[INFO] [stdout]   --> tests/util.rs:24:34
[INFO] [stdout]    |
[INFO] [stdout] 24 | pub fn check_value(script: &str, expected_value: Value) {
[INFO] [stdout]    |                                  ^^^^^^^^^^^^^^ help: if this is intentional, prefix it with an underscore: `_expected_value`
[INFO] [stdout] 
[INFO] [stdout] 
[INFO] [stdout] warning: unused variable: `script`
[INFO] [stdout]   --> tests/util.rs:29:13
[INFO] [stdout]    |
[INFO] [stdout] 29 | pub fn eval(script: &str) -> Value {
[INFO] [stdout]    |             ^^^^^^ help: if this is intentional, prefix it with an underscore: `_script`
[INFO] [stdout] 
[INFO] [stdout] 
[INFO] [stdout] warning: unused variable: `script`
[INFO] [stdout]   --> tests/util.rs:34:20
[INFO] [stdout]    |
[INFO] [stdout] 34 | pub fn eval_string(script: &str, expected_string: &str) {
[INFO] [stdout]    |                    ^^^^^^ help: if this is intentional, prefix it with an underscore: `_script`
[INFO] [stdout] 
[INFO] [stdout] 
[INFO] [stdout] warning: unused variable: `expected_string`
[INFO] [stdout]   --> tests/util.rs:34:34
[INFO] [stdout]    |
[INFO] [stdout] 34 | pub fn eval_string(script: &str, expected_string: &str) {
[INFO] [stdout]    |                                  ^^^^^^^^^^^^^^^ help: if this is intentional, prefix it with an underscore: `_expected_string`
[INFO] [stdout] 
[INFO] [stdout] 
[INFO] [stdout] warning: unused imports: `check_fail`, `check`, `eval_string`, and `eval`
[INFO] [stdout]  --> tests/tuple_floats.rs:8:19
[INFO] [stdout]   |
[INFO] [stdout] 8 | use crate::util::{check, check_fail, check_value, eval, eval_string};
[INFO] [stdout]   |                   ^^^^^  ^^^^^^^^^^               ^^^^  ^^^^^^^^^^^
[INFO] [stdout]   |
[INFO] [stdout]   = note: `#[warn(unused_imports)]` (part of `#[warn(unused)]`) on by default
[INFO] [stdout] 
[INFO] [stdout] 
[INFO] [stdout] warning: unused variable: `script`
[INFO] [stdout]   --> tests/util.rs:14:14
[INFO] [stdout]    |
[INFO] [stdout] 14 | pub fn check(script: &str, expected_result: &str) {
[INFO] [stdout]    |              ^^^^^^ help: if this is intentional, prefix it with an underscore: `_script`
[INFO] [stdout]    |
[INFO] [stdout]    = note: `#[warn(unused_variables)]` (part of `#[warn(unused)]`) on by default
[INFO] [stdout] 
[INFO] [stdout] 
[INFO] [stdout] warning: unused variable: `expected_result`
[INFO] [stdout]   --> tests/util.rs:14:28
[INFO] [stdout]    |
[INFO] [stdout] 14 | pub fn check(script: &str, expected_result: &str) {
[INFO] [stdout]    |                            ^^^^^^^^^^^^^^^ help: if this is intentional, prefix it with an underscore: `_expected_result`
[INFO] [stdout] 
[INFO] [stdout] 
[INFO] [stdout] warning: unused variable: `script`
[INFO] [stdout]   --> tests/util.rs:19:19
[INFO] [stdout]    |
[INFO] [stdout] 19 | pub fn check_fail(script: &str, expected_err: &str) {
[INFO] [stdout]    |                   ^^^^^^ help: if this is intentional, prefix it with an underscore: `_script`
[INFO] [stdout] 
[INFO] [stdout] 
[INFO] [stdout] warning: unused variable: `expected_err`
[INFO] [stdout]   --> tests/util.rs:19:33
[INFO] [stdout]    |
[INFO] [stdout] 19 | pub fn check_fail(script: &str, expected_err: &str) {
[INFO] [stdout]    |                                 ^^^^^^^^^^^^ help: if this is intentional, prefix it with an underscore: `_expected_err`
[INFO] [stdout] 
[INFO] [stdout] 
[INFO] [stdout] warning: unused variable: `script`
[INFO] [stdout]   --> tests/util.rs:24:20
[INFO] [stdout]    |
[INFO] [stdout] 24 | pub fn check_value(script: &str, expected_value: Value) {
[INFO] [stdout]    |                    ^^^^^^ help: if this is intentional, prefix it with an underscore: `_script`
[INFO] [stdout] 
[INFO] [stdout] 
[INFO] [stdout] warning: unused variable: `expected_value`
[INFO] [stdout]   --> tests/util.rs:24:34
[INFO] [stdout]    |
[INFO] [stdout] 24 | pub fn check_value(script: &str, expected_value: Value) {
[INFO] [stdout]    |                                  ^^^^^^^^^^^^^^ help: if this is intentional, prefix it with an underscore: `_expected_value`
[INFO] [stdout] 
[INFO] [stdout] 
[INFO] [stdout] warning: unused variable: `script`
[INFO] [stdout]   --> tests/util.rs:29:13
[INFO] [stdout]    |
[INFO] [stdout] 29 | pub fn eval(script: &str) -> Value {
[INFO] [stdout]    |             ^^^^^^ help: if this is intentional, prefix it with an underscore: `_script`
[INFO] [stdout] 
[INFO] [stdout] 
[INFO] [stdout] warning: unused variable: `script`
[INFO] [stdout]   --> tests/util.rs:14:14
[INFO] [stdout]    |
[INFO] [stdout] 14 | pub fn check(script: &str, expected_result: &str) {
[INFO] [stdout]    |              ^^^^^^ help: if this is intentional, prefix it with an underscore: `_script`
[INFO] [stdout]    |
[INFO] [stdout]    = note: `#[warn(unused_variables)]` (part of `#[warn(unused)]`) on by default
[INFO] [stdout] 
[INFO] [stdout] 
[INFO] [stdout] warning: unused variable: `expected_result`
[INFO] [stdout]   --> tests/util.rs:14:28
[INFO] [stdout]    |
[INFO] [stdout] 14 | pub fn check(script: &str, expected_result: &str) {
[INFO] [stdout]    |                            ^^^^^^^^^^^^^^^ help: if this is intentional, prefix it with an underscore: `_expected_result`
[INFO] [stdout] 
[INFO] [stdout] 
[INFO] [stdout] warning: unused variable: `script`
[INFO] [stdout]   --> tests/util.rs:19:19
[INFO] [stdout]    |
[INFO] [stdout] 19 | pub fn check_fail(script: &str, expected_err: &str) {
[INFO] [stdout]    |                   ^^^^^^ help: if this is intentional, prefix it with an underscore: `_script`
[INFO] [stdout] 
[INFO] [stdout] 
[INFO] [stdout] warning: unused variable: `expected_err`
[INFO] [stdout]   --> tests/util.rs:19:33
[INFO] [stdout]    |
[INFO] [stdout] 19 | pub fn check_fail(script: &str, expected_err: &str) {
[INFO] [stdout]    |                                 ^^^^^^^^^^^^ help: if this is intentional, prefix it with an underscore: `_expected_err`
[INFO] [stdout] 
[INFO] [stdout] 
[INFO] [stdout] warning: unused variable: `script`
[INFO] [stdout]   --> tests/util.rs:24:20
[INFO] [stdout]    |
[INFO] [stdout] 24 | pub fn check_value(script: &str, expected_value: Value) {
[INFO] [stdout]    |                    ^^^^^^ help: if this is intentional, prefix it with an underscore: `_script`
[INFO] [stdout] 
[INFO] [stdout] 
[INFO] [stdout] warning: unused variable: `expected_value`
[INFO] [stdout]   --> tests/util.rs:24:34
[INFO] [stdout]    |
[INFO] [stdout] 24 | pub fn check_value(script: &str, expected_value: Value) {
[INFO] [stdout]    |                                  ^^^^^^^^^^^^^^ help: if this is intentional, prefix it with an underscore: `_expected_value`
[INFO] [stdout] 
[INFO] [stdout] 
[INFO] [stdout] warning: unused variable: `script`
[INFO] [stdout]   --> tests/util.rs:29:13
[INFO] [stdout]    |
[INFO] [stdout] 29 | pub fn eval(script: &str) -> Value {
[INFO] [stdout]    |             ^^^^^^ help: if this is intentional, prefix it with an underscore: `_script`
[INFO] [stdout] 
[INFO] [stdout] 
[INFO] [stdout] warning: unused variable: `script`
[INFO] [stdout]   --> tests/util.rs:34:20
[INFO] [stdout]    |
[INFO] [stdout] 34 | pub fn eval_string(script: &str, expected_string: &str) {
[INFO] [stdout]    |                    ^^^^^^ help: if this is intentional, prefix it with an underscore: `_script`
[INFO] [stdout] 
[INFO] [stdout] 
[INFO] [stdout] warning: unused variable: `expected_string`
[INFO] [stdout]   --> tests/util.rs:34:34
[INFO] [stdout]    |
[INFO] [stdout] 34 | pub fn eval_string(script: &str, expected_string: &str) {
[INFO] [stdout]    |                                  ^^^^^^^^^^^^^^^ help: if this is intentional, prefix it with an underscore: `_expected_string`
[INFO] [stdout] 
[INFO] [stdout] 
[INFO] [stdout] warning: unused variable: `script`
[INFO] [stdout]   --> tests/util.rs:34:20
[INFO] [stdout]    |
[INFO] [stdout] 34 | pub fn eval_string(script: &str, expected_string: &str) {
[INFO] [stdout]    |                    ^^^^^^ help: if this is intentional, prefix it with an underscore: `_script`
[INFO] [stdout] 
[INFO] [stdout] 
[INFO] [stdout] warning: unused variable: `expected_string`
[INFO] [stdout]   --> tests/util.rs:34:34
[INFO] [stdout]    |
[INFO] [stdout] 34 | pub fn eval_string(script: &str, expected_string: &str) {
[INFO] [stdout]    |                                  ^^^^^^^^^^^^^^^ help: if this is intentional, prefix it with an underscore: `_expected_string`
[INFO] [stdout] 
[INFO] [stdout] 
[INFO] [stdout] warning: struct `TestContext` is never constructed
[INFO] [stdout]  --> tests/util.rs:8:12
[INFO] [stdout]   |
[INFO] [stdout] 8 | pub struct TestContext {
[INFO] [stdout]   |            ^^^^^^^^^^^
[INFO] [stdout]   |
[INFO] [stdout]   = note: `#[warn(dead_code)]` (part of `#[warn(unused)]`) on by default
[INFO] [stdout] 
[INFO] [stdout] 
[INFO] [stdout] warning: unused variable: `script`
[INFO] [stdout]   --> tests/util.rs:14:14
[INFO] [stdout]    |
[INFO] [stdout] 14 | pub fn check(script: &str, expected_result: &str) {
[INFO] [stdout]    |              ^^^^^^ help: if this is intentional, prefix it with an underscore: `_script`
[INFO] [stdout]    |
[INFO] [stdout]    = note: `#[warn(unused_variables)]` (part of `#[warn(unused)]`) on by default
[INFO] [stdout] 
[INFO] [stdout] 
[INFO] [stdout] warning: unused variable: `expected_result`
[INFO] [stdout]   --> tests/util.rs:14:28
[INFO] [stdout]    |
[INFO] [stdout] 14 | pub fn check(script: &str, expected_result: &str) {
[INFO] [stdout]    |                            ^^^^^^^^^^^^^^^ help: if this is intentional, prefix it with an underscore: `_expected_result`
[INFO] [stdout] 
[INFO] [stdout] 
[INFO] [stdout] warning: unused variable: `script`
[INFO] [stdout]   --> tests/util.rs:19:19
[INFO] [stdout]    |
[INFO] [stdout] 19 | pub fn check_fail(script: &str, expected_err: &str) {
[INFO] [stdout]    |                   ^^^^^^ help: if this is intentional, prefix it with an underscore: `_script`
[INFO] [stdout] 
[INFO] [stdout] 
[INFO] [stdout] warning: unused variable: `expected_err`
[INFO] [stdout]   --> tests/util.rs:19:33
[INFO] [stdout]    |
[INFO] [stdout] 19 | pub fn check_fail(script: &str, expected_err: &str) {
[INFO] [stdout]    |                                 ^^^^^^^^^^^^ help: if this is intentional, prefix it with an underscore: `_expected_err`
[INFO] [stdout] 
[INFO] [stdout] 
[INFO] [stdout] warning: unused variable: `script`
[INFO] [stdout]   --> tests/util.rs:24:20
[INFO] [stdout]    |
[INFO] [stdout] 24 | pub fn check_value(script: &str, expected_value: Value) {
[INFO] [stdout]    |                    ^^^^^^ help: if this is intentional, prefix it with an underscore: `_script`
[INFO] [stdout] 
[INFO] [stdout] 
[INFO] [stdout] warning: unused variable: `expected_value`
[INFO] [stdout]   --> tests/util.rs:24:34
[INFO] [stdout]    |
[INFO] [stdout] 24 | pub fn check_value(script: &str, expected_value: Value) {
[INFO] [stdout]    |                                  ^^^^^^^^^^^^^^ help: if this is intentional, prefix it with an underscore: `_expected_value`
[INFO] [stdout] 
[INFO] [stdout] 
[INFO] [stdout] warning: unused variable: `script`
[INFO] [stdout]   --> tests/util.rs:29:13
[INFO] [stdout]    |
[INFO] [stdout] 29 | pub fn eval(script: &str) -> Value {
[INFO] [stdout]    |             ^^^^^^ help: if this is intentional, prefix it with an underscore: `_script`
[INFO] [stdout] 
[INFO] [stdout] 
[INFO] [stdout] warning: unused variable: `script`
[INFO] [stdout]   --> tests/util.rs:34:20
[INFO] [stdout]    |
[INFO] [stdout] 34 | pub fn eval_string(script: &str, expected_string: &str) {
[INFO] [stdout]    |                    ^^^^^^ help: if this is intentional, prefix it with an underscore: `_script`
[INFO] [stdout] 
[INFO] [stdout] 
[INFO] [stdout] warning: unused variable: `expected_string`
[INFO] [stdout]   --> tests/util.rs:34:34
[INFO] [stdout]    |
[INFO] [stdout] 34 | pub fn eval_string(script: &str, expected_string: &str) {
[INFO] [stdout]    |                                  ^^^^^^^^^^^^^^^ help: if this is intentional, prefix it with an underscore: `_expected_string`
[INFO] [stdout] 
[INFO] [stdout] 
[INFO] [stdout] warning: struct `TestContext` is never constructed
[INFO] [stdout]  --> tests/util.rs:8:12
[INFO] [stdout]   |
[INFO] [stdout] 8 | pub struct TestContext {
[INFO] [stdout]   |            ^^^^^^^^^^^
[INFO] [stdout]   |
[INFO] [stdout]   = note: `#[warn(dead_code)]` (part of `#[warn(unused)]`) on by default
[INFO] [stdout] 
[INFO] [stdout] 
[INFO] [stdout] warning: struct `TestContext` is never constructed
[INFO] [stdout]  --> tests/util.rs:8:12
[INFO] [stdout]   |
[INFO] [stdout] 8 | pub struct TestContext {
[INFO] [stdout]   |            ^^^^^^^^^^^
[INFO] [stdout]   |
[INFO] [stdout]   = note: `#[warn(dead_code)]` (part of `#[warn(unused)]`) on by default
[INFO] [stdout] 
[INFO] [stdout] 
[INFO] [stdout] warning: unused variable: `script`
[INFO] [stdout]   --> tests/util.rs:14:14
[INFO] [stdout]    |
[INFO] [stdout] 14 | pub fn check(script: &str, expected_result: &str) {
[INFO] [stdout]    |              ^^^^^^ help: if this is intentional, prefix it with an underscore: `_script`
[INFO] [stdout]    |
[INFO] [stdout]    = note: `#[warn(unused_variables)]` (part of `#[warn(unused)]`) on by default
[INFO] [stdout] 
[INFO] [stdout] 
[INFO] [stdout] warning: unused variable: `expected_result`
[INFO] [stdout]   --> tests/util.rs:14:28
[INFO] [stdout]    |
[INFO] [stdout] 14 | pub fn check(script: &str, expected_result: &str) {
[INFO] [stdout]    |                            ^^^^^^^^^^^^^^^ help: if this is intentional, prefix it with an underscore: `_expected_result`
[INFO] [stdout] 
[INFO] [stdout] 
[INFO] [stdout] warning: unused variable: `script`
[INFO] [stdout]   --> tests/util.rs:19:19
[INFO] [stdout]    |
[INFO] [stdout] 19 | pub fn check_fail(script: &str, expected_err: &str) {
[INFO] [stdout]    |                   ^^^^^^ help: if this is intentional, prefix it with an underscore: `_script`
[INFO] [stdout] 
[INFO] [stdout] 
[INFO] [stdout] warning: unused variable: `expected_err`
[INFO] [stdout]   --> tests/util.rs:19:33
[INFO] [stdout]    |
[INFO] [stdout] 19 | pub fn check_fail(script: &str, expected_err: &str) {
[INFO] [stdout]    |                                 ^^^^^^^^^^^^ help: if this is intentional, prefix it with an underscore: `_expected_err`
[INFO] [stdout] 
[INFO] [stdout] 
[INFO] [stdout] warning: unused variable: `script`
[INFO] [stdout]   --> tests/util.rs:14:14
[INFO] [stdout]    |
[INFO] [stdout] 14 | pub fn check(script: &str, expected_result: &str) {
[INFO] [stdout]    |              ^^^^^^ help: if this is intentional, prefix it with an underscore: `_script`
[INFO] [stdout]    |
[INFO] [stdout]    = note: `#[warn(unused_variables)]` (part of `#[warn(unused)]`) on by default
[INFO] [stdout] 
[INFO] [stdout] 
[INFO] [stdout] warning: unused variable: `expected_result`
[INFO] [stdout]   --> tests/util.rs:14:28
[INFO] [stdout]    |
[INFO] [stdout] 14 | pub fn check(script: &str, expected_result: &str) {
[INFO] [stdout]    |                            ^^^^^^^^^^^^^^^ help: if this is intentional, prefix it with an underscore: `_expected_result`
[INFO] [stdout] 
[INFO] [stdout] 
[INFO] [stdout] warning: unused variable: `script`
[INFO] [stdout]   --> tests/util.rs:19:19
[INFO] [stdout]    |
[INFO] [stdout] 19 | pub fn check_fail(script: &str, expected_err: &str) {
[INFO] [stdout]    |                   ^^^^^^ help: if this is intentional, prefix it with an underscore: `_script`
[INFO] [stdout] 
[INFO] [stdout] 
[INFO] [stdout] warning: unused variable: `script`
[INFO] [stdout]   --> tests/util.rs:14:14
[INFO] [stdout]    |
[INFO] [stdout] 14 | pub fn check(script: &str, expected_result: &str) {
[INFO] [stdout]    |              ^^^^^^ help: if this is intentional, prefix it with an underscore: `_script`
[INFO] [stdout]    |
[INFO] [stdout]    = note: `#[warn(unused_variables)]` (part of `#[warn(unused)]`) on by default
[INFO] [stdout] 
[INFO] [stdout] 
[INFO] [stdout] warning: unused variable: `expected_result`
[INFO] [stdout]   --> tests/util.rs:14:28
[INFO] [stdout]    |
[INFO] [stdout] 14 | pub fn check(script: &str, expected_result: &str) {
[INFO] [stdout]    |                            ^^^^^^^^^^^^^^^ help: if this is intentional, prefix it with an underscore: `_expected_result`
[INFO] [stdout] 
[INFO] [stdout] 
[INFO] [stdout] warning: unused variable: `expected_err`
[INFO] [stdout]   --> tests/util.rs:19:33
[INFO] [stdout]    |
[INFO] [stdout] 19 | pub fn check_fail(script: &str, expected_err: &str) {
[INFO] [stdout]    |                                 ^^^^^^^^^^^^ help: if this is intentional, prefix it with an underscore: `_expected_err`
[INFO] [stdout] 
[INFO] [stdout] 
[INFO] [stdout] warning: unused variable: `script`
[INFO] [stdout]   --> tests/util.rs:24:20
[INFO] [stdout]    |
[INFO] [stdout] 24 | pub fn check_value(script: &str, expected_value: Value) {
[INFO] [stdout]    |                    ^^^^^^ help: if this is intentional, prefix it with an underscore: `_script`
[INFO] [stdout] 
[INFO] [stdout] 
[INFO] [stdout] warning: unused variable: `expected_value`
[INFO] [stdout]   --> tests/util.rs:24:34
[INFO] [stdout]    |
[INFO] [stdout] 24 | pub fn check_value(script: &str, expected_value: Value) {
[INFO] [stdout]    |                                  ^^^^^^^^^^^^^^ help: if this is intentional, prefix it with an underscore: `_expected_value`
[INFO] [stdout] 
[INFO] [stdout] 
[INFO] [stdout] warning: unused variable: `script`
[INFO] [stdout]   --> tests/util.rs:29:13
[INFO] [stdout]    |
[INFO] [stdout] 29 | pub fn eval(script: &str) -> Value {
[INFO] [stdout]    |             ^^^^^^ help: if this is intentional, prefix it with an underscore: `_script`
[INFO] [stdout] 
[INFO] [stdout] 
[INFO] [stdout] warning: unused variable: `script`
[INFO] [stdout]   --> tests/util.rs:34:20
[INFO] [stdout]    |
[INFO] [stdout] 34 | pub fn eval_string(script: &str, expected_string: &str) {
[INFO] [stdout]    |                    ^^^^^^ help: if this is intentional, prefix it with an underscore: `_script`
[INFO] [stdout] 
[INFO] [stdout] 
[INFO] [stdout] warning: unused variable: `script`
[INFO] [stdout]   --> tests/util.rs:24:20
[INFO] [stdout]    |
[INFO] [stdout] 24 | pub fn check_value(script: &str, expected_value: Value) {
[INFO] [stdout]    |                    ^^^^^^ help: if this is intentional, prefix it with an underscore: `_script`
[INFO] [stdout] 
[INFO] [stdout] 
[INFO] [stdout] warning: unused variable: `expected_string`
[INFO] [stdout]   --> tests/util.rs:34:34
[INFO] [stdout]    |
[INFO] [stdout] 34 | pub fn eval_string(script: &str, expected_string: &str) {
[INFO] [stdout]    |                                  ^^^^^^^^^^^^^^^ help: if this is intentional, prefix it with an underscore: `_expected_string`
[INFO] [stdout] 
[INFO] [stdout] 
[INFO] [stdout] warning: unused variable: `expected_value`
[INFO] [stdout]   --> tests/util.rs:24:34
[INFO] [stdout]    |
[INFO] [stdout] 24 | pub fn check_value(script: &str, expected_value: Value) {
[INFO] [stdout]    |                                  ^^^^^^^^^^^^^^ help: if this is intentional, prefix it with an underscore: `_expected_value`
[INFO] [stdout] 
[INFO] [stdout] 
[INFO] [stdout] warning: unused variable: `script`
[INFO] [stdout]   --> tests/util.rs:19:19
[INFO] [stdout]    |
[INFO] [stdout] 19 | pub fn check_fail(script: &str, expected_err: &str) {
[INFO] [stdout]    |                   ^^^^^^ help: if this is intentional, prefix it with an underscore: `_script`
[INFO] [stdout] 
[INFO] [stdout] 
[INFO] [stdout] warning: unused variable: `expected_err`
[INFO] [stdout]   --> tests/util.rs:19:33
[INFO] [stdout]    |
[INFO] [stdout] 19 | pub fn check_fail(script: &str, expected_err: &str) {
[INFO] [stdout]    |                                 ^^^^^^^^^^^^ help: if this is intentional, prefix it with an underscore: `_expected_err`
[INFO] [stdout] 
[INFO] [stdout] 
[INFO] [stdout] warning: unused variable: `script`
[INFO] [stdout]   --> tests/util.rs:24:20
[INFO] [stdout]    |
[INFO] [stdout] 24 | pub fn check_value(script: &str, expected_value: Value) {
[INFO] [stdout]    |                    ^^^^^^ help: if this is intentional, prefix it with an underscore: `_script`
[INFO] [stdout] 
[INFO] [stdout] 
[INFO] [stdout] warning: unused variable: `expected_value`
[INFO] [stdout]   --> tests/util.rs:24:34
[INFO] [stdout]    |
[INFO] [stdout] 24 | pub fn check_value(script: &str, expected_value: Value) {
[INFO] [stdout]    |                                  ^^^^^^^^^^^^^^ help: if this is intentional, prefix it with an underscore: `_expected_value`
[INFO] [stdout] 
[INFO] [stdout] 
[INFO] [stdout] warning: unused variable: `script`
[INFO] [stdout]   --> tests/util.rs:29:13
[INFO] [stdout]    |
[INFO] [stdout] 29 | pub fn eval(script: &str) -> Value {
[INFO] [stdout]    |             ^^^^^^ help: if this is intentional, prefix it with an underscore: `_script`
[INFO] [stdout] 
[INFO] [stdout] 
[INFO] [stdout] warning: unused variable: `script`
[INFO] [stdout]   --> tests/util.rs:34:20
[INFO] [stdout]    |
[INFO] [stdout] 34 | pub fn eval_string(script: &str, expected_string: &str) {
[INFO] [stdout]    |                    ^^^^^^ help: if this is intentional, prefix it with an underscore: `_script`
[INFO] [stdout] 
[INFO] [stdout] 
[INFO] [stdout] warning: unused variable: `script`
[INFO] [stdout]   --> tests/util.rs:14:14
[INFO] [stdout]    |
[INFO] [stdout] 14 | pub fn check(script: &str, expected_result: &str) {
[INFO] [stdout]    |              ^^^^^^ help: if this is intentional, prefix it with an underscore: `_script`
[INFO] [stdout]    |
[INFO] [stdout]    = note: `#[warn(unused_variables)]` (part of `#[warn(unused)]`) on by default
[INFO] [stdout] 
[INFO] [stdout] 
[INFO] [stdout] warning: unused variable: `script`
[INFO] [stdout]   --> tests/util.rs:29:13
[INFO] [stdout]    |
[INFO] [stdout] 29 | pub fn eval(script: &str) -> Value {
[INFO] [stdout]    |             ^^^^^^ help: if this is intentional, prefix it with an underscore: `_script`
[INFO] [stdout] 
[INFO] [stdout] 
[INFO] [stdout] warning: unused variable: `script`
[INFO] [stdout]   --> tests/util.rs:34:20
[INFO] [stdout]    |
[INFO] [stdout] 34 | pub fn eval_string(script: &str, expected_string: &str) {
[INFO] [stdout]    |                    ^^^^^^ help: if this is intentional, prefix it with an underscore: `_script`
[INFO] [stdout] 
[INFO] [stdout] 
[INFO] [stdout] warning: unused variable: `expected_string`
[INFO] [stdout]   --> tests/util.rs:34:34
[INFO] [stdout]    |
[INFO] [stdout] 34 | pub fn eval_string(script: &str, expected_string: &str) {
[INFO] [stdout]    |                                  ^^^^^^^^^^^^^^^ help: if this is intentional, prefix it with an underscore: `_expected_string`
[INFO] [stdout] 
[INFO] [stdout] 
[INFO] [stdout] warning: unused variable: `expected_string`
[INFO] [stdout]   --> tests/util.rs:34:34
[INFO] [stdout]    |
[INFO] [stdout] 34 | pub fn eval_string(script: &str, expected_string: &str) {
[INFO] [stdout]    |                                  ^^^^^^^^^^^^^^^ help: if this is intentional, prefix it with an underscore: `_expected_string`
[INFO] [stdout] 
[INFO] [stdout] 
[INFO] [stdout] warning: unused variable: `expected_result`
[INFO] [stdout]   --> tests/util.rs:14:28
[INFO] [stdout]    |
[INFO] [stdout] 14 | pub fn check(script: &str, expected_result: &str) {
[INFO] [stdout]    |                            ^^^^^^^^^^^^^^^ help: if this is intentional, prefix it with an underscore: `_expected_result`
[INFO] [stdout] 
[INFO] [stdout] 
[INFO] [stdout] warning: unused variable: `script`
[INFO] [stdout]   --> tests/util.rs:19:19
[INFO] [stdout]    |
[INFO] [stdout] 19 | pub fn check_fail(script: &str, expected_err: &str) {
[INFO] [stdout]    |                   ^^^^^^ help: if this is intentional, prefix it with an underscore: `_script`
[INFO] [stdout] 
[INFO] [stdout] 
[INFO] [stdout] warning: unused variable: `expected_err`
[INFO] [stdout]   --> tests/util.rs:19:33
[INFO] [stdout]    |
[INFO] [stdout] 19 | pub fn check_fail(script: &str, expected_err: &str) {
[INFO] [stdout]    |                                 ^^^^^^^^^^^^ help: if this is intentional, prefix it with an underscore: `_expected_err`
[INFO] [stdout] 
[INFO] [stdout] 
[INFO] [stdout] warning: struct `TestContext` is never constructed
[INFO] [stdout]  --> tests/util.rs:8:12
[INFO] [stdout]   |
[INFO] [stdout] 8 | pub struct TestContext {
[INFO] [stdout]   |            ^^^^^^^^^^^
[INFO] [stdout]   |
[INFO] [stdout]   = note: `#[warn(dead_code)]` (part of `#[warn(unused)]`) on by default
[INFO] [stdout] 
[INFO] [stdout] 
[INFO] [stdout] warning: unused variable: `script`
[INFO] [stdout]   --> tests/util.rs:24:20
[INFO] [stdout]    |
[INFO] [stdout] 24 | pub fn check_value(script: &str, expected_value: Value) {
[INFO] [stdout]    |                    ^^^^^^ help: if this is intentional, prefix it with an underscore: `_script`
[INFO] [stdout] 
[INFO] [stdout] 
[INFO] [stdout] warning: unused variable: `expected_value`
[INFO] [stdout]   --> tests/util.rs:24:34
[INFO] [stdout]    |
[INFO] [stdout] 24 | pub fn check_value(script: &str, expected_value: Value) {
[INFO] [stdout]    |                                  ^^^^^^^^^^^^^^ help: if this is intentional, prefix it with an underscore: `_expected_value`
[INFO] [stdout] 
[INFO] [stdout] 
[INFO] [stdout] warning: struct `TestContext` is never constructed
[INFO] [stdout]  --> tests/util.rs:8:12
[INFO] [stdout]   |
[INFO] [stdout] 8 | pub struct TestContext {
[INFO] [stdout]   |            ^^^^^^^^^^^
[INFO] [stdout]   |
[INFO] [stdout]   = note: `#[warn(dead_code)]` (part of `#[warn(unused)]`) on by default
[INFO] [stdout] 
[INFO] [stdout] 
[INFO] [stdout] warning: unused variable: `script`
[INFO] [stdout]   --> tests/util.rs:29:13
[INFO] [stdout]    |
[INFO] [stdout] 29 | pub fn eval(script: &str) -> Value {
[INFO] [stdout]    |             ^^^^^^ help: if this is intentional, prefix it with an underscore: `_script`
[INFO] [stdout] 
[INFO] [stdout] 
[INFO] [stdout] warning: unused variable: `script`
[INFO] [stdout]   --> tests/util.rs:34:20
[INFO] [stdout]    |
[INFO] [stdout] 34 | pub fn eval_string(script: &str, expected_string: &str) {
[INFO] [stdout]    |                    ^^^^^^ help: if this is intentional, prefix it with an underscore: `_script`
[INFO] [stdout] 
[INFO] [stdout] 
[INFO] [stdout] warning: unused variable: `expected_string`
[INFO] [stdout]   --> tests/util.rs:34:34
[INFO] [stdout]    |
[INFO] [stdout] 34 | pub fn eval_string(script: &str, expected_string: &str) {
[INFO] [stdout]    |                                  ^^^^^^^^^^^^^^^ help: if this is intentional, prefix it with an underscore: `_expected_string`
[INFO] [stdout] 
[INFO] [stdout] 
[INFO] [stdout] warning: unused variable: `script`
[INFO] [stdout]   --> tests/util.rs:14:14
[INFO] [stdout]    |
[INFO] [stdout] 14 | pub fn check(script: &str, expected_result: &str) {
[INFO] [stdout]    |              ^^^^^^ help: if this is intentional, prefix it with an underscore: `_script`
[INFO] [stdout]    |
[INFO] [stdout]    = note: `#[warn(unused_variables)]` (part of `#[warn(unused)]`) on by default
[INFO] [stdout] 
[INFO] [stdout] 
[INFO] [stdout] warning: unused variable: `expected_result`
[INFO] [stdout]   --> tests/util.rs:14:28
[INFO] [stdout]    |
[INFO] [stdout] 14 | pub fn check(script: &str, expected_result: &str) {
[INFO] [stdout]    |                            ^^^^^^^^^^^^^^^ help: if this is intentional, prefix it with an underscore: `_expected_result`
[INFO] [stdout] 
[INFO] [stdout] 
[INFO] [stdout] warning: unused variable: `script`
[INFO] [stdout]   --> tests/util.rs:19:19
[INFO] [stdout]    |
[INFO] [stdout] 19 | pub fn check_fail(script: &str, expected_err: &str) {
[INFO] [stdout]    |                   ^^^^^^ help: if this is intentional, prefix it with an underscore: `_script`
[INFO] [stdout] 
[INFO] [stdout] 
[INFO] [stdout] warning: unused variable: `expected_err`
[INFO] [stdout]   --> tests/util.rs:19:33
[INFO] [stdout]    |
[INFO] [stdout] 19 | pub fn check_fail(script: &str, expected_err: &str) {
[INFO] [stdout]    |                                 ^^^^^^^^^^^^ help: if this is intentional, prefix it with an underscore: `_expected_err`
[INFO] [stdout] 
[INFO] [stdout] 
[INFO] [stdout] warning: unused variable: `script`
[INFO] [stdout]   --> tests/util.rs:14:14
[INFO] [stdout]    |
[INFO] [stdout] 14 | pub fn check(script: &str, expected_result: &str) {
[INFO] [stdout]    |              ^^^^^^ help: if this is intentional, prefix it with an underscore: `_script`
[INFO] [stdout]    |
[INFO] [stdout]    = note: `#[warn(unused_variables)]` (part of `#[warn(unused)]`) on by default
[INFO] [stdout] 
[INFO] [stdout] 
[INFO] [stdout] warning: unused variable: `expected_result`
[INFO] [stdout]   --> tests/util.rs:14:28
[INFO] [stdout]    |
[INFO] [stdout] 14 | pub fn check(script: &str, expected_result: &str) {
[INFO] [stdout]    |                            ^^^^^^^^^^^^^^^ help: if this is intentional, prefix it with an underscore: `_expected_result`
[INFO] [stdout] 
[INFO] [stdout] 
[INFO] [stdout] warning: unused variable: `script`
[INFO] [stdout]   --> tests/util.rs:19:19
[INFO] [stdout]    |
[INFO] [stdout] 19 | pub fn check_fail(script: &str, expected_err: &str) {
[INFO] [stdout]    |                   ^^^^^^ help: if this is intentional, prefix it with an underscore: `_script`
[INFO] [stdout] 
[INFO] [stdout] 
[INFO] [stdout] warning: unused variable: `expected_err`
[INFO] [stdout]   --> tests/util.rs:19:33
[INFO] [stdout]    |
[INFO] [stdout] 19 | pub fn check_fail(script: &str, expected_err: &str) {
[INFO] [stdout]    |                                 ^^^^^^^^^^^^ help: if this is intentional, prefix it with an underscore: `_expected_err`
[INFO] [stdout] 
[INFO] [stdout] 
[INFO] [stdout] warning: unused variable: `script`
[INFO] [stdout]   --> tests/util.rs:24:20
[INFO] [stdout]    |
[INFO] [stdout] 24 | pub fn check_value(script: &str, expected_value: Value) {
[INFO] [stdout]    |                    ^^^^^^ help: if this is intentional, prefix it with an underscore: `_script`
[INFO] [stdout] 
[INFO] [stdout] 
[INFO] [stdout] warning: unused variable: `expected_value`
[INFO] [stdout]   --> tests/util.rs:24:34
[INFO] [stdout]    |
[INFO] [stdout] 24 | pub fn check_value(script: &str, expected_value: Value) {
[INFO] [stdout]    |                                  ^^^^^^^^^^^^^^ help: if this is intentional, prefix it with an underscore: `_expected_value`
[INFO] [stdout] 
[INFO] [stdout] 
[INFO] [stdout] warning: unused variable: `script`
[INFO] [stdout]   --> tests/util.rs:29:13
[INFO] [stdout]    |
[INFO] [stdout] 29 | pub fn eval(script: &str) -> Value {
[INFO] [stdout]    |             ^^^^^^ help: if this is intentional, prefix it with an underscore: `_script`
[INFO] [stdout] 
[INFO] [stdout] 
[INFO] [stdout] warning: unused variable: `script`
[INFO] [stdout]   --> tests/util.rs:34:20
[INFO] [stdout]    |
[INFO] [stdout] 34 | pub fn eval_string(script: &str, expected_string: &str) {
[INFO] [stdout]    |                    ^^^^^^ help: if this is intentional, prefix it with an underscore: `_script`
[INFO] [stdout] 
[INFO] [stdout] 
[INFO] [stdout] warning: unused variable: `expected_string`
[INFO] [stdout]   --> tests/util.rs:34:34
[INFO] [stdout]    |
[INFO] [stdout] 34 | pub fn eval_string(script: &str, expected_string: &str) {
[INFO] [stdout]    |                                  ^^^^^^^^^^^^^^^ help: if this is intentional, prefix it with an underscore: `_expected_string`
[INFO] [stdout] 
[INFO] [stdout] 
[INFO] [stdout] warning: unused variable: `script`
[INFO] [stdout]   --> tests/util.rs:24:20
[INFO] [stdout]    |
[INFO] [stdout] 24 | pub fn check_value(script: &str, expected_value: Value) {
[INFO] [stdout]    |                    ^^^^^^ help: if this is intentional, prefix it with an underscore: `_script`
[INFO] [stdout] 
[INFO] [stdout] 
[INFO] [stdout] warning: unused variable: `expected_value`
[INFO] [stdout]   --> tests/util.rs:24:34
[INFO] [stdout]    |
[INFO] [stdout] 24 | pub fn check_value(script: &str, expected_value: Value) {
[INFO] [stdout]    |                                  ^^^^^^^^^^^^^^ help: if this is intentional, prefix it with an underscore: `_expected_value`
[INFO] [stdout] 
[INFO] [stdout] 
[INFO] [stdout] warning: unused variable: `script`
[INFO] [stdout]   --> tests/util.rs:29:13
[INFO] [stdout]    |
[INFO] [stdout] 29 | pub fn eval(script: &str) -> Value {
[INFO] [stdout]    |             ^^^^^^ help: if this is intentional, prefix it with an underscore: `_script`
[INFO] [stdout] 
[INFO] [stdout] 
[INFO] [stdout] warning: unused variable: `script`
[INFO] [stdout]   --> tests/util.rs:34:20
[INFO] [stdout]    |
[INFO] [stdout] 34 | pub fn eval_string(script: &str, expected_string: &str) {
[INFO] [stdout]    |                    ^^^^^^ help: if this is intentional, prefix it with an underscore: `_script`
[INFO] [stdout] 
[INFO] [stdout] 
[INFO] [stdout] warning: unused variable: `expected_string`
[INFO] [stdout]   --> tests/util.rs:34:34
[INFO] [stdout]    |
[INFO] [stdout] 34 | pub fn eval_string(script: &str, expected_string: &str) {
[INFO] [stdout]    |                                  ^^^^^^^^^^^^^^^ help: if this is intentional, prefix it with an underscore: `_expected_string`
[INFO] [stdout] 
[INFO] [stdout] 
[INFO] [stdout] warning: struct `TestContext` is never constructed
[INFO] [stdout]  --> tests/util.rs:8:12
[INFO] [stdout]   |
[INFO] [stdout] 8 | pub struct TestContext {
[INFO] [stdout]   |            ^^^^^^^^^^^
[INFO] [stdout]   |
[INFO] [stdout]   = note: `#[warn(dead_code)]` (part of `#[warn(unused)]`) on by default
[INFO] [stdout] 
[INFO] [stdout] 
[INFO] [stdout] warning: struct `TestContext` is never constructed
[INFO] [stdout]  --> tests/util.rs:8:12
[INFO] [stdout]   |
[INFO] [stdout] 8 | pub struct TestContext {
[INFO] [stdout]   |            ^^^^^^^^^^^
[INFO] [stdout]   |
[INFO] [stdout]   = note: `#[warn(dead_code)]` (part of `#[warn(unused)]`) on by default
[INFO] [stdout] 
[INFO] [stdout] 
[INFO] [stdout] warning: unused variable: `script`
[INFO] [stdout]   --> tests/util.rs:14:14
[INFO] [stdout]    |
[INFO] [stdout] 14 | pub fn check(script: &str, expected_result: &str) {
[INFO] [stdout]    |              ^^^^^^ help: if this is intentional, prefix it with an underscore: `_script`
[INFO] [stdout]    |
[INFO] [stdout]    = note: `#[warn(unused_variables)]` (part of `#[warn(unused)]`) on by default
[INFO] [stdout] 
[INFO] [stdout] 
[INFO] [stdout] warning: unused variable: `expected_result`
[INFO] [stdout]   --> tests/util.rs:14:28
[INFO] [stdout]    |
[INFO] [stdout] 14 | pub fn check(script: &str, expected_result: &str) {
[INFO] [stdout]    |                            ^^^^^^^^^^^^^^^ help: if this is intentional, prefix it with an underscore: `_expected_result`
[INFO] [stdout] 
[INFO] [stdout] 
[INFO] [stdout] warning: unused variable: `script`
[INFO] [stdout]   --> tests/util.rs:19:19
[INFO] [stdout]    |
[INFO] [stdout] 19 | pub fn check_fail(script: &str, expected_err: &str) {
[INFO] [stdout]    |                   ^^^^^^ help: if this is intentional, prefix it with an underscore: `_script`
[INFO] [stdout] 
[INFO] [stdout] 
[INFO] [stdout] warning: unused variable: `expected_err`
[INFO] [stdout]   --> tests/util.rs:19:33
[INFO] [stdout]    |
[INFO] [stdout] 19 | pub fn check_fail(script: &str, expected_err: &str) {
[INFO] [stdout]    |                                 ^^^^^^^^^^^^ help: if this is intentional, prefix it with an underscore: `_expected_err`
[INFO] [stdout] 
[INFO] [stdout] 
[INFO] [stdout] warning: unused variable: `script`
[INFO] [stdout]   --> tests/util.rs:24:20
[INFO] [stdout]    |
[INFO] [stdout] 24 | pub fn check_value(script: &str, expected_value: Value) {
[INFO] [stdout]    |                    ^^^^^^ help: if this is intentional, prefix it with an underscore: `_script`
[INFO] [stdout] 
[INFO] [stdout] 
[INFO] [stdout] warning: unused variable: `expected_value`
[INFO] [stdout]   --> tests/util.rs:24:34
[INFO] [stdout]    |
[INFO] [stdout] 24 | pub fn check_value(script: &str, expected_value: Value) {
[INFO] [stdout]    |                                  ^^^^^^^^^^^^^^ help: if this is intentional, prefix it with an underscore: `_expected_value`
[INFO] [stdout] 
[INFO] [stdout] 
[INFO] [stdout] warning: unused variable: `script`
[INFO] [stdout]   --> tests/util.rs:29:13
[INFO] [stdout]    |
[INFO] [stdout] 29 | pub fn eval(script: &str) -> Value {
[INFO] [stdout]    |             ^^^^^^ help: if this is intentional, prefix it with an underscore: `_script`
[INFO] [stdout] 
[INFO] [stdout] 
[INFO] [stdout] warning: unused variable: `script`
[INFO] [stdout]   --> tests/util.rs:34:20
[INFO] [stdout]    |
[INFO] [stdout] 34 | pub fn eval_string(script: &str, expected_string: &str) {
[INFO] [stdout]    |                    ^^^^^^ help: if this is intentional, prefix it with an underscore: `_script`
[INFO] [stdout] 
[INFO] [stdout] 
[INFO] [stdout] warning: unused variable: `expected_string`
[INFO] [stdout]   --> tests/util.rs:34:34
[INFO] [stdout]    |
[INFO] [stdout] 34 | pub fn eval_string(script: &str, expected_string: &str) {
[INFO] [stdout]    |                                  ^^^^^^^^^^^^^^^ help: if this is intentional, prefix it with an underscore: `_expected_string`
[INFO] [stdout] 
[INFO] [stdout] 
[INFO] [stdout] warning: struct `TestContext` is never constructed
[INFO] [stdout]  --> tests/util.rs:8:12
[INFO] [stdout]   |
[INFO] [stdout] 8 | pub struct TestContext {
[INFO] [stdout]   |            ^^^^^^^^^^^
[INFO] [stdout]   |
[INFO] [stdout]   = note: `#[warn(dead_code)]` (part of `#[warn(unused)]`) on by default
[INFO] [stdout] 
[INFO] [stdout] 
[INFO] [stdout] warning: unused variable: `script`
[INFO] [stdout]   --> tests/util.rs:14:14
[INFO] [stdout]    |
[INFO] [stdout] 14 | pub fn check(script: &str, expected_result: &str) {
[INFO] [stdout]    |              ^^^^^^ help: if this is intentional, prefix it with an underscore: `_script`
[INFO] [stdout]    |
[INFO] [stdout]    = note: `#[warn(unused_variables)]` (part of `#[warn(unused)]`) on by default
[INFO] [stdout] 
[INFO] [stdout] 
[INFO] [stdout] warning: struct `TestContext` is never constructed
[INFO] [stdout]  --> tests/util.rs:8:12
[INFO] [stdout]   |
[INFO] [stdout] 8 | pub struct TestContext {
[INFO] [stdout]   |            ^^^^^^^^^^^
[INFO] [stdout]   |
[INFO] [stdout]   = note: `#[warn(dead_code)]` (part of `#[warn(unused)]`) on by default
[INFO] [stdout] 
[INFO] [stdout] 
[INFO] [stdout] warning: unused variable: `expected_result`
[INFO] [stdout]   --> tests/util.rs:14:28
[INFO] [stdout]    |
[INFO] [stdout] 14 | pub fn check(script: &str, expected_result: &str) {
[INFO] [stdout]    |                            ^^^^^^^^^^^^^^^ help: if this is intentional, prefix it with an underscore: `_expected_result`
[INFO] [stdout] 
[INFO] [stdout] 
[INFO] [stdout] warning: unused variable: `script`
[INFO] [stdout]   --> tests/util.rs:19:19
[INFO] [stdout]    |
[INFO] [stdout] 19 | pub fn check_fail(script: &str, expected_err: &str) {
[INFO] [stdout]    |                   ^^^^^^ help: if this is intentional, prefix it with an underscore: `_script`
[INFO] [stdout] 
[INFO] [stdout] 
[INFO] [stdout] warning: unused variable: `expected_err`
[INFO] [stdout]   --> tests/util.rs:19:33
[INFO] [stdout]    |
[INFO] [stdout] 19 | pub fn check_fail(script: &str, expected_err: &str) {
[INFO] [stdout]    |                                 ^^^^^^^^^^^^ help: if this is intentional, prefix it with an underscore: `_expected_err`
[INFO] [stdout] 
[INFO] [stdout] 
[INFO] [stdout] warning: unused variable: `script`
[INFO] [stdout]   --> tests/util.rs:24:20
[INFO] [stdout]    |
[INFO] [stdout] 24 | pub fn check_value(script: &str, expected_value: Value) {
[INFO] [stdout]    |                    ^^^^^^ help: if this is intentional, prefix it with an underscore: `_script`
[INFO] [stdout] 
[INFO] [stdout] 
[INFO] [stdout] warning: unused variable: `expected_value`
[INFO] [stdout]   --> tests/util.rs:24:34
[INFO] [stdout]    |
[INFO] [stdout] 24 | pub fn check_value(script: &str, expected_value: Value) {
[INFO] [stdout]    |                                  ^^^^^^^^^^^^^^ help: if this is intentional, prefix it with an underscore: `_expected_value`
[INFO] [stdout] 
[INFO] [stdout] 
[INFO] [stdout] warning: unused variable: `script`
[INFO] [stdout]   --> tests/util.rs:14:14
[INFO] [stdout]    |
[INFO] [stdout] 14 | pub fn check(script: &str, expected_result: &str) {
[INFO] [stdout]    |              ^^^^^^ help: if this is intentional, prefix it with an underscore: `_script`
[INFO] [stdout]    |
[INFO] [stdout]    = note: `#[warn(unused_variables)]` (part of `#[warn(unused)]`) on by default
[INFO] [stdout] 
[INFO] [stdout] 
[INFO] [stdout] warning: unused variable: `expected_result`
[INFO] [stdout]   --> tests/util.rs:14:28
[INFO] [stdout]    |
[INFO] [stdout] 14 | pub fn check(script: &str, expected_result: &str) {
[INFO] [stdout]    |                            ^^^^^^^^^^^^^^^ help: if this is intentional, prefix it with an underscore: `_expected_result`
[INFO] [stdout] 
[INFO] [stdout] 
[INFO] [stdout] warning: unused variable: `script`
[INFO] [stdout]   --> tests/util.rs:19:19
[INFO] [stdout]    |
[INFO] [stdout] 19 | pub fn check_fail(script: &str, expected_err: &str) {
[INFO] [stdout]    |                   ^^^^^^ help: if this is intentional, prefix it with an underscore: `_script`
[INFO] [stdout] 
[INFO] [stdout] 
[INFO] [stdout] warning: unused variable: `script`
[INFO] [stdout]   --> tests/util.rs:29:13
[INFO] [stdout]    |
[INFO] [stdout] 29 | pub fn eval(script: &str) -> Value {
[INFO] [stdout]    |             ^^^^^^ help: if this is intentional, prefix it with an underscore: `_script`
[INFO] [stdout] 
[INFO] [stdout] 
[INFO] [stdout] warning: unused variable: `script`
[INFO] [stdout]   --> tests/util.rs:34:20
[INFO] [stdout]    |
[INFO] [stdout] 34 | pub fn eval_string(script: &str, expected_string: &str) {
[INFO] [stdout]    |                    ^^^^^^ help: if this is intentional, prefix it with an underscore: `_script`
[INFO] [stdout] 
[INFO] [stdout] 
[INFO] [stdout] warning: unused variable: `expected_string`
[INFO] [stdout]   --> tests/util.rs:34:34
[INFO] [stdout]    |
[INFO] [stdout] 34 | pub fn eval_string(script: &str, expected_string: &str) {
[INFO] [stdout]    |                                  ^^^^^^^^^^^^^^^ help: if this is intentional, prefix it with an underscore: `_expected_string`
[INFO] [stdout] 
[INFO] [stdout] 
[INFO] [stdout] warning: unused variable: `expected_err`
[INFO] [stdout]   --> tests/util.rs:19:33
[INFO] [stdout]    |
[INFO] [stdout] 19 | pub fn check_fail(script: &str, expected_err: &str) {
[INFO] [stdout]    |                                 ^^^^^^^^^^^^ help: if this is intentional, prefix it with an underscore: `_expected_err`
[INFO] [stdout] 
[INFO] [stdout] 
[INFO] [stdout] warning: unused variable: `script`
[INFO] [stdout]   --> tests/util.rs:24:20
[INFO] [stdout]    |
[INFO] [stdout] 24 | pub fn check_value(script: &str, expected_value: Value) {
[INFO] [stdout]    |                    ^^^^^^ help: if this is intentional, prefix it with an underscore: `_script`
[INFO] [stdout] 
[INFO] [stdout] 
[INFO] [stdout] warning: unused variable: `expected_value`
[INFO] [stdout]   --> tests/util.rs:24:34
[INFO] [stdout]    |
[INFO] [stdout] 24 | pub fn check_value(script: &str, expected_value: Value) {
[INFO] [stdout]    |                                  ^^^^^^^^^^^^^^ help: if this is intentional, prefix it with an underscore: `_expected_value`
[INFO] [stdout] 
[INFO] [stdout] 
[INFO] [stdout] warning: unused variable: `script`
[INFO] [stdout]   --> tests/util.rs:29:13
[INFO] [stdout]    |
[INFO] [stdout] 29 | pub fn eval(script: &str) -> Value {
[INFO] [stdout]    |             ^^^^^^ help: if this is intentional, prefix it with an underscore: `_script`
[INFO] [stdout] 
[INFO] [stdout] 
[INFO] [stdout] warning: unused variable: `script`
[INFO] [stdout]   --> tests/util.rs:34:20
[INFO] [stdout]    |
[INFO] [stdout] 34 | pub fn eval_string(script: &str, expected_string: &str) {
[INFO] [stdout]    |                    ^^^^^^ help: if this is intentional, prefix it with an underscore: `_script`
[INFO] [stdout] 
[INFO] [stdout] 
[INFO] [stdout] warning: unused variable: `expected_string`
[INFO] [stdout]   --> tests/util.rs:34:34
[INFO] [stdout]    |
[INFO] [stdout] 34 | pub fn eval_string(script: &str, expected_string: &str) {
[INFO] [stdout]    |                                  ^^^^^^^^^^^^^^^ help: if this is intentional, prefix it with an underscore: `_expected_string`
[INFO] [stdout] 
[INFO] [stdout] 
[INFO] [stdout] warning: struct `TestContext` is never constructed
[INFO] [stdout]  --> tests/util.rs:8:12
[INFO] [stdout]   |
[INFO] [stdout] 8 | pub struct TestContext {
[INFO] [stdout]   |            ^^^^^^^^^^^
[INFO] [stdout]   |
[INFO] [stdout]   = note: `#[warn(dead_code)]` (part of `#[warn(unused)]`) on by default
[INFO] [stdout] 
[INFO] [stdout] 
[INFO] [stdout] warning: unused variable: `script`
[INFO] [stdout]   --> tests/util.rs:14:14
[INFO] [stdout]    |
[INFO] [stdout] 14 | pub fn check(script: &str, expected_result: &str) {
[INFO] [stdout]    |              ^^^^^^ help: if this is intentional, prefix it with an underscore: `_script`
[INFO] [stdout]    |
[INFO] [stdout]    = note: `#[warn(unused_variables)]` (part of `#[warn(unused)]`) on by default
[INFO] [stdout] 
[INFO] [stdout] 
[INFO] [stdout] warning: unused variable: `expected_result`
[INFO] [stdout]   --> tests/util.rs:14:28
[INFO] [stdout]    |
[INFO] [stdout] 14 | pub fn check(script: &str, expected_result: &str) {
[INFO] [stdout]    |                            ^^^^^^^^^^^^^^^ help: if this is intentional, prefix it with an underscore: `_expected_result`
[INFO] [stdout] 
[INFO] [stdout] 
[INFO] [stdout] warning: unused variable: `script`
[INFO] [stdout]   --> tests/util.rs:19:19
[INFO] [stdout]    |
[INFO] [stdout] 19 | pub fn check_fail(script: &str, expected_err: &str) {
[INFO] [stdout]    |                   ^^^^^^ help: if this is intentional, prefix it with an underscore: `_script`
[INFO] [stdout] 
[INFO] [stdout] 
[INFO] [stdout] warning: struct `TestContext` is never constructed
[INFO] [stdout]  --> tests/util.rs:8:12
[INFO] [stdout]   |
[INFO] [stdout] 8 | pub struct TestContext {
[INFO] [stdout]   |            ^^^^^^^^^^^
[INFO] [stdout]   |
[INFO] [stdout]   = note: `#[warn(dead_code)]` (part of `#[warn(unused)]`) on by default
[INFO] [stdout] 
[INFO] [stdout] 
[INFO] [stdout] warning: unused variable: `expected_err`
[INFO] [stdout]   --> tests/util.rs:19:33
[INFO] [stdout]    |
[INFO] [stdout] 19 | pub fn check_fail(script: &str, expected_err: &str) {
[INFO] [stdout]    |                                 ^^^^^^^^^^^^ help: if this is intentional, prefix it with an underscore: `_expected_err`
[INFO] [stdout] 
[INFO] [stdout] 
[INFO] [stdout] warning: unused variable: `script`
[INFO] [stdout]   --> tests/util.rs:24:20
[INFO] [stdout]    |
[INFO] [stdout] 24 | pub fn check_value(script: &str, expected_value: Value) {
[INFO] [stdout]    |                    ^^^^^^ help: if this is intentional, prefix it with an underscore: `_script`
[INFO] [stdout] 
[INFO] [stdout] 
[INFO] [stdout] warning: unused variable: `expected_value`
[INFO] [stdout]   --> tests/util.rs:24:34
[INFO] [stdout]    |
[INFO] [stdout] 24 | pub fn check_value(script: &str, expected_value: Value) {
[INFO] [stdout]    |                                  ^^^^^^^^^^^^^^ help: if this is intentional, prefix it with an underscore: `_expected_value`
[INFO] [stdout] 
[INFO] [stdout] 
[INFO] [stdout] warning: unused variable: `script`
[INFO] [stdout]   --> tests/util.rs:29:13
[INFO] [stdout]    |
[INFO] [stdout] 29 | pub fn eval(script: &str) -> Value {
[INFO] [stdout]    |             ^^^^^^ help: if this is intentional, prefix it with an underscore: `_script`
[INFO] [stdout] 
[INFO] [stdout] 
[INFO] [stdout] warning: unused variable: `script`
[INFO] [stdout]   --> tests/util.rs:34:20
[INFO] [stdout]    |
[INFO] [stdout] 34 | pub fn eval_string(script: &str, expected_string: &str) {
[INFO] [stdout]    |                    ^^^^^^ help: if this is intentional, prefix it with an underscore: `_script`
[INFO] [stdout] 
[INFO] [stdout] 
[INFO] [stdout] warning: unused variable: `expected_string`
[INFO] [stdout]   --> tests/util.rs:34:34
[INFO] [stdout]    |
[INFO] [stdout] 34 | pub fn eval_string(script: &str, expected_string: &str) {
[INFO] [stdout]    |                                  ^^^^^^^^^^^^^^^ help: if this is intentional, prefix it with an underscore: `_expected_string`
[INFO] [stdout] 
[INFO] [stdout] 
[INFO] [stdout] warning: unused variable: `script`
[INFO] [stdout]   --> tests/util.rs:14:14
[INFO] [stdout]    |
[INFO] [stdout] 14 | pub fn check(script: &str, expected_result: &str) {
[INFO] [stdout]    |              ^^^^^^ help: if this is intentional, prefix it with an underscore: `_script`
[INFO] [stdout]    |
[INFO] [stdout]    = note: `#[warn(unused_variables)]` (part of `#[warn(unused)]`) on by default
[INFO] [stdout] 
[INFO] [stdout] 
[INFO] [stdout] warning: unused variable: `expected_result`
[INFO] [stdout]   --> tests/util.rs:14:28
[INFO] [stdout]    |
[INFO] [stdout] 14 | pub fn check(script: &str, expected_result: &str) {
[INFO] [stdout]    |                            ^^^^^^^^^^^^^^^ help: if this is intentional, prefix it with an underscore: `_expected_result`
[INFO] [stdout] 
[INFO] [stdout] 
[INFO] [stdout] warning: unused variable: `script`
[INFO] [stdout]   --> tests/util.rs:19:19
[INFO] [stdout]    |
[INFO] [stdout] 19 | pub fn check_fail(script: &str, expected_err: &str) {
[INFO] [stdout]    |                   ^^^^^^ help: if this is intentional, prefix it with an underscore: `_script`
[INFO] [stdout] 
[INFO] [stdout] 
[INFO] [stdout] warning: unused variable: `expected_err`
[INFO] [stdout]   --> tests/util.rs:19:33
[INFO] [stdout]    |
[INFO] [stdout] 19 | pub fn check_fail(script: &str, expected_err: &str) {
[INFO] [stdout]    |                                 ^^^^^^^^^^^^ help: if this is intentional, prefix it with an underscore: `_expected_err`
[INFO] [stdout] 
[INFO] [stdout] 
[INFO] [stdout] warning: unused variable: `script`
[INFO] [stdout]   --> tests/util.rs:24:20
[INFO] [stdout]    |
[INFO] [stdout] 24 | pub fn check_value(script: &str, expected_value: Value) {
[INFO] [stdout]    |                    ^^^^^^ help: if this is intentional, prefix it with an underscore: `_script`
[INFO] [stdout] 
[INFO] [stdout] 
[INFO] [stdout] warning: unused variable: `expected_value`
[INFO] [stdout]   --> tests/util.rs:24:34
[INFO] [stdout]    |
[INFO] [stdout] 24 | pub fn check_value(script: &str, expected_value: Value) {
[INFO] [stdout]    |                                  ^^^^^^^^^^^^^^ help: if this is intentional, prefix it with an underscore: `_expected_value`
[INFO] [stdout] 
[INFO] [stdout] 
[INFO] [stdout] warning: unused variable: `script`
[INFO] [stdout]   --> tests/util.rs:29:13
[INFO] [stdout]    |
[INFO] [stdout] 29 | pub fn eval(script: &str) -> Value {
[INFO] [stdout]    |             ^^^^^^ help: if this is intentional, prefix it with an underscore: `_script`
[INFO] [stdout] 
[INFO] [stdout] 
[INFO] [stdout] warning: unused variable: `script`
[INFO] [stdout]   --> tests/util.rs:34:20
[INFO] [stdout]    |
[INFO] [stdout] 34 | pub fn eval_string(script: &str, expected_string: &str) {
[INFO] [stdout]    |                    ^^^^^^ help: if this is intentional, prefix it with an underscore: `_script`
[INFO] [stdout] 
[INFO] [stdout] 
[INFO] [stdout] warning: unused variable: `expected_string`
[INFO] [stdout]   --> tests/util.rs:34:34
[INFO] [stdout]    |
[INFO] [stdout] 34 | pub fn eval_string(script: &str, expected_string: &str) {
[INFO] [stdout]    |                                  ^^^^^^^^^^^^^^^ help: if this is intentional, prefix it with an underscore: `_expected_string`
[INFO] [stdout] 
[INFO] [stdout] 
[INFO] [stdout] warning: struct `TestContext` is never constructed
[INFO] [stdout]  --> tests/util.rs:8:12
[INFO] [stdout]   |
[INFO] [stdout] 8 | pub struct TestContext {
[INFO] [stdout]   |            ^^^^^^^^^^^
[INFO] [stdout]   |
[INFO] [stdout]   = note: `#[warn(dead_code)]` (part of `#[warn(unused)]`) on by default
[INFO] [stdout] 
[INFO] [stdout] 
[INFO] [stdout] warning: struct `TestContext` is never constructed
[INFO] [stdout]  --> tests/util.rs:8:12
[INFO] [stdout]   |
[INFO] [stdout] 8 | pub struct TestContext {
[INFO] [stdout]   |            ^^^^^^^^^^^
[INFO] [stdout]   |
[INFO] [stdout]   = note: `#[warn(dead_code)]` (part of `#[warn(unused)]`) on by default
[INFO] [stdout] 
[INFO] [stdout] 
[INFO] [stdout] warning: unused variable: `found`
[INFO] [stdout]     --> src/lib.rs:1191:37
[INFO] [stdout]      |
[INFO] [stdout] 1191 |                         if let Some(ref found) = maybe_value {
[INFO] [stdout]      |                                     ^^^^^^^^^ help: if this is intentional, prefix it with an underscore: `_found`
[INFO] [stdout]      |
[INFO] [stdout]      = note: `#[warn(unused_variables)]` (part of `#[warn(unused)]`) on by default
[INFO] [stdout] 
[INFO] [stdout] 
[INFO] [stdout] warning: variable does not need to be mutable
[INFO] [stdout]     --> src/lib.rs:1623:25
[INFO] [stdout]      |
[INFO] [stdout] 1623 |                     let mut borrowed = value_ref.borrow();
[INFO] [stdout]      |                         ----^^^^^^^^
[INFO] [stdout]      |                         |
[INFO] [stdout]      |                         help: remove this `mut`
[INFO] [stdout]      |
[INFO] [stdout]      = note: `#[warn(unused_mut)]` (part of `#[warn(unused)]`) on by default
[INFO] [stdout] 
[INFO] [stdout] 
[INFO] [stdout] warning: variable does not need to be mutable
[INFO] [stdout]     --> src/lib.rs:1642:25
[INFO] [stdout]      |
[INFO] [stdout] 1642 |                     let mut borrowed = value_ref.borrow();
[INFO] [stdout]      |                         ----^^^^^^^^
[INFO] [stdout]      |                         |
[INFO] [stdout]      |                         help: remove this `mut`
[INFO] [stdout] 
[INFO] [stdout] 
[INFO] [stdout] warning: variable does not need to be mutable
[INFO] [stdout]     --> src/lib.rs:1660:25
[INFO] [stdout]      |
[INFO] [stdout] 1660 |                     let mut borrowed = value_ref.borrow();
[INFO] [stdout]      |                         ----^^^^^^^^
[INFO] [stdout]      |                         |
[INFO] [stdout]      |                         help: remove this `mut`
[INFO] [stdout] 
[INFO] [stdout] 
[INFO] [stdout] warning: variable does not need to be mutable
[INFO] [stdout]     --> src/lib.rs:1678:25
[INFO] [stdout]      |
[INFO] [stdout] 1678 |                     let mut borrowed = value_ref.borrow();
[INFO] [stdout]      |                         ----^^^^^^^^
[INFO] [stdout]      |                         |
[INFO] [stdout]      |                         help: remove this `mut`
[INFO] [stdout] 
[INFO] [stdout] 
[INFO] [stdout] warning: struct `TestContext` is never constructed
[INFO] [stdout]  --> tests/util.rs:8:12
[INFO] [stdout]   |
[INFO] [stdout] 8 | pub struct TestContext {
[INFO] [stdout]   |            ^^^^^^^^^^^
[INFO] [stdout]   |
[INFO] [stdout]   = note: `#[warn(dead_code)]` (part of `#[warn(unused)]`) on by default
[INFO] [stdout] 
[INFO] [stdout] 
[INFO] [stdout] warning: hiding a lifetime that's elided elsewhere is confusing
[INFO] [stdout]    --> src/value_ref.rs:106:18
[INFO] [stdout]     |
[INFO] [stdout] 106 |     pub fn unref(&self) -> Ref<Value> {
[INFO] [stdout]     |                  ^^^^^     ^^^^^^^^^^ the same lifetime is hidden here
[INFO] [stdout]     |                  |
[INFO] [stdout]     |                  the lifetime is elided here
[INFO] [stdout]     |
[INFO] [stdout]     = help: the same lifetime is referred to in inconsistent ways, making the signature confusing
[INFO] [stdout]     = note: `#[warn(mismatched_lifetime_syntaxes)]` on by default
[INFO] [stdout] help: use `'_` for type paths
[INFO] [stdout]     |
[INFO] [stdout] 106 |     pub fn unref(&self) -> Ref<'_, Value> {
[INFO] [stdout]     |                                +++
[INFO] [stdout] 
[INFO] [stdout] 
[INFO] [stdout] warning: unused variable: `script`
[INFO] [stdout]   --> tests/util.rs:14:14
[INFO] [stdout]    |
[INFO] [stdout] 14 | pub fn check(script: &str, expected_result: &str) {
[INFO] [stdout]    |              ^^^^^^ help: if this is intentional, prefix it with an underscore: `_script`
[INFO] [stdout]    |
[INFO] [stdout]    = note: `#[warn(unused_variables)]` (part of `#[warn(unused)]`) on by default
[INFO] [stdout] 
[INFO] [stdout] 
[INFO] [stdout] warning: unused variable: `expected_result`
[INFO] [stdout]   --> tests/util.rs:14:28
[INFO] [stdout]    |
[INFO] [stdout] 14 | pub fn check(script: &str, expected_result: &str) {
[INFO] [stdout]    |                            ^^^^^^^^^^^^^^^ help: if this is intentional, prefix it with an underscore: `_expected_result`
[INFO] [stdout] 
[INFO] [stdout] 
[INFO] [stdout] warning: unused variable: `script`
[INFO] [stdout]   --> tests/util.rs:19:19
[INFO] [stdout]    |
[INFO] [stdout] 19 | pub fn check_fail(script: &str, expected_err: &str) {
[INFO] [stdout]    |                   ^^^^^^ help: if this is intentional, prefix it with an underscore: `_script`
[INFO] [stdout] 
[INFO] [stdout] 
[INFO] [stdout] warning: unused variable: `expected_err`
[INFO] [stdout]   --> tests/util.rs:19:33
[INFO] [stdout]    |
[INFO] [stdout] 19 | pub fn check_fail(script: &str, expected_err: &str) {
[INFO] [stdout]    |                                 ^^^^^^^^^^^^ help: if this is intentional, prefix it with an underscore: `_expected_err`
[INFO] [stdout] 
[INFO] [stdout] 
[INFO] [stdout] warning: unused variable: `script`
[INFO] [stdout]   --> tests/util.rs:24:20
[INFO] [stdout]    |
[INFO] [stdout] 24 | pub fn check_value(script: &str, expected_value: Value) {
[INFO] [stdout]    |                    ^^^^^^ help: if this is intentional, prefix it with an underscore: `_script`
[INFO] [stdout] 
[INFO] [stdout] 
[INFO] [stdout] warning: unused variable: `expected_value`
[INFO] [stdout]   --> tests/util.rs:24:34
[INFO] [stdout]    |
[INFO] [stdout] 24 | pub fn check_value(script: &str, expected_value: Value) {
[INFO] [stdout]    |                                  ^^^^^^^^^^^^^^ help: if this is intentional, prefix it with an underscore: `_expected_value`
[INFO] [stdout] 
[INFO] [stdout] 
[INFO] [stdout] warning: unused variable: `script`
[INFO] [stdout]   --> tests/util.rs:29:13
[INFO] [stdout]    |
[INFO] [stdout] 29 | pub fn eval(script: &str) -> Value {
[INFO] [stdout]    |             ^^^^^^ help: if this is intentional, prefix it with an underscore: `_script`
[INFO] [stdout] 
[INFO] [stdout] 
[INFO] [stdout] warning: unused variable: `script`
[INFO] [stdout]   --> tests/util.rs:34:20
[INFO] [stdout]    |
[INFO] [stdout] 34 | pub fn eval_string(script: &str, expected_string: &str) {
[INFO] [stdout]    |                    ^^^^^^ help: if this is intentional, prefix it with an underscore: `_script`
[INFO] [stdout] 
[INFO] [stdout] 
[INFO] [stdout] warning: unused variable: `expected_string`
[INFO] [stdout]   --> tests/util.rs:34:34
[INFO] [stdout]    |
[INFO] [stdout] 34 | pub fn eval_string(script: &str, expected_string: &str) {
[INFO] [stdout]    |                                  ^^^^^^^^^^^^^^^ help: if this is intentional, prefix it with an underscore: `_expected_string`
[INFO] [stdout] 
[INFO] [stdout] 
[INFO] [stdout] warning: struct `TestContext` is never constructed
[INFO] [stdout]  --> tests/util.rs:8:12
[INFO] [stdout]   |
[INFO] [stdout] 8 | pub struct TestContext {
[INFO] [stdout]   |            ^^^^^^^^^^^
[INFO] [stdout]   |
[INFO] [stdout]   = note: `#[warn(dead_code)]` (part of `#[warn(unused)]`) on by default
[INFO] [stdout] 
[INFO] [stdout] 
[INFO] [stdout] warning: unused variable: `script`
[INFO] [stdout]   --> tests/util.rs:14:14
[INFO] [stdout]    |
[INFO] [stdout] 14 | pub fn check(script: &str, expected_result: &str) {
[INFO] [stdout]    |              ^^^^^^ help: if this is intentional, prefix it with an underscore: `_script`
[INFO] [stdout]    |
[INFO] [stdout]    = note: `#[warn(unused_variables)]` (part of `#[warn(unused)]`) on by default
[INFO] [stdout] 
[INFO] [stdout] 
[INFO] [stdout] warning: unused variable: `expected_result`
[INFO] [stdout]   --> tests/util.rs:14:28
[INFO] [stdout]    |
[INFO] [stdout] 14 | pub fn check(script: &str, expected_result: &str) {
[INFO] [stdout]    |                            ^^^^^^^^^^^^^^^ help: if this is intentional, prefix it with an underscore: `_expected_result`
[INFO] [stdout] 
[INFO] [stdout] 
[INFO] [stdout] warning: unused variable: `script`
[INFO] [stdout]   --> tests/util.rs:19:19
[INFO] [stdout]    |
[INFO] [stdout] 19 | pub fn check_fail(script: &str, expected_err: &str) {
[INFO] [stdout]    |                   ^^^^^^ help: if this is intentional, prefix it with an underscore: `_script`
[INFO] [stdout] 
[INFO] [stdout] 
[INFO] [stdout] warning: unused variable: `expected_err`
[INFO] [stdout]   --> tests/util.rs:19:33
[INFO] [stdout]    |
[INFO] [stdout] 19 | pub fn check_fail(script: &str, expected_err: &str) {
[INFO] [stdout]    |                                 ^^^^^^^^^^^^ help: if this is intentional, prefix it with an underscore: `_expected_err`
[INFO] [stdout] 
[INFO] [stdout] 
[INFO] [stdout] warning: unused variable: `script`
[INFO] [stdout]   --> tests/util.rs:24:20
[INFO] [stdout]    |
[INFO] [stdout] 24 | pub fn check_value(script: &str, expected_value: Value) {
[INFO] [stdout]    |                    ^^^^^^ help: if this is intentional, prefix it with an underscore: `_script`
[INFO] [stdout] 
[INFO] [stdout] 
[INFO] [stdout] warning: unused variable: `expected_value`
[INFO] [stdout]   --> tests/util.rs:24:34
[INFO] [stdout]    |
[INFO] [stdout] 24 | pub fn check_value(script: &str, expected_value: Value) {
[INFO] [stdout]    |                                  ^^^^^^^^^^^^^^ help: if this is intentional, prefix it with an underscore: `_expected_value`
[INFO] [stdout] 
[INFO] [stdout] 
[INFO] [stdout] warning: unused variable: `script`
[INFO] [stdout]   --> tests/util.rs:29:13
[INFO] [stdout]    |
[INFO] [stdout] 29 | pub fn eval(script: &str) -> Value {
[INFO] [stdout]    |             ^^^^^^ help: if this is intentional, prefix it with an underscore: `_script`
[INFO] [stdout] 
[INFO] [stdout] 
[INFO] [stdout] warning: unused variable: `script`
[INFO] [stdout]   --> tests/util.rs:34:20
[INFO] [stdout]    |
[INFO] [stdout] 34 | pub fn eval_string(script: &str, expected_string: &str) {
[INFO] [stdout]    |                    ^^^^^^ help: if this is intentional, prefix it with an underscore: `_script`
[INFO] [stdout] 
[INFO] [stdout] 
[INFO] [stdout] warning: unused variable: `expected_string`
[INFO] [stdout]   --> tests/util.rs:34:34
[INFO] [stdout]    |
[INFO] [stdout] 34 | pub fn eval_string(script: &str, expected_string: &str) {
[INFO] [stdout]    |                                  ^^^^^^^^^^^^^^^ help: if this is intentional, prefix it with an underscore: `_expected_string`
[INFO] [stdout] 
[INFO] [stdout] 
[INFO] [stdout] warning: struct `TestContext` is never constructed
[INFO] [stdout]  --> tests/util.rs:8:12
[INFO] [stdout]   |
[INFO] [stdout] 8 | pub struct TestContext {
[INFO] [stdout]   |            ^^^^^^^^^^^
[INFO] [stdout]   |
[INFO] [stdout]   = note: `#[warn(dead_code)]` (part of `#[warn(unused)]`) on by default
[INFO] [stdout] 
[INFO] [stdout] 
[INFO] [stdout] warning: unused variable: `script`
[INFO] [stdout]   --> tests/util.rs:14:14
[INFO] [stdout]    |
[INFO] [stdout] 14 | pub fn check(script: &str, expected_result: &str) {
[INFO] [stdout]    |              ^^^^^^ help: if this is intentional, prefix it with an underscore: `_script`
[INFO] [stdout]    |
[INFO] [stdout]    = note: `#[warn(unused_variables)]` (part of `#[warn(unused)]`) on by default
[INFO] [stdout] 
[INFO] [stdout] 
[INFO] [stdout] warning: unused variable: `expected_result`
[INFO] [stdout]   --> tests/util.rs:14:28
[INFO] [stdout]    |
[INFO] [stdout] 14 | pub fn check(script: &str, expected_result: &str) {
[INFO] [stdout]    |                            ^^^^^^^^^^^^^^^ help: if this is intentional, prefix it with an underscore: `_expected_result`
[INFO] [stdout] 
[INFO] [stdout] 
[INFO] [stdout] warning: unused variable: `script`
[INFO] [stdout]   --> tests/util.rs:19:19
[INFO] [stdout]    |
[INFO] [stdout] 19 | pub fn check_fail(script: &str, expected_err: &str) {
[INFO] [stdout]    |                   ^^^^^^ help: if this is intentional, prefix it with an underscore: `_script`
[INFO] [stdout] 
[INFO] [stdout] 
[INFO] [stdout] warning: unused variable: `expected_err`
[INFO] [stdout]   --> tests/util.rs:19:33
[INFO] [stdout]    |
[INFO] [stdout] 19 | pub fn check_fail(script: &str, expected_err: &str) {
[INFO] [stdout]    |                                 ^^^^^^^^^^^^ help: if this is intentional, prefix it with an underscore: `_expected_err`
[INFO] [stdout] 
[INFO] [stdout] 
[INFO] [stdout] warning: unused variable: `script`
[INFO] [stdout]   --> tests/util.rs:24:20
[INFO] [stdout]    |
[INFO] [stdout] 24 | pub fn check_value(script: &str, expected_value: Value) {
[INFO] [stdout]    |                    ^^^^^^ help: if this is intentional, prefix it with an underscore: `_script`
[INFO] [stdout] 
[INFO] [stdout] 
[INFO] [stdout] warning: unused variable: `expected_value`
[INFO] [stdout]   --> tests/util.rs:24:34
[INFO] [stdout]    |
[INFO] [stdout] 24 | pub fn check_value(script: &str, expected_value: Value) {
[INFO] [stdout]    |                                  ^^^^^^^^^^^^^^ help: if this is intentional, prefix it with an underscore: `_expected_value`
[INFO] [stdout] 
[INFO] [stdout] 
[INFO] [stdout] warning: unused variable: `script`
[INFO] [stdout]   --> tests/util.rs:29:13
[INFO] [stdout]    |
[INFO] [stdout] 29 | pub fn eval(script: &str) -> Value {
[INFO] [stdout]    |             ^^^^^^ help: if this is intentional, prefix it with an underscore: `_script`
[INFO] [stdout] 
[INFO] [stdout] 
[INFO] [stdout] warning: unused variable: `script`
[INFO] [stdout]   --> tests/util.rs:34:20
[INFO] [stdout]    |
[INFO] [stdout] 34 | pub fn eval_string(script: &str, expected_string: &str) {
[INFO] [stdout]    |                    ^^^^^^ help: if this is intentional, prefix it with an underscore: `_script`
[INFO] [stdout] 
[INFO] [stdout] 
[INFO] [stdout] warning: unused variable: `expected_string`
[INFO] [stdout]   --> tests/util.rs:34:34
[INFO] [stdout]    |
[INFO] [stdout] 34 | pub fn eval_string(script: &str, expected_string: &str) {
[INFO] [stdout]    |                                  ^^^^^^^^^^^^^^^ help: if this is intentional, prefix it with an underscore: `_expected_string`
[INFO] [stdout] 
[INFO] [stdout] 
[INFO] [stdout] warning: struct `TestContext` is never constructed
[INFO] [stdout]  --> tests/util.rs:8:12
[INFO] [stdout]   |
[INFO] [stdout] 8 | pub struct TestContext {
[INFO] [stdout]   |            ^^^^^^^^^^^
[INFO] [stdout]   |
[INFO] [stdout]   = note: `#[warn(dead_code)]` (part of `#[warn(unused)]`) on by default
[INFO] [stdout] 
[INFO] [stdout] 
[INFO] [stdout] warning: unused imports: `check_value`, `check`, and `eval_string`
[INFO] [stdout]  --> tests/with.rs:8:19
[INFO] [stdout]   |
[INFO] [stdout] 8 | use crate::util::{check, check_fail, check_value, eval, eval_string};
[INFO] [stdout]   |                   ^^^^^              ^^^^^^^^^^^        ^^^^^^^^^^^
[INFO] [stdout]   |
[INFO] [stdout]   = note: `#[warn(unused_imports)]` (part of `#[warn(unused)]`) on by default
[INFO] [stdout] 
[INFO] [stdout] 
[INFO] [stdout] warning: unused variable: `script`
[INFO] [stdout]   --> tests/util.rs:14:14
[INFO] [stdout]    |
[INFO] [stdout] 14 | pub fn check(script: &str, expected_result: &str) {
[INFO] [stdout]    |              ^^^^^^ help: if this is intentional, prefix it with an underscore: `_script`
[INFO] [stdout]    |
[INFO] [stdout]    = note: `#[warn(unused_variables)]` (part of `#[warn(unused)]`) on by default
[INFO] [stdout] 
[INFO] [stdout] 
[INFO] [stdout] warning: unused variable: `expected_result`
[INFO] [stdout]   --> tests/util.rs:14:28
[INFO] [stdout]    |
[INFO] [stdout] 14 | pub fn check(script: &str, expected_result: &str) {
[INFO] [stdout]    |                            ^^^^^^^^^^^^^^^ help: if this is intentional, prefix it with an underscore: `_expected_result`
[INFO] [stdout] 
[INFO] [stdout] 
[INFO] [stdout] warning: unused variable: `script`
[INFO] [stdout]   --> tests/util.rs:19:19
[INFO] [stdout]    |
[INFO] [stdout] 19 | pub fn check_fail(script: &str, expected_err: &str) {
[INFO] [stdout]    |                   ^^^^^^ help: if this is intentional, prefix it with an underscore: `_script`
[INFO] [stdout] 
[INFO] [stdout] 
[INFO] [stdout] warning: unused variable: `expected_err`
[INFO] [stdout]   --> tests/util.rs:19:33
[INFO] [stdout]    |
[INFO] [stdout] 19 | pub fn check_fail(script: &str, expected_err: &str) {
[INFO] [stdout]    |                                 ^^^^^^^^^^^^ help: if this is intentional, prefix it with an underscore: `_expected_err`
[INFO] [stdout] 
[INFO] [stdout] 
[INFO] [stdout] warning: unused variable: `script`
[INFO] [stdout]   --> tests/util.rs:24:20
[INFO] [stdout]    |
[INFO] [stdout] 24 | pub fn check_value(script: &str, expected_value: Value) {
[INFO] [stdout]    |                    ^^^^^^ help: if this is intentional, prefix it with an underscore: `_script`
[INFO] [stdout] 
[INFO] [stdout] 
[INFO] [stdout] warning: unused variable: `expected_value`
[INFO] [stdout]   --> tests/util.rs:24:34
[INFO] [stdout]    |
[INFO] [stdout] 24 | pub fn check_value(script: &str, expected_value: Value) {
[INFO] [stdout]    |                                  ^^^^^^^^^^^^^^ help: if this is intentional, prefix it with an underscore: `_expected_value`
[INFO] [stdout] 
[INFO] [stdout] 
[INFO] [stdout] warning: unused variable: `script`
[INFO] [stdout]   --> tests/util.rs:29:13
[INFO] [stdout]    |
[INFO] [stdout] 29 | pub fn eval(script: &str) -> Value {
[INFO] [stdout]    |             ^^^^^^ help: if this is intentional, prefix it with an underscore: `_script`
[INFO] [stdout] 
[INFO] [stdout] 
[INFO] [stdout] warning: unused variable: `script`
[INFO] [stdout]   --> tests/util.rs:34:20
[INFO] [stdout]    |
[INFO] [stdout] 34 | pub fn eval_string(script: &str, expected_string: &str) {
[INFO] [stdout]    |                    ^^^^^^ help: if this is intentional, prefix it with an underscore: `_script`
[INFO] [stdout] 
[INFO] [stdout] 
[INFO] [stdout] warning: unused variable: `expected_string`
[INFO] [stdout]   --> tests/util.rs:34:34
[INFO] [stdout]    |
[INFO] [stdout] 34 | pub fn eval_string(script: &str, expected_string: &str) {
[INFO] [stdout]    |                                  ^^^^^^^^^^^^^^^ help: if this is intentional, prefix it with an underscore: `_expected_string`
[INFO] [stdout] 
[INFO] [stdout] 
[INFO] [stdout] warning: struct `TestContext` is never constructed
[INFO] [stdout]  --> tests/util.rs:8:12
[INFO] [stdout]   |
[INFO] [stdout] 8 | pub struct TestContext {
[INFO] [stdout]   |            ^^^^^^^^^^^
[INFO] [stdout]   |
[INFO] [stdout]   = note: `#[warn(dead_code)]` (part of `#[warn(unused)]`) on by default
[INFO] [stdout] 
[INFO] [stdout] 
[INFO] [stdout] warning: unused variable: `script`
[INFO] [stdout]   --> tests/util.rs:14:14
[INFO] [stdout]    |
[INFO] [stdout] 14 | pub fn check(script: &str, expected_result: &str) {
[INFO] [stdout]    |              ^^^^^^ help: if this is intentional, prefix it with an underscore: `_script`
[INFO] [stdout]    |
[INFO] [stdout]    = note: `#[warn(unused_variables)]` (part of `#[warn(unused)]`) on by default
[INFO] [stdout] 
[INFO] [stdout] 
[INFO] [stdout] warning: unused variable: `expected_result`
[INFO] [stdout]   --> tests/util.rs:14:28
[INFO] [stdout]    |
[INFO] [stdout] 14 | pub fn check(script: &str, expected_result: &str) {
[INFO] [stdout]    |                            ^^^^^^^^^^^^^^^ help: if this is intentional, prefix it with an underscore: `_expected_result`
[INFO] [stdout] 
[INFO] [stdout] 
[INFO] [stdout] warning: unused variable: `script`
[INFO] [stdout]   --> tests/util.rs:19:19
[INFO] [stdout]    |
[INFO] [stdout] 19 | pub fn check_fail(script: &str, expected_err: &str) {
[INFO] [stdout]    |                   ^^^^^^ help: if this is intentional, prefix it with an underscore: `_script`
[INFO] [stdout] 
[INFO] [stdout] 
[INFO] [stdout] warning: unused variable: `expected_err`
[INFO] [stdout]   --> tests/util.rs:19:33
[INFO] [stdout]    |
[INFO] [stdout] 19 | pub fn check_fail(script: &str, expected_err: &str) {
[INFO] [stdout]    |                                 ^^^^^^^^^^^^ help: if this is intentional, prefix it with an underscore: `_expected_err`
[INFO] [stdout] 
[INFO] [stdout] 
[INFO] [stdout] warning: unused variable: `script`
[INFO] [stdout]   --> tests/util.rs:24:20
[INFO] [stdout]    |
[INFO] [stdout] 24 | pub fn check_value(script: &str, expected_value: Value) {
[INFO] [stdout]    |                    ^^^^^^ help: if this is intentional, prefix it with an underscore: `_script`
[INFO] [stdout] 
[INFO] [stdout] 
[INFO] [stdout] warning: unused variable: `expected_value`
[INFO] [stdout]   --> tests/util.rs:24:34
[INFO] [stdout]    |
[INFO] [stdout] 24 | pub fn check_value(script: &str, expected_value: Value) {
[INFO] [stdout]    |                                  ^^^^^^^^^^^^^^ help: if this is intentional, prefix it with an underscore: `_expected_value`
[INFO] [stdout] 
[INFO] [stdout] 
[INFO] [stdout] warning: unused variable: `script`
[INFO] [stdout]   --> tests/util.rs:29:13
[INFO] [stdout]    |
[INFO] [stdout] 29 | pub fn eval(script: &str) -> Value {
[INFO] [stdout]    |             ^^^^^^ help: if this is intentional, prefix it with an underscore: `_script`
[INFO] [stdout] 
[INFO] [stdout] 
[INFO] [stdout] warning: unused variable: `script`
[INFO] [stdout]   --> tests/util.rs:34:20
[INFO] [stdout]    |
[INFO] [stdout] 34 | pub fn eval_string(script: &str, expected_string: &str) {
[INFO] [stdout]    |                    ^^^^^^ help: if this is intentional, prefix it with an underscore: `_script`
[INFO] [stdout] 
[INFO] [stdout] 
[INFO] [stdout] warning: unused variable: `expected_string`
[INFO] [stdout]   --> tests/util.rs:34:34
[INFO] [stdout]    |
[INFO] [stdout] 34 | pub fn eval_string(script: &str, expected_string: &str) {
[INFO] [stdout]    |                                  ^^^^^^^^^^^^^^^ help: if this is intentional, prefix it with an underscore: `_expected_string`
[INFO] [stdout] 
[INFO] [stdout] 
[INFO] [stdout] warning: struct `TestContext` is never constructed
[INFO] [stdout]  --> tests/util.rs:8:12
[INFO] [stdout]   |
[INFO] [stdout] 8 | pub struct TestContext {
[INFO] [stdout]   |            ^^^^^^^^^^^
[INFO] [stdout]   |
[INFO] [stdout]   = note: `#[warn(dead_code)]` (part of `#[warn(unused)]`) on by default
[INFO] [stdout] 
[INFO] [stdout] 
[INFO] [stderr]     Finished `test` profile [unoptimized + debuginfo] target(s) in 4.67s
[INFO] running `Command { std: "docker" "inspect" "a00a4c2d779542d39c43c6f34dfc96044d7348ed7744d78dfae3553b704bab11", kill_on_drop: false }`
[INFO] running `Command { std: "docker" "exec" "-e" "SOURCE_DIR=/opt/rustwide/workdir" "-e" "CARGO_HOME=/opt/rustwide/cargo-home" "-e" "RUSTUP_HOME=/opt/rustwide/rustup-home" "-e" "CARGO_TARGET_DIR=/opt/rustwide/target" "-e" "CARGO_INCREMENTAL=0" "-e" "RUST_BACKTRACE=full" "-e" "RUSTFLAGS=--cap-lints=warn" "-e" "RUSTDOCFLAGS=--cap-lints=warn" "-w" "/opt/rustwide/workdir" "--user" "0:0" "a00a4c2d779542d39c43c6f34dfc96044d7348ed7744d78dfae3553b704bab11" "/opt/rustwide/cargo-home/bin/cargo" "+1.100.0-beta.1" "test" "--frozen", kill_on_drop: false }`
[INFO] [stderr] warning: unused variable: `found`
[INFO] [stderr]     --> src/lib.rs:1191:37
[INFO] [stderr]      |
[INFO] [stderr] 1191 |                         if let Some(ref found) = maybe_value {
[INFO] [stderr]      |                                     ^^^^^^^^^ help: if this is intentional, prefix it with an underscore: `_found`
[INFO] [stderr]      |
[INFO] [stderr]      = note: `#[warn(unused_variables)]` (part of `#[warn(unused)]`) on by default
[INFO] [stderr] 
[INFO] [stderr] warning: variable does not need to be mutable
[INFO] [stderr]     --> src/lib.rs:1623:25
[INFO] [stderr]      |
[INFO] [stderr] 1623 |                     let mut borrowed = value_ref.borrow();
[INFO] [stderr]      |                         ----^^^^^^^^
[INFO] [stderr]      |                         |
[INFO] [stderr]      |                         help: remove this `mut`
[INFO] [stderr]      |
[INFO] [stderr]      = note: `#[warn(unused_mut)]` (part of `#[warn(unused)]`) on by default
[INFO] [stderr] 
[INFO] [stderr] warning: variable does not need to be mutable
[INFO] [stderr]     --> src/lib.rs:1642:25
[INFO] [stderr]      |
[INFO] [stderr] 1642 |                     let mut borrowed = value_ref.borrow();
[INFO] [stderr]      |                         ----^^^^^^^^
[INFO] [stderr]      |                         |
[INFO] [stderr]      |                         help: remove this `mut`
[INFO] [stderr] 
[INFO] [stderr] warning: variable does not need to be mutable
[INFO] [stderr]     --> src/lib.rs:1660:25
[INFO] [stderr]      |
[INFO] [stderr] 1660 |                     let mut borrowed = value_ref.borrow();
[INFO] [stderr]      |                         ----^^^^^^^^
[INFO] [stderr]      |                         |
[INFO] [stderr]      |                         help: remove this `mut`
[INFO] [stderr] 
[INFO] [stderr] warning: variable does not need to be mutable
[INFO] [stderr]     --> src/lib.rs:1678:25
[INFO] [stderr]      |
[INFO] [stderr] 1678 |                     let mut borrowed = value_ref.borrow();
[INFO] [stderr]      |                         ----^^^^^^^^
[INFO] [stderr]      |                         |
[INFO] [stderr]      |                         help: remove this `mut`
[INFO] [stderr] 
[INFO] [stderr] warning: hiding a lifetime that's elided elsewhere is confusing
[INFO] [stderr]    --> src/value_ref.rs:106:18
[INFO] [stderr]     |
[INFO] [stderr] 106 |     pub fn unref(&self) -> Ref<Value> {
[INFO] [stderr]     |                  ^^^^^     ^^^^^^^^^^ the same lifetime is hidden here
[INFO] [stderr]     |                  |
[INFO] [stderr]     |                  the lifetime is elided here
[INFO] [stderr]     |
[INFO] [stderr]     = help: the same lifetime is referred to in inconsistent ways, making the signature confusing
[INFO] [stderr]     = note: `#[warn(mismatched_lifetime_syntaxes)]` on by default
[INFO] [stderr] help: use `'_` for type paths
[INFO] [stderr]     |
[INFO] [stderr] 106 |     pub fn unref(&self) -> Ref<'_, Value> {
[INFO] [stderr]     |                                +++
[INFO] [stderr] 
[INFO] [stderr] warning: `swamp-script-eval` (lib) generated 6 warnings (run `cargo fix --lib -p swamp-script-eval` to apply 6 suggestions)
[INFO] [stderr] warning: `swamp-script-eval` (lib test) generated 6 warnings (6 duplicates)
[INFO] [stderr] warning: unused variable: `script`
[INFO] [stderr]   --> tests/util.rs:14:14
[INFO] [stderr]    |
[INFO] [stderr] 14 | pub fn check(script: &str, expected_result: &str) {
[INFO] [stderr]    |              ^^^^^^ help: if this is intentional, prefix it with an underscore: `_script`
[INFO] [stderr]    |
[INFO] [stderr]    = note: `#[warn(unused_variables)]` (part of `#[warn(unused)]`) on by default
[INFO] [stderr] 
[INFO] [stderr] warning: unused variable: `expected_result`
[INFO] [stderr]   --> tests/util.rs:14:28
[INFO] [stderr]    |
[INFO] [stderr] 14 | pub fn check(script: &str, expected_result: &str) {
[INFO] [stderr]    |                            ^^^^^^^^^^^^^^^ help: if this is intentional, prefix it with an underscore: `_expected_result`
[INFO] [stderr] 
[INFO] [stderr] warning: unused variable: `script`
[INFO] [stderr]   --> tests/util.rs:19:19
[INFO] [stderr]    |
[INFO] [stderr] 19 | pub fn check_fail(script: &str, expected_err: &str) {
[INFO] [stderr]    |                   ^^^^^^ help: if this is intentional, prefix it with an underscore: `_script`
[INFO] [stderr] 
[INFO] [stderr] warning: unused variable: `expected_err`
[INFO] [stderr]   --> tests/util.rs:19:33
[INFO] [stderr]    |
[INFO] [stderr] 19 | pub fn check_fail(script: &str, expected_err: &str) {
[INFO] [stderr]    |                                 ^^^^^^^^^^^^ help: if this is intentional, prefix it with an underscore: `_expected_err`
[INFO] [stderr] 
[INFO] [stderr] warning: unused variable: `script`
[INFO] [stderr]   --> tests/util.rs:24:20
[INFO] [stderr]    |
[INFO] [stderr] 24 | pub fn check_value(script: &str, expected_value: Value) {
[INFO] [stderr]    |                    ^^^^^^ help: if this is intentional, prefix it with an underscore: `_script`
[INFO] [stderr] 
[INFO] [stderr] warning: unused variable: `expected_value`
[INFO] [stderr]   --> tests/util.rs:24:34
[INFO] [stderr]    |
[INFO] [stderr] 24 | pub fn check_value(script: &str, expected_value: Value) {
[INFO] [stderr]    |                                  ^^^^^^^^^^^^^^ help: if this is intentional, prefix it with an underscore: `_expected_value`
[INFO] [stderr] 
[INFO] [stderr] warning: unused variable: `script`
[INFO] [stderr]   --> tests/util.rs:29:13
[INFO] [stderr]    |
[INFO] [stderr] 29 | pub fn eval(script: &str) -> Value {
[INFO] [stderr]    |             ^^^^^^ help: if this is intentional, prefix it with an underscore: `_script`
[INFO] [stderr] 
[INFO] [stderr] warning: unused variable: `script`
[INFO] [stderr]   --> tests/util.rs:34:20
[INFO] [stderr]    |
[INFO] [stderr] 34 | pub fn eval_string(script: &str, expected_string: &str) {
[INFO] [stderr]    |                    ^^^^^^ help: if this is intentional, prefix it with an underscore: `_script`
[INFO] [stderr] 
[INFO] [stderr] warning: unused variable: `expected_string`
[INFO] [stderr]   --> tests/util.rs:34:34
[INFO] [stderr]    |
[INFO] [stderr] 34 | pub fn eval_string(script: &str, expected_string: &str) {
[INFO] [stderr]    |                                  ^^^^^^^^^^^^^^^ help: if this is intentional, prefix it with an underscore: `_expected_string`
[INFO] [stderr] 
[INFO] [stderr] warning: struct `TestContext` is never constructed
[INFO] [stderr]  --> tests/util.rs:8:12
[INFO] [stderr]   |
[INFO] [stderr] 8 | pub struct TestContext {
[INFO] [stderr]   |            ^^^^^^^^^^^
[INFO] [stderr]   |
[INFO] [stderr]   = note: `#[warn(dead_code)]` (part of `#[warn(unused)]`) on by default
[INFO] [stderr] 
[INFO] [stderr] warning: unused imports: `check_value`, `check`, and `eval_string`
[INFO] [stderr]  --> tests/with.rs:8:19
[INFO] [stderr]   |
[INFO] [stderr] 8 | use crate::util::{check, check_fail, check_value, eval, eval_string};
[INFO] [stderr]   |                   ^^^^^              ^^^^^^^^^^^        ^^^^^^^^^^^
[INFO] [stderr]   |
[INFO] [stderr]   = note: `#[warn(unused_imports)]` (part of `#[warn(unused)]`) on by default
[INFO] [stderr] 
[INFO] [stderr] warning: unused imports: `check_fail`, `check`, `eval_string`, and `eval`
[INFO] [stderr]  --> tests/tuple_floats.rs:8:19
[INFO] [stderr]   |
[INFO] [stderr] 8 | use crate::util::{check, check_fail, check_value, eval, eval_string};
[INFO] [stderr]   |                   ^^^^^  ^^^^^^^^^^               ^^^^  ^^^^^^^^^^^
[INFO] [stderr]   |
[INFO] [stderr]   = note: `#[warn(unused_imports)]` (part of `#[warn(unused)]`) on by default
[INFO] [stderr] 
[INFO] [stderr] warning: `swamp-script-eval` (test "func_ref") generated 10 warnings (run `cargo fix --test "func_ref" -p swamp-script-eval` to apply 9 suggestions)
[INFO] [stderr] warning: `swamp-script-eval` (test "constant") generated 10 warnings (10 duplicates)
[INFO] [stderr] warning: `swamp-script-eval` (test "basic_eval") generated 10 warnings (10 duplicates)
[INFO] [stderr] warning: `swamp-script-eval` (test "assign_mut") generated 10 warnings (10 duplicates)
[INFO] [stderr] warning: `swamp-script-eval` (test "with") generated 11 warnings (10 duplicates) (run `cargo fix --test "with" -p swamp-script-eval` to apply 1 suggestion)
[INFO] [stderr] warning: `swamp-script-eval` (test "array") generated 10 warnings (10 duplicates)
[INFO] [stderr] warning: `swamp-script-eval` (test "float") generated 10 warnings (10 duplicates)
[INFO] [stderr] warning: `swamp-script-eval` (test "util") generated 9 warnings (9 duplicates)
[INFO] [stderr] warning: `swamp-script-eval` (test "tuple_floats") generated 11 warnings (10 duplicates) (run `cargo fix --test "tuple_floats" -p swamp-script-eval` to apply 1 suggestion)
[INFO] [stderr] warning: `swamp-script-eval` (test "string") generated 10 warnings (10 duplicates)
[INFO] [stderr] warning: `swamp-script-eval` (test "sparse") generated 10 warnings (10 duplicates)
[INFO] [stderr] warning: `swamp-script-eval` (test "rest") generated 10 warnings (10 duplicates)
[INFO] [stderr] warning: `swamp-script-eval` (test "destructuring") generated 10 warnings (10 duplicates)
[INFO] [stderr] warning: `swamp-script-eval` (test "option") generated 10 warnings (10 duplicates)
[INFO] [stderr] warning: `swamp-script-eval` (test "match_expr") generated 10 warnings (10 duplicates)
[INFO] [stderr] warning: `swamp-script-eval` (test "map") generated 10 warnings (10 duplicates)
[INFO] [stderr] warning: `swamp-script-eval` (test "location") generated 10 warnings (10 duplicates)
[INFO] [stderr] warning: `swamp-script-eval` (test "interpreter") generated 10 warnings (10 duplicates)
[INFO] [stderr] warning: `swamp-script-eval` (test "int") generated 10 warnings (10 duplicates)
[INFO] [stderr] warning: `swamp-script-eval` (test "for_expr") generated 10 warnings (10 duplicates)
[INFO] [stderr]     Finished `test` profile [unoptimized + debuginfo] target(s) in 0.08s
[INFO] [stderr]      Running unittests src/lib.rs (/opt/rustwide/target/debug/build/swamp-script-eval/c2bf4122f6c56ee4/out/swamp_script_eval-c2bf4122f6c56ee4)
[INFO] [stdout] 
[INFO] [stderr]      Running tests/array.rs (/opt/rustwide/target/debug/build/swamp-script-eval/5f05629cca5e2b59/out/array-5f05629cca5e2b59)
[INFO] [stdout] running 0 tests
[INFO] [stdout] 
[INFO] [stdout] test result: ok. 0 passed; 0 failed; 0 ignored; 0 measured; 0 filtered out; finished in 0.00s
[INFO] [stdout] 
[INFO] [stdout] 
[INFO] [stdout] running 8 tests
[INFO] [stdout] test array_range_assignment ... FAILED
[INFO] [stdout] test array_push ... FAILED
[INFO] [stdout] test array_range_access ... FAILED
[INFO] [stdout] test array_extend ... FAILED
[INFO] [stdout] test array_clear ... FAILED
[INFO] [stdout] test array_remove_fail ... FAILED
[INFO] [stdout] test array_remove ... FAILED
[INFO] [stdout] test array_access ... FAILED
[INFO] [stdout] 
[INFO] [stdout] failures:
[INFO] [stdout] 
[INFO] [stdout] ---- array_range_assignment stdout ----
[INFO] [stdout] 
[INFO] [stdout] thread 'array_range_assignment' (1007) panicked at tests/util.rs:15:5:
[INFO] [stdout] not yet implemented
[INFO] [stdout] stack backtrace:
[INFO] [stdout]    0:     0x5d312a2a4861 - std[617be2ca0a6fd877]::backtrace_rs::backtrace::libunwind::trace
[INFO] [stdout]                                at /rustc/e3feeb59cd1bdd011a2bfcc0747b55125d9b8527/library/std/src/../../backtrace/src/backtrace/libunwind.rs:117:9
[INFO] [stdout]    1:     0x5d312a2a4861 - std[617be2ca0a6fd877]::backtrace_rs::backtrace::trace_unsynchronized::<std[617be2ca0a6fd877]::sys::backtrace::_print_fmt::{closure#1}>
[INFO] [stdout]                                at /rustc/e3feeb59cd1bdd011a2bfcc0747b55125d9b8527/library/std/src/../../backtrace/src/backtrace/mod.rs:66:14
[INFO] [stdout]    2:     0x5d312a2a4861 - std[617be2ca0a6fd877]::sys::backtrace::_print_fmt
[INFO] [stdout]                                at /rustc/e3feeb59cd1bdd011a2bfcc0747b55125d9b8527/library/std/src/sys/backtrace.rs:74:9
[INFO] [stdout]    3:     0x5d312a2a4861 - <<std[617be2ca0a6fd877]::sys::backtrace::BacktraceLock>::print::DisplayBacktrace as core[a373ad73a504971]::fmt::Display>::fmt
[INFO] [stdout]                                at /rustc/e3feeb59cd1bdd011a2bfcc0747b55125d9b8527/library/std/src/sys/backtrace.rs:44:26
[INFO] [stdout]    4:     0x5d312a2bae3a - <core[a373ad73a504971]::fmt::rt::Argument>::fmt
[INFO] [stdout]                                at /rustc/e3feeb59cd1bdd011a2bfcc0747b55125d9b8527/library/core/src/fmt/rt.rs:152:76
[INFO] [stdout]    5:     0x5d312a2bae3a - core[a373ad73a504971]::fmt::write
[INFO] [stdout]    6:     0x5d312a2a8b2c - core[a373ad73a504971]::io::write::default_write_fmt::<alloc[2e1b2a31b91974c5]::vec::Vec<u8>>
[INFO] [stdout]                                at /rustc/e3feeb59cd1bdd011a2bfcc0747b55125d9b8527/library/core/src/io/write.rs:402:11
[INFO] [stdout]    7:     0x5d312a2a8b2c - <alloc[2e1b2a31b91974c5]::vec::Vec<u8> as core[a373ad73a504971]::io::write::Write>::write_fmt
[INFO] [stdout]                                at /rustc/e3feeb59cd1bdd011a2bfcc0747b55125d9b8527/library/core/src/io/write.rs:335:13
[INFO] [stdout]    8:     0x5d312a280af6 - <std[617be2ca0a6fd877]::sys::backtrace::BacktraceLock>::print
[INFO] [stdout]                                at /rustc/e3feeb59cd1bdd011a2bfcc0747b55125d9b8527/library/std/src/sys/backtrace.rs:47:9
[INFO] [stdout]    9:     0x5d312a280af6 - std[617be2ca0a6fd877]::panicking::default_hook::{closure#0}
[INFO] [stdout]                                at /rustc/e3feeb59cd1bdd011a2bfcc0747b55125d9b8527/library/std/src/panicking.rs:289:27
[INFO] [stdout]   10:     0x5d312a29cd69 - std[617be2ca0a6fd877]::panicking::default_hook
[INFO] [stdout]                                at /rustc/e3feeb59cd1bdd011a2bfcc0747b55125d9b8527/library/std/src/panicking.rs:313:9
[INFO] [stdout]   11:     0x5d312a00dc20 - <alloc[2e1b2a31b91974c5]::boxed::Box<dyn for<'a, 'b> core[a373ad73a504971]::ops::function::Fn<(&'a std[617be2ca0a6fd877]::panic::PanicHookInfo<'b>,), Output = ()> + core[a373ad73a504971]::marker::Sync + core[a373ad73a504971]::marker::Send> as core[a373ad73a504971]::ops::function::Fn<(&std[617be2ca0a6fd877]::panic::PanicHookInfo,)>>::call
[INFO] [stdout]                                at /rustc/e3feeb59cd1bdd011a2bfcc0747b55125d9b8527/library/alloc/src/boxed.rs:2328:9
[INFO] [stdout]   12:     0x5d312a00dc20 - test[aada8e7e76ba119b]::test_main_inner::{closure#0}
[INFO] [stdout]                                at /rustc/e3feeb59cd1bdd011a2bfcc0747b55125d9b8527/library/test/src/lib.rs:137:21
[INFO] [stdout]   13:     0x5d312a29cf22 - <alloc[2e1b2a31b91974c5]::boxed::Box<dyn for<'a, 'b> core[a373ad73a504971]::ops::function::Fn<(&'a std[617be2ca0a6fd877]::panic::PanicHookInfo<'b>,), Output = ()> + core[a373ad73a504971]::marker::Sync + core[a373ad73a504971]::marker::Send> as core[a373ad73a504971]::ops::function::Fn<(&std[617be2ca0a6fd877]::panic::PanicHookInfo,)>>::call
[INFO] [stdout]                                at /rustc/e3feeb59cd1bdd011a2bfcc0747b55125d9b8527/library/alloc/src/boxed.rs:2328:9
[INFO] [stdout]   14:     0x5d312a29cf22 - std[617be2ca0a6fd877]::panicking::panic_with_hook
[INFO] [stdout]                                at /rustc/e3feeb59cd1bdd011a2bfcc0747b55125d9b8527/library/std/src/panicking.rs:819:13
[INFO] [stdout]   15:     0x5d312a280bd4 - std[617be2ca0a6fd877]::panicking::panic_handler::{closure#0}
[INFO] [stdout]                                at /rustc/e3feeb59cd1bdd011a2bfcc0747b55125d9b8527/library/std/src/panicking.rs:678:13
[INFO] [stdout]   16:     0x5d312a279889 - std[617be2ca0a6fd877]::sys::backtrace::__rust_end_short_backtrace::<std[617be2ca0a6fd877]::panicking::panic_handler::{closure#0}, !>
[INFO] [stdout]                                at /rustc/e3feeb59cd1bdd011a2bfcc0747b55125d9b8527/library/std/src/sys/backtrace.rs:182:18
[INFO] [stdout]   17:     0x5d312a2817ad - __rustc[ea4f61d10b84890b]::rust_begin_unwind
[INFO] [stdout]                                at /rustc/e3feeb59cd1bdd011a2bfcc0747b55125d9b8527/library/std/src/panicking.rs:676:5
[INFO] [stdout]   18:     0x5d312a2bb6dc - core[a373ad73a504971]::panicking::panic_fmt
[INFO] [stdout]                                at /rustc/e3feeb59cd1bdd011a2bfcc0747b55125d9b8527/library/core/src/panicking.rs:80:14
[INFO] [stdout]   19:     0x5d312a2bb6a2 - core[a373ad73a504971]::panicking::panic
[INFO] [stdout]                                at /rustc/e3feeb59cd1bdd011a2bfcc0747b55125d9b8527/library/core/src/panicking.rs:150:5
[INFO] [stdout]   20:     0x5d3129ffb0e1 - array[cd0153b14589417]::util::check
[INFO] [stdout]                                at /opt/rustwide/workdir/tests/util.rs:15:5
[INFO] [stdout]   21:     0x5d3129ff9bd3 - array[cd0153b14589417]::array_range_assignment
[INFO] [stdout]                                at /opt/rustwide/workdir/tests/array.rs:26:5
[INFO] [stdout]   22:     0x5d3129ff8167 - array[cd0153b14589417]::array_range_assignment::{closure#0}
[INFO] [stdout]                                at /opt/rustwide/workdir/tests/array.rs:25:28
[INFO] [stdout]   23:     0x5d312a000c16 - <array[cd0153b14589417]::array_range_assignment::{closure#0} as core[a373ad73a504971]::ops::function::FnOnce<()>>::call_once
[INFO] [stdout]                                at /rustc/e3feeb59cd1bdd011a2bfcc0747b55125d9b8527/library/core/src/ops/function.rs:250:5
[INFO] [stdout]   24:     0x5d312a00106b - <fn() -> core[a373ad73a504971]::result::Result<(), alloc[2e1b2a31b91974c5]::string::String> as core[a373ad73a504971]::ops::function::FnOnce<()>>::call_once
[INFO] [stdout]                                at /rustc/e3feeb59cd1bdd011a2bfcc0747b55125d9b8527/library/core/src/ops/function.rs:250:5
[INFO] [stdout]   25:     0x5d312a00106b - test[aada8e7e76ba119b]::__rust_begin_short_backtrace::<core[a373ad73a504971]::result::Result<(), alloc[2e1b2a31b91974c5]::string::String>, fn() -> core[a373ad73a504971]::result::Result<(), alloc[2e1b2a31b91974c5]::string::String>>
[INFO] [stdout]                                at /rustc/e3feeb59cd1bdd011a2bfcc0747b55125d9b8527/library/test/src/lib.rs:701:18
[INFO] [stdout]   26:     0x5d312a00e245 - test[aada8e7e76ba119b]::run_test_in_process::{closure#0}
[INFO] [stdout]                                at /rustc/e3feeb59cd1bdd011a2bfcc0747b55125d9b8527/library/test/src/lib.rs:724:74
[INFO] [stdout]   27:     0x5d312a00e245 - <core[a373ad73a504971]::panic::unwind_safe::AssertUnwindSafe<test[aada8e7e76ba119b]::run_test_in_process::{closure#0}> as core[a373ad73a504971]::ops::function::FnOnce<()>>::call_once
[INFO] [stdout]                                at /rustc/e3feeb59cd1bdd011a2bfcc0747b55125d9b8527/library/core/src/panic/unwind_safe.rs:275:9
[INFO] [stdout]   28:     0x5d312a00e245 - std[617be2ca0a6fd877]::panicking::catch_unwind::do_call::<core[a373ad73a504971]::panic::unwind_safe::AssertUnwindSafe<test[aada8e7e76ba119b]::run_test_in_process::{closure#0}>, core[a373ad73a504971]::result::Result<(), alloc[2e1b2a31b91974c5]::string::String>>
[INFO] [stdout]                                at /rustc/e3feeb59cd1bdd011a2bfcc0747b55125d9b8527/library/std/src/panicking.rs:573:43
[INFO] [stdout]   29:     0x5d312a00e245 - std[617be2ca0a6fd877]::panicking::catch_unwind::<core[a373ad73a504971]::result::Result<(), alloc[2e1b2a31b91974c5]::string::String>, core[a373ad73a504971]::panic::unwind_safe::AssertUnwindSafe<test[aada8e7e76ba119b]::run_test_in_process::{closure#0}>>
[INFO] [stdout]                                at /rustc/e3feeb59cd1bdd011a2bfcc0747b55125d9b8527/library/std/src/panicking.rs:541:19
[INFO] [stdout]   30:     0x5d312a00e245 - std[617be2ca0a6fd877]::panic::catch_unwind::<core[a373ad73a504971]::panic::unwind_safe::AssertUnwindSafe<test[aada8e7e76ba119b]::run_test_in_process::{closure#0}>, core[a373ad73a504971]::result::Result<(), alloc[2e1b2a31b91974c5]::string::String>>
[INFO] [stdout]                                at /rustc/e3feeb59cd1bdd011a2bfcc0747b55125d9b8527/library/std/src/panic.rs:359:14
[INFO] [stdout]   31:     0x5d312a00e245 - test[aada8e7e76ba119b]::run_test_in_process
[INFO] [stdout]                                at /rustc/e3feeb59cd1bdd011a2bfcc0747b55125d9b8527/library/test/src/lib.rs:724:27
[INFO] [stdout]   32:     0x5d312a00e245 - test[aada8e7e76ba119b]::run_test::{closure#0}
[INFO] [stdout]                                at /rustc/e3feeb59cd1bdd011a2bfcc0747b55125d9b8527/library/test/src/lib.rs:645:43
[INFO] [stdout]   33:     0x5d312a007b34 - test[aada8e7e76ba119b]::run_test::{closure#1}
[INFO] [stdout]                                at /rustc/e3feeb59cd1bdd011a2bfcc0747b55125d9b8527/library/test/src/lib.rs:675:41
[INFO] [stdout]   34:     0x5d312a007b34 - std[617be2ca0a6fd877]::sys::backtrace::__rust_begin_short_backtrace::<test[aada8e7e76ba119b]::run_test::{closure#1}, ()>
[INFO] [stdout]                                at /rustc/e3feeb59cd1bdd011a2bfcc0747b55125d9b8527/library/std/src/sys/backtrace.rs:166:18
[INFO] [stdout]   35:     0x5d312a0112d2 - std[617be2ca0a6fd877]::thread::lifecycle::spawn_unchecked::<test[aada8e7e76ba119b]::run_test::{closure#1}, ()>::{closure#1}::{closure#0}
[INFO] [stdout]                                at /rustc/e3feeb59cd1bdd011a2bfcc0747b55125d9b8527/library/std/src/thread/lifecycle.rs:70:13
[INFO] [stdout]   36:     0x5d312a0112d2 - <core[a373ad73a504971]::panic::unwind_safe::AssertUnwindSafe<std[617be2ca0a6fd877]::thread::lifecycle::spawn_unchecked<test[aada8e7e76ba119b]::run_test::{closure#1}, ()>::{closure#1}::{closure#0}> as core[a373ad73a504971]::ops::function::FnOnce<()>>::call_once
[INFO] [stdout]                                at /rustc/e3feeb59cd1bdd011a2bfcc0747b55125d9b8527/library/core/src/panic/unwind_safe.rs:275:9
[INFO] [stdout]   37:     0x5d312a0112d2 - std[617be2ca0a6fd877]::panicking::catch_unwind::do_call::<core[a373ad73a504971]::panic::unwind_safe::AssertUnwindSafe<std[617be2ca0a6fd877]::thread::lifecycle::spawn_unchecked<test[aada8e7e76ba119b]::run_test::{closure#1}, ()>::{closure#1}::{closure#0}>, ()>
[INFO] [stdout]                                at /rustc/e3feeb59cd1bdd011a2bfcc0747b55125d9b8527/library/std/src/panicking.rs:573:43
[INFO] [stdout]   38:     0x5d312a0112d2 - std[617be2ca0a6fd877]::panicking::catch_unwind::<(), core[a373ad73a504971]::panic::unwind_safe::AssertUnwindSafe<std[617be2ca0a6fd877]::thread::lifecycle::spawn_unchecked<test[aada8e7e76ba119b]::run_test::{closure#1}, ()>::{closure#1}::{closure#0}>>
[INFO] [stdout]                                at /rustc/e3feeb59cd1bdd011a2bfcc0747b55125d9b8527/library/std/src/panicking.rs:541:19
[INFO] [stdout]   39:     0x5d312a0112d2 - std[617be2ca0a6fd877]::panic::catch_unwind::<core[a373ad73a504971]::panic::unwind_safe::AssertUnwindSafe<std[617be2ca0a6fd877]::thread::lifecycle::spawn_unchecked<test[aada8e7e76ba119b]::run_test::{closure#1}, ()>::{closure#1}::{closure#0}>, ()>
[INFO] [stdout]                                at /rustc/e3feeb59cd1bdd011a2bfcc0747b55125d9b8527/library/std/src/panic.rs:359:14
[INFO] [stdout]   40:     0x5d312a0112d2 - std[617be2ca0a6fd877]::thread::lifecycle::spawn_unchecked::<test[aada8e7e76ba119b]::run_test::{closure#1}, ()>::{closure#1}
[INFO] [stdout]                                at /rustc/e3feeb59cd1bdd011a2bfcc0747b55125d9b8527/library/std/src/thread/lifecycle.rs:68:26
[INFO] [stdout]   41:     0x5d312a0112d2 - <std[617be2ca0a6fd877]::thread::lifecycle::spawn_unchecked<test[aada8e7e76ba119b]::run_test::{closure#1}, ()>::{closure#1} as core[a373ad73a504971]::ops::function::FnOnce<()>>::call_once::{shim:vtable#0}
[INFO] [stdout]                                at /rustc/e3feeb59cd1bdd011a2bfcc0747b55125d9b8527/library/core/src/ops/function.rs:250:5
[INFO] [stdout]   42:     0x5d312a2a408f - <alloc[2e1b2a31b91974c5]::boxed::Box<dyn core[a373ad73a504971]::ops::function::FnOnce<(), Output = ()> + core[a373ad73a504971]::marker::Send> as core[a373ad73a504971]::ops::function::FnOnce<()>>::call_once
[INFO] [stdout]                                at /rustc/e3feeb59cd1bdd011a2bfcc0747b55125d9b8527/library/alloc/src/boxed.rs:2314:9
[INFO] [stdout]   43:     0x5d312a2a408f - <std[617be2ca0a6fd877]::sys::thread::unix::Thread>::new::thread_start
[INFO] [stdout]                                at /rustc/e3feeb59cd1bdd011a2bfcc0747b55125d9b8527/library/std/src/sys/thread/unix.rs:127:17
[INFO] [stdout]   44:     0x7ee22ab68dfa - <unknown>
[INFO] [stdout]   45:     0x7ee22abfc3d4 - clone
[INFO] [stdout]   46:                0x0 - <unknown>
[INFO] [stdout] 
[INFO] [stdout] ---- array_push stdout ----
[INFO] [stdout] 
[INFO] [stdout] thread 'array_push' (1005) panicked at tests/util.rs:35:5:
[INFO] [stdout] not yet implemented
[INFO] [stdout] stack backtrace:
[INFO] [stdout]    0:     0x5d312a2a4861 - std[617be2ca0a6fd877]::backtrace_rs::backtrace::libunwind::trace
[INFO] [stdout]                                at /rustc/e3feeb59cd1bdd011a2bfcc0747b55125d9b8527/library/std/src/../../backtrace/src/backtrace/libunwind.rs:117:9
[INFO] [stdout]    1:     0x5d312a2a4861 - std[617be2ca0a6fd877]::backtrace_rs::backtrace::trace_unsynchronized::<std[617be2ca0a6fd877]::sys::backtrace::_print_fmt::{closure#1}>
[INFO] [stdout]                                at /rustc/e3feeb59cd1bdd011a2bfcc0747b55125d9b8527/library/std/src/../../backtrace/src/backtrace/mod.rs:66:14
[INFO] [stdout]    2:     0x5d312a2a4861 - std[617be2ca0a6fd877]::sys::backtrace::_print_fmt
[INFO] [stdout]                                at /rustc/e3feeb59cd1bdd011a2bfcc0747b55125d9b8527/library/std/src/sys/backtrace.rs:74:9
[INFO] [stdout]    3:     0x5d312a2a4861 - <<std[617be2ca0a6fd877]::sys::backtrace::BacktraceLock>::print::DisplayBacktrace as core[a373ad73a504971]::fmt::Display>::fmt
[INFO] [stdout]                                at /rustc/e3feeb59cd1bdd011a2bfcc0747b55125d9b8527/library/std/src/sys/backtrace.rs:44:26
[INFO] [stdout]    4:     0x5d312a2bae3a - <core[a373ad73a504971]::fmt::rt::Argument>::fmt
[INFO] [stdout]                                at /rustc/e3feeb59cd1bdd011a2bfcc0747b55125d9b8527/library/core/src/fmt/rt.rs:152:76
[INFO] [stdout]    5:     0x5d312a2bae3a - core[a373ad73a504971]::fmt::write
[INFO] [stdout]    6:     0x5d312a2a8b2c - core[a373ad73a504971]::io::write::default_write_fmt::<alloc[2e1b2a31b91974c5]::vec::Vec<u8>>
[INFO] [stdout]                                at /rustc/e3feeb59cd1bdd011a2bfcc0747b55125d9b8527/library/core/src/io/write.rs:402:11
[INFO] [stdout]    7:     0x5d312a2a8b2c - <alloc[2e1b2a31b91974c5]::vec::Vec<u8> as core[a373ad73a504971]::io::write::Write>::write_fmt
[INFO] [stdout]                                at /rustc/e3feeb59cd1bdd011a2bfcc0747b55125d9b8527/library/core/src/io/write.rs:335:13
[INFO] [stdout]    8:     0x5d312a280af6 - <std[617be2ca0a6fd877]::sys::backtrace::BacktraceLock>::print
[INFO] [stdout]                                at /rustc/e3feeb59cd1bdd011a2bfcc0747b55125d9b8527/library/std/src/sys/backtrace.rs:47:9
[INFO] [stdout]    9:     0x5d312a280af6 - std[617be2ca0a6fd877]::panicking::default_hook::{closure#0}
[INFO] [stdout]                                at /rustc/e3feeb59cd1bdd011a2bfcc0747b55125d9b8527/library/std/src/panicking.rs:289:27
[INFO] [stdout]   10:     0x5d312a29cd69 - std[617be2ca0a6fd877]::panicking::default_hook
[INFO] [stdout]                                at /rustc/e3feeb59cd1bdd011a2bfcc0747b55125d9b8527/library/std/src/panicking.rs:313:9
[INFO] [stdout]   11:     0x5d312a00dc20 - <alloc[2e1b2a31b91974c5]::boxed::Box<dyn for<'a, 'b> core[a373ad73a504971]::ops::function::Fn<(&'a std[617be2ca0a6fd877]::panic::PanicHookInfo<'b>,), Output = ()> + core[a373ad73a504971]::marker::Sync + core[a373ad73a504971]::marker::Send> as core[a373ad73a504971]::ops::function::Fn<(&std[617be2ca0a6fd877]::panic::PanicHookInfo,)>>::call
[INFO] [stdout]                                at /rustc/e3feeb59cd1bdd011a2bfcc0747b55125d9b8527/library/alloc/src/boxed.rs:2328:9
[INFO] [stdout]   12:     0x5d312a00dc20 - test[aada8e7e76ba119b]::test_main_inner::{closure#0}
[INFO] [stdout]                                at /rustc/e3feeb59cd1bdd011a2bfcc0747b55125d9b8527/library/test/src/lib.rs:137:21
[INFO] [stdout]   13:     0x5d312a29cf22 - <alloc[2e1b2a31b91974c5]::boxed::Box<dyn for<'a, 'b> core[a373ad73a504971]::ops::function::Fn<(&'a std[617be2ca0a6fd877]::panic::PanicHookInfo<'b>,), Output = ()> + core[a373ad73a504971]::marker::Sync + core[a373ad73a504971]::marker::Send> as core[a373ad73a504971]::ops::function::Fn<(&std[617be2ca0a6fd877]::panic::PanicHookInfo,)>>::call
[INFO] [stdout]                                at /rustc/e3feeb59cd1bdd011a2bfcc0747b55125d9b8527/library/alloc/src/boxed.rs:2328:9
[INFO] [stdout]   14:     0x5d312a29cf22 - std[617be2ca0a6fd877]::panicking::panic_with_hook
[INFO] [stdout]                                at /rustc/e3feeb59cd1bdd011a2bfcc0747b55125d9b8527/library/std/src/panicking.rs:819:13
[INFO] [stdout]   15:     0x5d312a280bd4 - std[617be2ca0a6fd877]::panicking::panic_handler::{closure#0}
[INFO] [stdout]                                at /rustc/e3feeb59cd1bdd011a2bfcc0747b55125d9b8527/library/std/src/panicking.rs:678:13
[INFO] [stdout]   16:     0x5d312a279889 - std[617be2ca0a6fd877]::sys::backtrace::__rust_end_short_backtrace::<std[617be2ca0a6fd877]::panicking::panic_handler::{closure#0}, !>
[INFO] [stdout]                                at /rustc/e3feeb59cd1bdd011a2bfcc0747b55125d9b8527/library/std/src/sys/backtrace.rs:182:18
[INFO] [stdout]   17:     0x5d312a2817ad - __rustc[ea4f61d10b84890b]::rust_begin_unwind
[INFO] [stdout]                                at /rustc/e3feeb59cd1bdd011a2bfcc0747b55125d9b8527/library/std/src/panicking.rs:676:5
[INFO] [stdout]   18:     0x5d312a2bb6dc - core[a373ad73a504971]::panicking::panic_fmt
[INFO] [stdout]                                at /rustc/e3feeb59cd1bdd011a2bfcc0747b55125d9b8527/library/core/src/panicking.rs:80:14
[INFO] [stdout]   19:     0x5d312a2bb6a2 - core[a373ad73a504971]::panicking::panic
[INFO] [stdout]                                at /rustc/e3feeb59cd1bdd011a2bfcc0747b55125d9b8527/library/core/src/panicking.rs:150:5
[INFO] [stdout]   20:     0x5d3129ffb071 - array[cd0153b14589417]::util::eval_string
[INFO] [stdout]                                at /opt/rustwide/workdir/tests/util.rs:35:5
[INFO] [stdout]   21:     0x5d3129ff99e3 - array[cd0153b14589417]::array_push
[INFO] [stdout]                                at /opt/rustwide/workdir/tests/array.rs:44:5
[INFO] [stdout]   22:     0x5d3129ff8017 - array[cd0153b14589417]::array_push::{closure#0}
[INFO] [stdout]                                at /opt/rustwide/workdir/tests/array.rs:43:16
[INFO] [stdout]   23:     0x5d312a000b36 - <array[cd0153b14589417]::array_push::{closure#0} as core[a373ad73a504971]::ops::function::FnOnce<()>>::call_once
[INFO] [stdout]                                at /rustc/e3feeb59cd1bdd011a2bfcc0747b55125d9b8527/library/core/src/ops/function.rs:250:5
[INFO] [stdout]   24:     0x5d312a00106b - <fn() -> core[a373ad73a504971]::result::Result<(), alloc[2e1b2a31b91974c5]::string::String> as core[a373ad73a504971]::ops::function::FnOnce<()>>::call_once
[INFO] [stdout]                                at /rustc/e3feeb59cd1bdd011a2bfcc0747b55125d9b8527/library/core/src/ops/function.rs:250:5
[INFO] [stdout]   25:     0x5d312a00106b - test[aada8e7e76ba119b]::__rust_begin_short_backtrace::<core[a373ad73a504971]::result::Result<(), alloc[2e1b2a31b91974c5]::string::String>, fn() -> core[a373ad73a504971]::result::Result<(), alloc[2e1b2a31b91974c5]::string::String>>
[INFO] [stdout]                                at /rustc/e3feeb59cd1bdd011a2bfcc0747b55125d9b8527/library/test/src/lib.rs:701:18
[INFO] [stdout]   26:     0x5d312a00e245 - test[aada8e7e76ba119b]::run_test_in_process::{closure#0}
[INFO] [stdout]                                at /rustc/e3feeb59cd1bdd011a2bfcc0747b55125d9b8527/library/test/src/lib.rs:724:74
[INFO] [stdout]   27:     0x5d312a00e245 - <core[a373ad73a504971]::panic::unwind_safe::AssertUnwindSafe<test[aada8e7e76ba119b]::run_test_in_process::{closure#0}> as core[a373ad73a504971]::ops::function::FnOnce<()>>::call_once
[INFO] [stdout]                                at /rustc/e3feeb59cd1bdd011a2bfcc0747b55125d9b8527/library/core/src/panic/unwind_safe.rs:275:9
[INFO] [stdout]   28:     0x5d312a00e245 - std[617be2ca0a6fd877]::panicking::catch_unwind::do_call::<core[a373ad73a504971]::panic::unwind_safe::AssertUnwindSafe<test[aada8e7e76ba119b]::run_test_in_process::{closure#0}>, core[a373ad73a504971]::result::Result<(), alloc[2e1b2a31b91974c5]::string::String>>
[INFO] [stdout]                                at /rustc/e3feeb59cd1bdd011a2bfcc0747b55125d9b8527/library/std/src/panicking.rs:573:43
[INFO] [stdout]   29:     0x5d312a00e245 - std[617be2ca0a6fd877]::panicking::catch_unwind::<core[a373ad73a504971]::result::Result<(), alloc[2e1b2a31b91974c5]::string::String>, core[a373ad73a504971]::panic::unwind_safe::AssertUnwindSafe<test[aada8e7e76ba119b]::run_test_in_process::{closure#0}>>
[INFO] [stdout]                                at /rustc/e3feeb59cd1bdd011a2bfcc0747b55125d9b8527/library/std/src/panicking.rs:541:19
[INFO] [stdout]   30:     0x5d312a00e245 - std[617be2ca0a6fd877]::panic::catch_unwind::<core[a373ad73a504971]::panic::unwind_safe::AssertUnwindSafe<test[aada8e7e76ba119b]::run_test_in_process::{closure#0}>, core[a373ad73a504971]::result::Result<(), alloc[2e1b2a31b91974c5]::string::String>>
[INFO] [stdout]                                at /rustc/e3feeb59cd1bdd011a2bfcc0747b55125d9b8527/library/std/src/panic.rs:359:14
[INFO] [stdout]   31:     0x5d312a00e245 - test[aada8e7e76ba119b]::run_test_in_process
[INFO] [stdout]                                at /rustc/e3feeb59cd1bdd011a2bfcc0747b55125d9b8527/library/test/src/lib.rs:724:27
[INFO] [stdout]   32:     0x5d312a00e245 - test[aada8e7e76ba119b]::run_test::{closure#0}
[INFO] [stdout]                                at /rustc/e3feeb59cd1bdd011a2bfcc0747b55125d9b8527/library/test/src/lib.rs:645:43
[INFO] [stdout]   33:     0x5d312a007b34 - test[aada8e7e76ba119b]::run_test::{closure#1}
[INFO] [stdout]                                at /rustc/e3feeb59cd1bdd011a2bfcc0747b55125d9b8527/library/test/src/lib.rs:675:41
[INFO] [stdout]   34:     0x5d312a007b34 - std[617be2ca0a6fd877]::sys::backtrace::__rust_begin_short_backtrace::<test[aada8e7e76ba119b]::run_test::{closure#1}, ()>
[INFO] [stdout]                                at /rustc/e3feeb59cd1bdd011a2bfcc0747b55125d9b8527/library/std/src/sys/backtrace.rs:166:18
[INFO] [stdout]   35:     0x5d312a0112d2 - std[617be2ca0a6fd877]::thread::lifecycle::spawn_unchecked::<test[aada8e7e76ba119b]::run_test::{closure#1}, ()>::{closure#1}::{closure#0}
[INFO] [stdout]                                at /rustc/e3feeb59cd1bdd011a2bfcc0747b55125d9b8527/library/std/src/thread/lifecycle.rs:70:13
[INFO] [stdout]   36:     0x5d312a0112d2 - <core[a373ad73a504971]::panic::unwind_safe::AssertUnwindSafe<std[617be2ca0a6fd877]::thread::lifecycle::spawn_unchecked<test[aada8e7e76ba119b]::run_test::{closure#1}, ()>::{closure#1}::{closure#0}> as core[a373ad73a504971]::ops::function::FnOnce<()>>::call_once
[INFO] [stdout]                                at /rustc/e3feeb59cd1bdd011a2bfcc0747b55125d9b8527/library/core/src/panic/unwind_safe.rs:275:9
[INFO] [stdout]   37:     0x5d312a0112d2 - std[617be2ca0a6fd877]::panicking::catch_unwind::do_call::<core[a373ad73a504971]::panic::unwind_safe::AssertUnwindSafe<std[617be2ca0a6fd877]::thread::lifecycle::spawn_unchecked<test[aada8e7e76ba119b]::run_test::{closure#1}, ()>::{closure#1}::{closure#0}>, ()>
[INFO] [stdout]                                at /rustc/e3feeb59cd1bdd011a2bfcc0747b55125d9b8527/library/std/src/panicking.rs:573:43
[INFO] [stdout]   38:     0x5d312a0112d2 - std[617be2ca0a6fd877]::panicking::catch_unwind::<(), core[a373ad73a504971]::panic::unwind_safe::AssertUnwindSafe<std[617be2ca0a6fd877]::thread::lifecycle::spawn_unchecked<test[aada8e7e76ba119b]::run_test::{closure#1}, ()>::{closure#1}::{closure#0}>>
[INFO] [stdout]                                at /rustc/e3feeb59cd1bdd011a2bfcc0747b55125d9b8527/library/std/src/panicking.rs:541:19
[INFO] [stdout]   39:     0x5d312a0112d2 - std[617be2ca0a6fd877]::panic::catch_unwind::<core[a373ad73a504971]::panic::unwind_safe::AssertUnwindSafe<std[617be2ca0a6fd877]::thread::lifecycle::spawn_unchecked<test[aada8e7e76ba119b]::run_test::{closure#1}, ()>::{closure#1}::{closure#0}>, ()>
[INFO] [stdout]                                at /rustc/e3feeb59cd1bdd011a2bfcc0747b55125d9b8527/library/std/src/panic.rs:359:14
[INFO] [stdout]   40:     0x5d312a0112d2 - std[617be2ca0a6fd877]::thread::lifecycle::spawn_unchecked::<test[aada8e7e76ba119b]::run_test::{closure#1}, ()>::{closure#1}
[INFO] [stdout]                                at /rustc/e3feeb59cd1bdd011a2bfcc0747b55125d9b8527/library/std/src/thread/lifecycle.rs:68:26
[INFO] [stdout]   41:     0x5d312a0112d2 - <std[617be2ca0a6fd877]::thread::lifecycle::spawn_unchecked<test[aada8e7e76ba119b]::run_test::{closure#1}, ()>::{closure#1} as core[a373ad73a504971]::ops::function::FnOnce<()>>::call_once::{shim:vtable#0}
[INFO] [stdout]                                at /rustc/e3feeb59cd1bdd011a2bfcc0747b55125d9b8527/library/core/src/ops/function.rs:250:5
[INFO] [stdout]   42:     0x5d312a2a408f - <alloc[2e1b2a31b91974c5]::boxed::Box<dyn core[a373ad73a504971]::ops::function::FnOnce<(), Output = ()> + core[a373ad73a504971]::marker::Send> as core[a373ad73a504971]::ops::function::FnOnce<()>>::call_once
[INFO] [stdout]                                at /rustc/e3feeb59cd1bdd011a2bfcc0747b55125d9b8527/library/alloc/src/boxed.rs:2314:9
[INFO] [stdout]   43:     0x5d312a2a408f - <std[617be2ca0a6fd877]::sys::thread::unix::Thread>::new::thread_start
[INFO] [stdout]                                at /rustc/e3feeb59cd1bdd011a2bfcc0747b55125d9b8527/library/std/src/sys/thread/unix.rs:127:17
[INFO] [stdout]   44:     0x7ee22ab68dfa - <unknown>
[INFO] [stdout]   45:     0x7ee22abfc3d4 - clone
[INFO] [stdout]   46:                0x0 - <unknown>
[INFO] [stdout] 
[INFO] [stdout] ---- array_range_access stdout ----
[INFO] [stdout] 
[INFO] [stdout] thread 'array_range_access' (1006) panicked at tests/util.rs:15:5:
[INFO] [stdout] not yet implemented
[INFO] [stdout] stack backtrace:
[INFO] [stdout]    0:     0x5d312a2a4861 - std[617be2ca0a6fd877]::backtrace_rs::backtrace::libunwind::trace
[INFO] [stdout]                                at /rustc/e3feeb59cd1bdd011a2bfcc0747b55125d9b8527/library/std/src/../../backtrace/src/backtrace/libunwind.rs:117:9
[INFO] [stdout]    1:     0x5d312a2a4861 - std[617be2ca0a6fd877]::backtrace_rs::backtrace::trace_unsynchronized::<std[617be2ca0a6fd877]::sys::backtrace::_print_fmt::{closure#1}>
[INFO] [stdout]                                at /rustc/e3feeb59cd1bdd011a2bfcc0747b55125d9b8527/library/std/src/../../backtrace/src/backtrace/mod.rs:66:14
[INFO] [stdout]    2:     0x5d312a2a4861 - std[617be2ca0a6fd877]::sys::backtrace::_print_fmt
[INFO] [stdout]                                at /rustc/e3feeb59cd1bdd011a2bfcc0747b55125d9b8527/library/std/src/sys/backtrace.rs:74:9
[INFO] [stdout]    3:     0x5d312a2a4861 - <<std[617be2ca0a6fd877]::sys::backtrace::BacktraceLock>::print::DisplayBacktrace as core[a373ad73a504971]::fmt::Display>::fmt
[INFO] [stdout]                                at /rustc/e3feeb59cd1bdd011a2bfcc0747b55125d9b8527/library/std/src/sys/backtrace.rs:44:26
[INFO] [stdout]    4:     0x5d312a2bae3a - <core[a373ad73a504971]::fmt::rt::Argument>::fmt
[INFO] [stdout]                                at /rustc/e3feeb59cd1bdd011a2bfcc0747b55125d9b8527/library/core/src/fmt/rt.rs:152:76
[INFO] [stdout]    5:     0x5d312a2bae3a - core[a373ad73a504971]::fmt::write
[INFO] [stdout]    6:     0x5d312a2a8b2c - core[a373ad73a504971]::io::write::default_write_fmt::<alloc[2e1b2a31b91974c5]::vec::Vec<u8>>
[INFO] [stdout]                                at /rustc/e3feeb59cd1bdd011a2bfcc0747b55125d9b8527/library/core/src/io/write.rs:402:11
[INFO] [stdout]    7:     0x5d312a2a8b2c - <alloc[2e1b2a31b91974c5]::vec::Vec<u8> as core[a373ad73a504971]::io::write::Write>::write_fmt
[INFO] [stdout]                                at /rustc/e3feeb59cd1bdd011a2bfcc0747b55125d9b8527/library/core/src/io/write.rs:335:13
[INFO] [stdout]    8:     0x5d312a280af6 - <std[617be2ca0a6fd877]::sys::backtrace::BacktraceLock>::print
[INFO] [stdout]                                at /rustc/e3feeb59cd1bdd011a2bfcc0747b55125d9b8527/library/std/src/sys/backtrace.rs:47:9
[INFO] [stdout]    9:     0x5d312a280af6 - std[617be2ca0a6fd877]::panicking::default_hook::{closure#0}
[INFO] [stdout]                                at /rustc/e3feeb59cd1bdd011a2bfcc0747b55125d9b8527/library/std/src/panicking.rs:289:27
[INFO] [stdout]   10:     0x5d312a29cd69 - std[617be2ca0a6fd877]::panicking::default_hook
[INFO] [stdout]                                at /rustc/e3feeb59cd1bdd011a2bfcc0747b55125d9b8527/library/std/src/panicking.rs:313:9
[INFO] [stdout]   11:     0x5d312a00dc20 - <alloc[2e1b2a31b91974c5]::boxed::Box<dyn for<'a, 'b> core[a373ad73a504971]::ops::function::Fn<(&'a std[617be2ca0a6fd877]::panic::PanicHookInfo<'b>,), Output = ()> + core[a373ad73a504971]::marker::Sync + core[a373ad73a504971]::marker::Send> as core[a373ad73a504971]::ops::function::Fn<(&std[617be2ca0a6fd877]::panic::PanicHookInfo,)>>::call
[INFO] [stdout]                                at /rustc/e3feeb59cd1bdd011a2bfcc0747b55125d9b8527/library/alloc/src/boxed.rs:2328:9
[INFO] [stdout]   12:     0x5d312a00dc20 - test[aada8e7e76ba119b]::test_main_inner::{closure#0}
[INFO] [stdout]                                at /rustc/e3feeb59cd1bdd011a2bfcc0747b55125d9b8527/library/test/src/lib.rs:137:21
[INFO] [stdout]   13:     0x5d312a29cf22 - <alloc[2e1b2a31b91974c5]::boxed::Box<dyn for<'a, 'b> core[a373ad73a504971]::ops::function::Fn<(&'a std[617be2ca0a6fd877]::panic::PanicHookInfo<'b>,), Output = ()> + core[a373ad73a504971]::marker::Sync + core[a373ad73a504971]::marker::Send> as core[a373ad73a504971]::ops::function::Fn<(&std[617be2ca0a6fd877]::panic::PanicHookInfo,)>>::call
[INFO] [stdout]                                at /rustc/e3feeb59cd1bdd011a2bfcc0747b55125d9b8527/library/alloc/src/boxed.rs:2328:9
[INFO] [stdout]   14:     0x5d312a29cf22 - std[617be2ca0a6fd877]::panicking::panic_with_hook
[INFO] [stdout]                                at /rustc/e3feeb59cd1bdd011a2bfcc0747b55125d9b8527/library/std/src/panicking.rs:819:13
[INFO] [stdout]   15:     0x5d312a280bd4 - std[617be2ca0a6fd877]::panicking::panic_handler::{closure#0}
[INFO] [stdout]                                at /rustc/e3feeb59cd1bdd011a2bfcc0747b55125d9b8527/library/std/src/panicking.rs:678:13
[INFO] [stdout]   16:     0x5d312a279889 - std[617be2ca0a6fd877]::sys::backtrace::__rust_end_short_backtrace::<std[617be2ca0a6fd877]::panicking::panic_handler::{closure#0}, !>
[INFO] [stdout]                                at /rustc/e3feeb59cd1bdd011a2bfcc0747b55125d9b8527/library/std/src/sys/backtrace.rs:182:18
[INFO] [stdout]   17:     0x5d312a2817ad - __rustc[ea4f61d10b84890b]::rust_begin_unwind
[INFO] [stdout]                                at /rustc/e3feeb59cd1bdd011a2bfcc0747b55125d9b8527/library/std/src/panicking.rs:676:5
[INFO] [stdout]   18:     0x5d312a2bb6dc - core[a373ad73a504971]::panicking::panic_fmt
[INFO] [stdout]                                at /rustc/e3feeb59cd1bdd011a2bfcc0747b55125d9b8527/library/core/src/panicking.rs:80:14
[INFO] [stdout]   19:     0x5d312a2bb6a2 - core[a373ad73a504971]::panicking::panic
[INFO] [stdout]                                at /rustc/e3feeb59cd1bdd011a2bfcc0747b55125d9b8527/library/core/src/panicking.rs:150:5
[INFO] [stdout]   20:     0x5d3129ffb0e1 - array[cd0153b14589417]::util::check
[INFO] [stdout]                                at /opt/rustwide/workdir/tests/util.rs:15:5
[INFO] [stdout]   21:     0x5d3129ff9ba3 - array[cd0153b14589417]::array_range_access
[INFO] [stdout]                                at /opt/rustwide/workdir/tests/array.rs:13:5
[INFO] [stdout]   22:     0x5d3129ff8137 - array[cd0153b14589417]::array_range_access::{closure#0}
[INFO] [stdout]                                at /opt/rustwide/workdir/tests/array.rs:12:24
[INFO] [stdout]   23:     0x5d312a000bf6 - <array[cd0153b14589417]::array_range_access::{closure#0} as core[a373ad73a504971]::ops::function::FnOnce<()>>::call_once
[INFO] [stdout]                                at /rustc/e3feeb59cd1bdd011a2bfcc0747b55125d9b8527/library/core/src/ops/function.rs:250:5
[INFO] [stdout]   24:     0x5d312a00106b - <fn() -> core[a373ad73a504971]::result::Result<(), alloc[2e1b2a31b91974c5]::string::String> as core[a373ad73a504971]::ops::function::FnOnce<()>>::call_once
[INFO] [stdout]                                at /rustc/e3feeb59cd1bdd011a2bfcc0747b55125d9b8527/library/core/src/ops/function.rs:250:5
[INFO] [stdout]   25:     0x5d312a00106b - test[aada8e7e76ba119b]::__rust_begin_short_backtrace::<core[a373ad73a504971]::result::Result<(), alloc[2e1b2a31b91974c5]::string::String>, fn() -> core[a373ad73a504971]::result::Result<(), alloc[2e1b2a31b91974c5]::string::String>>
[INFO] [stdout]                                at /rustc/e3feeb59cd1bdd011a2bfcc0747b55125d9b8527/library/test/src/lib.rs:701:18
[INFO] [stdout]   26:     0x5d312a00e245 - test[aada8e7e76ba119b]::run_test_in_process::{closure#0}
[INFO] [stdout]                                at /rustc/e3feeb59cd1bdd011a2bfcc0747b55125d9b8527/library/test/src/lib.rs:724:74
[INFO] [stdout]   27:     0x5d312a00e245 - <core[a373ad73a504971]::panic::unwind_safe::AssertUnwindSafe<test[aada8e7e76ba119b]::run_test_in_process::{closure#0}> as core[a373ad73a504971]::ops::function::FnOnce<()>>::call_once
[INFO] [stdout]                                at /rustc/e3feeb59cd1bdd011a2bfcc0747b55125d9b8527/library/core/src/panic/unwind_safe.rs:275:9
[INFO] [stdout]   28:     0x5d312a00e245 - std[617be2ca0a6fd877]::panicking::catch_unwind::do_call::<core[a373ad73a504971]::panic::unwind_safe::AssertUnwindSafe<test[aada8e7e76ba119b]::run_test_in_process::{closure#0}>, core[a373ad73a504971]::result::Result<(), alloc[2e1b2a31b91974c5]::string::String>>
[INFO] [stdout]                                at /rustc/e3feeb59cd1bdd011a2bfcc0747b55125d9b8527/library/std/src/panicking.rs:573:43
[INFO] [stdout]   29:     0x5d312a00e245 - std[617be2ca0a6fd877]::panicking::catch_unwind::<core[a373ad73a504971]::result::Result<(), alloc[2e1b2a31b91974c5]::string::String>, core[a373ad73a504971]::panic::unwind_safe::AssertUnwindSafe<test[aada8e7e76ba119b]::run_test_in_process::{closure#0}>>
[INFO] [stdout]                                at /rustc/e3feeb59cd1bdd011a2bfcc0747b55125d9b8527/library/std/src/panicking.rs:541:19
[INFO] [stdout]   30:     0x5d312a00e245 - std[617be2ca0a6fd877]::panic::catch_unwind::<core[a373ad73a504971]::panic::unwind_safe::AssertUnwindSafe<test[aada8e7e76ba119b]::run_test_in_process::{closure#0}>, core[a373ad73a504971]::result::Result<(), alloc[2e1b2a31b91974c5]::string::String>>
[INFO] [stdout]                                at /rustc/e3feeb59cd1bdd011a2bfcc0747b55125d9b8527/library/std/src/panic.rs:359:14
[INFO] [stdout]   31:     0x5d312a00e245 - test[aada8e7e76ba119b]::run_test_in_process
[INFO] [stdout]                                at /rustc/e3feeb59cd1bdd011a2bfcc0747b55125d9b8527/library/test/src/lib.rs:724:27
[INFO] [stdout]   32:     0x5d312a00e245 - test[aada8e7e76ba119b]::run_test::{closure#0}
[INFO] [stdout]                                at /rustc/e3feeb59cd1bdd011a2bfcc0747b55125d9b8527/library/test/src/lib.rs:645:43
[INFO] [stdout]   33:     0x5d312a007b34 - test[aada8e7e76ba119b]::run_test::{closure#1}
[INFO] [stdout]                                at /rustc/e3feeb59cd1bdd011a2bfcc0747b55125d9b8527/library/test/src/lib.rs:675:41
[INFO] [stdout]   34:     0x5d312a007b34 - std[617be2ca0a6fd877]::sys::backtrace::__rust_begin_short_backtrace::<test[aada8e7e76ba119b]::run_test::{closure#1}, ()>
[INFO] [stdout]                                at /rustc/e3feeb59cd1bdd011a2bfcc0747b55125d9b8527/library/std/src/sys/backtrace.rs:166:18
[INFO] [stdout]   35:     0x5d312a0112d2 - std[617be2ca0a6fd877]::thread::lifecycle::spawn_unchecked::<test[aada8e7e76ba119b]::run_test::{closure#1}, ()>::{closure#1}::{closure#0}
[INFO] [stdout]                                at /rustc/e3feeb59cd1bdd011a2bfcc0747b55125d9b8527/library/std/src/thread/lifecycle.rs:70:13
[INFO] [stdout]   36:     0x5d312a0112d2 - <core[a373ad73a504971]::panic::unwind_safe::AssertUnwindSafe<std[617be2ca0a6fd877]::thread::lifecycle::spawn_unchecked<test[aada8e7e76ba119b]::run_test::{closure#1}, ()>::{closure#1}::{closure#0}> as core[a373ad73a504971]::ops::function::FnOnce<()>>::call_once
[INFO] [stdout]                                at /rustc/e3feeb59cd1bdd011a2bfcc0747b55125d9b8527/library/core/src/panic/unwind_safe.rs:275:9
[INFO] [stdout]   37:     0x5d312a0112d2 - std[617be2ca0a6fd877]::panicking::catch_unwind::do_call::<core[a373ad73a504971]::panic::unwind_safe::AssertUnwindSafe<std[617be2ca0a6fd877]::thread::lifecycle::spawn_unchecked<test[aada8e7e76ba119b]::run_test::{closure#1}, ()>::{closure#1}::{closure#0}>, ()>
[INFO] [stdout]                                at /rustc/e3feeb59cd1bdd011a2bfcc0747b55125d9b8527/library/std/src/panicking.rs:573:43
[INFO] [stdout]   38:     0x5d312a0112d2 - std[617be2ca0a6fd877]::panicking::catch_unwind::<(), core[a373ad73a504971]::panic::unwind_safe::AssertUnwindSafe<std[617be2ca0a6fd877]::thread::lifecycle::spawn_unchecked<test[aada8e7e76ba119b]::run_test::{closure#1}, ()>::{closure#1}::{closure#0}>>
[INFO] [stdout]                                at /rustc/e3feeb59cd1bdd011a2bfcc0747b55125d9b8527/library/std/src/panicking.rs:541:19
[INFO] [stdout]   39:     0x5d312a0112d2 - std[617be2ca0a6fd877]::panic::catch_unwind::<core[a373ad73a504971]::panic::unwind_safe::AssertUnwindSafe<std[617be2ca0a6fd877]::thread::lifecycle::spawn_unchecked<test[aada8e7e76ba119b]::run_test::{closure#1}, ()>::{closure#1}::{closure#0}>, ()>
[INFO] [stdout]                                at /rustc/e3feeb59cd1bdd011a2bfcc0747b55125d9b8527/library/std/src/panic.rs:359:14
[INFO] [stdout]   40:     0x5d312a0112d2 - std[617be2ca0a6fd877]::thread::lifecycle::spawn_unchecked::<test[aada8e7e76ba119b]::run_test::{closure#1}, ()>::{closure#1}
[INFO] [stdout]                                at /rustc/e3feeb59cd1bdd011a2bfcc0747b55125d9b8527/library/std/src/thread/lifecycle.rs:68:26
[INFO] [stdout]   41:     0x5d312a0112d2 - <std[617be2ca0a6fd877]::thread::lifecycle::spawn_unchecked<test[aada8e7e76ba119b]::run_test::{closure#1}, ()>::{closure#1} as core[a373ad73a504971]::ops::function::FnOnce<()>>::call_once::{shim:vtable#0}
[INFO] [stdout]                                at /rustc/e3feeb59cd1bdd011a2bfcc0747b55125d9b8527/library/core/src/ops/function.rs:250:5
[INFO] [stdout]   42:     0x5d312a2a408f - <alloc[2e1b2a31b91974c5]::boxed::Box<dyn core[a373ad73a504971]::ops::function::FnOnce<(), Output = ()> + core[a373ad73a504971]::marker::Send> as core[a373ad73a504971]::ops::function::FnOnce<()>>::call_once
[INFO] [stdout]                                at /rustc/e3feeb59cd1bdd011a2bfcc0747b55125d9b8527/library/alloc/src/boxed.rs:2314:9
[INFO] [stdout]   43:     0x5d312a2a408f - <std[617be2ca0a6fd877]::sys::thread::unix::Thread>::new::thread_start
[INFO] [stdout]                                at /rustc/e3feeb59cd1bdd011a2bfcc0747b55125d9b8527/library/std/src/sys/thread/unix.rs:127:17
[INFO] [stdout]   44:     0x7ee22ab68dfa - <unknown>
[INFO] [stdout]   45:     0x7ee22abfc3d4 - clone
[INFO] [stdout]   46:                0x0 - <unknown>
[INFO] [stdout] 
[INFO] [stdout] ---- array_extend stdout ----
[INFO] [stdout] 
[INFO] [stdout] thread 'array_extend' (1004) panicked at tests/util.rs:35:5:
[INFO] [stdout] not yet implemented
[INFO] [stdout] stack backtrace:
[INFO] [stdout]    0:     0x5d312a2a4861 - std[617be2ca0a6fd877]::backtrace_rs::backtrace::libunwind::trace
[INFO] [stdout]                                at /rustc/e3feeb59cd1bdd011a2bfcc0747b55125d9b8527/library/std/src/../../backtrace/src/backtrace/libunwind.rs:117:9
[INFO] [stdout]    1:     0x5d312a2a4861 - std[617be2ca0a6fd877]::backtrace_rs::backtrace::trace_unsynchronized::<std[617be2ca0a6fd877]::sys::backtrace::_print_fmt::{closure#1}>
[INFO] [stdout]                                at /rustc/e3feeb59cd1bdd011a2bfcc0747b55125d9b8527/library/std/src/../../backtrace/src/backtrace/mod.rs:66:14
[INFO] [stdout]    2:     0x5d312a2a4861 - std[617be2ca0a6fd877]::sys::backtrace::_print_fmt
[INFO] [stdout]                                at /rustc/e3feeb59cd1bdd011a2bfcc0747b55125d9b8527/library/std/src/sys/backtrace.rs:74:9
[INFO] [stdout]    3:     0x5d312a2a4861 - <<std[617be2ca0a6fd877]::sys::backtrace::BacktraceLock>::print::DisplayBacktrace as core[a373ad73a504971]::fmt::Display>::fmt
[INFO] [stdout]                                at /rustc/e3feeb59cd1bdd011a2bfcc0747b55125d9b8527/library/std/src/sys/backtrace.rs:44:26
[INFO] [stdout]    4:     0x5d312a2bae3a - <core[a373ad73a504971]::fmt::rt::Argument>::fmt
[INFO] [stdout]                                at /rustc/e3feeb59cd1bdd011a2bfcc0747b55125d9b8527/library/core/src/fmt/rt.rs:152:76
[INFO] [stdout]    5:     0x5d312a2bae3a - core[a373ad73a504971]::fmt::write
[INFO] [stdout]    6:     0x5d312a2a8b2c - core[a373ad73a504971]::io::write::default_write_fmt::<alloc[2e1b2a31b91974c5]::vec::Vec<u8>>
[INFO] [stdout]                                at /rustc/e3feeb59cd1bdd011a2bfcc0747b55125d9b8527/library/core/src/io/write.rs:402:11
[INFO] [stdout]    7:     0x5d312a2a8b2c - <alloc[2e1b2a31b91974c5]::vec::Vec<u8> as core[a373ad73a504971]::io::write::Write>::write_fmt
[INFO] [stdout]                                at /rustc/e3feeb59cd1bdd011a2bfcc0747b55125d9b8527/library/core/src/io/write.rs:335:13
[INFO] [stdout]    8:     0x5d312a280af6 - <std[617be2ca0a6fd877]::sys::backtrace::BacktraceLock>::print
[INFO] [stdout]                                at /rustc/e3feeb59cd1bdd011a2bfcc0747b55125d9b8527/library/std/src/sys/backtrace.rs:47:9
[INFO] [stdout]    9:     0x5d312a280af6 - std[617be2ca0a6fd877]::panicking::default_hook::{closure#0}
[INFO] [stdout]                                at /rustc/e3feeb59cd1bdd011a2bfcc0747b55125d9b8527/library/std/src/panicking.rs:289:27
[INFO] [stdout]   10:     0x5d312a29cd69 - std[617be2ca0a6fd877]::panicking::default_hook
[INFO] [stdout]                                at /rustc/e3feeb59cd1bdd011a2bfcc0747b55125d9b8527/library/std/src/panicking.rs:313:9
[INFO] [stdout]   11:     0x5d312a00dc20 - <alloc[2e1b2a31b91974c5]::boxed::Box<dyn for<'a, 'b> core[a373ad73a504971]::ops::function::Fn<(&'a std[617be2ca0a6fd877]::panic::PanicHookInfo<'b>,), Output = ()> + core[a373ad73a504971]::marker::Sync + core[a373ad73a504971]::marker::Send> as core[a373ad73a504971]::ops::function::Fn<(&std[617be2ca0a6fd877]::panic::PanicHookInfo,)>>::call
[INFO] [stdout]                                at /rustc/e3feeb59cd1bdd011a2bfcc0747b55125d9b8527/library/alloc/src/boxed.rs:2328:9
[INFO] [stdout]   12:     0x5d312a00dc20 - test[aada8e7e76ba119b]::test_main_inner::{closure#0}
[INFO] [stdout]                                at /rustc/e3feeb59cd1bdd011a2bfcc0747b55125d9b8527/library/test/src/lib.rs:137:21
[INFO] [stdout]   13:     0x5d312a29cf22 - <alloc[2e1b2a31b91974c5]::boxed::Box<dyn for<'a, 'b> core[a373ad73a504971]::ops::function::Fn<(&'a std[617be2ca0a6fd877]::panic::PanicHookInfo<'b>,), Output = ()> + core[a373ad73a504971]::marker::Sync + core[a373ad73a504971]::marker::Send> as core[a373ad73a504971]::ops::function::Fn<(&std[617be2ca0a6fd877]::panic::PanicHookInfo,)>>::call
[INFO] [stdout]                                at /rustc/e3feeb59cd1bdd011a2bfcc0747b55125d9b8527/library/alloc/src/boxed.rs:2328:9
[INFO] [stdout]   14:     0x5d312a29cf22 - std[617be2ca0a6fd877]::panicking::panic_with_hook
[INFO] [stdout]                                at /rustc/e3feeb59cd1bdd011a2bfcc0747b55125d9b8527/library/std/src/panicking.rs:819:13
[INFO] [stdout]   15:     0x5d312a280bd4 - std[617be2ca0a6fd877]::panicking::panic_handler::{closure#0}
[INFO] [stdout]                                at /rustc/e3feeb59cd1bdd011a2bfcc0747b55125d9b8527/library/std/src/panicking.rs:678:13
[INFO] [stdout]   16:     0x5d312a279889 - std[617be2ca0a6fd877]::sys::backtrace::__rust_end_short_backtrace::<std[617be2ca0a6fd877]::panicking::panic_handler::{closure#0}, !>
[INFO] [stdout]                                at /rustc/e3feeb59cd1bdd011a2bfcc0747b55125d9b8527/library/std/src/sys/backtrace.rs:182:18
[INFO] [stdout]   17:     0x5d312a2817ad - __rustc[ea4f61d10b84890b]::rust_begin_unwind
[INFO] [stdout]                                at /rustc/e3feeb59cd1bdd011a2bfcc0747b55125d9b8527/library/std/src/panicking.rs:676:5
[INFO] [stdout]   18:     0x5d312a2bb6dc - core[a373ad73a504971]::panicking::panic_fmt
[INFO] [stdout]                                at /rustc/e3feeb59cd1bdd011a2bfcc0747b55125d9b8527/library/core/src/panicking.rs:80:14
[INFO] [stdout]   19:     0x5d312a2bb6a2 - core[a373ad73a504971]::panicking::panic
[INFO] [stdout]                                at /rustc/e3feeb59cd1bdd011a2bfcc0747b55125d9b8527/library/core/src/panicking.rs:150:5
[INFO] [stdout]   20:     0x5d3129ffb071 - array[cd0153b14589417]::util::eval_string
[INFO] [stdout]                                at /opt/rustwide/workdir/tests/util.rs:35:5
[INFO] [stdout]   21:     0x5d3129ff9b13 - array[cd0153b14589417]::array_extend
[INFO] [stdout]                                at /opt/rustwide/workdir/tests/array.rs:57:5
[INFO] [stdout]   22:     0x5d3129ff80a7 - array[cd0153b14589417]::array_extend::{closure#0}
[INFO] [stdout]                                at /opt/rustwide/workdir/tests/array.rs:56:18
[INFO] [stdout]   23:     0x5d312a000b96 - <array[cd0153b14589417]::array_extend::{closure#0} as core[a373ad73a504971]::ops::function::FnOnce<()>>::call_once
[INFO] [stdout]                                at /rustc/e3feeb59cd1bdd011a2bfcc0747b55125d9b8527/library/core/src/ops/function.rs:250:5
[INFO] [stdout]   24:     0x5d312a00106b - <fn() -> core[a373ad73a504971]::result::Result<(), alloc[2e1b2a31b91974c5]::string::String> as core[a373ad73a504971]::ops::function::FnOnce<()>>::call_once
[INFO] [stdout]                                at /rustc/e3feeb59cd1bdd011a2bfcc0747b55125d9b8527/library/core/src/ops/function.rs:250:5
[INFO] [stdout]   25:     0x5d312a00106b - test[aada8e7e76ba119b]::__rust_begin_short_backtrace::<core[a373ad73a504971]::result::Result<(), alloc[2e1b2a31b91974c5]::string::String>, fn() -> core[a373ad73a504971]::result::Result<(), alloc[2e1b2a31b91974c5]::string::String>>
[INFO] [stdout]                                at /rustc/e3feeb59cd1bdd011a2bfcc0747b55125d9b8527/library/test/src/lib.rs:701:18
[INFO] [stdout]   26:     0x5d312a00e245 - test[aada8e7e76ba119b]::run_test_in_process::{closure#0}
[INFO] [stdout]                                at /rustc/e3feeb59cd1bdd011a2bfcc0747b55125d9b8527/library/test/src/lib.rs:724:74
[INFO] [stdout]   27:     0x5d312a00e245 - <core[a373ad73a504971]::panic::unwind_safe::AssertUnwindSafe<test[aada8e7e76ba119b]::run_test_in_process::{closure#0}> as core[a373ad73a504971]::ops::function::FnOnce<()>>::call_once
[INFO] [stdout]                                at /rustc/e3feeb59cd1bdd011a2bfcc0747b55125d9b8527/library/core/src/panic/unwind_safe.rs:275:9
[INFO] [stdout]   28:     0x5d312a00e245 - std[617be2ca0a6fd877]::panicking::catch_unwind::do_call::<core[a373ad73a504971]::panic::unwind_safe::AssertUnwindSafe<test[aada8e7e76ba119b]::run_test_in_process::{closure#0}>, core[a373ad73a504971]::result::Result<(), alloc[2e1b2a31b91974c5]::string::String>>
[INFO] [stdout]                                at /rustc/e3feeb59cd1bdd011a2bfcc0747b55125d9b8527/library/std/src/panicking.rs:573:43
[INFO] [stdout]   29:     0x5d312a00e245 - std[617be2ca0a6fd877]::panicking::catch_unwind::<core[a373ad73a504971]::result::Result<(), alloc[2e1b2a31b91974c5]::string::String>, core[a373ad73a504971]::panic::unwind_safe::AssertUnwindSafe<test[aada8e7e76ba119b]::run_test_in_process::{closure#0}>>
[INFO] [stdout]                                at /rustc/e3feeb59cd1bdd011a2bfcc0747b55125d9b8527/library/std/src/panicking.rs:541:19
[INFO] [stdout]   30:     0x5d312a00e245 - std[617be2ca0a6fd877]::panic::catch_unwind::<core[a373ad73a504971]::panic::unwind_safe::AssertUnwindSafe<test[aada8e7e76ba119b]::run_test_in_process::{closure#0}>, core[a373ad73a504971]::result::Result<(), alloc[2e1b2a31b91974c5]::string::String>>
[INFO] [stdout]                                at /rustc/e3feeb59cd1bdd011a2bfcc0747b55125d9b8527/library/std/src/panic.rs:359:14
[INFO] [stdout]   31:     0x5d312a00e245 - test[aada8e7e76ba119b]::run_test_in_process
[INFO] [stdout]                                at /rustc/e3feeb59cd1bdd011a2bfcc0747b55125d9b8527/library/test/src/lib.rs:724:27
[INFO] [stdout]   32:     0x5d312a00e245 - test[aada8e7e76ba119b]::run_test::{closure#0}
[INFO] [stdout]                                at /rustc/e3feeb59cd1bdd011a2bfcc0747b55125d9b8527/library/test/src/lib.rs:645:43
[INFO] [stdout]   33:     0x5d312a007b34 - test[aada8e7e76ba119b]::run_test::{closure#1}
[INFO] [stdout]                                at /rustc/e3feeb59cd1bdd011a2bfcc0747b55125d9b8527/library/test/src/lib.rs:675:41
[INFO] [stdout]   34:     0x5d312a007b34 - std[617be2ca0a6fd877]::sys::backtrace::__rust_begin_short_backtrace::<test[aada8e7e76ba119b]::run_test::{closure#1}, ()>
[INFO] [stdout]                                at /rustc/e3feeb59cd1bdd011a2bfcc0747b55125d9b8527/library/std/src/sys/backtrace.rs:166:18
[INFO] [stdout]   35:     0x5d312a0112d2 - std[617be2ca0a6fd877]::thread::lifecycle::spawn_unchecked::<test[aada8e7e76ba119b]::run_test::{closure#1}, ()>::{closure#1}::{closure#0}
[INFO] [stdout]                                at /rustc/e3feeb59cd1bdd011a2bfcc0747b55125d9b8527/library/std/src/thread/lifecycle.rs:70:13
[INFO] [stdout]   36:     0x5d312a0112d2 - <core[a373ad73a504971]::panic::unwind_safe::AssertUnwindSafe<std[617be2ca0a6fd877]::thread::lifecycle::spawn_unchecked<test[aada8e7e76ba119b]::run_test::{closure#1}, ()>::{closure#1}::{closure#0}> as core[a373ad73a504971]::ops::function::FnOnce<()>>::call_once
[INFO] [stdout]                                at /rustc/e3feeb59cd1bdd011a2bfcc0747b55125d9b8527/library/core/src/panic/unwind_safe.rs:275:9
[INFO] [stdout]   37:     0x5d312a0112d2 - std[617be2ca0a6fd877]::panicking::catch_unwind::do_call::<core[a373ad73a504971]::panic::unwind_safe::AssertUnwindSafe<std[617be2ca0a6fd877]::thread::lifecycle::spawn_unchecked<test[aada8e7e76ba119b]::run_test::{closure#1}, ()>::{closure#1}::{closure#0}>, ()>
[INFO] [stdout]                                at /rustc/e3feeb59cd1bdd011a2bfcc0747b55125d9b8527/library/std/src/panicking.rs:573:43
[INFO] [stdout]   38:     0x5d312a0112d2 - std[617be2ca0a6fd877]::panicking::catch_unwind::<(), core[a373ad73a504971]::panic::unwind_safe::AssertUnwindSafe<std[617be2ca0a6fd877]::thread::lifecycle::spawn_unchecked<test[aada8e7e76ba119b]::run_test::{closure#1}, ()>::{closure#1}::{closure#0}>>
[INFO] [stdout]                                at /rustc/e3feeb59cd1bdd011a2bfcc0747b55125d9b8527/library/std/src/panicking.rs:541:19
[INFO] [stdout]   39:     0x5d312a0112d2 - std[617be2ca0a6fd877]::panic::catch_unwind::<core[a373ad73a504971]::panic::unwind_safe::AssertUnwindSafe<std[617be2ca0a6fd877]::thread::lifecycle::spawn_unchecked<test[aada8e7e76ba119b]::run_test::{closure#1}, ()>::{closure#1}::{closure#0}>, ()>
[INFO] [stdout]                                at /rustc/e3feeb59cd1bdd011a2bfcc0747b55125d9b8527/library/std/src/panic.rs:359:14
[INFO] [stdout]   40:     0x5d312a0112d2 - std[617be2ca0a6fd877]::thread::lifecycle::spawn_unchecked::<test[aada8e7e76ba119b]::run_test::{closure#1}, ()>::{closure#1}
[INFO] [stdout]                                at /rustc/e3feeb59cd1bdd011a2bfcc0747b55125d9b8527/library/std/src/thread/lifecycle.rs:68:26
[INFO] [stdout]   41:     0x5d312a0112d2 - <std[617be2ca0a6fd877]::thread::lifecycle::spawn_unchecked<test[aada8e7e76ba119b]::run_test::{closure#1}, ()>::{closure#1} as core[a373ad73a504971]::ops::function::FnOnce<()>>::call_once::{shim:vtable#0}
[INFO] [stdout]                                at /rustc/e3feeb59cd1bdd011a2bfcc0747b55125d9b8527/library/core/src/ops/function.rs:250:5
[INFO] [stdout]   42:     0x5d312a2a408f - <alloc[2e1b2a31b91974c5]::boxed::Box<dyn core[a373ad73a504971]::ops::function::FnOnce<(), Output = ()> + core[a373ad73a504971]::marker::Send> as core[a373ad73a504971]::ops::function::FnOnce<()>>::call_once
[INFO] [stdout]                                at /rustc/e3feeb59cd1bdd011a2bfcc0747b55125d9b8527/library/alloc/src/boxed.rs:2314:9
[INFO] [stdout]   43:     0x5d312a2a408f - <std[617be2ca0a6fd877]::sys::thread::unix::Thread>::new::thread_start
[INFO] [stdout]                                at /rustc/e3feeb59cd1bdd011a2bfcc0747b55125d9b8527/library/std/src/sys/thread/unix.rs:127:17
[INFO] [stdout]   44:     0x7ee22ab68dfa - <unknown>
[INFO] [stdout]   45:     0x7ee22abfc3d4 - clone
[INFO] [stdout]   46:                0x0 - <unknown>
[INFO] [stdout] 
[INFO] [stdout] ---- array_clear stdout ----
[INFO] [stdout] 
[INFO] [stdout] thread 'array_clear' (1003) panicked at tests/util.rs:35:5:
[INFO] [stdout] not yet implemented
[INFO] [stdout] stack backtrace:
[INFO] [stdout]    0:     0x5d312a2a4861 - std[617be2ca0a6fd877]::backtrace_rs::backtrace::libunwind::trace
[INFO] [stdout]                                at /rustc/e3feeb59cd1bdd011a2bfcc0747b55125d9b8527/library/std/src/../../backtrace/src/backtrace/libunwind.rs:117:9
[INFO] [stdout]    1:     0x5d312a2a4861 - std[617be2ca0a6fd877]::backtrace_rs::backtrace::trace_unsynchronized::<std[617be2ca0a6fd877]::sys::backtrace::_print_fmt::{closure#1}>
[INFO] [stdout]                                at /rustc/e3feeb59cd1bdd011a2bfcc0747b55125d9b8527/library/std/src/../../backtrace/src/backtrace/mod.rs:66:14
[INFO] [stdout]    2:     0x5d312a2a4861 - std[617be2ca0a6fd877]::sys::backtrace::_print_fmt
[INFO] [stdout]                                at /rustc/e3feeb59cd1bdd011a2bfcc0747b55125d9b8527/library/std/src/sys/backtrace.rs:74:9
[INFO] [stdout]    3:     0x5d312a2a4861 - <<std[617be2ca0a6fd877]::sys::backtrace::BacktraceLock>::print::DisplayBacktrace as core[a373ad73a504971]::fmt::Display>::fmt
[INFO] [stdout]                                at /rustc/e3feeb59cd1bdd011a2bfcc0747b55125d9b8527/library/std/src/sys/backtrace.rs:44:26
[INFO] [stdout]    4:     0x5d312a2bae3a - <core[a373ad73a504971]::fmt::rt::Argument>::fmt
[INFO] [stdout]                                at /rustc/e3feeb59cd1bdd011a2bfcc0747b55125d9b8527/library/core/src/fmt/rt.rs:152:76
[INFO] [stdout]    5:     0x5d312a2bae3a - core[a373ad73a504971]::fmt::write
[INFO] [stdout]    6:     0x5d312a2a8b2c - core[a373ad73a504971]::io::write::default_write_fmt::<alloc[2e1b2a31b91974c5]::vec::Vec<u8>>
[INFO] [stdout]                                at /rustc/e3feeb59cd1bdd011a2bfcc0747b55125d9b8527/library/core/src/io/write.rs:402:11
[INFO] [stdout]    7:     0x5d312a2a8b2c - <alloc[2e1b2a31b91974c5]::vec::Vec<u8> as core[a373ad73a504971]::io::write::Write>::write_fmt
[INFO] [stdout]                                at /rustc/e3feeb59cd1bdd011a2bfcc0747b55125d9b8527/library/core/src/io/write.rs:335:13
[INFO] [stdout]    8:     0x5d312a280af6 - <std[617be2ca0a6fd877]::sys::backtrace::BacktraceLock>::print
[INFO] [stdout]                                at /rustc/e3feeb59cd1bdd011a2bfcc0747b55125d9b8527/library/std/src/sys/backtrace.rs:47:9
[INFO] [stdout]    9:     0x5d312a280af6 - std[617be2ca0a6fd877]::panicking::default_hook::{closure#0}
[INFO] [stdout]                                at /rustc/e3feeb59cd1bdd011a2bfcc0747b55125d9b8527/library/std/src/panicking.rs:289:27
[INFO] [stdout]   10:     0x5d312a29cd69 - std[617be2ca0a6fd877]::panicking::default_hook
[INFO] [stdout]                                at /rustc/e3feeb59cd1bdd011a2bfcc0747b55125d9b8527/library/std/src/panicking.rs:313:9
[INFO] [stdout]   11:     0x5d312a00dc20 - <alloc[2e1b2a31b91974c5]::boxed::Box<dyn for<'a, 'b> core[a373ad73a504971]::ops::function::Fn<(&'a std[617be2ca0a6fd877]::panic::PanicHookInfo<'b>,), Output = ()> + core[a373ad73a504971]::marker::Sync + core[a373ad73a504971]::marker::Send> as core[a373ad73a504971]::ops::function::Fn<(&std[617be2ca0a6fd877]::panic::PanicHookInfo,)>>::call
[INFO] [stdout]                                at /rustc/e3feeb59cd1bdd011a2bfcc0747b55125d9b8527/library/alloc/src/boxed.rs:2328:9
[INFO] [stdout]   12:     0x5d312a00dc20 - test[aada8e7e76ba119b]::test_main_inner::{closure#0}
[INFO] [stdout]                                at /rustc/e3feeb59cd1bdd011a2bfcc0747b55125d9b8527/library/test/src/lib.rs:137:21
[INFO] [stdout]   13:     0x5d312a29cf22 - <alloc[2e1b2a31b91974c5]::boxed::Box<dyn for<'a, 'b> core[a373ad73a504971]::ops::function::Fn<(&'a std[617be2ca0a6fd877]::panic::PanicHookInfo<'b>,), Output = ()> + core[a373ad73a504971]::marker::Sync + core[a373ad73a504971]::marker::Send> as core[a373ad73a504971]::ops::function::Fn<(&std[617be2ca0a6fd877]::panic::PanicHookInfo,)>>::call
[INFO] [stdout]                                at /rustc/e3feeb59cd1bdd011a2bfcc0747b55125d9b8527/library/alloc/src/boxed.rs:2328:9
[INFO] [stdout]   14:     0x5d312a29cf22 - std[617be2ca0a6fd877]::panicking::panic_with_hook
[INFO] [stdout]                                at /rustc/e3feeb59cd1bdd011a2bfcc0747b55125d9b8527/library/std/src/panicking.rs:819:13
[INFO] [stdout]   15:     0x5d312a280bd4 - std[617be2ca0a6fd877]::panicking::panic_handler::{closure#0}
[INFO] [stdout]                                at /rustc/e3feeb59cd1bdd011a2bfcc0747b55125d9b8527/library/std/src/panicking.rs:678:13
[INFO] [stdout]   16:     0x5d312a279889 - std[617be2ca0a6fd877]::sys::backtrace::__rust_end_short_backtrace::<std[617be2ca0a6fd877]::panicking::panic_handler::{closure#0}, !>
[INFO] [stdout]                                at /rustc/e3feeb59cd1bdd011a2bfcc0747b55125d9b8527/library/std/src/sys/backtrace.rs:182:18
[INFO] [stdout]   17:     0x5d312a2817ad - __rustc[ea4f61d10b84890b]::rust_begin_unwind
[INFO] [stdout]                                at /rustc/e3feeb59cd1bdd011a2bfcc0747b55125d9b8527/library/std/src/panicking.rs:676:5
[INFO] [stdout]   18:     0x5d312a2bb6dc - core[a373ad73a504971]::panicking::panic_fmt
[INFO] [stdout]                                at /rustc/e3feeb59cd1bdd011a2bfcc0747b55125d9b8527/library/core/src/panicking.rs:80:14
[INFO] [stdout]   19:     0x5d312a2bb6a2 - core[a373ad73a504971]::panicking::panic
[INFO] [stdout]                                at /rustc/e3feeb59cd1bdd011a2bfcc0747b55125d9b8527/library/core/src/panicking.rs:150:5
[INFO] [stdout]   20:     0x5d3129ffb071 - array[cd0153b14589417]::util::eval_string
[INFO] [stdout]                                at /opt/rustwide/workdir/tests/util.rs:35:5
[INFO] [stdout]   21:     0x5d3129ff9a13 - array[cd0153b14589417]::array_clear
[INFO] [stdout]                                at /opt/rustwide/workdir/tests/array.rs:98:5
[INFO] [stdout]   22:     0x5d3129ff8047 - array[cd0153b14589417]::array_clear::{closure#0}
[INFO] [stdout]                                at /opt/rustwide/workdir/tests/array.rs:97:17
[INFO] [stdout]   23:     0x5d312a000b56 - <array[cd0153b14589417]::array_clear::{closure#0} as core[a373ad73a504971]::ops::function::FnOnce<()>>::call_once
[INFO] [stdout]                                at /rustc/e3feeb59cd1bdd011a2bfcc0747b55125d9b8527/library/core/src/ops/function.rs:250:5
[INFO] [stdout]   24:     0x5d312a00106b - <fn() -> core[a373ad73a504971]::result::Result<(), alloc[2e1b2a31b91974c5]::string::String> as core[a373ad73a504971]::ops::function::FnOnce<()>>::call_once
[INFO] [stdout]                                at /rustc/e3feeb59cd1bdd011a2bfcc0747b55125d9b8527/library/core/src/ops/function.rs:250:5
[INFO] [stdout]   25:     0x5d312a00106b - test[aada8e7e76ba119b]::__rust_begin_short_backtrace::<core[a373ad73a504971]::result::Result<(), alloc[2e1b2a31b91974c5]::string::String>, fn() -> core[a373ad73a504971]::result::Result<(), alloc[2e1b2a31b91974c5]::string::String>>
[INFO] [stdout]                                at /rustc/e3feeb59cd1bdd011a2bfcc0747b55125d9b8527/library/test/src/lib.rs:701:18
[INFO] [stdout]   26:     0x5d312a00e245 - test[aada8e7e76ba119b]::run_test_in_process::{closure#0}
[INFO] [stdout]                                at /rustc/e3feeb59cd1bdd011a2bfcc0747b55125d9b8527/library/test/src/lib.rs:724:74
[INFO] [stdout]   27:     0x5d312a00e245 - <core[a373ad73a504971]::panic::unwind_safe::AssertUnwindSafe<test[aada8e7e76ba119b]::run_test_in_process::{closure#0}> as core[a373ad73a504971]::ops::function::FnOnce<()>>::call_once
[INFO] [stdout]                                at /rustc/e3feeb59cd1bdd011a2bfcc0747b55125d9b8527/library/core/src/panic/unwind_safe.rs:275:9
[INFO] [stdout]   28:     0x5d312a00e245 - std[617be2ca0a6fd877]::panicking::catch_unwind::do_call::<core[a373ad73a504971]::panic::unwind_safe::AssertUnwindSafe<test[aada8e7e76ba119b]::run_test_in_process::{closure#0}>, core[a373ad73a504971]::result::Result<(), alloc[2e1b2a31b91974c5]::string::String>>
[INFO] [stdout]                                at /rustc/e3feeb59cd1bdd011a2bfcc0747b55125d9b8527/library/std/src/panicking.rs:573:43
[INFO] [stdout]   29:     0x5d312a00e245 - std[617be2ca0a6fd877]::panicking::catch_unwind::<core[a373ad73a504971]::result::Result<(), alloc[2e1b2a31b91974c5]::string::String>, core[a373ad73a504971]::panic::unwind_safe::AssertUnwindSafe<test[aada8e7e76ba119b]::run_test_in_process::{closure#0}>>
[INFO] [stdout]                                at /rustc/e3feeb59cd1bdd011a2bfcc0747b55125d9b8527/library/std/src/panicking.rs:541:19
[INFO] [stdout]   30:     0x5d312a00e245 - std[617be2ca0a6fd877]::panic::catch_unwind::<core[a373ad73a504971]::panic::unwind_safe::AssertUnwindSafe<test[aada8e7e76ba119b]::run_test_in_process::{closure#0}>, core[a373ad73a504971]::result::Result<(), alloc[2e1b2a31b91974c5]::string::String>>
[INFO] [stdout]                                at /rustc/e3feeb59cd1bdd011a2bfcc0747b55125d9b8527/library/std/src/panic.rs:359:14
[INFO] [stdout]   31:     0x5d312a00e245 - test[aada8e7e76ba119b]::run_test_in_process
[INFO] [stdout]                                at /rustc/e3feeb59cd1bdd011a2bfcc0747b55125d9b8527/library/test/src/lib.rs:724:27
[INFO] [stdout]   32:     0x5d312a00e245 - test[aada8e7e76ba119b]::run_test::{closure#0}
[INFO] [stdout]                                at /rustc/e3feeb59cd1bdd011a2bfcc0747b55125d9b8527/library/test/src/lib.rs:645:43
[INFO] [stdout]   33:     0x5d312a007b34 - test[aada8e7e76ba119b]::run_test::{closure#1}
[INFO] [stdout]                                at /rustc/e3feeb59cd1bdd011a2bfcc0747b55125d9b8527/library/test/src/lib.rs:675:41
[INFO] [stdout]   34:     0x5d312a007b34 - std[617be2ca0a6fd877]::sys::backtrace::__rust_begin_short_backtrace::<test[aada8e7e76ba119b]::run_test::{closure#1}, ()>
[INFO] [stdout]                                at /rustc/e3feeb59cd1bdd011a2bfcc0747b55125d9b8527/library/std/src/sys/backtrace.rs:166:18
[INFO] [stdout]   35:     0x5d312a0112d2 - std[617be2ca0a6fd877]::thread::lifecycle::spawn_unchecked::<test[aada8e7e76ba119b]::run_test::{closure#1}, ()>::{closure#1}::{closure#0}
[INFO] [stdout]                                at /rustc/e3feeb59cd1bdd011a2bfcc0747b55125d9b8527/library/std/src/thread/lifecycle.rs:70:13
[INFO] [stdout]   36:     0x5d312a0112d2 - <core[a373ad73a504971]::panic::unwind_safe::AssertUnwindSafe<std[617be2ca0a6fd877]::thread::lifecycle::spawn_unchecked<test[aada8e7e76ba119b]::run_test::{closure#1}, ()>::{closure#1}::{closure#0}> as core[a373ad73a504971]::ops::function::FnOnce<()>>::call_once
[INFO] [stdout]                                at /rustc/e3feeb59cd1bdd011a2bfcc0747b55125d9b8527/library/core/src/panic/unwind_safe.rs:275:9
[INFO] [stdout]   37:     0x5d312a0112d2 - std[617be2ca0a6fd877]::panicking::catch_unwind::do_call::<core[a373ad73a504971]::panic::unwind_safe::AssertUnwindSafe<std[617be2ca0a6fd877]::thread::lifecycle::spawn_unchecked<test[aada8e7e76ba119b]::run_test::{closure#1}, ()>::{closure#1}::{closure#0}>, ()>
[INFO] [stdout]                                at /rustc/e3feeb59cd1bdd011a2bfcc0747b55125d9b8527/library/std/src/panicking.rs:573:43
[INFO] [stdout]   38:     0x5d312a0112d2 - std[617be2ca0a6fd877]::panicking::catch_unwind::<(), core[a373ad73a504971]::panic::unwind_safe::AssertUnwindSafe<std[617be2ca0a6fd877]::thread::lifecycle::spawn_unchecked<test[aada8e7e76ba119b]::run_test::{closure#1}, ()>::{closure#1}::{closure#0}>>
[INFO] [stdout]                                at /rustc/e3feeb59cd1bdd011a2bfcc0747b55125d9b8527/library/std/src/panicking.rs:541:19
[INFO] [stdout]   39:     0x5d312a0112d2 - std[617be2ca0a6fd877]::panic::catch_unwind::<core[a373ad73a504971]::panic::unwind_safe::AssertUnwindSafe<std[617be2ca0a6fd877]::thread::lifecycle::spawn_unchecked<test[aada8e7e76ba119b]::run_test::{closure#1}, ()>::{closure#1}::{closure#0}>, ()>
[INFO] [stdout]                                at /rustc/e3feeb59cd1bdd011a2bfcc0747b55125d9b8527/library/std/src/panic.rs:359:14
[INFO] [stdout]   40:     0x5d312a0112d2 - std[617be2ca0a6fd877]::thread::lifecycle::spawn_unchecked::<test[aada8e7e76ba119b]::run_test::{closure#1}, ()>::{closure#1}
[INFO] [stdout]                                at /rustc/e3feeb59cd1bdd011a2bfcc0747b55125d9b8527/library/std/src/thread/lifecycle.rs:68:26
[INFO] [stdout]   41:     0x5d312a0112d2 - <std[617be2ca0a6fd877]::thread::lifecycle::spawn_unchecked<test[aada8e7e76ba119b]::run_test::{closure#1}, ()>::{closure#1} as core[a373ad73a504971]::ops::function::FnOnce<()>>::call_once::{shim:vtable#0}
[INFO] [stdout]                                at /rustc/e3feeb59cd1bdd011a2bfcc0747b55125d9b8527/library/core/src/ops/function.rs:250:5
[INFO] [stdout]   42:     0x5d312a2a408f - <alloc[2e1b2a31b91974c5]::boxed::Box<dyn core[a373ad73a504971]::ops::function::FnOnce<(), Output = ()> + core[a373ad73a504971]::marker::Send> as core[a373ad73a504971]::ops::function::FnOnce<()>>::call_once
[INFO] [stdout]                                at /rustc/e3feeb59cd1bdd011a2bfcc0747b55125d9b8527/library/alloc/src/boxed.rs:2314:9
[INFO] [stdout]   43:     0x5d312a2a408f - <std[617be2ca0a6fd877]::sys::thread::unix::Thread>::new::thread_start
[INFO] [stdout]                                at /rustc/e3feeb59cd1bdd011a2bfcc0747b55125d9b8527/library/std/src/sys/thread/unix.rs:127:17
[INFO] [stdout]   44:     0x7ee22ab68dfa - <unknown>
[INFO] [stdout]   45:     0x7ee22abfc3d4 - clone
[INFO] [stdout]   46:                0x0 - <unknown>
[INFO] [stdout] 
[INFO] [stdout] ---- array_remove_fail stdout ----
[INFO] [stdout] 
[INFO] [stdout] thread 'array_remove_fail' (1009) panicked at tests/util.rs:20:5:
[INFO] [stdout] not yet implemented
[INFO] [stdout] stack backtrace:
[INFO] [stdout]    0:     0x5d312a2a4861 - std[617be2ca0a6fd877]::backtrace_rs::backtrace::libunwind::trace
[INFO] [stdout]                                at /rustc/e3feeb59cd1bdd011a2bfcc0747b55125d9b8527/library/std/src/../../backtrace/src/backtrace/libunwind.rs:117:9
[INFO] [stdout]    1:     0x5d312a2a4861 - std[617be2ca0a6fd877]::backtrace_rs::backtrace::trace_unsynchronized::<std[617be2ca0a6fd877]::sys::backtrace::_print_fmt::{closure#1}>
[INFO] [stdout]                                at /rustc/e3feeb59cd1bdd011a2bfcc0747b55125d9b8527/library/std/src/../../backtrace/src/backtrace/mod.rs:66:14
[INFO] [stdout]    2:     0x5d312a2a4861 - std[617be2ca0a6fd877]::sys::backtrace::_print_fmt
[INFO] [stdout]                                at /rustc/e3feeb59cd1bdd011a2bfcc0747b55125d9b8527/library/std/src/sys/backtrace.rs:74:9
[INFO] [stdout]    3:     0x5d312a2a4861 - <<std[617be2ca0a6fd877]::sys::backtrace::BacktraceLock>::print::DisplayBacktrace as core[a373ad73a504971]::fmt::Display>::fmt
[INFO] [stdout]                                at /rustc/e3feeb59cd1bdd011a2bfcc0747b55125d9b8527/library/std/src/sys/backtrace.rs:44:26
[INFO] [stdout]    4:     0x5d312a2bae3a - <core[a373ad73a504971]::fmt::rt::Argument>::fmt
[INFO] [stdout]                                at /rustc/e3feeb59cd1bdd011a2bfcc0747b55125d9b8527/library/core/src/fmt/rt.rs:152:76
[INFO] [stdout]    5:     0x5d312a2bae3a - core[a373ad73a504971]::fmt::write
[INFO] [stdout]    6:     0x5d312a2a8b2c - core[a373ad73a504971]::io::write::default_write_fmt::<alloc[2e1b2a31b91974c5]::vec::Vec<u8>>
[INFO] [stdout]                                at /rustc/e3feeb59cd1bdd011a2bfcc0747b55125d9b8527/library/core/src/io/write.rs:402:11
[INFO] [stdout]    7:     0x5d312a2a8b2c - <alloc[2e1b2a31b91974c5]::vec::Vec<u8> as core[a373ad73a504971]::io::write::Write>::write_fmt
[INFO] [stdout]                                at /rustc/e3feeb59cd1bdd011a2bfcc0747b55125d9b8527/library/core/src/io/write.rs:335:13
[INFO] [stdout]    8:     0x5d312a280af6 - <std[617be2ca0a6fd877]::sys::backtrace::BacktraceLock>::print
[INFO] [stdout]                                at /rustc/e3feeb59cd1bdd011a2bfcc0747b55125d9b8527/library/std/src/sys/backtrace.rs:47:9
[INFO] [stdout]    9:     0x5d312a280af6 - std[617be2ca0a6fd877]::panicking::default_hook::{closure#0}
[INFO] [stdout]                                at /rustc/e3feeb59cd1bdd011a2bfcc0747b55125d9b8527/library/std/src/panicking.rs:289:27
[INFO] [stdout]   10:     0x5d312a29cd69 - std[617be2ca0a6fd877]::panicking::default_hook
[INFO] [stdout]                                at /rustc/e3feeb59cd1bdd011a2bfcc0747b55125d9b8527/library/std/src/panicking.rs:313:9
[INFO] [stdout]   11:     0x5d312a00dc20 - <alloc[2e1b2a31b91974c5]::boxed::Box<dyn for<'a, 'b> core[a373ad73a504971]::ops::function::Fn<(&'a std[617be2ca0a6fd877]::panic::PanicHookInfo<'b>,), Output = ()> + core[a373ad73a504971]::marker::Sync + core[a373ad73a504971]::marker::Send> as core[a373ad73a504971]::ops::function::Fn<(&std[617be2ca0a6fd877]::panic::PanicHookInfo,)>>::call
[INFO] [stdout]                                at /rustc/e3feeb59cd1bdd011a2bfcc0747b55125d9b8527/library/alloc/src/boxed.rs:2328:9
[INFO] [stdout]   12:     0x5d312a00dc20 - test[aada8e7e76ba119b]::test_main_inner::{closure#0}
[INFO] [stdout]                                at /rustc/e3feeb59cd1bdd011a2bfcc0747b55125d9b8527/library/test/src/lib.rs:137:21
[INFO] [stdout]   13:     0x5d312a29cf22 - <alloc[2e1b2a31b91974c5]::boxed::Box<dyn for<'a, 'b> core[a373ad73a504971]::ops::function::Fn<(&'a std[617be2ca0a6fd877]::panic::PanicHookInfo<'b>,), Output = ()> + core[a373ad73a504971]::marker::Sync + core[a373ad73a504971]::marker::Send> as core[a373ad73a504971]::ops::function::Fn<(&std[617be2ca0a6fd877]::panic::PanicHookInfo,)>>::call
[INFO] [stdout]                                at /rustc/e3feeb59cd1bdd011a2bfcc0747b55125d9b8527/library/alloc/src/boxed.rs:2328:9
[INFO] [stdout]   14:     0x5d312a29cf22 - std[617be2ca0a6fd877]::panicking::panic_with_hook
[INFO] [stdout]                                at /rustc/e3feeb59cd1bdd011a2bfcc0747b55125d9b8527/library/std/src/panicking.rs:819:13
[INFO] [stdout]   15:     0x5d312a280bd4 - std[617be2ca0a6fd877]::panicking::panic_handler::{closure#0}
[INFO] [stdout]                                at /rustc/e3feeb59cd1bdd011a2bfcc0747b55125d9b8527/library/std/src/panicking.rs:678:13
[INFO] [stdout]   16:     0x5d312a279889 - std[617be2ca0a6fd877]::sys::backtrace::__rust_end_short_backtrace::<std[617be2ca0a6fd877]::panicking::panic_handler::{closure#0}, !>
[INFO] [stdout]                                at /rustc/e3feeb59cd1bdd011a2bfcc0747b55125d9b8527/library/std/src/sys/backtrace.rs:182:18
[INFO] [stdout]   17:     0x5d312a2817ad - __rustc[ea4f61d10b84890b]::rust_begin_unwind
[INFO] [stdout]                                at /rustc/e3feeb59cd1bdd011a2bfcc0747b55125d9b8527/library/std/src/panicking.rs:676:5
[INFO] [stdout]   18:     0x5d312a2bb6dc - core[a373ad73a504971]::panicking::panic_fmt
[INFO] [stdout]                                at /rustc/e3feeb59cd1bdd011a2bfcc0747b55125d9b8527/library/core/src/panicking.rs:80:14
[INFO] [stdout]   19:     0x5d312a2bb6a2 - core[a373ad73a504971]::panicking::panic
[INFO] [stdout]                                at /rustc/e3feeb59cd1bdd011a2bfcc0747b55125d9b8527/library/core/src/panicking.rs:150:5
[INFO] [stdout]   20:     0x5d3129ffb031 - array[cd0153b14589417]::util::check_fail
[INFO] [stdout]                                at /opt/rustwide/workdir/tests/util.rs:20:5
[INFO] [stdout]   21:     0x5d3129ff9b73 - array[cd0153b14589417]::array_remove_fail
[INFO] [stdout]                                at /opt/rustwide/workdir/tests/array.rs:71:5
[INFO] [stdout]   22:     0x5d3129ff8107 - array[cd0153b14589417]::array_remove_fail::{closure#0}
[INFO] [stdout]                                at /opt/rustwide/workdir/tests/array.rs:70:23
[INFO] [stdout]   23:     0x5d312a000bd6 - <array[cd0153b14589417]::array_remove_fail::{closure#0} as core[a373ad73a504971]::ops::function::FnOnce<()>>::call_once
[INFO] [stdout]                                at /rustc/e3feeb59cd1bdd011a2bfcc0747b55125d9b8527/library/core/src/ops/function.rs:250:5
[INFO] [stdout]   24:     0x5d312a00106b - <fn() -> core[a373ad73a504971]::result::Result<(), alloc[2e1b2a31b91974c5]::string::String> as core[a373ad73a504971]::ops::function::FnOnce<()>>::call_once
[INFO] [stdout]                                at /rustc/e3feeb59cd1bdd011a2bfcc0747b55125d9b8527/library/core/src/ops/function.rs:250:5
[INFO] [stdout]   25:     0x5d312a00106b - test[aada8e7e76ba119b]::__rust_begin_short_backtrace::<core[a373ad73a504971]::result::Result<(), alloc[2e1b2a31b91974c5]::string::String>, fn() -> core[a373ad73a504971]::result::Result<(), alloc[2e1b2a31b91974c5]::string::String>>
[INFO] [stdout]                                at /rustc/e3feeb59cd1bdd011a2bfcc0747b55125d9b8527/library/test/src/lib.rs:701:18
[INFO] [stdout]   26:     0x5d312a00e245 - test[aada8e7e76ba119b]::run_test_in_process::{closure#0}
[INFO] [stdout]                                at /rustc/e3feeb59cd1bdd011a2bfcc0747b55125d9b8527/library/test/src/lib.rs:724:74
[INFO] [stdout]   27:     0x5d312a00e245 - <core[a373ad73a504971]::panic::unwind_safe::AssertUnwindSafe<test[aada8e7e76ba119b]::run_test_in_process::{closure#0}> as core[a373ad73a504971]::ops::function::FnOnce<()>>::call_once
[INFO] [stdout]                                at /rustc/e3feeb59cd1bdd011a2bfcc0747b55125d9b8527/library/core/src/panic/unwind_safe.rs:275:9
[INFO] [stdout]   28:     0x5d312a00e245 - std[617be2ca0a6fd877]::panicking::catch_unwind::do_call::<core[a373ad73a504971]::panic::unwind_safe::AssertUnwindSafe<test[aada8e7e76ba119b]::run_test_in_process::{closure#0}>, core[a373ad73a504971]::result::Result<(), alloc[2e1b2a31b91974c5]::string::String>>
[INFO] [stdout]                                at /rustc/e3feeb59cd1bdd011a2bfcc0747b55125d9b8527/library/std/src/panicking.rs:573:43
[INFO] [stdout]   29:     0x5d312a00e245 - std[617be2ca0a6fd877]::panicking::catch_unwind::<core[a373ad73a504971]::result::Result<(), alloc[2e1b2a31b91974c5]::string::String>, core[a373ad73a504971]::panic::unwind_safe::AssertUnwindSafe<test[aada8e7e76ba119b]::run_test_in_process::{closure#0}>>
[INFO] [stdout]                                at /rustc/e3feeb59cd1bdd011a2bfcc0747b55125d9b8527/library/std/src/panicking.rs:541:19
[INFO] [stdout]   30:     0x5d312a00e245 - std[617be2ca0a6fd877]::panic::catch_unwind::<core[a373ad73a504971]::panic::unwind_safe::AssertUnwindSafe<test[aada8e7e76ba119b]::run_test_in_process::{closure#0}>, core[a373ad73a504971]::result::Result<(), alloc[2e1b2a31b91974c5]::string::String>>
[INFO] [stdout]                                at /rustc/e3feeb59cd1bdd011a2bfcc0747b55125d9b8527/library/std/src/panic.rs:359:14
[INFO] [stdout]   31:     0x5d312a00e245 - test[aada8e7e76ba119b]::run_test_in_process
[INFO] [stdout]                                at /rustc/e3feeb59cd1bdd011a2bfcc0747b55125d9b8527/library/test/src/lib.rs:724:27
[INFO] [stdout]   32:     0x5d312a00e245 - test[aada8e7e76ba119b]::run_test::{closure#0}
[INFO] [stdout]                                at /rustc/e3feeb59cd1bdd011a2bfcc0747b55125d9b8527/library/test/src/lib.rs:645:43
[INFO] [stdout]   33:     0x5d312a007b34 - test[aada8e7e76ba119b]::run_test::{closure#1}
[INFO] [stdout]                                at /rustc/e3feeb59cd1bdd011a2bfcc0747b55125d9b8527/library/test/src/lib.rs:675:41
[INFO] [stdout]   34:     0x5d312a007b34 - std[617be2ca0a6fd877]::sys::backtrace::__rust_begin_short_backtrace::<test[aada8e7e76ba119b]::run_test::{closure#1}, ()>
[INFO] [stdout]                                at /rustc/e3feeb59cd1bdd011a2bfcc0747b55125d9b8527/library/std/src/sys/backtrace.rs:166:18
[INFO] [stdout]   35:     0x5d312a0112d2 - std[617be2ca0a6fd877]::thread::lifecycle::spawn_unchecked::<test[aada8e7e76ba119b]::run_test::{closure#1}, ()>::{closure#1}::{closure#0}
[INFO] [stdout]                                at /rustc/e3feeb59cd1bdd011a2bfcc0747b55125d9b8527/library/std/src/thread/lifecycle.rs:70:13
[INFO] [stdout]   36:     0x5d312a0112d2 - <core[a373ad73a504971]::panic::unwind_safe::AssertUnwindSafe<std[617be2ca0a6fd877]::thread::lifecycle::spawn_unchecked<test[aada8e7e76ba119b]::run_test::{closure#1}, ()>::{closure#1}::{closure#0}> as core[a373ad73a504971]::ops::function::FnOnce<()>>::call_once
[INFO] [stdout]                                at /rustc/e3feeb59cd1bdd011a2bfcc0747b55125d9b8527/library/core/src/panic/unwind_safe.rs:275:9
[INFO] [stdout]   37:     0x5d312a0112d2 - std[617be2ca0a6fd877]::panicking::catch_unwind::do_call::<core[a373ad73a504971]::panic::unwind_safe::AssertUnwindSafe<std[617be2ca0a6fd877]::thread::lifecycle::spawn_unchecked<test[aada8e7e76ba119b]::run_test::{closure#1}, ()>::{closure#1}::{closure#0}>, ()>
[INFO] [stdout]                                at /rustc/e3feeb59cd1bdd011a2bfcc0747b55125d9b8527/library/std/src/panicking.rs:573:43
[INFO] [stdout]   38:     0x5d312a0112d2 - std[617be2ca0a6fd877]::panicking::catch_unwind::<(), core[a373ad73a504971]::panic::unwind_safe::AssertUnwindSafe<std[617be2ca0a6fd877]::thread::lifecycle::spawn_unchecked<test[aada8e7e76ba119b]::run_test::{closure#1}, ()>::{closure#1}::{closure#0}>>
[INFO] [stdout]                                at /rustc/e3feeb59cd1bdd011a2bfcc0747b55125d9b8527/library/std/src/panicking.rs:541:19
[INFO] [stdout]   39:     0x5d312a0112d2 - std[617be2ca0a6fd877]::panic::catch_unwind::<core[a373ad73a504971]::panic::unwind_safe::AssertUnwindSafe<std[617be2ca0a6fd877]::thread::lifecycle::spawn_unchecked<test[aada8e7e76ba119b]::run_test::{closure#1}, ()>::{closure#1}::{closure#0}>, ()>
[INFO] [stdout]                                at /rustc/e3feeb59cd1bdd011a2bfcc0747b55125d9b8527/library/std/src/panic.rs:359:14
[INFO] [stdout]   40:     0x5d312a0112d2 - std[617be2ca0a6fd877]::thread::lifecycle::spawn_unchecked::<test[aada8e7e76ba119b]::run_test::{closure#1}, ()>::{closure#1}
[INFO] [stdout]                                at /rustc/e3feeb59cd1bdd011a2bfcc0747b55125d9b8527/library/std/src/thread/lifecycle.rs:68:26
[INFO] [stdout]   41:     0x5d312a0112d2 - <std[617be2ca0a6fd877]::thread::lifecycle::spawn_unchecked<test[aada8e7e76ba119b]::run_test::{closure#1}, ()>::{closure#1} as core[a373ad73a504971]::ops::function::FnOnce<()>>::call_once::{shim:vtable#0}
[INFO] [stdout]                                at /rustc/e3feeb59cd1bdd011a2bfcc0747b55125d9b8527/library/core/src/ops/function.rs:250:5
[INFO] [stdout]   42:     0x5d312a2a408f - <alloc[2e1b2a31b91974c5]::boxed::Box<dyn core[a373ad73a504971]::ops::function::FnOnce<(), Output = ()> + core[a373ad73a504971]::marker::Send> as core[a373ad73a504971]::ops::function::FnOnce<()>>::call_once
[INFO] [stdout]                                at /rustc/e3feeb59cd1bdd011a2bfcc0747b55125d9b8527/library/alloc/src/boxed.rs:2314:9
[INFO] [stdout]   43:     0x5d312a2a408f - <std[617be2ca0a6fd877]::sys::thread::unix::Thread>::new::thread_start
[INFO] [stdout]                                at /rustc/e3feeb59cd1bdd011a2bfcc0747b55125d9b8527/library/std/src/sys/thread/unix.rs:127:17
[INFO] [stdout]   44:     0x7ee22ab68dfa - <unknown>
[INFO] [stdout]   45:     0x7ee22abfc3d4 - clone
[INFO] [stdout]   46:                0x0 - <unknown>
[INFO] [stdout] 
[INFO] [stdout] ---- array_remove stdout ----
[INFO] [stdout] 
[INFO] [stdout] thread 'array_remove' (1008) panicked at tests/util.rs:15:5:
[INFO] [stdout] not yet implemented
[INFO] [stdout] stack backtrace:
[INFO] [stdout]    0:     0x5d312a2a4861 - std[617be2ca0a6fd877]::backtrace_rs::backtrace::libunwind::trace
[INFO] [stdout]                                at /rustc/e3feeb59cd1bdd011a2bfcc0747b55125d9b8527/library/std/src/../../backtrace/src/backtrace/libunwind.rs:117:9
[INFO] [stdout]    1:     0x5d312a2a4861 - std[617be2ca0a6fd877]::backtrace_rs::backtrace::trace_unsynchronized::<std[617be2ca0a6fd877]::sys::backtrace::_print_fmt::{closure#1}>
[INFO] [stdout]                                at /rustc/e3feeb59cd1bdd011a2bfcc0747b55125d9b8527/library/std/src/../../backtrace/src/backtrace/mod.rs:66:14
[INFO] [stdout]    2:     0x5d312a2a4861 - std[617be2ca0a6fd877]::sys::backtrace::_print_fmt
[INFO] [stdout]                                at /rustc/e3feeb59cd1bdd011a2bfcc0747b55125d9b8527/library/std/src/sys/backtrace.rs:74:9
[INFO] [stdout]    3:     0x5d312a2a4861 - <<std[617be2ca0a6fd877]::sys::backtrace::BacktraceLock>::print::DisplayBacktrace as core[a373ad73a504971]::fmt::Display>::fmt
[INFO] [stdout]                                at /rustc/e3feeb59cd1bdd011a2bfcc0747b55125d9b8527/library/std/src/sys/backtrace.rs:44:26
[INFO] [stdout]    4:     0x5d312a2bae3a - <core[a373ad73a504971]::fmt::rt::Argument>::fmt
[INFO] [stdout]                                at /rustc/e3feeb59cd1bdd011a2bfcc0747b55125d9b8527/library/core/src/fmt/rt.rs:152:76
[INFO] [stdout]    5:     0x5d312a2bae3a - core[a373ad73a504971]::fmt::write
[INFO] [stdout]    6:     0x5d312a2a8b2c - core[a373ad73a504971]::io::write::default_write_fmt::<alloc[2e1b2a31b91974c5]::vec::Vec<u8>>
[INFO] [stdout]                                at /rustc/e3feeb59cd1bdd011a2bfcc0747b55125d9b8527/library/core/src/io/write.rs:402:11
[INFO] [stdout]    7:     0x5d312a2a8b2c - <alloc[2e1b2a31b91974c5]::vec::Vec<u8> as core[a373ad73a504971]::io::write::Write>::write_fmt
[INFO] [stdout]                                at /rustc/e3feeb59cd1bdd011a2bfcc0747b55125d9b8527/library/core/src/io/write.rs:335:13
[INFO] [stdout]    8:     0x5d312a280af6 - <std[617be2ca0a6fd877]::sys::backtrace::BacktraceLock>::print
[INFO] [stdout]                                at /rustc/e3feeb59cd1bdd011a2bfcc0747b55125d9b8527/library/std/src/sys/backtrace.rs:47:9
[INFO] [stdout]    9:     0x5d312a280af6 - std[617be2ca0a6fd877]::panicking::default_hook::{closure#0}
[INFO] [stdout]                                at /rustc/e3feeb59cd1bdd011a2bfcc0747b55125d9b8527/library/std/src/panicking.rs:289:27
[INFO] [stdout]   10:     0x5d312a29cd69 - std[617be2ca0a6fd877]::panicking::default_hook
[INFO] [stdout]                                at /rustc/e3feeb59cd1bdd011a2bfcc0747b55125d9b8527/library/std/src/panicking.rs:313:9
[INFO] [stdout]   11:     0x5d312a00dc20 - <alloc[2e1b2a31b91974c5]::boxed::Box<dyn for<'a, 'b> core[a373ad73a504971]::ops::function::Fn<(&'a std[617be2ca0a6fd877]::panic::PanicHookInfo<'b>,), Output = ()> + core[a373ad73a504971]::marker::Sync + core[a373ad73a504971]::marker::Send> as core[a373ad73a504971]::ops::function::Fn<(&std[617be2ca0a6fd877]::panic::PanicHookInfo,)>>::call
[INFO] [stdout]                                at /rustc/e3feeb59cd1bdd011a2bfcc0747b55125d9b8527/library/alloc/src/boxed.rs:2328:9
[INFO] [stdout]   12:     0x5d312a00dc20 - test[aada8e7e76ba119b]::test_main_inner::{closure#0}
[INFO] [stdout]                                at /rustc/e3feeb59cd1bdd011a2bfcc0747b55125d9b8527/library/test/src/lib.rs:137:21
[INFO] [stdout]   13:     0x5d312a29cf22 - <alloc[2e1b2a31b91974c5]::boxed::Box<dyn for<'a, 'b> core[a373ad73a504971]::ops::function::Fn<(&'a std[617be2ca0a6fd877]::panic::PanicHookInfo<'b>,), Output = ()> + core[a373ad73a504971]::marker::Sync + core[a373ad73a504971]::marker::Send> as core[a373ad73a504971]::ops::function::Fn<(&std[617be2ca0a6fd877]::panic::PanicHookInfo,)>>::call
[INFO] [stdout]                                at /rustc/e3feeb59cd1bdd011a2bfcc0747b55125d9b8527/library/alloc/src/boxed.rs:2328:9
[INFO] [stdout]   14:     0x5d312a29cf22 - std[617be2ca0a6fd877]::panicking::panic_with_hook
[INFO] [stdout]                                at /rustc/e3feeb59cd1bdd011a2bfcc0747b55125d9b8527/library/std/src/panicking.rs:819:13
[INFO] [stdout]   15:     0x5d312a280bd4 - std[617be2ca0a6fd877]::panicking::panic_handler::{closure#0}
[INFO] [stdout]                                at /rustc/e3feeb59cd1bdd011a2bfcc0747b55125d9b8527/library/std/src/panicking.rs:678:13
[INFO] [stdout]   16:     0x5d312a279889 - std[617be2ca0a6fd877]::sys::backtrace::__rust_end_short_backtrace::<std[617be2ca0a6fd877]::panicking::panic_handler::{closure#0}, !>
[INFO] [stdout]                                at /rustc/e3feeb59cd1bdd011a2bfcc0747b55125d9b8527/library/std/src/sys/backtrace.rs:182:18
[INFO] [stdout]   17:     0x5d312a2817ad - __rustc[ea4f61d10b84890b]::rust_begin_unwind
[INFO] [stdout]                                at /rustc/e3feeb59cd1bdd011a2bfcc0747b55125d9b8527/library/std/src/panicking.rs:676:5
[INFO] [stdout]   18:     0x5d312a2bb6dc - core[a373ad73a504971]::panicking::panic_fmt
[INFO] [stdout]                                at /rustc/e3feeb59cd1bdd011a2bfcc0747b55125d9b8527/library/core/src/panicking.rs:80:14
[INFO] [stdout]   19:     0x5d312a2bb6a2 - core[a373ad73a504971]::panicking::panic
[INFO] [stdout]                                at /rustc/e3feeb59cd1bdd011a2bfcc0747b55125d9b8527/library/core/src/panicking.rs:150:5
[INFO] [stdout]   20:     0x5d3129ffb0e1 - array[cd0153b14589417]::util::check
[INFO] [stdout]                                at /opt/rustwide/workdir/tests/util.rs:15:5
[INFO] [stdout]   21:     0x5d3129ff9b43 - array[cd0153b14589417]::array_remove
[INFO] [stdout]                                at /opt/rustwide/workdir/tests/array.rs:84:5
[INFO] [stdout]   22:     0x5d3129ff80d7 - array[cd0153b14589417]::array_remove::{closure#0}
[INFO] [stdout]                                at /opt/rustwide/workdir/tests/array.rs:83:18
[INFO] [stdout]   23:     0x5d312a000bb6 - <array[cd0153b14589417]::array_remove::{closure#0} as core[a373ad73a504971]::ops::function::FnOnce<()>>::call_once
[INFO] [stdout]                                at /rustc/e3feeb59cd1bdd011a2bfcc0747b55125d9b8527/library/core/src/ops/function.rs:250:5
[INFO] [stdout]   24:     0x5d312a00106b - <fn() -> core[a373ad73a504971]::result::Result<(), alloc[2e1b2a31b91974c5]::string::String> as core[a373ad73a504971]::ops::function::FnOnce<()>>::call_once
[INFO] [stdout]                                at /rustc/e3feeb59cd1bdd011a2bfcc0747b55125d9b8527/library/core/src/ops/function.rs:250:5
[INFO] [stdout]   25:     0x5d312a00106b - test[aada8e7e76ba119b]::__rust_begin_short_backtrace::<core[a373ad73a504971]::result::Result<(), alloc[2e1b2a31b91974c5]::string::String>, fn() -> core[a373ad73a504971]::result::Result<(), alloc[2e1b2a31b91974c5]::string::String>>
[INFO] [stdout]                                at /rustc/e3feeb59cd1bdd011a2bfcc0747b55125d9b8527/library/test/src/lib.rs:701:18
[INFO] [stdout]   26:     0x5d312a00e245 - test[aada8e7e76ba119b]::run_test_in_process::{closure#0}
[INFO] [stdout]                                at /rustc/e3feeb59cd1bdd011a2bfcc0747b55125d9b8527/library/test/src/lib.rs:724:74
[INFO] [stdout]   27:     0x5d312a00e245 - <core[a373ad73a504971]::panic::unwind_safe::AssertUnwindSafe<test[aada8e7e76ba119b]::run_test_in_process::{closure#0}> as core[a373ad73a504971]::ops::function::FnOnce<()>>::call_once
[INFO] [stdout]                                at /rustc/e3feeb59cd1bdd011a2bfcc0747b55125d9b8527/library/core/src/panic/unwind_safe.rs:275:9
[INFO] [stdout]   28:     0x5d312a00e245 - std[617be2ca0a6fd877]::panicking::catch_unwind::do_call::<core[a373ad73a504971]::panic::unwind_safe::AssertUnwindSafe<test[aada8e7e76ba119b]::run_test_in_process::{closure#0}>, core[a373ad73a504971]::result::Result<(), alloc[2e1b2a31b91974c5]::string::String>>
[INFO] [stdout]                                at /rustc/e3feeb59cd1bdd011a2bfcc0747b55125d9b8527/library/std/src/panicking.rs:573:43
[INFO] [stdout]   29:     0x5d312a00e245 - std[617be2ca0a6fd877]::panicking::catch_unwind::<core[a373ad73a504971]::result::Result<(), alloc[2e1b2a31b91974c5]::string::String>, core[a373ad73a504971]::panic::unwind_safe::AssertUnwindSafe<test[aada8e7e76ba119b]::run_test_in_process::{closure#0}>>
[INFO] [stdout]                                at /rustc/e3feeb59cd1bdd011a2bfcc0747b55125d9b8527/library/std/src/panicking.rs:541:19
[INFO] [stdout]   30:     0x5d312a00e245 - std[617be2ca0a6fd877]::panic::catch_unwind::<core[a373ad73a504971]::panic::unwind_safe::AssertUnwindSafe<test[aada8e7e76ba119b]::run_test_in_process::{closure#0}>, core[a373ad73a504971]::result::Result<(), alloc[2e1b2a31b91974c5]::string::String>>
[INFO] [stdout]                                at /rustc/e3feeb59cd1bdd011a2bfcc0747b55125d9b8527/library/std/src/panic.rs:359:14
[INFO] [stdout]   31:     0x5d312a00e245 - test[aada8e7e76ba119b]::run_test_in_process
[INFO] [stdout]                                at /rustc/e3feeb59cd1bdd011a2bfcc0747b55125d9b8527/library/test/src/lib.rs:724:27
[INFO] [stdout]   32:     0x5d312a00e245 - test[aada8e7e76ba119b]::run_test::{closure#0}
[INFO] [stdout]                                at /rustc/e3feeb59cd1bdd011a2bfcc0747b55125d9b8527/library/test/src/lib.rs:645:43
[INFO] [stdout]   33:     0x5d312a007b34 - test[aada8e7e76ba119b]::run_test::{closure#1}
[INFO] [stdout]                                at /rustc/e3feeb59cd1bdd011a2bfcc0747b55125d9b8527/library/test/src/lib.rs:675:41
[INFO] [stdout]   34:     0x5d312a007b34 - std[617be2ca0a6fd877]::sys::backtrace::__rust_begin_short_backtrace::<test[aada8e7e76ba119b]::run_test::{closure#1}, ()>
[INFO] [stdout]                                at /rustc/e3feeb59cd1bdd011a2bfcc0747b55125d9b8527/library/std/src/sys/backtrace.rs:166:18
[INFO] [stdout]   35:     0x5d312a0112d2 - std[617be2ca0a6fd877]::thread::lifecycle::spawn_unchecked::<test[aada8e7e76ba119b]::run_test::{closure#1}, ()>::{closure#1}::{closure#0}
[INFO] [stdout]                                at /rustc/e3feeb59cd1bdd011a2bfcc0747b55125d9b8527/library/std/src/thread/lifecycle.rs:70:13
[INFO] [stdout]   36:     0x5d312a0112d2 - <core[a373ad73a504971]::panic::unwind_safe::AssertUnwindSafe<std[617be2ca0a6fd877]::thread::lifecycle::spawn_unchecked<test[aada8e7e76ba119b]::run_test::{closure#1}, ()>::{closure#1}::{closure#0}> as core[a373ad73a504971]::ops::function::FnOnce<()>>::call_once
[INFO] [stdout]                                at /rustc/e3feeb59cd1bdd011a2bfcc0747b55125d9b8527/library/core/src/panic/unwind_safe.rs:275:9
[INFO] [stdout]   37:     0x5d312a0112d2 - std[617be2ca0a6fd877]::panicking::catch_unwind::do_call::<core[a373ad73a504971]::panic::unwind_safe::AssertUnwindSafe<std[617be2ca0a6fd877]::thread::lifecycle::spawn_unchecked<test[aada8e7e76ba119b]::run_test::{closure#1}, ()>::{closure#1}::{closure#0}>, ()>
[INFO] [stdout]                                at /rustc/e3feeb59cd1bdd011a2bfcc0747b55125d9b8527/library/std/src/panicking.rs:573:43
[INFO] [stdout]   38:     0x5d312a0112d2 - std[617be2ca0a6fd877]::panicking::catch_unwind::<(), core[a373ad73a504971]::panic::unwind_safe::AssertUnwindSafe<std[617be2ca0a6fd877]::thread::lifecycle::spawn_unchecked<test[aada8e7e76ba119b]::run_test::{closure#1}, ()>::{closure#1}::{closure#0}>>
[INFO] [stdout]                                at /rustc/e3feeb59cd1bdd011a2bfcc0747b55125d9b8527/library/std/src/panicking.rs:541:19
[INFO] [stdout]   39:     0x5d312a0112d2 - std[617be2ca0a6fd877]::panic::catch_unwind::<core[a373ad73a504971]::panic::unwind_safe::AssertUnwindSafe<std[617be2ca0a6fd877]::thread::lifecycle::spawn_unchecked<test[aada8e7e76ba119b]::run_test::{closure#1}, ()>::{closure#1}::{closure#0}>, ()>
[INFO] [stdout]                                at /rustc/e3feeb59cd1bdd011a2bfcc0747b55125d9b8527/library/std/src/panic.rs:359:14
[INFO] [stdout]   40:     0x5d312a0112d2 - std[617be2ca0a6fd877]::thread::lifecycle::spawn_unchecked::<test[aada8e7e76ba119b]::run_test::{closure#1}, ()>::{closure#1}
[INFO] [stdout]                                at /rustc/e3feeb59cd1bdd011a2bfcc0747b55125d9b8527/library/std/src/thread/lifecycle.rs:68:26
[INFO] [stdout]   41:     0x5d312a0112d2 - <std[617be2ca0a6fd877]::thread::lifecycle::spawn_unchecked<test[aada8e7e76ba119b]::run_test::{closure#1}, ()>::{closure#1} as core[a373ad73a504971]::ops::function::FnOnce<()>>::call_once::{shim:vtable#0}
[INFO] [stdout]                                at /rustc/e3feeb59cd1bdd011a2bfcc0747b55125d9b8527/library/core/src/ops/function.rs:250:5
[INFO] [stdout]   42:     0x5d312a2a408f - <alloc[2e1b2a31b91974c5]::boxed::Box<dyn core[a373ad73a504971]::ops::function::FnOnce<(), Output = ()> + core[a373ad73a504971]::marker::Send> as core[a373ad73a504971]::ops::function::FnOnce<()>>::call_once
[INFO] [stdout]                                at /rustc/e3feeb59cd1bdd011a2bfcc0747b55125d9b8527/library/alloc/src/boxed.rs:2314:9
[INFO] [stdout]   43:     0x5d312a2a408f - <std[617be2ca0a6fd877]::sys::thread::unix::Thread>::new::thread_start
[INFO] [stdout]                                at /rustc/e3feeb59cd1bdd011a2bfcc0747b55125d9b8527/library/std/src/sys/thread/unix.rs:127:17
[INFO] [stdout]   44:     0x7ee22ab68dfa - <unknown>
[INFO] [stdout]   45:     0x7ee22abfc3d4 - clone
[INFO] [stdout]   46:                0x0 - <unknown>
[INFO] [stdout] 
[INFO] [stdout] ---- array_access stdout ----
[INFO] [stdout] 
[INFO] [stdout] thread 'array_access' (1002) panicked at tests/util.rs:30:5:
[INFO] [stdout] not yet implemented
[INFO] [stdout] stack backtrace:
[INFO] [stdout]    0:     0x5d312a2a4861 - std[617be2ca0a6fd877]::backtrace_rs::backtrace::libunwind::trace
[INFO] [stdout]                                at /rustc/e3feeb59cd1bdd011a2bfcc0747b55125d9b8527/library/std/src/../../backtrace/src/backtrace/libunwind.rs:117:9
[INFO] [stdout]    1:     0x5d312a2a4861 - std[617be2ca0a6fd877]::backtrace_rs::backtrace::trace_unsynchronized::<std[617be2ca0a6fd877]::sys::backtrace::_print_fmt::{closure#1}>
[INFO] [stdout]                                at /rustc/e3feeb59cd1bdd011a2bfcc0747b55125d9b8527/library/std/src/../../backtrace/src/backtrace/mod.rs:66:14
[INFO] [stdout]    2:     0x5d312a2a4861 - std[617be2ca0a6fd877]::sys::backtrace::_print_fmt
[INFO] [stdout]                                at /rustc/e3feeb59cd1bdd011a2bfcc0747b55125d9b8527/library/std/src/sys/backtrace.rs:74:9
[INFO] [stdout]    3:     0x5d312a2a4861 - <<std[617be2ca0a6fd877]::sys::backtrace::BacktraceLock>::print::DisplayBacktrace as core[a373ad73a504971]::fmt::Display>::fmt
[INFO] [stdout]                                at /rustc/e3feeb59cd1bdd011a2bfcc0747b55125d9b8527/library/std/src/sys/backtrace.rs:44:26
[INFO] [stdout]    4:     0x5d312a2bae3a - <core[a373ad73a504971]::fmt::rt::Argument>::fmt
[INFO] [stdout]                                at /rustc/e3feeb59cd1bdd011a2bfcc0747b55125d9b8527/library/core/src/fmt/rt.rs:152:76
[INFO] [stdout]    5:     0x5d312a2bae3a - core[a373ad73a504971]::fmt::write
[INFO] [stdout]    6:     0x5d312a2a8b2c - core[a373ad73a504971]::io::write::default_write_fmt::<alloc[2e1b2a31b91974c5]::vec::Vec<u8>>
[INFO] [stdout]                                at /rustc/e3feeb59cd1bdd011a2bfcc0747b55125d9b8527/library/core/src/io/write.rs:402:11
[INFO] [stdout]    7:     0x5d312a2a8b2c - <alloc[2e1b2a31b91974c5]::vec::Vec<u8> as core[a373ad73a504971]::io::write::Write>::write_fmt
[INFO] [stdout]                                at /rustc/e3feeb59cd1bdd011a2bfcc0747b55125d9b8527/library/core/src/io/write.rs:335:13
[INFO] [stdout]    8:     0x5d312a280af6 - <std[617be2ca0a6fd877]::sys::backtrace::BacktraceLock>::print
[INFO] [stdout]                                at /rustc/e3feeb59cd1bdd011a2bfcc0747b55125d9b8527/library/std/src/sys/backtrace.rs:47:9
[INFO] [stdout]    9:     0x5d312a280af6 - std[617be2ca0a6fd877]::panicking::default_hook::{closure#0}
[INFO] [stdout]                                at /rustc/e3feeb59cd1bdd011a2bfcc0747b55125d9b8527/library/std/src/panicking.rs:289:27
[INFO] [stdout]   10:     0x5d312a29cd69 - std[617be2ca0a6fd877]::panicking::default_hook
[INFO] [stdout]                                at /rustc/e3feeb59cd1bdd011a2bfcc0747b55125d9b8527/library/std/src/panicking.rs:313:9
[INFO] [stdout]   11:     0x5d312a00dc20 - <alloc[2e1b2a31b91974c5]::boxed::Box<dyn for<'a, 'b> core[a373ad73a504971]::ops::function::Fn<(&'a std[617be2ca0a6fd877]::panic::PanicHookInfo<'b>,), Output = ()> + core[a373ad73a504971]::marker::Sync + core[a373ad73a504971]::marker::Send> as core[a373ad73a504971]::ops::function::Fn<(&std[617be2ca0a6fd877]::panic::PanicHookInfo,)>>::call
[INFO] [stdout]                                at /rustc/e3feeb59cd1bdd011a2bfcc0747b55125d9b8527/library/alloc/src/boxed.rs:2328:9
[INFO] [stdout]   12:     0x5d312a00dc20 - test[aada8e7e76ba119b]::test_main_inner::{closure#0}
[INFO] [stdout]                                at /rustc/e3feeb59cd1bdd011a2bfcc0747b55125d9b8527/library/test/src/lib.rs:137:21
[INFO] [stdout]   13:     0x5d312a29cf22 - <alloc[2e1b2a31b91974c5]::boxed::Box<dyn for<'a, 'b> core[a373ad73a504971]::ops::function::Fn<(&'a std[617be2ca0a6fd877]::panic::PanicHookInfo<'b>,), Output = ()> + core[a373ad73a504971]::marker::Sync + core[a373ad73a504971]::marker::Send> as core[a373ad73a504971]::ops::function::Fn<(&std[617be2ca0a6fd877]::panic::PanicHookInfo,)>>::call
[INFO] [stdout]                                at /rustc/e3feeb59cd1bdd011a2bfcc0747b55125d9b8527/library/alloc/src/boxed.rs:2328:9
[INFO] [stdout]   14:     0x5d312a29cf22 - std[617be2ca0a6fd877]::panicking::panic_with_hook
[INFO] [stdout]                                at /rustc/e3feeb59cd1bdd011a2bfcc0747b55125d9b8527/library/std/src/panicking.rs:819:13
[INFO] [stdout]   15:     0x5d312a280bd4 - std[617be2ca0a6fd877]::panicking::panic_handler::{closure#0}
[INFO] [stdout]                                at /rustc/e3feeb59cd1bdd011a2bfcc0747b55125d9b8527/library/std/src/panicking.rs:678:13
[INFO] [stdout]   16:     0x5d312a279889 - std[617be2ca0a6fd877]::sys::backtrace::__rust_end_short_backtrace::<std[617be2ca0a6fd877]::panicking::panic_handler::{closure#0}, !>
[INFO] [stdout]                                at /rustc/e3feeb59cd1bdd011a2bfcc0747b55125d9b8527/library/std/src/sys/backtrace.rs:182:18
[INFO] [stdout]   17:     0x5d312a2817ad - __rustc[ea4f61d10b84890b]::rust_begin_unwind
[INFO] [stdout]                                at /rustc/e3feeb59cd1bdd011a2bfcc0747b55125d9b8527/library/std/src/panicking.rs:676:5
[INFO] [stdout]   18:     0x5d312a2bb6dc - core[a373ad73a504971]::panicking::panic_fmt
[INFO] [stdout]                                at /rustc/e3feeb59cd1bdd011a2bfcc0747b55125d9b8527/library/core/src/panicking.rs:80:14
[INFO] [stdout]   19:     0x5d312a2bb6a2 - core[a373ad73a504971]::panicking::panic
[INFO] [stdout]                                at /rustc/e3feeb59cd1bdd011a2bfcc0747b55125d9b8527/library/core/src/panicking.rs:150:5
[INFO] [stdout]   20:     0x5d3129ffb0a7 - array[cd0153b14589417]::util::eval
[INFO] [stdout]                                at /opt/rustwide/workdir/tests/util.rs:30:5
[INFO] [stdout]   21:     0x5d3129ff9a47 - array[cd0153b14589417]::array_access
[INFO] [stdout]                                at /opt/rustwide/workdir/tests/array.rs:114:13
[INFO] [stdout]   22:     0x5d3129ff8077 - array[cd0153b14589417]::array_access::{closure#0}
[INFO] [stdout]                                at /opt/rustwide/workdir/tests/array.rs:113:18
[INFO] [stdout]   23:     0x5d312a000b76 - <array[cd0153b14589417]::array_access::{closure#0} as core[a373ad73a504971]::ops::function::FnOnce<()>>::call_once
[INFO] [stdout]                                at /rustc/e3feeb59cd1bdd011a2bfcc0747b55125d9b8527/library/core/src/ops/function.rs:250:5
[INFO] [stdout]   24:     0x5d312a00106b - <fn() -> core[a373ad73a504971]::result::Result<(), alloc[2e1b2a31b91974c5]::string::String> as core[a373ad73a504971]::ops::function::FnOnce<()>>::call_once
[INFO] [stdout]                                at /rustc/e3feeb59cd1bdd011a2bfcc0747b55125d9b8527/library/core/src/ops/function.rs:250:5
[INFO] [stdout]   25:     0x5d312a00106b - test[aada8e7e76ba119b]::__rust_begin_short_backtrace::<core[a373ad73a504971]::result::Result<(), alloc[2e1b2a31b91974c5]::string::String>, fn() -> core[a373ad73a504971]::result::Result<(), alloc[2e1b2a31b91974c5]::string::String>>
[INFO] [stderr] error: test failed, to rerun pass `--test array`
[INFO] [stdout]                                at /rustc/e3feeb59cd1bdd011a2bfcc0747b55125d9b8527/library/test/src/lib.rs:701:18
[INFO] [stdout]   26:     0x5d312a00e245 - test[aada8e7e76ba119b]::run_test_in_process::{closure#0}
[INFO] [stdout]                                at /rustc/e3feeb59cd1bdd011a2bfcc0747b55125d9b8527/library/test/src/lib.rs:724:74
[INFO] [stdout]   27:     0x5d312a00e245 - <core[a373ad73a504971]::panic::unwind_safe::AssertUnwindSafe<test[aada8e7e76ba119b]::run_test_in_process::{closure#0}> as core[a373ad73a504971]::ops::function::FnOnce<()>>::call_once
[INFO] [stdout]                                at /rustc/e3feeb59cd1bdd011a2bfcc0747b55125d9b8527/library/core/src/panic/unwind_safe.rs:275:9
[INFO] [stdout]   28:     0x5d312a00e245 - std[617be2ca0a6fd877]::panicking::catch_unwind::do_call::<core[a373ad73a504971]::panic::unwind_safe::AssertUnwindSafe<test[aada8e7e76ba119b]::run_test_in_process::{closure#0}>, core[a373ad73a504971]::result::Result<(), alloc[2e1b2a31b91974c5]::string::String>>
[INFO] [stdout]                                at /rustc/e3feeb59cd1bdd011a2bfcc0747b55125d9b8527/library/std/src/panicking.rs:573:43
[INFO] [stdout]   29:     0x5d312a00e245 - std[617be2ca0a6fd877]::panicking::catch_unwind::<core[a373ad73a504971]::result::Result<(), alloc[2e1b2a31b91974c5]::string::String>, core[a373ad73a504971]::panic::unwind_safe::AssertUnwindSafe<test[aada8e7e76ba119b]::run_test_in_process::{closure#0}>>
[INFO] [stdout]                                at /rustc/e3feeb59cd1bdd011a2bfcc0747b55125d9b8527/library/std/src/panicking.rs:541:19
[INFO] [stdout]   30:     0x5d312a00e245 - std[617be2ca0a6fd877]::panic::catch_unwind::<core[a373ad73a504971]::panic::unwind_safe::AssertUnwindSafe<test[aada8e7e76ba119b]::run_test_in_process::{closure#0}>, core[a373ad73a504971]::result::Result<(), alloc[2e1b2a31b91974c5]::string::String>>
[INFO] [stdout]                                at /rustc/e3feeb59cd1bdd011a2bfcc0747b55125d9b8527/library/std/src/panic.rs:359:14
[INFO] [stdout]   31:     0x5d312a00e245 - test[aada8e7e76ba119b]::run_test_in_process
[INFO] [stdout]                                at /rustc/e3feeb59cd1bdd011a2bfcc0747b55125d9b8527/library/test/src/lib.rs:724:27
[INFO] [stdout]   32:     0x5d312a00e245 - test[aada8e7e76ba119b]::run_test::{closure#0}
[INFO] [stdout]                                at /rustc/e3feeb59cd1bdd011a2bfcc0747b55125d9b8527/library/test/src/lib.rs:645:43
[INFO] [stdout]   33:     0x5d312a007b34 - test[aada8e7e76ba119b]::run_test::{closure#1}
[INFO] [stdout]                                at /rustc/e3feeb59cd1bdd011a2bfcc0747b55125d9b8527/library/test/src/lib.rs:675:41
[INFO] [stdout]   34:     0x5d312a007b34 - std[617be2ca0a6fd877]::sys::backtrace::__rust_begin_short_backtrace::<test[aada8e7e76ba119b]::run_test::{closure#1}, ()>
[INFO] [stdout]                                at /rustc/e3feeb59cd1bdd011a2bfcc0747b55125d9b8527/library/std/src/sys/backtrace.rs:166:18
[INFO] [stdout]   35:     0x5d312a0112d2 - std[617be2ca0a6fd877]::thread::lifecycle::spawn_unchecked::<test[aada8e7e76ba119b]::run_test::{closure#1}, ()>::{closure#1}::{closure#0}
[INFO] [stdout]                                at /rustc/e3feeb59cd1bdd011a2bfcc0747b55125d9b8527/library/std/src/thread/lifecycle.rs:70:13
[INFO] [stdout]   36:     0x5d312a0112d2 - <core[a373ad73a504971]::panic::unwind_safe::AssertUnwindSafe<std[617be2ca0a6fd877]::thread::lifecycle::spawn_unchecked<test[aada8e7e76ba119b]::run_test::{closure#1}, ()>::{closure#1}::{closure#0}> as core[a373ad73a504971]::ops::function::FnOnce<()>>::call_once
[INFO] [stdout]                                at /rustc/e3feeb59cd1bdd011a2bfcc0747b55125d9b8527/library/core/src/panic/unwind_safe.rs:275:9
[INFO] [stdout]   37:     0x5d312a0112d2 - std[617be2ca0a6fd877]::panicking::catch_unwind::do_call::<core[a373ad73a504971]::panic::unwind_safe::AssertUnwindSafe<std[617be2ca0a6fd877]::thread::lifecycle::spawn_unchecked<test[aada8e7e76ba119b]::run_test::{closure#1}, ()>::{closure#1}::{closure#0}>, ()>
[INFO] [stdout]                                at /rustc/e3feeb59cd1bdd011a2bfcc0747b55125d9b8527/library/std/src/panicking.rs:573:43
[INFO] [stdout]   38:     0x5d312a0112d2 - std[617be2ca0a6fd877]::panicking::catch_unwind::<(), core[a373ad73a504971]::panic::unwind_safe::AssertUnwindSafe<std[617be2ca0a6fd877]::thread::lifecycle::spawn_unchecked<test[aada8e7e76ba119b]::run_test::{closure#1}, ()>::{closure#1}::{closure#0}>>
[INFO] [stdout]                                at /rustc/e3feeb59cd1bdd011a2bfcc0747b55125d9b8527/library/std/src/panicking.rs:541:19
[INFO] [stdout]   39:     0x5d312a0112d2 - std[617be2ca0a6fd877]::panic::catch_unwind::<core[a373ad73a504971]::panic::unwind_safe::AssertUnwindSafe<std[617be2ca0a6fd877]::thread::lifecycle::spawn_unchecked<test[aada8e7e76ba119b]::run_test::{closure#1}, ()>::{closure#1}::{closure#0}>, ()>
[INFO] [stdout]                                at /rustc/e3feeb59cd1bdd011a2bfcc0747b55125d9b8527/library/std/src/panic.rs:359:14
[INFO] [stdout]   40:     0x5d312a0112d2 - std[617be2ca0a6fd877]::thread::lifecycle::spawn_unchecked::<test[aada8e7e76ba119b]::run_test::{closure#1}, ()>::{closure#1}
[INFO] [stdout]                                at /rustc/e3feeb59cd1bdd011a2bfcc0747b55125d9b8527/library/std/src/thread/lifecycle.rs:68:26
[INFO] [stdout]   41:     0x5d312a0112d2 - <std[617be2ca0a6fd877]::thread::lifecycle::spawn_unchecked<test[aada8e7e76ba119b]::run_test::{closure#1}, ()>::{closure#1} as core[a373ad73a504971]::ops::function::FnOnce<()>>::call_once::{shim:vtable#0}
[INFO] [stdout]                                at /rustc/e3feeb59cd1bdd011a2bfcc0747b55125d9b8527/library/core/src/ops/function.rs:250:5
[INFO] [stdout]   42:     0x5d312a2a408f - <alloc[2e1b2a31b91974c5]::boxed::Box<dyn core[a373ad73a504971]::ops::function::FnOnce<(), Output = ()> + core[a373ad73a504971]::marker::Send> as core[a373ad73a504971]::ops::function::FnOnce<()>>::call_once
[INFO] [stdout]                                at /rustc/e3feeb59cd1bdd011a2bfcc0747b55125d9b8527/library/alloc/src/boxed.rs:2314:9
[INFO] [stdout]   43:     0x5d312a2a408f - <std[617be2ca0a6fd877]::sys::thread::unix::Thread>::new::thread_start
[INFO] [stdout]                                at /rustc/e3feeb59cd1bdd011a2bfcc0747b55125d9b8527/library/std/src/sys/thread/unix.rs:127:17
[INFO] [stdout]   44:     0x7ee22ab68dfa - <unknown>
[INFO] [stdout]   45:     0x7ee22abfc3d4 - clone
[INFO] [stdout]   46:                0x0 - <unknown>
[INFO] [stdout] 
[INFO] [stdout] 
[INFO] [stdout] failures:
[INFO] [stdout]     array_access
[INFO] [stdout]     array_clear
[INFO] [stdout]     array_extend
[INFO] [stdout]     array_push
[INFO] [stdout]     array_range_access
[INFO] [stdout]     array_range_assignment
[INFO] [stdout]     array_remove
[INFO] [stdout]     array_remove_fail
[INFO] [stdout] 
[INFO] [stdout] test result: FAILED. 0 passed; 8 failed; 0 ignored; 0 measured; 0 filtered out; finished in 0.08s
[INFO] [stdout] 
[INFO] running `Command { std: "docker" "inspect" "a00a4c2d779542d39c43c6f34dfc96044d7348ed7744d78dfae3553b704bab11", kill_on_drop: false }`
[INFO] running `Command { std: "docker" "rm" "-f" "a00a4c2d779542d39c43c6f34dfc96044d7348ed7744d78dfae3553b704bab11", kill_on_drop: false }`
[INFO] [stdout] a00a4c2d779542d39c43c6f34dfc96044d7348ed7744d78dfae3553b704bab11
