[INFO] fetching crate svlint 0.9.5...
[INFO] testing svlint-0.9.5 against 1.100.0-beta.1 for beta-1.100-2
[INFO] extracting crate svlint 0.9.5 into /workspace/builds/worker-0-tc2/source
[INFO] started tweaking crates.io crate svlint 0.9.5
[INFO] finished tweaking crates.io crate svlint 0.9.5
[INFO] tweaked toml for crates.io crate svlint 0.9.5 written to /workspace/builds/worker-0-tc2/source/Cargo.toml
[INFO] validating manifest of crates.io crate svlint 0.9.5 on toolchain 1.100.0-beta.1
[INFO] running `Command { std: CARGO_HOME="/workspace/cargo-home" RUSTUP_HOME="/workspace/rustup-home" "/workspace/cargo-home/bin/cargo" "+1.100.0-beta.1" "metadata" "--manifest-path" "Cargo.toml" "--no-deps", kill_on_drop: false }`
[INFO] crate crates.io crate svlint 0.9.5 already has a lockfile, it will not be regenerated
[INFO] running `Command { std: CARGO_HOME="/workspace/cargo-home" RUSTUP_HOME="/workspace/rustup-home" "/workspace/cargo-home/bin/cargo" "+1.100.0-beta.1" "fetch" "--manifest-path" "Cargo.toml", kill_on_drop: false }`
[INFO] running `Command { std: "docker" "create" "-v" "/var/lib/crater-agent-workspace/builds/worker-0-tc2/source:/opt/rustwide/workdir:ro,Z" "-v" "/var/lib/crater-agent-workspace/builds/worker-0-tc2/target:/opt/rustwide/target:rw,Z" "-v" "/var/lib/crater-agent-workspace/cargo-home:/opt/rustwide/cargo-home:ro,Z" "-v" "/var/lib/crater-agent-workspace/rustup-home:/opt/rustwide/rustup-home:ro,Z" "-m" "1610612736" "--network" "none" "ghcr.io/rust-lang/crates-build-env/linux@sha256:3111399a4047eeb3a02b7a90e478d715f38a8c6669b5c4b49d30a17385265909" "sleep" "infinity", kill_on_drop: false }`
[INFO] [stdout] fe7004d753b49ed7d9e99e8bec3f1ee67556c7f9fa7baced149deb1046efec4a
[INFO] running `Command { std: "docker" "start" "fe7004d753b49ed7d9e99e8bec3f1ee67556c7f9fa7baced149deb1046efec4a", kill_on_drop: false }`
[INFO] running `Command { std: "docker" "inspect" "fe7004d753b49ed7d9e99e8bec3f1ee67556c7f9fa7baced149deb1046efec4a", kill_on_drop: false }`
[INFO] running `Command { std: "docker" "exec" "-e" "SOURCE_DIR=/opt/rustwide/workdir" "-e" "CARGO_HOME=/opt/rustwide/cargo-home" "-e" "RUSTUP_HOME=/opt/rustwide/rustup-home" "-e" "CARGO_TARGET_DIR=/opt/rustwide/target" "-w" "/opt/rustwide/workdir" "--user" "0:0" "fe7004d753b49ed7d9e99e8bec3f1ee67556c7f9fa7baced149deb1046efec4a" "/opt/rustwide/cargo-home/bin/cargo" "+1.100.0-beta.1" "metadata" "--no-deps" "--format-version=1", kill_on_drop: false }`
[INFO] running `Command { std: "docker" "inspect" "fe7004d753b49ed7d9e99e8bec3f1ee67556c7f9fa7baced149deb1046efec4a", kill_on_drop: false }`
[INFO] running `Command { std: "docker" "exec" "-e" "SOURCE_DIR=/opt/rustwide/workdir" "-e" "CARGO_HOME=/opt/rustwide/cargo-home" "-e" "RUSTUP_HOME=/opt/rustwide/rustup-home" "-e" "CARGO_TARGET_DIR=/opt/rustwide/target" "-e" "CARGO_INCREMENTAL=0" "-e" "RUST_BACKTRACE=full" "-e" "RUSTFLAGS=--cap-lints=warn" "-e" "RUSTDOCFLAGS=--cap-lints=warn" "-w" "/opt/rustwide/workdir" "--user" "0:0" "fe7004d753b49ed7d9e99e8bec3f1ee67556c7f9fa7baced149deb1046efec4a" "/opt/rustwide/cargo-home/bin/cargo" "+1.100.0-beta.1" "build" "--frozen" "--message-format=json", kill_on_drop: false }`
[INFO] [stderr]    Compiling proc-macro2 v1.0.101
[INFO] [stderr]    Compiling unicode-ident v1.0.19
[INFO] [stderr]    Compiling memchr v2.7.5
[INFO] [stderr]    Compiling syn v1.0.109
[INFO] [stderr]    Compiling regex-syntax v0.8.6
[INFO] [stderr]    Compiling bytecount v0.6.9
[INFO] [stderr]    Compiling serde v1.0.219
[INFO] [stderr]    Compiling libc v0.2.175
[INFO] [stderr]    Compiling thiserror v2.0.17
[INFO] [stderr]    Compiling str-concat v0.2.0
[INFO] [stderr]    Compiling indexmap v1.9.3
[INFO] [stderr]    Compiling cfg-if v1.0.3
[INFO] [stderr]    Compiling winnow v0.7.13
[INFO] [stderr]    Compiling anyhow v1.0.99
[INFO] [stderr]    Compiling textwrap v0.16.2
[INFO] [stderr]    Compiling toml_writer v1.0.2
[INFO] [stderr]    Compiling term v1.2.0
[INFO] [stderr]    Compiling encoding_rs v0.8.35
[INFO] [stderr]    Compiling libloading v0.8.8
[INFO] [stderr]    Compiling colored v3.0.0
[INFO] [stderr]    Compiling aho-corasick v1.1.3
[INFO] [stderr]    Compiling nom v7.1.3
[INFO] [stderr]    Compiling quote v1.0.40
[INFO] [stderr]    Compiling syn v2.0.106
[INFO] [stderr]    Compiling proc-macro-error-attr v1.0.4
[INFO] [stderr]    Compiling atty v0.2.14
[INFO] [stderr]    Compiling chardetng v0.1.17
[INFO] [stderr]    Compiling toml_parser v1.0.2
[INFO] [stderr]    Compiling regex-automata v0.4.10
[INFO] [stderr]    Compiling nom_locate v4.2.0
[INFO] [stderr]    Compiling nom-greedyerror v0.5.0
[INFO] [stderr]    Compiling toml_datetime v0.7.0
[INFO] [stderr]    Compiling serde_spanned v1.0.0
[INFO] [stderr]    Compiling toml v0.9.5
[INFO] [stderr]    Compiling regex v1.11.2
[INFO] [stderr]    Compiling sv-filelist-parser v0.1.3
[INFO] [stderr]    Compiling serde_regex v1.1.0
[INFO] [stderr]    Compiling sv-parser-syntaxtree v0.13.4
[INFO] [stderr]    Compiling svlint v0.9.5 (/opt/rustwide/workdir)
[INFO] [stderr]    Compiling proc-macro-error v1.0.4
[INFO] [stderr]    Compiling nom-packrat-macros v0.7.0
[INFO] [stderr]    Compiling nom-recursive-macros v0.5.1
[INFO] [stderr]    Compiling nom-tracable-macros v0.9.1
[INFO] [stderr]    Compiling clap_derive v3.2.25
[INFO] [stderr]    Compiling nom-packrat v0.7.0
[INFO] [stderr]    Compiling thiserror-impl v2.0.17
[INFO] [stderr]    Compiling sv-parser-macros v0.13.4
[INFO] [stderr]    Compiling thiserror-impl v1.0.69
[INFO] [stderr]    Compiling serde_derive v1.0.219
[INFO] [stderr]    Compiling nom-tracable v0.9.1
[INFO] [stderr]    Compiling nom-recursive v0.5.1
[INFO] [stderr]    Compiling sv-parser-error v0.13.4
[INFO] [stderr]    Compiling clap v3.2.25
[INFO] [stderr]    Compiling thiserror v1.0.69
[INFO] [stderr]    Compiling enquote v1.1.0
[INFO] [stderr]    Compiling clap_complete v3.2.5
[INFO] [stderr]    Compiling sv-parser-parser v0.13.4
[INFO] [stderr]    Compiling sv-parser-pp v0.13.4
[INFO] [stderr]    Compiling sv-parser v0.13.4
[INFO] [stderr]     Finished `dev` profile [unoptimized + debuginfo] target(s) in 1m 48s
[INFO] running `Command { std: "docker" "inspect" "fe7004d753b49ed7d9e99e8bec3f1ee67556c7f9fa7baced149deb1046efec4a", kill_on_drop: false }`
[INFO] running `Command { std: "docker" "exec" "-e" "SOURCE_DIR=/opt/rustwide/workdir" "-e" "CARGO_HOME=/opt/rustwide/cargo-home" "-e" "RUSTUP_HOME=/opt/rustwide/rustup-home" "-e" "CARGO_TARGET_DIR=/opt/rustwide/target" "-e" "CARGO_INCREMENTAL=0" "-e" "RUST_BACKTRACE=full" "-e" "RUSTFLAGS=--cap-lints=warn" "-e" "RUSTDOCFLAGS=--cap-lints=warn" "-w" "/opt/rustwide/workdir" "--user" "0:0" "fe7004d753b49ed7d9e99e8bec3f1ee67556c7f9fa7baced149deb1046efec4a" "/opt/rustwide/cargo-home/bin/cargo" "+1.100.0-beta.1" "test" "--frozen" "--no-run" "--message-format=json", kill_on_drop: false }`
[INFO] [stderr]    Compiling svlint v0.9.5 (/opt/rustwide/workdir)
[INFO] [stderr]     Finished `test` profile [unoptimized + debuginfo] target(s) in 5.75s
[INFO] running `Command { std: "docker" "inspect" "fe7004d753b49ed7d9e99e8bec3f1ee67556c7f9fa7baced149deb1046efec4a", kill_on_drop: false }`
[INFO] running `Command { std: "docker" "exec" "-e" "SOURCE_DIR=/opt/rustwide/workdir" "-e" "CARGO_HOME=/opt/rustwide/cargo-home" "-e" "RUSTUP_HOME=/opt/rustwide/rustup-home" "-e" "CARGO_TARGET_DIR=/opt/rustwide/target" "-e" "CARGO_INCREMENTAL=0" "-e" "RUST_BACKTRACE=full" "-e" "RUSTFLAGS=--cap-lints=warn" "-e" "RUSTDOCFLAGS=--cap-lints=warn" "-w" "/opt/rustwide/workdir" "--user" "0:0" "fe7004d753b49ed7d9e99e8bec3f1ee67556c7f9fa7baced149deb1046efec4a" "/opt/rustwide/cargo-home/bin/cargo" "+1.100.0-beta.1" "test" "--frozen", kill_on_drop: false }`
[INFO] [stderr]     Finished `test` profile [unoptimized + debuginfo] target(s) in 0.12s
[INFO] [stderr]      Running unittests src/lib.rs (/opt/rustwide/target/debug/build/svlint/3e332f431b9f4bce/out/svlint-3e332f431b9f4bce)
[INFO] [stdout] 
[INFO] [stdout] running 0 tests
[INFO] [stdout] 
[INFO] [stdout] test result: ok. 0 passed; 0 failed; 0 ignored; 0 measured; 0 filtered out; finished in 0.00s
[INFO] [stdout] 
[INFO] [stderr]      Running unittests src/mdgen.rs (/opt/rustwide/target/debug/build/svlint/0ee4c873c4884f46/out/mdgen-0ee4c873c4884f46)
[INFO] [stdout] 
[INFO] [stderr]      Running unittests src/main.rs (/opt/rustwide/target/debug/build/svlint/20dfcede0ffa6cf2/out/svlint-20dfcede0ffa6cf2)
[INFO] [stdout] running 0 tests
[INFO] [stdout] 
[INFO] [stdout] test result: ok. 0 passed; 0 failed; 0 ignored; 0 measured; 0 filtered out; finished in 0.00s
[INFO] [stdout] 
[INFO] [stdout] 
[INFO] [stdout] running 492 tests
[INFO] [stdout] test tests::cli_github_actions ... ok
[INFO] [stdout] test tests::cli_config ... ok
[INFO] [stdout] test tests::cli_config_example ... ok
[INFO] [stdout] test tests::cli_oneline ... ok
[INFO] [stdout] test tests::cli_ignore_include ... ok
[INFO] [stdout] test tests::cli_shell_completion ... ok
[INFO] [stdout] test tests::cli_filelist ... ok
[INFO] [stdout] test tests::cli_preprocess_only ... ok
[INFO] [stdout] test tests::cli_silent ... ok
[INFO] [stdout] test tests::cli_incdirs ... ok
[INFO] [stdout] test tests::cli_plugins ... ok
[INFO] [stdout] test tests::cli_verbose ... ok
[INFO] [stdout] test tests::cli_config_update ... ok
[INFO] [stdout] test tests::cli_defines ... ok
[INFO] [stdout] test tests::cli_dump_filelist ... ok
[INFO] [stdout] test tests::cli_dump_syntaxtree ... ok
[INFO] [stdout] test tests::dump_filelist_1 ... ok
[INFO] [stdout] test tests::syntaxrules_blocking_assignment_in_always_at_edge_fail_1of3 ... ok
[INFO] [stdout] test tests::syntaxrules_blocking_assignment_in_always_at_edge_fail_3of3 ... ok
[INFO] [stdout] test tests::syntaxrules_action_block_with_side_effect_pass_1of1 ... ok
[INFO] [stdout] test tests::syntaxrules_blocking_assignment_in_always_at_edge_pass_3of3 ... ok
[INFO] [stdout] test tests::syntaxrules_blocking_assignment_in_always_ff_pass_1of1 ... ok
[INFO] [stdout] test tests::syntaxrules_blocking_assignment_in_always_ff_fail_1of1 ... ok
[INFO] [stdout] test tests::syntaxrules_case_default_fail_1of1 ... ok
[INFO] [stdout] test tests::syntaxrules_blocking_assignment_in_always_at_edge_pass_1of3 ... ok
[INFO] [stdout] test tests::syntaxrules_blocking_assignment_in_always_latch_pass_1of1 ... ok
[INFO] [stdout] test tests::syntaxrules_case_default_pass_1of1 ... ok
[INFO] [stdout] test tests::syntaxrules_default_nettype_none_fail_1of1 ... ok
[INFO] [stdout] test tests::syntaxrules_blocking_assignment_in_always_latch_fail_1of1 ... ok
[INFO] [stdout] test tests::syntaxrules_default_nettype_wire_at_end_fail_1of1 ... ok
[INFO] [stdout] test tests::dump_filelist_2 ... ok
[INFO] [stdout] test tests::syntaxrules_default_nettype_none_pass_2of2 ... ok
[INFO] [stdout] test tests::syntaxrules_blocking_assignment_in_always_at_edge_pass_2of3 ... ok
[INFO] [stdout] test tests::syntaxrules_default_nettype_none_pass_1of2 ... ok
[INFO] [stdout] test tests::dump_filelist_4 ... ok
[INFO] [stdout] test tests::syntaxrules_enum_with_type_pass_1of1 ... ok
[INFO] [stdout] test tests::dump_filelist_3 ... ok
[INFO] [stdout] test tests::syntaxrules_eventlist_comma_always_ff_fail_1of3 ... ok
[INFO] [stdout] test tests::syntaxrules_blocking_assignment_in_always_at_edge_fail_2of3 ... ok
[INFO] [stdout] test tests::syntaxrules_default_nettype_wire_at_end_pass_1of1 ... ok
[INFO] [stdout] test tests::syntaxrules_eventlist_comma_always_ff_pass_1of1 ... ok
[INFO] [stdout] test tests::syntaxrules_enum_with_type_fail_1of1 ... ok
[INFO] [stdout] test tests::dump_filelist_5 ... ok
[INFO] [stdout] test tests::syntaxrules_eventlist_or_fail_2of5 ... ok
[INFO] [stdout] test tests::syntaxrules_eventlist_comma_always_ff_fail_3of3 ... ok
[INFO] [stdout] test tests::syntaxrules_explicit_brackets_for_confusing_precedence_pass_2of2 ... ok
[INFO] [stdout] test tests::syntaxrules_eventlist_comma_always_ff_fail_2of3 ... ok
[INFO] [stdout] test tests::syntaxrules_explicit_case_default_fail_1of2 ... ok
[INFO] [stdout] test tests::syntaxrules_eventlist_or_fail_1of5 ... ok
[INFO] [stdout] test tests::syntaxrules_explicit_brackets_for_confusing_precedence_fail_2of2 ... ok
[INFO] [stdout] test tests::syntaxrules_explicit_case_default_pass_1of1 ... ok
[INFO] [stdout] test tests::syntaxrules_explicit_brackets_for_confusing_precedence_pass_1of2 ... ok
[INFO] [stdout] test tests::syntaxrules_eventlist_or_fail_5of5 ... ok
[INFO] [stdout] test tests::syntaxrules_eventlist_or_fail_3of5 ... ok
[INFO] [stdout] test tests::dump_filelist_6 ... ok
[INFO] [stdout] test tests::syntaxrules_eventlist_or_fail_4of5 ... ok
[INFO] [stdout] test tests::lint_gbk_encoded_verilog ... FAILED
[INFO] [stdout] test tests::syntaxrules_explicit_brackets_for_confusing_precedence_fail_1of2 ... ok
[INFO] [stdout] test tests::dump_filelist_8 ... ok
[INFO] [stdout] test tests::syntaxrules_function_same_as_system_function_fail_1of1 ... ok
[INFO] [stdout] test tests::syntaxrules_function_same_as_system_function_pass_1of1 ... ok
[INFO] [stdout] test tests::syntaxrules_function_with_automatic_fail_1of1 ... ok
[INFO] [stdout] test tests::syntaxrules_explicit_if_else_pass_1of1 ... ok
[INFO] [stdout] test tests::syntaxrules_explicit_if_else_fail_1of2 ... ok
[INFO] [stdout] test tests::syntaxrules_general_always_level_sensitive_pass_1of2 ... ok
[INFO] [stdout] test tests::syntaxrules_general_always_level_sensitive_pass_2of2 ... ok
[INFO] [stdout] test tests::syntaxrules_explicit_case_default_fail_2of2 ... ok
[INFO] [stdout] test tests::syntaxrules_eventlist_or_pass_1of1 ... ok
[INFO] [stdout] test tests::syntaxrules_generate_case_with_label_fail_1of5 ... ok
[INFO] [stdout] test tests::syntaxrules_generate_case_with_label_fail_4of5 ... ok
[INFO] [stdout] test tests::dump_filelist_7 ... ok
[INFO] [stdout] test tests::syntaxrules_general_always_no_edge_pass_1of1 ... ok
[INFO] [stdout] test tests::syntaxrules_generate_case_with_label_fail_5of5 ... ok
[INFO] [stdout] test tests::syntaxrules_generate_for_with_label_pass_1of1 ... ok
[INFO] [stdout] test tests::syntaxrules_general_always_no_edge_fail_1of2 ... ok
[INFO] [stdout] test tests::syntaxrules_explicit_if_else_fail_2of2 ... ok
[INFO] [stdout] test tests::syntaxrules_general_always_no_edge_fail_2of2 ... ok
[INFO] [stdout] test tests::syntaxrules_general_always_level_sensitive_fail_1of2 ... ok
[INFO] [stdout] test tests::syntaxrules_generate_for_with_label_fail_2of3 ... ok
[INFO] [stdout] test tests::syntaxrules_general_always_level_sensitive_fail_2of2 ... ok
[INFO] [stdout] test tests::syntaxrules_generate_case_with_label_pass_1of1 ... ok
[INFO] [stdout] test tests::syntaxrules_generate_case_with_label_fail_3of5 ... ok
[INFO] [stdout] test tests::syntaxrules_generate_for_with_label_fail_3of3 ... ok
[INFO] [stdout] test tests::syntaxrules_generate_case_with_label_fail_2of5 ... ok
[INFO] [stdout] test tests::syntaxrules_generate_for_with_label_fail_1of3 ... ok
[INFO] [stdout] test tests::syntaxrules_action_block_with_side_effect_fail_1of1 ... ok
[INFO] [stdout] test tests::syntaxrules_function_with_automatic_pass_1of1 ... ok
[INFO] [stdout] test tests::syntaxrules_generate_if_with_label_fail_5of8 ... ok
[INFO] [stdout] test tests::syntaxrules_genvar_declaration_in_loop_pass_1of1 ... ok
[INFO] [stdout] test tests::syntaxrules_generate_if_with_label_pass_1of1 ... ok
[INFO] [stdout] test tests::syntaxrules_generate_if_with_label_fail_3of8 ... ok
[INFO] [stdout] test tests::syntaxrules_genvar_declaration_out_loop_pass_1of1 ... ok
[INFO] [stdout] test tests::syntaxrules_generate_if_with_label_fail_1of8 ... ok
[INFO] [stdout] test tests::syntaxrules_implicit_case_default_pass_2of5 ... ok
[INFO] [stdout] test tests::syntaxrules_genvar_declaration_out_loop_fail_1of1 ... ok
[INFO] [stdout] test tests::syntaxrules_implicit_case_default_fail_1of3 ... ok
[INFO] [stdout] test tests::syntaxrules_inout_with_tri_pass_1of1 ... ok
[INFO] [stdout] test tests::syntaxrules_input_with_var_fail_1of1 ... ok
[INFO] [stdout] test tests::syntaxrules_inout_with_tri_fail_1of1 ... ok
[INFO] [stdout] test tests::syntaxrules_implicit_case_default_pass_1of5 ... ok
[INFO] [stdout] test tests::syntaxrules_implicit_case_default_pass_3of5 ... ok
[INFO] [stdout] test tests::syntaxrules_interface_port_with_modport_pass_1of1 ... ok
[INFO] [stdout] test tests::syntaxrules_genvar_declaration_in_loop_fail_1of1 ... ok
[INFO] [stdout] test tests::syntaxrules_generate_if_with_label_fail_4of8 ... ok
[INFO] [stdout] test tests::syntaxrules_interface_identifier_matches_filename_pass_1of1 ... ok
[INFO] [stdout] test tests::syntaxrules_input_with_var_pass_1of1 ... ok
[INFO] [stdout] test tests::syntaxrules_implicit_case_default_fail_3of3 ... ok
[INFO] [stdout] test tests::syntaxrules_keyword_forbidden_always_comb_pass_1of1 ... ok
[INFO] [stdout] test tests::syntaxrules_generate_if_with_label_fail_7of8 ... ok
[INFO] [stdout] test tests::syntaxrules_interface_identifier_matches_filename_fail_1of1 ... ok
[INFO] [stdout] test tests::syntaxrules_interface_port_with_modport_fail_2of2 ... ok
[INFO] [stdout] test tests::syntaxrules_interface_port_with_modport_fail_1of2 ... ok
[INFO] [stdout] test tests::syntaxrules_implicit_case_default_pass_4of5 ... ok
[INFO] [stdout] test tests::syntaxrules_implicit_case_default_pass_5of5 ... ok
[INFO] [stdout] test tests::syntaxrules_keyword_forbidden_generate_pass_1of1 ... ok
[INFO] [stdout] test tests::syntaxrules_keyword_forbidden_always_comb_fail_1of1 ... ok
[INFO] [stdout] test tests::syntaxrules_keyword_forbidden_always_latch_pass_2of2 ... ok
[INFO] [stdout] test tests::syntaxrules_keyword_forbidden_always_pass_1of1 ... ok
[INFO] [stdout] test tests::syntaxrules_keyword_forbidden_always_ff_pass_1of1 ... ok
[INFO] [stdout] test tests::syntaxrules_implicit_case_default_fail_2of3 ... ok
[INFO] [stdout] test tests::syntaxrules_keyword_forbidden_logic_pass_1of1 ... ok
[INFO] [stdout] test tests::syntaxrules_keyword_forbidden_always_latch_fail_1of1 ... ok
[INFO] [stdout] test tests::syntaxrules_keyword_forbidden_generate_fail_1of1 ... ok
[INFO] [stdout] test tests::syntaxrules_keyword_forbidden_always_ff_fail_1of1 ... ok
[INFO] [stdout] test tests::syntaxrules_generate_if_with_label_fail_6of8 ... ok
[INFO] [stdout] test tests::syntaxrules_keyword_forbidden_always_fail_1of1 ... ok
[INFO] [stdout] test tests::syntaxrules_keyword_forbidden_always_latch_pass_1of2 ... ok
[INFO] [stdout] test tests::syntaxrules_keyword_forbidden_logic_fail_1of1 ... ok
[INFO] [stdout] test tests::syntaxrules_keyword_forbidden_unique0_pass_1of1 ... ok
[INFO] [stdout] test tests::syntaxrules_generate_if_with_label_fail_8of8 ... ok
[INFO] [stdout] test tests::syntaxrules_generate_if_with_label_fail_2of8 ... ok
[INFO] [stdout] test tests::syntaxrules_keyword_forbidden_priority_pass_1of1 ... ok
[INFO] [stdout] test tests::syntaxrules_keyword_forbidden_unique_pass_1of1 ... ok
[INFO] [stdout] test tests::syntaxrules_keyword_forbidden_wire_reg_pass_1of1 ... ok
[INFO] [stdout] test tests::syntaxrules_keyword_forbidden_wire_reg_fail_1of1 ... ok
[INFO] [stdout] test tests::syntaxrules_keyword_forbidden_priority_fail_2of2 ... ok
[INFO] [stdout] test tests::syntaxrules_keyword_forbidden_unique0_fail_2of2 ... ok
[INFO] [stdout] test tests::syntaxrules_localparam_explicit_type_fail_1of1 ... ok
[INFO] [stdout] test tests::syntaxrules_keyword_forbidden_priority_fail_1of2 ... ok
[INFO] [stdout] test tests::syntaxrules_keyword_required_generate_fail_1of3 ... ok
[INFO] [stdout] test tests::syntaxrules_localparam_type_twostate_fail_1of3 ... ok
[INFO] [stdout] test tests::syntaxrules_keyword_forbidden_unique_fail_1of2 ... ok
[INFO] [stdout] test tests::syntaxrules_keyword_required_generate_fail_2of3 ... ok
[INFO] [stdout] test tests::syntaxrules_keyword_forbidden_unique_fail_2of2 ... ok
[INFO] [stdout] test tests::syntaxrules_keyword_forbidden_unique0_fail_1of2 ... ok
[INFO] [stdout] test tests::syntaxrules_localparam_type_twostate_fail_2of3 ... ok
[INFO] [stdout] test tests::syntaxrules_localparam_type_twostate_fail_3of3 ... ok
[INFO] [stdout] test tests::syntaxrules_keyword_required_generate_fail_3of3 ... ok
[INFO] [stdout] test tests::syntaxrules_localparam_explicit_type_pass_1of1 ... ok
[INFO] [stdout] test tests::syntaxrules_lowercamelcase_interface_pass_1of1 ... ok
[INFO] [stdout] test tests::syntaxrules_localparam_type_twostate_pass_1of1 ... ok
[INFO] [stdout] test tests::syntaxrules_lowercamelcase_module_fail_1of1 ... ok
[INFO] [stdout] test tests::syntaxrules_lowercamelcase_module_pass_1of1 ... ok
[INFO] [stdout] test tests::syntaxrules_keyword_required_generate_pass_1of1 ... ok
[INFO] [stdout] test tests::syntaxrules_loop_variable_declaration_pass_1of1 ... ok
[INFO] [stdout] test tests::syntaxrules_lowercamelcase_interface_fail_1of1 ... ok
[INFO] [stdout] test tests::syntaxrules_lowercamelcase_package_pass_1of1 ... ok
[INFO] [stdout] test tests::syntaxrules_loop_statement_in_always_ff_fail_2of2 ... ok
[INFO] [stdout] test tests::syntaxrules_lowercamelcase_package_fail_1of1 ... ok
[INFO] [stdout] test tests::syntaxrules_module_ansi_forbidden_fail_1of3 ... ok
[INFO] [stdout] test tests::syntaxrules_module_identifier_matches_filename_pass_1of1 ... ok
[INFO] [stdout] test tests::syntaxrules_module_ansi_forbidden_fail_3of3 ... ok
[INFO] [stdout] test tests::syntaxrules_module_ansi_forbidden_pass_2of2 ... ok
[INFO] [stdout] test tests::syntaxrules_module_ansi_forbidden_fail_2of3 ... ok
[INFO] [stdout] test tests::syntaxrules_module_nonansi_forbidden_pass_2of3 ... ok
[INFO] [stdout] test tests::syntaxrules_module_identifier_matches_filename_fail_1of1 ... ok
[INFO] [stdout] test tests::syntaxrules_module_nonansi_forbidden_pass_1of3 ... ok
[INFO] [stdout] test tests::syntaxrules_module_ansi_forbidden_pass_1of2 ... ok
[INFO] [stdout] test tests::syntaxrules_loop_statement_in_always_latch_pass_1of1 ... ok
[INFO] [stdout] test tests::syntaxrules_loop_variable_declaration_fail_1of1 ... ok
[INFO] [stdout] test tests::syntaxrules_module_nonansi_forbidden_pass_3of3 ... ok
[INFO] [stdout] test tests::syntaxrules_loop_statement_in_always_comb_pass_1of1 ... ok
[INFO] [stdout] test tests::syntaxrules_loop_statement_in_always_comb_fail_1of2 ... ok
[INFO] [stdout] test tests::syntaxrules_module_nonansi_forbidden_fail_1of1 ... ok
[INFO] [stdout] test tests::syntaxrules_multiline_if_begin_fail_3of5 ... ok
[INFO] [stdout] test tests::syntaxrules_loop_statement_in_always_latch_fail_1of2 ... ok
[INFO] [stdout] test tests::syntaxrules_non_blocking_assignment_in_always_comb_pass_1of1 ... ok
[INFO] [stdout] test tests::syntaxrules_non_blocking_assignment_in_always_no_edge_fail_1of2 ... ok
[INFO] [stdout] test tests::syntaxrules_non_blocking_assignment_in_always_no_edge_pass_1of2 ... ok
[INFO] [stdout] test tests::syntaxrules_loop_statement_in_always_ff_fail_1of2 ... ok
[INFO] [stdout] test tests::syntaxrules_loop_statement_in_always_comb_fail_2of2 ... ok
[INFO] [stdout] test tests::syntaxrules_multiline_if_begin_fail_1of5 ... ok
[INFO] [stdout] test tests::syntaxrules_loop_statement_in_always_ff_pass_1of1 ... ok
[INFO] [stdout] test tests::syntaxrules_non_blocking_assignment_in_always_comb_fail_1of1 ... ok
[INFO] [stdout] test tests::syntaxrules_multiline_if_begin_fail_4of5 ... ok
[INFO] [stdout] test tests::syntaxrules_multiline_for_begin_pass_1of1 ... ok
[INFO] [stdout] test tests::syntaxrules_multiline_for_begin_fail_1of2 ... ok
[INFO] [stdout] test tests::syntaxrules_multiline_if_begin_fail_2of5 ... ok
[INFO] [stdout] test tests::syntaxrules_non_blocking_assignment_in_always_no_edge_pass_2of2 ... ok
[INFO] [stdout] test tests::syntaxrules_operator_case_equality_fail_1of2 ... ok
[INFO] [stdout] test tests::syntaxrules_non_blocking_assignment_in_always_no_edge_fail_2of2 ... ok
[INFO] [stdout] test tests::syntaxrules_loop_statement_in_always_latch_fail_2of2 ... ok
[INFO] [stdout] test tests::syntaxrules_operator_incdec_fail_2of6 ... ok
[INFO] [stdout] test tests::syntaxrules_operator_incdec_pass_3of6 ... ok
[INFO] [stdout] test tests::syntaxrules_operator_incdec_pass_2of6 ... ok
[INFO] [stdout] test tests::syntaxrules_multiline_if_begin_fail_5of5 ... ok
[INFO] [stdout] test tests::syntaxrules_operator_incdec_pass_4of6 ... ok
[INFO] [stdout] test tests::syntaxrules_operator_incdec_pass_1of6 ... ok
[INFO] [stdout] test tests::syntaxrules_operator_case_equality_fail_2of2 ... ok
[INFO] [stdout] test tests::syntaxrules_operator_incdec_fail_3of6 ... ok
[INFO] [stdout] test tests::syntaxrules_operator_incdec_pass_5of6 ... ok
[INFO] [stdout] test tests::syntaxrules_operator_incdec_fail_1of6 ... ok
[INFO] [stdout] test tests::syntaxrules_operator_incdec_fail_4of6 ... ok
[INFO] [stdout] test tests::syntaxrules_operator_case_equality_pass_1of1 ... ok
[INFO] [stdout] test tests::syntaxrules_multiline_if_begin_pass_1of1 ... ok
[INFO] [stdout] test tests::syntaxrules_operator_self_assignment_fail_3of12 ... ok
[INFO] [stdout] test tests::syntaxrules_operator_self_assignment_pass_1of1 ... ok
[INFO] [stdout] test tests::syntaxrules_operator_self_assignment_fail_10of12 ... ok
[INFO] [stdout] test tests::syntaxrules_multiline_for_begin_fail_2of2 ... ok
[INFO] [stdout] test tests::syntaxrules_operator_self_assignment_fail_1of12 ... ok
[INFO] [stdout] test tests::syntaxrules_output_with_var_pass_1of1 ... ok
[INFO] [stdout] test tests::syntaxrules_operator_incdec_pass_6of6 ... ok
[INFO] [stdout] test tests::syntaxrules_output_with_var_fail_1of1 ... ok
[INFO] [stdout] test tests::syntaxrules_operator_self_assignment_fail_8of12 ... ok
[INFO] [stdout] test tests::syntaxrules_package_identifier_matches_filename_pass_1of1 ... ok
[INFO] [stdout] test tests::syntaxrules_operator_self_assignment_fail_9of12 ... ok
[INFO] [stdout] test tests::syntaxrules_operator_self_assignment_fail_4of12 ... ok
[INFO] [stdout] test tests::syntaxrules_package_item_not_in_package_pass_1of1 ... ok
[INFO] [stdout] test tests::syntaxrules_operator_self_assignment_fail_12of12 ... ok
[INFO] [stdout] test tests::syntaxrules_operator_self_assignment_fail_2of12 ... ok
[INFO] [stdout] test tests::syntaxrules_package_item_not_in_package_fail_1of1 ... ok
[INFO] [stdout] test tests::syntaxrules_operator_self_assignment_fail_11of12 ... ok
[INFO] [stdout] test tests::syntaxrules_package_identifier_matches_filename_fail_1of1 ... ok
[INFO] [stdout] test tests::syntaxrules_parameter_default_value_pass_1of1 ... ok
[INFO] [stdout] test tests::syntaxrules_operator_self_assignment_fail_5of12 ... ok
[INFO] [stdout] test tests::syntaxrules_operator_self_assignment_fail_7of12 ... ok
[INFO] [stdout] test tests::syntaxrules_parameter_default_value_fail_2of3 ... ok
[INFO] [stdout] test tests::syntaxrules_parameter_in_package_pass_2of2 ... ok
[INFO] [stdout] test tests::syntaxrules_parameter_explicit_type_fail_1of2 ... ok
[INFO] [stdout] test tests::syntaxrules_parameter_explicit_type_pass_1of1 ... ok
[INFO] [stdout] test tests::syntaxrules_operator_self_assignment_fail_6of12 ... ok
[INFO] [stdout] test tests::syntaxrules_parameter_type_twostate_pass_1of1 ... ok
[INFO] [stdout] test tests::syntaxrules_parameter_in_package_pass_1of2 ... ok
[INFO] [stdout] test tests::syntaxrules_parameter_default_value_fail_1of3 ... ok
[INFO] [stdout] test tests::syntaxrules_parameter_default_value_fail_3of3 ... ok
[INFO] [stdout] test tests::syntaxrules_operator_incdec_fail_5of6 ... ok
[INFO] [stdout] test tests::syntaxrules_parameter_type_twostate_fail_1of3 ... ok
[INFO] [stdout] test tests::syntaxrules_prefix_inout_fail_1of3 ... ok
[INFO] [stdout] test tests::syntaxrules_parameter_type_twostate_fail_2of3 ... ok
[INFO] [stdout] test tests::syntaxrules_prefix_instance_pass_1of1 ... ok
[INFO] [stdout] test tests::syntaxrules_prefix_interface_pass_1of1 ... ok
[INFO] [stdout] test tests::syntaxrules_parameter_in_package_fail_1of1 ... ok
[INFO] [stdout] test tests::syntaxrules_prefix_module_fail_1of1 ... ok
[INFO] [stdout] test tests::syntaxrules_prefix_inout_pass_1of1 ... ok
[INFO] [stdout] test tests::syntaxrules_prefix_input_pass_1of1 ... ok
[INFO] [stdout] test tests::syntaxrules_prefix_inout_fail_2of3 ... ok
[INFO] [stdout] test tests::syntaxrules_prefix_interface_fail_1of1 ... ok
[INFO] [stdout] test tests::syntaxrules_parameter_in_generate_pass_1of1 ... ok
[INFO] [stdout] test tests::syntaxrules_parameter_explicit_type_fail_2of2 ... ok
[INFO] [stdout] test tests::syntaxrules_operator_incdec_fail_6of6 ... ok
[INFO] [stdout] test tests::syntaxrules_prefix_module_pass_1of1 ... ok
[INFO] [stdout] test tests::syntaxrules_prefix_inout_fail_3of3 ... ok
[INFO] [stdout] test tests::syntaxrules_prefix_instance_fail_1of1 ... ok
[INFO] [stdout] test tests::syntaxrules_prefix_package_fail_1of1 ... ok
[INFO] [stdout] test tests::syntaxrules_parameter_type_twostate_fail_3of3 ... ok
[INFO] [stdout] test tests::syntaxrules_prefix_package_pass_1of1 ... ok
[INFO] [stdout] test tests::syntaxrules_prefix_output_pass_1of1 ... ok
[INFO] [stdout] test tests::syntaxrules_program_identifier_matches_filename_fail_1of1 ... ok
[INFO] [stdout] test tests::syntaxrules_procedural_continuous_assignment_pass_3of4 ... ok
[INFO] [stdout] test tests::syntaxrules_procedural_continuous_assignment_pass_1of4 ... ok
[INFO] [stdout] test tests::syntaxrules_prefix_output_fail_1of1 ... ok
[INFO] [stdout] test tests::syntaxrules_procedural_continuous_assignment_fail_2of4 ... ok
[INFO] [stdout] test tests::syntaxrules_procedural_continuous_assignment_pass_4of4 ... ok
[INFO] [stdout] test tests::syntaxrules_procedural_continuous_assignment_pass_2of4 ... ok
[INFO] [stdout] test tests::syntaxrules_program_identifier_matches_filename_pass_1of1 ... ok
[INFO] [stdout] test tests::syntaxrules_prefix_input_fail_1of1 ... ok
[INFO] [stdout] test tests::syntaxrules_procedural_continuous_assignment_fail_4of4 ... ok
[INFO] [stdout] test tests::syntaxrules_re_forbidden_assert_pass_3of3 ... ok
[INFO] [stdout] test tests::syntaxrules_procedural_continuous_assignment_fail_3of4 ... ok
[INFO] [stdout] test tests::syntaxrules_re_forbidden_assert_property_pass_1of2 ... ok
[INFO] [stdout] test tests::syntaxrules_re_forbidden_assert_pass_1of3 ... ok
[INFO] [stdout] test tests::syntaxrules_re_forbidden_checker_pass_1of1 ... ok
[INFO] [stdout] test tests::syntaxrules_re_forbidden_class_pass_1of1 ... ok
[INFO] [stdout] test tests::syntaxrules_re_forbidden_assert_property_fail_1of2 ... ok
[INFO] [stdout] test tests::syntaxrules_re_forbidden_assert_fail_3of3 ... ok
[INFO] [stdout] test tests::syntaxrules_re_forbidden_checker_fail_1of1 ... ok
[INFO] [stdout] test tests::syntaxrules_procedural_continuous_assignment_fail_1of4 ... ok
[INFO] [stdout] test tests::syntaxrules_re_forbidden_function_pass_1of1 ... ok
[INFO] [stdout] test tests::syntaxrules_re_forbidden_generateblock_pass_1of3 ... ok
[INFO] [stdout] test tests::syntaxrules_re_forbidden_assert_property_fail_2of2 ... ok
[INFO] [stdout] test tests::syntaxrules_re_forbidden_genvar_fail_1of2 ... ok
[INFO] [stdout] test tests::syntaxrules_re_forbidden_assert_pass_2of3 ... ok
[INFO] [stdout] test tests::syntaxrules_re_forbidden_assert_fail_1of3 ... ok
[INFO] [stdout] test tests::syntaxrules_re_forbidden_generateblock_pass_3of3 ... ok
[INFO] [stdout] test tests::syntaxrules_re_forbidden_class_fail_1of1 ... ok
[INFO] [stdout] test tests::syntaxrules_re_forbidden_instance_pass_1of1 ... ok
[INFO] [stdout] test tests::syntaxrules_re_forbidden_instance_fail_1of1 ... ok
[INFO] [stdout] test tests::syntaxrules_re_forbidden_assert_property_pass_2of2 ... ok
[INFO] [stdout] test tests::syntaxrules_re_forbidden_assert_fail_2of3 ... ok
[INFO] [stdout] test tests::syntaxrules_re_forbidden_interface_pass_1of1 ... ok
[INFO] [stdout] test tests::syntaxrules_re_forbidden_genvar_pass_1of2 ... ok
[INFO] [stdout] test tests::syntaxrules_re_forbidden_genvar_pass_2of2 ... ok
[INFO] [stdout] test tests::syntaxrules_re_forbidden_localparam_pass_1of1 ... ok
[INFO] [stdout] test tests::syntaxrules_re_forbidden_interface_fail_1of1 ... ok
[INFO] [stdout] test tests::syntaxrules_re_forbidden_package_pass_1of1 ... ok
[INFO] [stdout] test tests::syntaxrules_re_forbidden_module_ansi_pass_1of1 ... ok
[INFO] [stdout] test tests::syntaxrules_re_forbidden_module_nonansi_pass_1of1 ... ok
[INFO] [stdout] test tests::syntaxrules_re_forbidden_localparam_fail_1of1 ... ok
[INFO] [stdout] test tests::syntaxrules_re_forbidden_module_ansi_fail_1of1 ... ok
[INFO] [stdout] test tests::syntaxrules_re_forbidden_modport_fail_1of1 ... ok
[INFO] [stdout] test tests::syntaxrules_re_forbidden_generateblock_pass_2of3 ... ok
[INFO] [stdout] test tests::syntaxrules_re_forbidden_module_nonansi_fail_1of1 ... ok
[INFO] [stdout] test tests::syntaxrules_re_forbidden_modport_pass_1of1 ... ok
[INFO] [stdout] test tests::syntaxrules_re_forbidden_port_inout_pass_1of2 ... ok
[INFO] [stdout] test tests::syntaxrules_re_forbidden_port_inout_fail_1of2 ... ok
[INFO] [stdout] test tests::syntaxrules_re_forbidden_parameter_pass_1of1 ... ok
[INFO] [stdout] test tests::syntaxrules_re_forbidden_port_input_pass_2of2 ... ok
[INFO] [stdout] test tests::syntaxrules_re_forbidden_package_fail_1of1 ... ok
[INFO] [stdout] test tests::syntaxrules_re_forbidden_parameter_fail_1of1 ... ok
[INFO] [stdout] test tests::syntaxrules_re_forbidden_port_inout_pass_2of2 ... ok
[INFO] [stdout] test tests::syntaxrules_re_forbidden_port_input_fail_1of2 ... ok
[INFO] [stdout] test tests::syntaxrules_re_forbidden_port_input_pass_1of2 ... ok
[INFO] [stdout] test tests::syntaxrules_re_forbidden_port_interface_pass_1of2 ... ok
[INFO] [stdout] test tests::syntaxrules_re_forbidden_port_interface_pass_2of2 ... ok
[INFO] [stdout] test tests::syntaxrules_re_forbidden_genvar_fail_2of2 ... ok
[INFO] [stdout] test tests::syntaxrules_re_forbidden_generateblock_fail_3of3 ... ok
[INFO] [stdout] test tests::syntaxrules_re_forbidden_port_interface_fail_1of2 ... ok
[INFO] [stdout] test tests::syntaxrules_re_forbidden_port_output_fail_1of2 ... ok
[INFO] [stdout] test tests::syntaxrules_re_forbidden_function_fail_1of1 ... ok
[INFO] [stdout] test tests::syntaxrules_re_forbidden_port_inout_fail_2of2 ... ok
[INFO] [stdout] test tests::syntaxrules_re_forbidden_port_interface_fail_2of2 ... ok
[INFO] [stdout] test tests::syntaxrules_re_forbidden_port_input_fail_2of2 ... ok
[INFO] [stdout] test tests::syntaxrules_re_forbidden_port_ref_pass_1of1 ... ok
[INFO] [stdout] test tests::syntaxrules_re_forbidden_property_pass_1of1 ... ok
[INFO] [stdout] test tests::syntaxrules_re_forbidden_port_output_pass_2of2 ... ok
[INFO] [stdout] test tests::syntaxrules_re_forbidden_port_output_pass_1of2 ... ok
[INFO] [stdout] test tests::syntaxrules_re_forbidden_program_pass_1of1 ... ok
[INFO] [stdout] test tests::syntaxrules_re_forbidden_var_class_pass_1of1 ... ok
[INFO] [stdout] test tests::syntaxrules_re_forbidden_generateblock_fail_2of3 ... ok
[INFO] [stdout] test tests::syntaxrules_re_forbidden_generateblock_fail_1of3 ... ok
[INFO] [stdout] test tests::syntaxrules_re_forbidden_sequence_pass_1of1 ... ok
[INFO] [stdout] test tests::syntaxrules_re_forbidden_task_pass_1of1 ... ok
[INFO] [stdout] test tests::syntaxrules_re_forbidden_var_classmethod_pass_1of1 ... ok
[INFO] [stdout] test tests::syntaxrules_re_forbidden_port_ref_fail_1of1 ... ok
[INFO] [stdout] test tests::syntaxrules_re_forbidden_port_output_fail_2of2 ... ok
[INFO] [stdout] test tests::syntaxrules_re_forbidden_var_class_fail_1of1 ... ok
[INFO] [stdout] test tests::syntaxrules_re_required_assert_fail_2of3 ... ok
[INFO] [stdout] test tests::syntaxrules_re_forbidden_var_classmethod_fail_1of1 ... ok
[INFO] [stdout] test tests::syntaxrules_re_forbidden_program_fail_1of1 ... ok
[INFO] [stdout] test tests::syntaxrules_re_forbidden_property_fail_1of1 ... ok
[INFO] [stdout] test tests::syntaxrules_parameter_in_generate_fail_1of1 ... ok
[INFO] [stdout] test tests::syntaxrules_re_forbidden_task_fail_1of1 ... ok
[INFO] [stdout] test tests::syntaxrules_re_required_checker_pass_1of1 ... ok
[INFO] [stdout] test tests::syntaxrules_re_required_class_pass_1of1 ... ok
[INFO] [stdout] test tests::syntaxrules_re_required_function_pass_1of1 ... ok
[INFO] [stdout] test tests::syntaxrules_re_required_assert_property_pass_1of2 ... ok
[INFO] [stdout] test tests::syntaxrules_re_required_assert_pass_1of3 ... ok
[INFO] [stdout] test tests::syntaxrules_re_forbidden_sequence_fail_1of1 ... ok
[INFO] [stdout] test tests::syntaxrules_re_required_checker_fail_1of1 ... ok
[INFO] [stdout] test tests::syntaxrules_re_required_assert_pass_2of3 ... ok
[INFO] [stdout] test tests::syntaxrules_re_required_assert_property_pass_2of2 ... ok
[INFO] [stdout] test tests::syntaxrules_re_required_assert_pass_3of3 ... ok
[INFO] [stdout] test tests::syntaxrules_re_required_assert_fail_3of3 ... ok
[INFO] [stdout] test tests::syntaxrules_re_required_class_fail_1of1 ... ok
[INFO] [stdout] test tests::syntaxrules_re_required_assert_fail_1of3 ... ok
[INFO] [stdout] test tests::syntaxrules_re_required_assert_property_fail_1of2 ... ok
[INFO] [stdout] test tests::syntaxrules_re_required_genvar_pass_1of1 ... ok
[INFO] [stdout] test tests::syntaxrules_re_required_function_fail_1of1 ... ok
[INFO] [stdout] test tests::syntaxrules_re_required_assert_property_fail_2of2 ... ok
[INFO] [stdout] test tests::syntaxrules_re_required_instance_pass_1of1 ... ok
[INFO] [stdout] test tests::syntaxrules_re_required_instance_fail_1of1 ... ok
[INFO] [stdout] test tests::syntaxrules_re_required_genvar_fail_1of1 ... ok
[INFO] [stdout] test tests::syntaxrules_re_required_module_ansi_pass_1of1 ... ok
[INFO] [stdout] test tests::syntaxrules_re_required_generateblock_fail_1of1 ... ok
[INFO] [stdout] test tests::syntaxrules_re_required_modport_pass_1of1 ... ok
[INFO] [stdout] test tests::syntaxrules_re_required_localparam_pass_1of1 ... ok
[INFO] [stdout] test tests::syntaxrules_re_required_parameter_pass_1of1 ... ok
[INFO] [stdout] test tests::syntaxrules_re_required_port_inout_pass_1of1 ... ok
[INFO] [stdout] test tests::syntaxrules_re_required_interface_fail_1of1 ... ok
[INFO] [stdout] test tests::syntaxrules_re_required_module_ansi_fail_1of1 ... ok
[INFO] [stdout] test tests::syntaxrules_re_required_package_fail_1of1 ... ok
[INFO] [stdout] test tests::syntaxrules_re_required_port_inout_fail_1of1 ... ok
[INFO] [stdout] test tests::syntaxrules_re_required_interface_pass_1of1 ... ok
[INFO] [stdout] test tests::syntaxrules_re_required_module_nonansi_pass_1of1 ... ok
[INFO] [stdout] test tests::syntaxrules_re_required_port_input_pass_1of1 ... ok
[INFO] [stdout] test tests::syntaxrules_re_required_parameter_fail_1of1 ... ok
[INFO] [stdout] test tests::syntaxrules_re_required_localparam_fail_1of1 ... ok
[INFO] [stdout] test tests::syntaxrules_re_required_port_output_fail_1of1 ... ok
[INFO] [stdout] test tests::syntaxrules_re_required_module_nonansi_fail_1of1 ... ok
[INFO] [stdout] test tests::syntaxrules_re_required_port_input_fail_1of1 ... ok
[INFO] [stdout] test tests::syntaxrules_re_required_modport_fail_1of1 ... ok
[INFO] [stdout] test tests::syntaxrules_re_required_program_pass_1of1 ... ok
[INFO] [stdout] test tests::syntaxrules_re_required_generateblock_pass_1of1 ... ok
[INFO] [stdout] test tests::syntaxrules_re_required_port_interface_pass_1of1 ... ok
[INFO] [stdout] test tests::syntaxrules_re_required_property_pass_1of1 ... ok
[INFO] [stdout] test tests::syntaxrules_re_required_task_pass_1of1 ... ok
[INFO] [stdout] test tests::syntaxrules_re_required_port_ref_pass_1of1 ... ok
[INFO] [stdout] test tests::syntaxrules_re_required_program_fail_1of1 ... ok
[INFO] [stdout] test tests::syntaxrules_re_required_var_classmethod_fail_1of1 ... ok
[INFO] [stdout] test tests::syntaxrules_re_required_var_classmethod_pass_1of1 ... ok
[INFO] [stdout] test tests::syntaxrules_re_required_package_pass_1of1 ... ok
[INFO] [stdout] test tests::syntaxrules_re_required_port_output_pass_1of1 ... ok
[INFO] [stdout] test tests::syntaxrules_sequential_block_in_always_comb_fail_3of4 ... ok
[INFO] [stdout] test tests::syntaxrules_re_required_var_class_fail_1of1 ... ok
[INFO] [stdout] test tests::syntaxrules_sequential_block_in_always_comb_fail_4of4 ... ok
[INFO] [stdout] test tests::syntaxrules_re_required_property_fail_1of1 ... ok
[INFO] [stdout] test tests::syntaxrules_re_required_sequence_fail_1of1 ... ok
[INFO] [stdout] test tests::syntaxrules_re_required_sequence_pass_1of1 ... ok
[INFO] [stdout] test tests::syntaxrules_sequential_block_in_always_comb_fail_2of4 ... ok
[INFO] [stdout] test tests::syntaxrules_sequential_block_in_always_comb_fail_1of4 ... ok
[INFO] [stdout] test tests::syntaxrules_re_required_task_fail_1of1 ... ok
[INFO] [stdout] test tests::syntaxrules_re_required_port_interface_fail_1of1 ... ok
[INFO] [stdout] test tests::syntaxrules_re_required_port_ref_fail_1of1 ... ok
[INFO] [stdout] test tests::syntaxrules_sequential_block_in_always_comb_pass_1of1 ... ok
[INFO] [stdout] test tests::syntaxrules_sequential_block_in_always_ff_fail_2of4 ... ok
[INFO] [stdout] test tests::syntaxrules_re_required_var_class_pass_1of1 ... ok
[INFO] [stdout] test tests::syntaxrules_sequential_block_in_always_ff_fail_3of4 ... ok
[INFO] [stdout] test tests::syntaxrules_style_indent_pass_1of1 ... ok
[INFO] [stdout] test tests::syntaxrules_sequential_block_in_always_latch_fail_1of4 ... ok
[INFO] [stdout] test tests::syntaxrules_sequential_block_in_always_ff_fail_1of4 ... ok
[INFO] [stdout] test tests::syntaxrules_sequential_block_in_always_latch_pass_1of1 ... ok
[INFO] [stdout] test tests::syntaxrules_style_commaleading_fail_1of1 ... ok
[INFO] [stdout] test tests::syntaxrules_sequential_block_in_always_latch_fail_2of4 ... ok
[INFO] [stdout] test tests::syntaxrules_sequential_block_in_always_latch_fail_3of4 ... ok
[INFO] [stdout] test tests::syntaxrules_style_keyword_1or2space_pass_1of1 ... ok
[INFO] [stdout] test tests::syntaxrules_style_indent_fail_1of1 ... ok
[INFO] [stdout] test tests::syntaxrules_sequential_block_in_always_latch_fail_4of4 ... ok
[INFO] [stdout] test tests::syntaxrules_style_keyword_0or1space_pass_1of1 ... ok
[INFO] [stdout] test tests::syntaxrules_style_keyword_0or1space_fail_1of1 ... ok
[INFO] [stdout] test tests::syntaxrules_sequential_block_in_always_ff_pass_1of1 ... ok
[INFO] [stdout] test tests::syntaxrules_style_keyword_0space_pass_1of1 ... ok
[INFO] [stdout] test tests::syntaxrules_style_keyword_1spaceornewline_pass_1of3 ... ok
[INFO] [stdout] test tests::syntaxrules_style_keyword_1or2space_fail_1of1 ... ok
[INFO] [stdout] test tests::syntaxrules_style_commaleading_pass_1of1 ... ok
[INFO] [stdout] test tests::syntaxrules_sequential_block_in_always_ff_fail_4of4 ... ok
[INFO] [stdout] test tests::syntaxrules_style_keyword_1spaceornewline_pass_3of3 ... ok
[INFO] [stdout] test tests::syntaxrules_style_keyword_1space_pass_1of1 ... ok
[INFO] [stdout] test tests::syntaxrules_style_keyword_construct_pass_1of1 ... ok
[INFO] [stdout] test tests::syntaxrules_style_keyword_1spaceornewline_pass_2of3 ... ok
[INFO] [stdout] test tests::syntaxrules_style_keyword_maybelabel_fail_1of3 ... ok
[INFO] [stdout] test tests::syntaxrules_style_keyword_datatype_pass_1of1 ... ok
[INFO] [stdout] test tests::syntaxrules_style_keyword_end_fail_1of1 ... ok
[INFO] [stdout] test tests::syntaxrules_style_keyword_maybelabel_pass_1of1 ... ok
[INFO] [stdout] test tests::syntaxrules_style_keyword_0space_fail_1of1 ... ok
[INFO] [stdout] test tests::syntaxrules_style_keyword_new_fail_1of3 ... ok
[INFO] [stdout] test tests::syntaxrules_style_keyword_1spaceornewline_fail_1of2 ... ok
[INFO] [stdout] test tests::syntaxrules_style_keyword_1spaceornewline_fail_2of2 ... ok
[INFO] [stdout] test tests::syntaxrules_style_keyword_maybelabel_fail_3of3 ... ok
[INFO] [stdout] test tests::syntaxrules_style_keyword_newline_pass_1of1 ... ok
[INFO] [stdout] test tests::syntaxrules_style_keyword_maybelabel_fail_2of3 ... ok
[INFO] [stdout] test tests::syntaxrules_style_keyword_new_fail_2of3 ... ok
[INFO] [stdout] test tests::syntaxrules_style_keyword_construct_fail_1of1 ... ok
[INFO] [stdout] test tests::syntaxrules_style_operator_boolean_pass_1of1 ... ok
[INFO] [stdout] test tests::syntaxrules_style_keyword_datatype_fail_1of1 ... ok
[INFO] [stdout] test tests::syntaxrules_style_keyword_1space_fail_1of1 ... ok
[INFO] [stdout] test tests::syntaxrules_style_keyword_end_pass_1of1 ... ok
[INFO] [stdout] test tests::syntaxrules_style_operator_integer_leading_space_pass_1of1 ... ok
[INFO] [stdout] test tests::syntaxrules_style_keyword_newline_fail_1of1 ... ok
[INFO] [stdout] test tests::syntaxrules_style_trailingwhitespace_pass_1of1 ... ok
[INFO] [stdout] test tests::syntaxrules_style_operator_boolean_leading_space_pass_1of1 ... ok
[INFO] [stdout] test tests::syntaxrules_style_operator_integer_pass_1of1 ... ok
[INFO] [stdout] test tests::syntaxrules_style_trailingwhitespace_fail_1of1 ... ok
[INFO] [stdout] test tests::syntaxrules_style_keyword_new_fail_3of3 ... ok
[INFO] [stdout] test tests::syntaxrules_style_operator_arithmetic_pass_1of1 ... ok
[INFO] [stdout] test tests::syntaxrules_style_keyword_new_pass_1of1 ... ok
[INFO] [stdout] test tests::syntaxrules_tab_character_pass_1of1 ... ok
[INFO] [stdout] test tests::syntaxrules_tab_character_fail_1of1 ... ok
[INFO] [stdout] test tests::syntaxrules_uppercamelcase_interface_pass_1of1 ... ok
[INFO] [stdout] test tests::syntaxrules_uppercamelcase_module_pass_1of1 ... ok
[INFO] [stdout] test tests::syntaxrules_uppercamelcase_interface_fail_1of1 ... ok
[INFO] [stdout] test tests::syntaxrules_unpacked_array_pass_1of2 ... ok
[INFO] [stdout] test tests::syntaxrules_uppercamelcase_module_fail_1of1 ... ok
[INFO] [stdout] test tests::syntaxrules_style_operator_integer_leading_space_fail_1of1 ... ok
[INFO] [stdout] test tests::syntaxrules_unpacked_array_pass_2of2 ... ok
[INFO] [stdout] test tests::syntaxrules_style_operator_unary_pass_1of1 ... ok
[INFO] [stdout] test tests::syntaxrules_style_operator_boolean_leading_space_fail_1of1 ... ok
[INFO] [stdout] test tests::syntaxrules_uppercamelcase_package_pass_1of1 ... ok
[INFO] [stdout] test tests::syntaxrules_style_operator_arithmetic_fail_1of1 ... ok
[INFO] [stdout] test tests::textrules_header_copyright_pass_1of4 ... ok
[INFO] [stdout] test tests::syntaxrules_unpacked_array_fail_2of2 ... ok
[INFO] [stdout] test tests::syntaxrules_style_operator_boolean_fail_1of1 ... ok
[INFO] [stdout] test tests::syntaxrules_unpacked_array_fail_1of2 ... ok
[INFO] [stdout] test tests::textrules_header_copyright_pass_2of4 ... ok
[INFO] [stdout] test tests::textrules_header_copyright_fail_1of3 ... ok
[INFO] [stdout] test tests::syntaxrules_uppercamelcase_package_fail_1of1 ... ok
[INFO] [stdout] test tests::syntaxrules_style_operator_arithmetic_leading_space_pass_1of1 ... ok
[INFO] [stdout] test tests::textrules_header_copyright_pass_3of4 ... ok
[INFO] [stdout] test tests::textrules_header_copyright_fail_2of3 ... ok
[INFO] [stdout] test tests::textrules_header_copyright_pass_4of4 ... ok
[INFO] [stdout] test tests::textrules_header_copyright_fail_3of3 ... ok
[INFO] [stdout] test tests::textrules_style_textwidth_fail_1of1 ... ok
[INFO] [stdout] test tests::syntaxrules_style_operator_unary_fail_1of1 ... ok
[INFO] [stdout] test tests::textrules_style_directives_fail_4of4 ... ok
[INFO] [stdout] test tests::textrules_style_directives_fail_3of4 ... ok
[INFO] [stdout] test tests::textrules_style_textwidth_pass_1of1 ... ok
[INFO] [stdout] test tests::textrules_style_directives_fail_1of4 ... ok
[INFO] [stdout] test tests::textrules_style_semicolon_pass_1of1 ... ok
[INFO] [stdout] test tests::textrules_style_directives_fail_2of4 ... ok
[INFO] [stdout] test tests::textrules_style_semicolon_fail_1of1 ... ok
[INFO] [stdout] test tests::syntaxrules_style_operator_integer_fail_1of1 ... ok
[INFO] [stdout] test tests::textrules_style_directives_pass_1of1 ... ok
[INFO] [stdout] test tests::syntaxrules_style_operator_arithmetic_leading_space_fail_1of1 ... ok
[INFO] [stdout] 
[INFO] [stdout] failures:
[INFO] [stdout] 
[INFO] [stdout] ---- tests::lint_gbk_encoded_verilog stdout ----
[INFO] [stdout] 
[INFO] [stdout] thread 'tests::lint_gbk_encoded_verilog' (1399) panicked at src/main.rs:1243:49:
[INFO] [stdout] Failed to create test file: Os { code: 30, kind: ReadOnlyFilesystem, message: "Read-only file system" }
[INFO] [stdout] stack backtrace:
[INFO] [stdout]    0:     0x6473d4318b81 - std[617be2ca0a6fd877]::backtrace_rs::backtrace::libunwind::trace
[INFO] [stdout]                                at /rustc/e3feeb59cd1bdd011a2bfcc0747b55125d9b8527/library/std/src/../../backtrace/src/backtrace/libunwind.rs:117:9
[INFO] [stdout]    1:     0x6473d4318b81 - std[617be2ca0a6fd877]::backtrace_rs::backtrace::trace_unsynchronized::<std[617be2ca0a6fd877]::sys::backtrace::_print_fmt::{closure#1}>
[INFO] [stdout]                                at /rustc/e3feeb59cd1bdd011a2bfcc0747b55125d9b8527/library/std/src/../../backtrace/src/backtrace/mod.rs:66:14
[INFO] [stdout]    2:     0x6473d4318b81 - std[617be2ca0a6fd877]::sys::backtrace::_print_fmt
[INFO] [stdout]                                at /rustc/e3feeb59cd1bdd011a2bfcc0747b55125d9b8527/library/std/src/sys/backtrace.rs:74:9
[INFO] [stdout]    3:     0x6473d4318b81 - <<std[617be2ca0a6fd877]::sys::backtrace::BacktraceLock>::print::DisplayBacktrace as core[a373ad73a504971]::fmt::Display>::fmt
[INFO] [stdout]                                at /rustc/e3feeb59cd1bdd011a2bfcc0747b55125d9b8527/library/std/src/sys/backtrace.rs:44:26
[INFO] [stdout]    4:     0x6473d433085a - <core[a373ad73a504971]::fmt::rt::Argument>::fmt
[INFO] [stdout]                                at /rustc/e3feeb59cd1bdd011a2bfcc0747b55125d9b8527/library/core/src/fmt/rt.rs:152:76
[INFO] [stdout]    5:     0x6473d433085a - core[a373ad73a504971]::fmt::write
[INFO] [stdout]    6:     0x6473d431e34c - core[a373ad73a504971]::io::write::default_write_fmt::<alloc[2e1b2a31b91974c5]::vec::Vec<u8>>
[INFO] [stdout]                                at /rustc/e3feeb59cd1bdd011a2bfcc0747b55125d9b8527/library/core/src/io/write.rs:402:11
[INFO] [stdout]    7:     0x6473d431e34c - <alloc[2e1b2a31b91974c5]::vec::Vec<u8> as core[a373ad73a504971]::io::write::Write>::write_fmt
[INFO] [stdout]                                at /rustc/e3feeb59cd1bdd011a2bfcc0747b55125d9b8527/library/core/src/io/write.rs:335:13
[INFO] [stdout]    8:     0x6473d42f40c6 - <std[617be2ca0a6fd877]::sys::backtrace::BacktraceLock>::print
[INFO] [stdout]                                at /rustc/e3feeb59cd1bdd011a2bfcc0747b55125d9b8527/library/std/src/sys/backtrace.rs:47:9
[INFO] [stdout]    9:     0x6473d42f40c6 - std[617be2ca0a6fd877]::panicking::default_hook::{closure#0}
[INFO] [stdout]                                at /rustc/e3feeb59cd1bdd011a2bfcc0747b55125d9b8527/library/std/src/panicking.rs:289:27
[INFO] [stdout]   10:     0x6473d4310d19 - std[617be2ca0a6fd877]::panicking::default_hook
[INFO] [stdout]                                at /rustc/e3feeb59cd1bdd011a2bfcc0747b55125d9b8527/library/std/src/panicking.rs:313:9
[INFO] [stdout]   11:     0x6473d2d58210 - <alloc[2e1b2a31b91974c5]::boxed::Box<dyn for<'a, 'b> core[a373ad73a504971]::ops::function::Fn<(&'a std[617be2ca0a6fd877]::panic::PanicHookInfo<'b>,), Output = ()> + core[a373ad73a504971]::marker::Sync + core[a373ad73a504971]::marker::Send> as core[a373ad73a504971]::ops::function::Fn<(&std[617be2ca0a6fd877]::panic::PanicHookInfo,)>>::call
[INFO] [stdout]                                at /rustc/e3feeb59cd1bdd011a2bfcc0747b55125d9b8527/library/alloc/src/boxed.rs:2328:9
[INFO] [stdout]   12:     0x6473d2d58210 - test[aada8e7e76ba119b]::test_main_inner::{closure#0}
[INFO] [stdout]                                at /rustc/e3feeb59cd1bdd011a2bfcc0747b55125d9b8527/library/test/src/lib.rs:137:21
[INFO] [stdout]   13:     0x6473d4310ed2 - <alloc[2e1b2a31b91974c5]::boxed::Box<dyn for<'a, 'b> core[a373ad73a504971]::ops::function::Fn<(&'a std[617be2ca0a6fd877]::panic::PanicHookInfo<'b>,), Output = ()> + core[a373ad73a504971]::marker::Sync + core[a373ad73a504971]::marker::Send> as core[a373ad73a504971]::ops::function::Fn<(&std[617be2ca0a6fd877]::panic::PanicHookInfo,)>>::call
[INFO] [stdout]                                at /rustc/e3feeb59cd1bdd011a2bfcc0747b55125d9b8527/library/alloc/src/boxed.rs:2328:9
[INFO] [stdout]   14:     0x6473d4310ed2 - std[617be2ca0a6fd877]::panicking::panic_with_hook
[INFO] [stdout]                                at /rustc/e3feeb59cd1bdd011a2bfcc0747b55125d9b8527/library/std/src/panicking.rs:819:13
[INFO] [stdout]   15:     0x6473d42f4172 - std[617be2ca0a6fd877]::panicking::panic_handler::{closure#0}
[INFO] [stdout]                                at /rustc/e3feeb59cd1bdd011a2bfcc0747b55125d9b8527/library/std/src/panicking.rs:685:13
[INFO] [stdout]   16:     0x6473d42ec609 - std[617be2ca0a6fd877]::sys::backtrace::__rust_end_short_backtrace::<std[617be2ca0a6fd877]::panicking::panic_handler::{closure#0}, !>
[INFO] [stdout]                                at /rustc/e3feeb59cd1bdd011a2bfcc0747b55125d9b8527/library/std/src/sys/backtrace.rs:182:18
[INFO] [stdout]   17:     0x6473d42f4f0d - __rustc[ea4f61d10b84890b]::rust_begin_unwind
[INFO] [stdout]                                at /rustc/e3feeb59cd1bdd011a2bfcc0747b55125d9b8527/library/std/src/panicking.rs:676:5
[INFO] [stdout]   18:     0x6473d43310fc - core[a373ad73a504971]::panicking::panic_fmt
[INFO] [stdout]                                at /rustc/e3feeb59cd1bdd011a2bfcc0747b55125d9b8527/library/core/src/panicking.rs:80:14
[INFO] [stdout]   19:     0x6473d4330e52 - core[a373ad73a504971]::result::unwrap_failed
[INFO] [stdout]                                at /rustc/e3feeb59cd1bdd011a2bfcc0747b55125d9b8527/library/core/src/result.rs:1870:5
[INFO] [stdout]   20:     0x6473d2d2aa3e - <core[a373ad73a504971]::result::Result<std[617be2ca0a6fd877]::fs::File, core[a373ad73a504971]::io::error::Error>>::expect
[INFO] [stdout]                                at /rustc/e3feeb59cd1bdd011a2bfcc0747b55125d9b8527/library/core/src/result.rs:1184:23
[INFO] [stdout]   21:     0x6473d2cdab5c - svlint[bf8682757bd07a01]::tests::lint_gbk_encoded_verilog
[INFO] [stdout]                                at /opt/rustwide/workdir/src/main.rs:1243:49
[INFO] [stdout]   22:     0x6473d2cc78a7 - svlint[bf8682757bd07a01]::tests::lint_gbk_encoded_verilog::{closure#0}
[INFO] [stdout]                                at /opt/rustwide/workdir/src/main.rs:1236:34
[INFO] [stdout]   23:     0x6473d2d3a086 - <svlint[bf8682757bd07a01]::tests::lint_gbk_encoded_verilog::{closure#0} as core[a373ad73a504971]::ops::function::FnOnce<()>>::call_once
[INFO] [stdout]                                at /rustc/e3feeb59cd1bdd011a2bfcc0747b55125d9b8527/library/core/src/ops/function.rs:250:5
[INFO] [stdout]   24:     0x6473d2d4b65b - <fn() -> core[a373ad73a504971]::result::Result<(), alloc[2e1b2a31b91974c5]::string::String> as core[a373ad73a504971]::ops::function::FnOnce<()>>::call_once
[INFO] [stdout]                                at /rustc/e3feeb59cd1bdd011a2bfcc0747b55125d9b8527/library/core/src/ops/function.rs:250:5
[INFO] [stdout]   25:     0x6473d2d4b65b - test[aada8e7e76ba119b]::__rust_begin_short_backtrace::<core[a373ad73a504971]::result::Result<(), alloc[2e1b2a31b91974c5]::string::String>, fn() -> core[a373ad73a504971]::result::Result<(), alloc[2e1b2a31b91974c5]::string::String>>
[INFO] [stdout]                                at /rustc/e3feeb59cd1bdd011a2bfcc0747b55125d9b8527/library/test/src/lib.rs:701:18
[INFO] [stdout]   26:     0x6473d2d58835 - test[aada8e7e76ba119b]::run_test_in_process::{closure#0}
[INFO] [stdout]                                at /rustc/e3feeb59cd1bdd011a2bfcc0747b55125d9b8527/library/test/src/lib.rs:724:74
[INFO] [stdout]   27:     0x6473d2d58835 - <core[a373ad73a504971]::panic::unwind_safe::AssertUnwindSafe<test[aada8e7e76ba119b]::run_test_in_process::{closure#0}> as core[a373ad73a504971]::ops::function::FnOnce<()>>::call_once
[INFO] [stdout]                                at /rustc/e3feeb59cd1bdd011a2bfcc0747b55125d9b8527/library/core/src/panic/unwind_safe.rs:275:9
[INFO] [stdout]   28:     0x6473d2d58835 - std[617be2ca0a6fd877]::panicking::catch_unwind::do_call::<core[a373ad73a504971]::panic::unwind_safe::AssertUnwindSafe<test[aada8e7e76ba119b]::run_test_in_process::{closure#0}>, core[a373ad73a504971]::result::Result<(), alloc[2e1b2a31b91974c5]::string::String>>
[INFO] [stdout]                                at /rustc/e3feeb59cd1bdd011a2bfcc0747b55125d9b8527/library/std/src/panicking.rs:573:43
[INFO] [stdout]   29:     0x6473d2d58835 - std[617be2ca0a6fd877]::panicking::catch_unwind::<core[a373ad73a504971]::result::Result<(), alloc[2e1b2a31b91974c5]::string::String>, core[a373ad73a504971]::panic::unwind_safe::AssertUnwindSafe<test[aada8e7e76ba119b]::run_test_in_process::{closure#0}>>
[INFO] [stdout]                                at /rustc/e3feeb59cd1bdd011a2bfcc0747b55125d9b8527/library/std/src/panicking.rs:541:19
[INFO] [stdout]   30:     0x6473d2d58835 - std[617be2ca0a6fd877]::panic::catch_unwind::<core[a373ad73a504971]::panic::unwind_safe::AssertUnwindSafe<test[aada8e7e76ba119b]::run_test_in_process::{closure#0}>, core[a373ad73a504971]::result::Result<(), alloc[2e1b2a31b91974c5]::string::String>>
[INFO] [stdout]                                at /rustc/e3feeb59cd1bdd011a2bfcc0747b55125d9b8527/library/std/src/panic.rs:359:14
[INFO] [stdout]   31:     0x6473d2d58835 - test[aada8e7e76ba119b]::run_test_in_process
[INFO] [stdout]                                at /rustc/e3feeb59cd1bdd011a2bfcc0747b55125d9b8527/library/test/src/lib.rs:724:27
[INFO] [stdout]   32:     0x6473d2d58835 - test[aada8e7e76ba119b]::run_test::{closure#0}
[INFO] [stdout]                                at /rustc/e3feeb59cd1bdd011a2bfcc0747b55125d9b8527/library/test/src/lib.rs:645:43
[INFO] [stdout]   33:     0x6473d2d52124 - test[aada8e7e76ba119b]::run_test::{closure#1}
[INFO] [stdout]                                at /rustc/e3feeb59cd1bdd011a2bfcc0747b55125d9b8527/library/test/src/lib.rs:675:41
[INFO] [stdout]   34:     0x6473d2d52124 - std[617be2ca0a6fd877]::sys::backtrace::__rust_begin_short_backtrace::<test[aada8e7e76ba119b]::run_test::{closure#1}, ()>
[INFO] [stdout]                                at /rustc/e3feeb59cd1bdd011a2bfcc0747b55125d9b8527/library/std/src/sys/backtrace.rs:166:18
[INFO] [stdout]   35:     0x6473d2d5b8c2 - std[617be2ca0a6fd877]::thread::lifecycle::spawn_unchecked::<test[aada8e7e76ba119b]::run_test::{closure#1}, ()>::{closure#1}::{closure#0}
[INFO] [stdout]                                at /rustc/e3feeb59cd1bdd011a2bfcc0747b55125d9b8527/library/std/src/thread/lifecycle.rs:70:13
[INFO] [stdout]   36:     0x6473d2d5b8c2 - <core[a373ad73a504971]::panic::unwind_safe::AssertUnwindSafe<std[617be2ca0a6fd877]::thread::lifecycle::spawn_unchecked<test[aada8e7e76ba119b]::run_test::{closure#1}, ()>::{closure#1}::{closure#0}> as core[a373ad73a504971]::ops::function::FnOnce<()>>::call_once
[INFO] [stdout]                                at /rustc/e3feeb59cd1bdd011a2bfcc0747b55125d9b8527/library/core/src/panic/unwind_safe.rs:275:9
[INFO] [stdout]   37:     0x6473d2d5b8c2 - std[617be2ca0a6fd877]::panicking::catch_unwind::do_call::<core[a373ad73a504971]::panic::unwind_safe::AssertUnwindSafe<std[617be2ca0a6fd877]::thread::lifecycle::spawn_unchecked<test[aada8e7e76ba119b]::run_test::{closure#1}, ()>::{closure#1}::{closure#0}>, ()>
[INFO] [stdout]                                at /rustc/e3feeb59cd1bdd011a2bfcc0747b55125d9b8527/library/std/src/panicking.rs:573:43
[INFO] [stdout]   38:     0x6473d2d5b8c2 - std[617be2ca0a6fd877]::panicking::catch_unwind::<(), core[a373ad73a504971]::panic::unwind_safe::AssertUnwindSafe<std[617be2ca0a6fd877]::thread::lifecycle::spawn_unchecked<test[aada8e7e76ba119b]::run_test::{closure#1}, ()>::{closure#1}::{closure#0}>>
[INFO] [stdout]                                at /rustc/e3feeb59cd1bdd011a2bfcc0747b55125d9b8527/library/std/src/panicking.rs:541:19
[INFO] [stdout]   39:     0x6473d2d5b8c2 - std[617be2ca0a6fd877]::panic::catch_unwind::<core[a373ad73a504971]::panic::unwind_safe::AssertUnwindSafe<std[617be2ca0a6fd877]::thread::lifecycle::spawn_unchecked<test[aada8e7e76ba119b]::run_test::{closure#1}, ()>::{closure#1}::{closure#0}>, ()>
[INFO] [stdout]                                at /rustc/e3feeb59cd1bdd011a2bfcc0747b55125d9b8527/library/std/src/panic.rs:359:14
[INFO] [stdout]   40:     0x6473d2d5b8c2 - std[617be2ca0a6fd877]::thread::lifecycle::spawn_unchecked::<test[aada8e7e76ba119b]::run_test::{closure#1}, ()>::{closure#1}
[INFO] [stdout]                                at /rustc/e3feeb59cd1bdd011a2bfcc0747b55125d9b8527/library/std/src/thread/lifecycle.rs:68:26
[INFO] [stdout]   41:     0x6473d2d5b8c2 - <std[617be2ca0a6fd877]::thread::lifecycle::spawn_unchecked<test[aada8e7e76ba119b]::run_test::{closure#1}, ()>::{closure#1} as core[a373ad73a504971]::ops::function::FnOnce<()>>::call_once::{shim:vtable#0}
[INFO] [stdout]                                at /rustc/e3feeb59cd1bdd011a2bfcc0747b55125d9b8527/library/core/src/ops/function.rs:250:5
[INFO] [stdout]   42:     0x6473d431807f - <alloc[2e1b2a31b91974c5]::boxed::Box<dyn core[a373ad73a504971]::ops::function::FnOnce<(), Output = ()> + core[a373ad73a504971]::marker::Send> as core[a373ad73a504971]::ops::function::FnOnce<()>>::call_once
[INFO] [stdout]                                at /rustc/e3feeb59cd1bdd011a2bfcc0747b55125d9b8527/library/alloc/src/boxed.rs:2314:9
[INFO] [stdout]   43:     0x6473d431807f - <std[617be2ca0a6fd877]::sys::thread::unix::Thread>::new::thread_start
[INFO] [stdout]                                at /rustc/e3feeb59cd1bdd011a2bfcc0747b55125d9b8527/library/std/src/sys/thread/unix.rs:127:17
[INFO] [stdout]   44:     0x7ea8c5e3bdfa - <unknown>
[INFO] [stdout]   45:     0x7ea8c5ecf3d4 - clone
[INFO] [stdout]   46:                0x0 - <unknown>
[INFO] [stdout] 
[INFO] [stdout] 
[INFO] [stdout] failures:
[INFO] [stdout]     tests::lint_gbk_encoded_verilog
[INFO] [stdout] 
[INFO] [stdout] test result: FAILED. 491 passed; 1 failed; 0 ignored; 0 measured; 0 filtered out; finished in 4.00s
[INFO] [stdout] 
[INFO] [stderr] error: test failed, to rerun pass `--bin svlint`
[INFO] running `Command { std: "docker" "inspect" "fe7004d753b49ed7d9e99e8bec3f1ee67556c7f9fa7baced149deb1046efec4a", kill_on_drop: false }`
[INFO] running `Command { std: "docker" "rm" "-f" "fe7004d753b49ed7d9e99e8bec3f1ee67556c7f9fa7baced149deb1046efec4a", kill_on_drop: false }`
[INFO] [stdout] fe7004d753b49ed7d9e99e8bec3f1ee67556c7f9fa7baced149deb1046efec4a
