[INFO] fetching crate surql-macros 0.1.2...
[INFO] testing surql-macros-0.1.2 against 1.99.0-beta.8 for beta-1.100-2
[INFO] extracting crate surql-macros 0.1.2 into /workspace/builds/worker-1-tc1/source
[INFO] started tweaking crates.io crate surql-macros 0.1.2
[INFO] removed 0 missing tests
[INFO] finished tweaking crates.io crate surql-macros 0.1.2
[INFO] tweaked toml for crates.io crate surql-macros 0.1.2 written to /workspace/builds/worker-1-tc1/source/Cargo.toml
[INFO] validating manifest of crates.io crate surql-macros 0.1.2 on toolchain 1.99.0-beta.8
[INFO] running `Command { std: CARGO_HOME="/workspace/cargo-home" RUSTUP_HOME="/workspace/rustup-home" "/workspace/cargo-home/bin/cargo" "+1.99.0-beta.8" "metadata" "--manifest-path" "Cargo.toml" "--no-deps", kill_on_drop: false }`
[INFO] crate crates.io crate surql-macros 0.1.2 already has a lockfile, it will not be regenerated
[INFO] running `Command { std: CARGO_HOME="/workspace/cargo-home" RUSTUP_HOME="/workspace/rustup-home" "/workspace/cargo-home/bin/cargo" "+1.99.0-beta.8" "fetch" "--manifest-path" "Cargo.toml", kill_on_drop: false }`
[INFO] [stderr]     Updating crates.io index
[INFO] [stderr]  Downloading crates ...
[INFO] [stderr]   Downloaded toml_datetime v1.0.1+spec-1.1.0
[INFO] [stderr]   Downloaded toml_parser v1.0.10+spec-1.1.0
[INFO] [stderr]   Downloaded toml v1.0.7+spec-1.1.0
[INFO] [stderr]   Downloaded toml_writer v1.0.7+spec-1.1.0
[INFO] [stderr]   Downloaded surrealdb-types-derive v3.0.4
[INFO] [stderr]   Downloaded toml_edit v0.25.5+spec-1.1.0
[INFO] [stderr]   Downloaded surrealdb-protocol v0.8.3
[INFO] [stderr]   Downloaded surrealdb-types v3.0.4
[INFO] [stderr]   Downloaded storekey v0.11.0
[INFO] [stderr]   Downloaded surql-parser v0.1.4
[INFO] [stderr]   Downloaded storekey-derive v0.11.0
[INFO] [stderr]   Downloaded revision-derive v0.17.0
[INFO] [stderr]   Downloaded revision v0.17.0
[INFO] [stderr]   Downloaded papaya v0.2.3
[INFO] [stderr]   Downloaded jsonwebtoken v10.3.0
[INFO] running `Command { std: "docker" "create" "-v" "/var/lib/crater-agent-workspace/builds/worker-1-tc1/source:/opt/rustwide/workdir:ro,Z" "-v" "/var/lib/crater-agent-workspace/builds/worker-1-tc1/target:/opt/rustwide/target:rw,Z" "-v" "/var/lib/crater-agent-workspace/cargo-home:/opt/rustwide/cargo-home:ro,Z" "-v" "/var/lib/crater-agent-workspace/rustup-home:/opt/rustwide/rustup-home:ro,Z" "-m" "1610612736" "--network" "none" "ghcr.io/rust-lang/crates-build-env/linux@sha256:3111399a4047eeb3a02b7a90e478d715f38a8c6669b5c4b49d30a17385265909" "sleep" "infinity", kill_on_drop: false }`
[INFO] [stdout] d1fc4242b2362c32d6ebac101b9e7f227d2c8e9d92f2e688f3e6bcefd985c20c
[INFO] running `Command { std: "docker" "start" "d1fc4242b2362c32d6ebac101b9e7f227d2c8e9d92f2e688f3e6bcefd985c20c", kill_on_drop: false }`
[INFO] running `Command { std: "docker" "inspect" "d1fc4242b2362c32d6ebac101b9e7f227d2c8e9d92f2e688f3e6bcefd985c20c", kill_on_drop: false }`
[INFO] running `Command { std: "docker" "exec" "-e" "SOURCE_DIR=/opt/rustwide/workdir" "-e" "CARGO_HOME=/opt/rustwide/cargo-home" "-e" "RUSTUP_HOME=/opt/rustwide/rustup-home" "-e" "CARGO_TARGET_DIR=/opt/rustwide/target" "-w" "/opt/rustwide/workdir" "--user" "0:0" "d1fc4242b2362c32d6ebac101b9e7f227d2c8e9d92f2e688f3e6bcefd985c20c" "/opt/rustwide/cargo-home/bin/cargo" "+1.99.0-beta.8" "metadata" "--no-deps" "--format-version=1", kill_on_drop: false }`
[INFO] running `Command { std: "docker" "inspect" "d1fc4242b2362c32d6ebac101b9e7f227d2c8e9d92f2e688f3e6bcefd985c20c", kill_on_drop: false }`
[INFO] running `Command { std: "docker" "exec" "-e" "SOURCE_DIR=/opt/rustwide/workdir" "-e" "CARGO_HOME=/opt/rustwide/cargo-home" "-e" "RUSTUP_HOME=/opt/rustwide/rustup-home" "-e" "CARGO_TARGET_DIR=/opt/rustwide/target" "-e" "CARGO_INCREMENTAL=0" "-e" "RUST_BACKTRACE=full" "-e" "RUSTFLAGS=--cap-lints=warn" "-e" "RUSTDOCFLAGS=--cap-lints=warn" "-w" "/opt/rustwide/workdir" "--user" "0:0" "d1fc4242b2362c32d6ebac101b9e7f227d2c8e9d92f2e688f3e6bcefd985c20c" "/opt/rustwide/cargo-home/bin/cargo" "+1.99.0-beta.8" "build" "--frozen" "--message-format=json", kill_on_drop: false }`
[INFO] [stderr]    Compiling syn v2.0.117
[INFO] [stderr]    Compiling libm v0.2.16
[INFO] [stderr]    Compiling semver v1.0.27
[INFO] [stderr]    Compiling memchr v2.8.0
[INFO] [stderr]    Compiling libc v0.2.183
[INFO] [stderr]    Compiling num-traits v0.2.19
[INFO] [stderr]    Compiling crossbeam-utils v0.8.21
[INFO] [stderr]    Compiling rayon-core v1.13.0
[INFO] [stderr]    Compiling itoa v1.0.18
[INFO] [stderr]    Compiling heapless v0.8.0
[INFO] [stderr]    Compiling zerocopy v0.8.47
[INFO] [stderr]    Compiling byteorder v1.5.0
[INFO] [stderr]    Compiling winnow v1.0.0
[INFO] [stderr]    Compiling smallvec v1.15.1
[INFO] [stderr]    Compiling zmij v1.0.21
[INFO] [stderr]    Compiling toml_datetime v1.0.1+spec-1.1.0
[INFO] [stderr]    Compiling regex-syntax v0.8.10
[INFO] [stderr]    Compiling hashbrown v0.15.5
[INFO] [stderr]    Compiling hash32 v0.3.1
[INFO] [stderr]    Compiling serde_json v1.0.149
[INFO] [stderr]    Compiling itertools v0.11.0
[INFO] [stderr]    Compiling i_tree v0.16.0
[INFO] [stderr]    Compiling pin-project-lite v0.2.17
[INFO] [stderr]    Compiling rustc_version v0.4.1
[INFO] [stderr]    Compiling unicase v2.9.0
[INFO] [stderr]    Compiling crossbeam-epoch v0.9.18
[INFO] [stderr]    Compiling siphasher v1.0.2
[INFO] [stderr]    Compiling powerfmt v0.2.0
[INFO] [stderr]    Compiling robust v1.2.0
[INFO] [stderr]    Compiling rust_decimal v1.40.0
[INFO] [stderr]    Compiling rstest_macros v0.26.1
[INFO] [stderr]    Compiling flatbuffers v25.12.19
[INFO] [stderr]    Compiling aho-corasick v1.1.4
[INFO] [stderr]    Compiling crossbeam-deque v0.8.6
[INFO] [stderr]    Compiling time-core v0.1.8
[INFO] [stderr]    Compiling i_key_sort v0.6.0
[INFO] [stderr]    Compiling num-conv v0.2.0
[INFO] [stderr]    Compiling deranged v0.5.8
[INFO] [stderr]    Compiling phf_shared v0.13.1
[INFO] [stderr]    Compiling crypto-common v0.1.7
[INFO] [stderr]    Compiling glob v0.3.3
[INFO] [stderr]    Compiling time-macros v0.2.27
[INFO] [stderr]    Compiling iana-time-zone v0.1.65
[INFO] [stderr]    Compiling futures-core v0.3.32
[INFO] [stderr]    Compiling float_next_after v1.0.0
[INFO] [stderr]    Compiling relative-path v1.9.3
[INFO] [stderr]    Compiling arrayvec v0.7.6
[INFO] [stderr]    Compiling futures-task v0.3.32
[INFO] [stderr]    Compiling sif-itree v0.4.1
[INFO] [stderr]    Compiling rayon v1.11.0
[INFO] [stderr]    Compiling bitflags v2.11.0
[INFO] [stderr]    Compiling slab v0.4.12
[INFO] [stderr]    Compiling phf_generator v0.13.1
[INFO] [stderr]    Compiling digest v0.10.7
[INFO] [stderr]    Compiling once_cell v1.21.4
[INFO] [stderr]    Compiling getrandom v0.2.17
[INFO] [stderr]    Compiling getrandom v0.3.4
[INFO] [stderr]    Compiling getrandom v0.4.2
[INFO] [stderr]    Compiling rand_core v0.9.5
[INFO] [stderr]    Compiling seize v0.5.1
[INFO] [stderr]    Compiling rand_core v0.6.4
[INFO] [stderr]    Compiling i_float v1.15.0
[INFO] [stderr]    Compiling geographiclib-rs v0.2.7
[INFO] [stderr]    Compiling uuid v1.22.0
[INFO] [stderr]    Compiling toml_parser v1.0.10+spec-1.1.0
[INFO] [stderr]    Compiling i_shape v1.14.0
[INFO] [stderr]    Compiling futures-timer v3.0.3
[INFO] [stderr]    Compiling password-hash v0.5.0
[INFO] [stderr]    Compiling pem v3.0.6
[INFO] [stderr]    Compiling papaya v0.2.3
[INFO] [stderr]    Compiling tracing-core v0.1.36
[INFO] [stderr]    Compiling toml_edit v0.25.5+spec-1.1.0
[INFO] [stderr]    Compiling blake2 v0.10.6
[INFO] [stderr]    Compiling signature v2.2.0
[INFO] [stderr]    Compiling reblessive v0.4.3
[INFO] [stderr]    Compiling argon2 v0.5.3
[INFO] [stderr]    Compiling proc-macro-crate v3.5.0
[INFO] [stderr]    Compiling approx v0.5.1
[INFO] [stderr]    Compiling earcutr v0.4.3
[INFO] [stderr]    Compiling spade v2.15.0
[INFO] [stderr]    Compiling num-integer v0.1.46
[INFO] [stderr]    Compiling time v0.3.47
[INFO] [stderr]    Compiling regex-automata v0.4.14
[INFO] [stderr]    Compiling num-bigint v0.4.6
[INFO] [stderr]    Compiling i_overlay v4.0.7
[INFO] [stderr]    Compiling serde_derive v1.0.228
[INFO] [stderr]    Compiling thiserror-impl v2.0.18
[INFO] [stderr]    Compiling futures-macro v0.3.32
[INFO] [stderr]    Compiling async-trait v0.1.89
[INFO] [stderr]    Compiling revision-derive v0.17.0
[INFO] [stderr]    Compiling storekey-derive v0.11.0
[INFO] [stderr]    Compiling tracing-attributes v0.1.31
[INFO] [stderr]    Compiling surrealdb-types-derive v3.0.4
[INFO] [stderr]    Compiling phf_macros v0.13.1
[INFO] [stderr]    Compiling phf v0.13.1
[INFO] [stderr]    Compiling thiserror v2.0.18
[INFO] [stderr]    Compiling tracing v0.1.44
[INFO] [stderr]    Compiling simple_asn1 v0.6.4
[INFO] [stderr]    Compiling storekey v0.11.0
[INFO] [stderr]    Compiling futures-util v0.3.32
[INFO] [stderr]    Compiling regex v1.12.3
[INFO] [stderr]    Compiling revision v0.17.0
[INFO] [stderr]    Compiling ppv-lite86 v0.2.21
[INFO] [stderr]    Compiling rand_chacha v0.3.1
[INFO] [stderr]    Compiling rand_chacha v0.9.0
[INFO] [stderr]    Compiling rand v0.8.5
[INFO] [stderr]    Compiling rand v0.9.2
[INFO] [stderr]    Compiling ulid v1.2.1
[INFO] [stderr]    Compiling serde v1.0.228
[INFO] [stderr]    Compiling rstar v0.12.2
[INFO] [stderr]    Compiling bytes v1.11.1
[INFO] [stderr]    Compiling chrono v0.4.44
[INFO] [stderr]    Compiling jsonwebtoken v10.3.0
[INFO] [stderr]    Compiling rstest v0.26.1
[INFO] [stderr]    Compiling http v1.4.0
[INFO] [stderr]    Compiling geo-types v0.7.18
[INFO] [stderr]    Compiling geo v0.32.0
[INFO] [stderr]    Compiling surrealdb-protocol v0.8.3
[INFO] [stderr]    Compiling surrealdb-types v3.0.4
[INFO] [stderr]    Compiling surql-parser v0.1.4
[INFO] [stderr]    Compiling surql-macros v0.1.2 (/opt/rustwide/workdir)
[INFO] [stderr]     Finished `dev` profile [unoptimized + debuginfo] target(s) in 1m 06s
[INFO] running `Command { std: "docker" "inspect" "d1fc4242b2362c32d6ebac101b9e7f227d2c8e9d92f2e688f3e6bcefd985c20c", kill_on_drop: false }`
[INFO] running `Command { std: "docker" "exec" "-e" "SOURCE_DIR=/opt/rustwide/workdir" "-e" "CARGO_HOME=/opt/rustwide/cargo-home" "-e" "RUSTUP_HOME=/opt/rustwide/rustup-home" "-e" "CARGO_TARGET_DIR=/opt/rustwide/target" "-e" "CARGO_INCREMENTAL=0" "-e" "RUST_BACKTRACE=full" "-e" "RUSTFLAGS=--cap-lints=warn" "-e" "RUSTDOCFLAGS=--cap-lints=warn" "-w" "/opt/rustwide/workdir" "--user" "0:0" "d1fc4242b2362c32d6ebac101b9e7f227d2c8e9d92f2e688f3e6bcefd985c20c" "/opt/rustwide/cargo-home/bin/cargo" "+1.99.0-beta.8" "test" "--frozen" "--no-run" "--message-format=json", kill_on_drop: false }`
[INFO] [stderr]    Compiling syn v2.0.117
[INFO] [stderr]    Compiling rustc_version v0.4.1
[INFO] [stderr]    Compiling num-traits v0.2.19
[INFO] [stderr]    Compiling byteorder v1.5.0
[INFO] [stderr]    Compiling getrandom v0.2.17
[INFO] [stderr]    Compiling toml_datetime v1.0.1+spec-1.1.0
[INFO] [stderr]    Compiling heapless v0.8.0
[INFO] [stderr]    Compiling i_float v1.15.0
[INFO] [stderr]    Compiling indexmap v2.13.0
[INFO] [stderr]    Compiling getrandom v0.4.2
[INFO] [stderr]    Compiling itertools v0.11.0
[INFO] [stderr]    Compiling i_key_sort v0.6.0
[INFO] [stderr]    Compiling rayon v1.11.0
[INFO] [stderr]    Compiling i_tree v0.16.0
[INFO] [stderr]    Compiling robust v1.2.0
[INFO] [stderr]    Compiling num-conv v0.2.0
[INFO] [stderr]    Compiling rust_decimal v1.40.0
[INFO] [stderr]    Compiling phf_shared v0.13.1
[INFO] [stderr]    Compiling hash32 v0.3.1
[INFO] [stderr]    Compiling time-macros v0.2.27
[INFO] [stderr]    Compiling crypto-common v0.1.7
[INFO] [stderr]    Compiling rand_core v0.6.4
[INFO] [stderr]    Compiling i_shape v1.14.0
[INFO] [stderr]    Compiling geographiclib-rs v0.2.7
[INFO] [stderr]    Compiling arrayvec v0.7.6
[INFO] [stderr]    Compiling float_next_after v1.0.0
[INFO] [stderr]    Compiling rand_chacha v0.3.1
[INFO] [stderr]    Compiling sif-itree v0.4.1
[INFO] [stderr]    Compiling flatbuffers v25.12.19
[INFO] [stderr]    Compiling rstest_macros v0.26.1
[INFO] [stderr]    Compiling phf_generator v0.13.1
[INFO] [stderr]    Compiling digest v0.10.7
[INFO] [stderr]    Compiling uuid v1.22.0
[INFO] [stderr]    Compiling seize v0.5.1
[INFO] [stderr]    Compiling serde_spanned v1.0.4
[INFO] [stderr]    Compiling toml_writer v1.0.7+spec-1.1.0
[INFO] [stderr]    Compiling papaya v0.2.3
[INFO] [stderr]    Compiling rand v0.8.5
[INFO] [stderr]    Compiling password-hash v0.5.0
[INFO] [stderr]    Compiling blake2 v0.10.6
[INFO] [stderr]    Compiling pem v3.0.6
[INFO] [stderr]    Compiling ulid v1.2.1
[INFO] [stderr]    Compiling signature v2.2.0
[INFO] [stderr]    Compiling reblessive v0.4.3
[INFO] [stderr]    Compiling toml_parser v1.0.10+spec-1.1.0
[INFO] [stderr]    Compiling toml v1.0.7+spec-1.1.0
[INFO] [stderr]    Compiling argon2 v0.5.3
[INFO] [stderr]    Compiling toml_edit v0.25.5+spec-1.1.0
[INFO] [stderr]    Compiling approx v0.5.1
[INFO] [stderr]    Compiling num-integer v0.1.46
[INFO] [stderr]    Compiling spade v2.15.0
[INFO] [stderr]    Compiling time v0.3.47
[INFO] [stderr]    Compiling num-bigint v0.4.6
[INFO] [stderr]    Compiling earcutr v0.4.3
[INFO] [stderr]    Compiling proc-macro-crate v3.5.0
[INFO] [stderr]    Compiling i_overlay v4.0.7
[INFO] [stderr]    Compiling serde_derive v1.0.228
[INFO] [stderr]    Compiling thiserror-impl v2.0.18
[INFO] [stderr]    Compiling futures-macro v0.3.32
[INFO] [stderr]    Compiling async-trait v0.1.89
[INFO] [stderr]    Compiling phf_macros v0.13.1
[INFO] [stderr]    Compiling revision-derive v0.17.0
[INFO] [stderr]    Compiling tracing-attributes v0.1.31
[INFO] [stderr]    Compiling storekey-derive v0.11.0
[INFO] [stderr]    Compiling surrealdb-types-derive v3.0.4
[INFO] [stderr]    Compiling phf v0.13.1
[INFO] [stderr]    Compiling futures-util v0.3.32
[INFO] [stderr]    Compiling storekey v0.11.0
[INFO] [stderr]    Compiling revision v0.17.0
[INFO] [stderr]    Compiling tracing v0.1.44
[INFO] [stderr]    Compiling thiserror v2.0.18
[INFO] [stderr]    Compiling simple_asn1 v0.6.4
[INFO] [stderr]    Compiling serde v1.0.228
[INFO] [stderr]    Compiling rstar v0.12.2
[INFO] [stderr]    Compiling bytes v1.11.1
[INFO] [stderr]    Compiling chrono v0.4.44
[INFO] [stderr]    Compiling jsonwebtoken v10.3.0
[INFO] [stderr]    Compiling trybuild v1.0.116
[INFO] [stderr]    Compiling rstest v0.26.1
[INFO] [stderr]    Compiling http v1.4.0
[INFO] [stderr]    Compiling geo-types v0.7.18
[INFO] [stderr]    Compiling geo v0.32.0
[INFO] [stderr]    Compiling surrealdb-protocol v0.8.3
[INFO] [stderr]    Compiling surrealdb-types v3.0.4
[INFO] [stderr]    Compiling surql-parser v0.1.4
[INFO] [stderr]    Compiling surql-macros v0.1.2 (/opt/rustwide/workdir)
[INFO] [stderr]     Finished `test` profile [unoptimized + debuginfo] target(s) in 59.91s
[INFO] running `Command { std: "docker" "inspect" "d1fc4242b2362c32d6ebac101b9e7f227d2c8e9d92f2e688f3e6bcefd985c20c", kill_on_drop: false }`
[INFO] running `Command { std: "docker" "exec" "-e" "SOURCE_DIR=/opt/rustwide/workdir" "-e" "CARGO_HOME=/opt/rustwide/cargo-home" "-e" "RUSTUP_HOME=/opt/rustwide/rustup-home" "-e" "CARGO_TARGET_DIR=/opt/rustwide/target" "-e" "CARGO_INCREMENTAL=0" "-e" "RUST_BACKTRACE=full" "-e" "RUSTFLAGS=--cap-lints=warn" "-e" "RUSTDOCFLAGS=--cap-lints=warn" "-w" "/opt/rustwide/workdir" "--user" "0:0" "d1fc4242b2362c32d6ebac101b9e7f227d2c8e9d92f2e688f3e6bcefd985c20c" "/opt/rustwide/cargo-home/bin/cargo" "+1.99.0-beta.8" "test" "--frozen", kill_on_drop: false }`
[INFO] [stderr]     Finished `test` profile [unoptimized + debuginfo] target(s) in 0.29s
[INFO] [stderr]      Running unittests src/lib.rs (/opt/rustwide/target/debug/deps/surql_macros-4f1f94fd09572a03)
[INFO] [stdout] 
[INFO] [stdout] running 33 tests
[INFO] [stdout] test query_inference::tests::should_infer_param_types_comparison ... ok
[INFO] [stdout] test type_check::tests::should_extract_generic_inner ... ok
[INFO] [stdout] test type_check::tests::should_match_array_types ... ok
[INFO] [stdout] test type_check::tests::should_match_bool_type ... ok
[INFO] [stdout] test type_check::tests::should_extract_option_inner ... ok
[INFO] [stdout] test type_check::tests::should_match_bytes_types ... ok
[INFO] [stdout] test type_check::tests::should_accept_unknown_surql_types ... ok
[INFO] [stdout] test type_check::tests::should_match_case_insensitive ... ok
[INFO] [stdout] test type_check::tests::should_match_datetime_types ... ok
[INFO] [stdout] test query_inference::tests::should_infer_param_types_equality ... ok
[INFO] [stdout] test type_check::tests::should_accept_any_type ... ok
[INFO] [stdout] test type_check::tests::should_match_record_types ... ok
[INFO] [stdout] test type_check::tests::should_match_object_types ... ok
[INFO] [stdout] test type_check::tests::should_match_int_types ... ok
[INFO] [stdout] test type_check::tests::should_match_option_types ... ok
[INFO] [stdout] test type_check::tests::should_match_none_types ... ok
[INFO] [stdout] test query_inference::tests::should_tokenize_simple_query ... ok
[INFO] [stdout] test query_inference::tests::should_find_table_context ... ok
[INFO] [stdout] test type_check::tests::should_match_record_with_table ... ok
[INFO] [stdout] test type_check::tests::should_match_number_types ... ok
[INFO] [stdout] test type_check::tests::should_match_decimal_types ... ok
[INFO] [stdout] test type_check::tests::should_match_set_types ... ok
[INFO] [stdout] test type_check::tests::should_match_duration_types ... ok
[INFO] [stdout] test type_check::tests::should_match_float_types ... ok
[INFO] [stdout] test type_check::tests::should_match_string_types ... ok
[INFO] [stdout] test query_inference::tests::should_infer_param_types_multiple ... ok
[INFO] [stdout] test type_check::tests::should_provide_type_hints ... ok
[INFO] [stdout] test query_inference::tests::should_handle_no_schema_comparison ... ok
[INFO] [stdout] test query_inference::tests::should_infer_param_types_in_operator ... ok
[INFO] [stdout] test type_check::tests::should_normalize_type_strings ... ok
[INFO] [stdout] test type_check::tests::should_match_typed_array ... ok
[INFO] [stdout] test type_check::tests::should_match_uuid_types ... ok
[INFO] [stdout] test type_check::tests::should_match_union_types ... ok
[INFO] [stdout] 
[INFO] [stdout] test result: ok. 33 passed; 0 failed; 0 ignored; 0 measured; 0 filtered out; finished in 0.01s
[INFO] [stdout] 
[INFO] [stderr]      Running tests/macro_tests.rs (/opt/rustwide/target/debug/deps/macro_tests-607d392014ab8996)
[INFO] [stdout] 
[INFO] [stdout] running 2 tests
[INFO] [stderr]    Compiling syn v2.0.117
[INFO] [stderr]    Compiling libm v0.2.16
[INFO] [stderr]    Compiling libc v0.2.183
[INFO] [stderr]    Compiling autocfg v1.5.0
[INFO] [stderr]    Compiling serde_core v1.0.228
[INFO] [stderr]    Compiling serde v1.0.228
[INFO] [stderr]    Compiling zerocopy v0.8.47
[INFO] [stderr]    Compiling crossbeam-utils v0.8.21
[INFO] [stderr]    Compiling cfg-if v1.0.4
[INFO] [stderr]    Compiling rayon-core v1.13.0
[INFO] [stderr]    Compiling typenum v1.19.0
[INFO] [stderr]    Compiling semver v1.0.27
[INFO] [stderr]    Compiling version_check v0.9.5
[INFO] [stderr]    Compiling heapless v0.8.0
[INFO] [stderr]    Compiling getrandom v0.3.4
[INFO] [stderr]    Compiling equivalent v1.0.2
[INFO] [stderr]    Compiling memchr v2.8.0
[INFO] [stderr]    Compiling getrandom v0.4.2
[INFO] [stderr]    Compiling serde_json v1.0.149
[INFO] [stderr]    Compiling thiserror v2.0.18
[INFO] [stderr]    Compiling rustc_version v0.4.1
[INFO] [stderr]    Compiling hashbrown v0.16.1
[INFO] [stderr]    Compiling winnow v1.0.0
[INFO] [stderr]    Compiling generic-array v0.14.7
[INFO] [stderr]    Compiling rust_decimal v1.40.0
[INFO] [stderr]    Compiling anyhow v1.0.102
[INFO] [stderr]    Compiling crossbeam-epoch v0.9.18
[INFO] [stderr]    Compiling flatbuffers v25.12.19
[INFO] [stderr]    Compiling num-traits v0.2.19
[INFO] [stderr]    Compiling aho-corasick v1.1.4
[INFO] [stderr]    Compiling time-core v0.1.8
[INFO] [stderr]    Compiling regex-syntax v0.8.10
[INFO] [stderr]    Compiling either v1.15.0
[INFO] [stderr]    Compiling indexmap v2.13.0
[INFO] [stderr]    Compiling toml_datetime v1.0.1+spec-1.1.0
[INFO] [stderr]    Compiling num-conv v0.2.0
[INFO] [stderr]    Compiling time-macros v0.2.27
[INFO] [stderr]    Compiling getrandom v0.2.17
[INFO] [stderr]    Compiling toml_parser v1.0.10+spec-1.1.0
[INFO] [stderr]    Compiling crossbeam-deque v0.8.6
[INFO] [stderr]    Compiling rstest_macros v0.26.1
[INFO] [stderr]    Compiling itoa v1.0.18
[INFO] [stderr]    Compiling byteorder v1.5.0
[INFO] [stderr]    Compiling rand_core v0.6.4
[INFO] [stderr]    Compiling hash32 v0.3.1
[INFO] [stderr]    Compiling toml_edit v0.25.5+spec-1.1.0
[INFO] [stderr]    Compiling unicase v2.9.0
[INFO] [stderr]    Compiling stable_deref_trait v1.2.1
[INFO] [stderr]    Compiling relative-path v1.9.3
[INFO] [stderr]    Compiling glob v0.3.3
[INFO] [stderr]    Compiling smallvec v1.15.1
[INFO] [stderr]    Compiling siphasher v1.0.2
[INFO] [stderr]    Compiling phf_shared v0.13.1
[INFO] [stderr]    Compiling rayon v1.11.0
[INFO] [stderr]    Compiling i_float v1.15.0
[INFO] [stderr]    Compiling zmij v1.0.21
[INFO] [stderr]    Compiling allocator-api2 v0.2.21
[INFO] [stderr]    Compiling foldhash v0.1.5
[INFO] [stderr]    Compiling fastrand v2.3.0
[INFO] [stderr]    Compiling hashbrown v0.15.5
[INFO] [stderr]    Compiling i_shape v1.14.0
[INFO] [stderr]    Compiling phf_generator v0.13.1
[INFO] [stderr]    Compiling regex-automata v0.4.14
[INFO] [stderr]    Compiling proc-macro-crate v3.5.0
[INFO] [stderr]    Compiling rand_core v0.9.5
[INFO] [stderr]    Compiling approx v0.5.1
[INFO] [stderr]    Compiling itertools v0.11.0
[INFO] [stderr]    Compiling robust v1.2.0
[INFO] [stderr]    Compiling pin-project-lite v0.2.17
[INFO] [stderr]    Compiling powerfmt v0.2.0
[INFO] [stderr]    Compiling i_tree v0.16.0
[INFO] [stderr]    Compiling subtle v2.6.1
[INFO] [stderr]    Compiling i_key_sort v0.6.0
[INFO] [stderr]    Compiling spade v2.15.0
[INFO] [stderr]    Compiling deranged v0.5.8
[INFO] [stderr]    Compiling crypto-common v0.1.7
[INFO] [stderr]    Compiling block-buffer v0.10.4
[INFO] [stderr]    Compiling num-integer v0.1.46
[INFO] [stderr]    Compiling geographiclib-rs v0.2.7
[INFO] [stderr]    Compiling i_overlay v4.0.7
[INFO] [stderr] error: could not compile `syn` (lib)
[INFO] [stderr] 
[INFO] [stderr] Caused by:
[INFO] [stderr]   process didn't exit successfully: `/opt/rustwide/rustup-home/toolchains/1.99.0-beta.8-x86_64-unknown-linux-gnu/bin/rustc --crate-name syn --edition=2021 /opt/rustwide/cargo-home/registry/src/index.crates.io-1949cf8c6b5b557f/syn-2.0.117/src/lib.rs --error-format=json --json=diagnostic-rendered-ansi,artifacts,future-incompat --crate-type lib --emit=dep-info,metadata,link -C embed-bitcode=no -C debuginfo=2 --cfg 'feature="clone-impls"' --cfg 'feature="default"' --cfg 'feature="derive"' --cfg 'feature="extra-traits"' --cfg 'feature="full"' --cfg 'feature="parsing"' --cfg 'feature="printing"' --cfg 'feature="proc-macro"' --cfg 'feature="visit"' --cfg 'feature="visit-mut"' --check-cfg 'cfg(docsrs,test)' --check-cfg 'cfg(feature, values("clone-impls", "default", "derive", "extra-traits", "fold", "full", "parsing", "printing", "proc-macro", "test", "visit", "visit-mut"))' -C metadata=7f4148f121b14d0d -C extra-filename=-d900eb31bf27d0bd --out-dir /opt/rustwide/target/tests/trybuild/debug/deps -L dependency=/opt/rustwide/target/tests/trybuild/debug/deps --extern proc_macro2=/opt/rustwide/target/tests/trybuild/debug/deps/libproc_macro2-143a046f62f0c01c.rmeta --extern quote=/opt/rustwide/target/tests/trybuild/debug/deps/libquote-30db7fff72d62127.rmeta --extern unicode_ident=/opt/rustwide/target/tests/trybuild/debug/deps/libunicode_ident-cbe60b1e378768e3.rmeta --cap-lints allow` (signal: 9, SIGKILL: kill)
[INFO] [stderr] warning: build failed, waiting for other jobs to finish...
[INFO] [stderr] error: could not compile `zerocopy` (lib)
[INFO] [stderr] 
[INFO] [stderr] Caused by:
[INFO] [stderr]   process didn't exit successfully: `/opt/rustwide/rustup-home/toolchains/1.99.0-beta.8-x86_64-unknown-linux-gnu/bin/rustc --crate-name zerocopy --edition=2021 /opt/rustwide/cargo-home/registry/src/index.crates.io-1949cf8c6b5b557f/zerocopy-0.8.47/src/lib.rs --error-format=json --json=diagnostic-rendered-ansi,artifacts,future-incompat --crate-type lib --emit=dep-info,metadata,link -C embed-bitcode=no -C debuginfo=2 --cfg 'feature="simd"' --check-cfg 'cfg(docsrs,test)' --check-cfg 'cfg(feature, values("__internal_use_only_features_that_work_on_stable", "alloc", "derive", "float-nightly", "simd", "simd-nightly", "std", "zerocopy-derive"))' -C metadata=da0e8a0cc2e0a830 -C extra-filename=-e337daf59c31a744 --out-dir /opt/rustwide/target/tests/trybuild/debug/deps -L dependency=/opt/rustwide/target/tests/trybuild/debug/deps --cap-lints allow --check-cfg 'cfg(no_zerocopy_simd_x86_avx12_1_89_0)' --check-cfg 'cfg(rust, values("1.89.0"))' --check-cfg 'cfg(no_zerocopy_core_error_1_81_0)' --check-cfg 'cfg(rust, values("1.81.0"))' --check-cfg 'cfg(no_zerocopy_diagnostic_on_unimplemented_1_78_0)' --check-cfg 'cfg(rust, values("1.78.0"))' --check-cfg 'cfg(no_zerocopy_generic_bounds_in_const_fn_1_61_0)' --check-cfg 'cfg(rust, values("1.61.0"))' --check-cfg 'cfg(no_zerocopy_target_has_atomics_1_60_0)' --check-cfg 'cfg(rust, values("1.60.0"))' --check-cfg 'cfg(no_zerocopy_aarch64_simd_1_59_0)' --check-cfg 'cfg(rust, values("1.59.0"))' --check-cfg 'cfg(no_zerocopy_panic_in_const_and_vec_try_reserve_1_57_0)' --check-cfg 'cfg(rust, values("1.57.0"))' --check-cfg 'cfg(doc_cfg)' --check-cfg 'cfg(kani)' --check-cfg 'cfg(__ZEROCOPY_INTERNAL_USE_ONLY_NIGHTLY_FEATURES_IN_TESTS)' --check-cfg 'cfg(__ZEROCOPY_INTERNAL_USE_ONLY_DEV_MODE)' --check-cfg 'cfg(coverage_nightly)'` (signal: 9, SIGKILL: kill)
[INFO] [stdout] test compile_tests ... FAILED
[INFO] [stderr]    Compiling syn v2.0.117
[INFO] [stderr]    Compiling zerocopy v0.8.47
[INFO] [stderr]    Compiling ppv-lite86 v0.2.21
[INFO] [stderr]    Compiling regex v1.12.3
[INFO] [stderr]    Compiling earcutr v0.4.3
[INFO] [stderr]    Compiling rust_decimal v1.40.0
[INFO] [stderr]    Compiling thiserror v2.0.18
[INFO] [stderr]    Compiling serde_json v1.0.149
[INFO] [stderr]    Compiling getrandom v0.4.2
[INFO] [stderr]    Compiling flatbuffers v25.12.19
[INFO] [stderr]    Compiling sif-itree v0.4.1
[INFO] [stderr]    Compiling slab v0.4.12
[INFO] [stderr]    Compiling log v0.4.29
[INFO] [stderr]    Compiling iana-time-zone v0.1.65
[INFO] [stderr]    Compiling futures-core v0.3.32
[INFO] [stderr]    Compiling pin-project-lite v0.2.17
[INFO] [stderr]    Compiling robust v1.2.0
[INFO] [stderr]    Compiling i_tree v0.16.0
[INFO] [stderr]    Compiling arrayvec v0.7.6
[INFO] [stderr]    Compiling subtle v2.6.1
[INFO] [stderr]    Compiling bitflags v2.11.0
[INFO] [stderr]    Compiling i_key_sort v0.6.0
[INFO] [stderr]    Compiling futures-task v0.3.32
[INFO] [stderr]    Compiling powerfmt v0.2.0
[INFO] [stderr]    Compiling float_next_after v1.0.0
[INFO] [stderr]    Compiling num-bigint v0.4.6
[INFO] [stderr]    Compiling anyhow v1.0.102
[INFO] [stderr]    Compiling uuid v1.22.0
[INFO] [stderr]    Compiling time v0.3.47
[INFO] [stderr]    Compiling deranged v0.5.8
[INFO] [stderr]    Compiling spade v2.15.0
[INFO] [stderr]    Compiling digest v0.10.7
[INFO] [stderr]    Compiling block-buffer v0.10.4
[INFO] [stderr]    Compiling crypto-common v0.1.7
[INFO] [stderr]    Compiling i_overlay v4.0.7
[INFO] [stderr]    Compiling aho-corasick v1.1.4
[INFO] [stderr]    Compiling num-integer v0.1.46
[INFO] [stderr]    Compiling geographiclib-rs v0.2.7
[INFO] [stderr]    Compiling seize v0.5.1
[INFO] [stderr]    Compiling rand_chacha v0.3.1
[INFO] [stderr]    Compiling rand_chacha v0.9.0
[INFO] [stderr]    Compiling rand v0.8.5
[INFO] [stderr]    Compiling base64 v0.22.1
[INFO] [stderr]    Compiling num-conv v0.2.0
[INFO] [stderr]    Compiling once_cell v1.21.4
[INFO] [stderr]    Compiling regex-syntax v0.8.10
[INFO] [stderr]    Compiling time-core v0.1.8
[INFO] [stderr]    Compiling base64ct v1.8.3
[INFO] [stderr]    Compiling futures-timer v3.0.3
[INFO] [stderr]    Compiling password-hash v0.5.0
[INFO] [stderr]    Compiling pem v3.0.6
[INFO] [stderr]    Compiling tracing-core v0.1.36
[INFO] [stderr]    Compiling rand v0.9.2
[INFO] [stderr]    Compiling papaya v0.2.3
[INFO] [stderr]    Compiling blake2 v0.10.6
[INFO] [stderr]    Compiling cpufeatures v0.2.17
[INFO] [stderr]    Compiling siphasher v1.0.2
[INFO] [stderr]    Compiling hex v0.4.3
[INFO] [stderr]    Compiling signature v2.2.0
[INFO] [stderr]    Compiling semver v1.0.27
[INFO] [stderr]    Compiling unicase v2.9.0
[INFO] [stderr]    Compiling argon2 v0.5.3
[INFO] [stderr]    Compiling phf_shared v0.13.1
[INFO] [stderr]    Compiling ulid v1.2.1
[INFO] [stderr]    Compiling regex-automata v0.4.14
[INFO] [stderr]    Compiling reblessive v0.4.3
[INFO] [stdout] test schema_validation_tests has been running for over 60 seconds
[INFO] [stderr]    Compiling serde_derive v1.0.228
[INFO] [stderr]    Compiling futures-macro v0.3.32
[INFO] [stderr]    Compiling thiserror-impl v2.0.18
[INFO] [stderr]    Compiling async-trait v0.1.89
[INFO] [stderr]    Compiling rstest_macros v0.26.1
[INFO] [stderr]    Compiling storekey-derive v0.11.0
[INFO] [stderr]    Compiling tracing-attributes v0.1.31
[INFO] [stderr]    Compiling phf_macros v0.13.1
[INFO] [stderr]    Compiling surrealdb-types-derive v3.0.4
[INFO] [stderr]    Compiling revision-derive v0.17.0
[INFO] [stderr]    Compiling futures-util v0.3.32
[INFO] [stderr]    Compiling storekey v0.11.0
[INFO] [stderr]    Compiling phf v0.13.1
[INFO] [stderr]    Compiling tracing v0.1.44
[INFO] [stderr]    Compiling revision v0.17.0
[INFO] [stderr]    Compiling simple_asn1 v0.6.4
[INFO] [stderr]    Compiling serde v1.0.228
[INFO] [stderr]    Compiling rstar v0.12.2
[INFO] [stderr]    Compiling bytes v1.11.1
[INFO] [stderr]    Compiling chrono v0.4.44
[INFO] [stderr]    Compiling jsonwebtoken v10.3.0
[INFO] [stderr]    Compiling http v1.4.0
[INFO] [stderr]    Compiling rstest v0.26.1
[INFO] [stderr]    Compiling geo-types v0.7.18
[INFO] [stderr]    Compiling geo v0.32.0
[INFO] [stderr]    Compiling surrealdb-protocol v0.8.3
[INFO] [stderr]    Compiling surrealdb-types v3.0.4
[INFO] [stderr]    Compiling surql-parser v0.1.4
[INFO] [stderr]    Compiling surql-macros v0.1.2 (/opt/rustwide/workdir)
[INFO] [stderr]    Compiling surql-macros-tests v0.0.0 (/opt/rustwide/target/tests/trybuild/surql-macros)
[INFO] [stderr]     Finished `dev` profile [unoptimized + debuginfo] target(s) in 1m 27s
[INFO] [stderr] 
[INFO] [stderr] 
[INFO] [stderr] test tests/schema_ui/pass_function_schema_match.rs [should pass] ... ok
[INFO] [stderr] test tests/schema_ui/pass_function_type_match.rs [should pass] ... ok
[INFO] [stderr] test tests/schema_ui/pass_query_schema_match.rs [should pass] ... ok
[INFO] [stderr] test tests/schema_ui/pass_function_query_mode.rs [should pass] ... ok
[INFO] [stderr] test tests/schema_ui/fail_function_arity_mismatch.rs [should fail to compile] ... ok
[INFO] [stderr] test tests/schema_ui/fail_function_type_mismatch.rs [should fail to compile] ... ok
[INFO] [stderr] test tests/schema_ui/fail_query_type_mismatch.rs [should fail to compile] ... ok
[INFO] [stderr] test tests/schema_ui/fail_function_query_mode_type_mismatch.rs [should fail to compile] ... ok
[INFO] [stderr] 
[INFO] [stderr] 
[INFO] [stdout] test schema_validation_tests ... ok
[INFO] [stdout] 
[INFO] [stdout] failures:
[INFO] [stdout] 
[INFO] [stdout] ---- compile_tests stdout ----
[INFO] [stdout] 
[INFO] [stdout] thread 'compile_tests' (2988) panicked at /opt/rustwide/cargo-home/registry/src/index.crates.io-1949cf8c6b5b557f/trybuild-1.0.116/src/run.rs:62:13:
[INFO] [stdout] tests failed
[INFO] [stdout] stack backtrace:
[INFO] [stdout]    0:     0x5676dd512d51 - std[70759c8f55707aa4]::backtrace_rs::backtrace::libunwind::trace
[INFO] [stdout]                                at /rustc/dfb0accb7f508ae8be965d8629557221c889dd98/library/std/src/../../backtrace/src/backtrace/libunwind.rs:117:9
[INFO] [stdout]    1:     0x5676dd512d51 - std[70759c8f55707aa4]::backtrace_rs::backtrace::trace_unsynchronized::<std[70759c8f55707aa4]::sys::backtrace::_print_fmt::{closure#1}>
[INFO] [stdout]                                at /rustc/dfb0accb7f508ae8be965d8629557221c889dd98/library/std/src/../../backtrace/src/backtrace/mod.rs:66:14
[INFO] [stdout]    2:     0x5676dd512d51 - std[70759c8f55707aa4]::sys::backtrace::_print_fmt
[INFO] [stdout]                                at /rustc/dfb0accb7f508ae8be965d8629557221c889dd98/library/std/src/sys/backtrace.rs:74:9
[INFO] [stdout]    3:     0x5676dd512d51 - <<std[70759c8f55707aa4]::sys::backtrace::BacktraceLock>::print::DisplayBacktrace as core[df12db4294e9bfd3]::fmt::Display>::fmt
[INFO] [stdout]                                at /rustc/dfb0accb7f508ae8be965d8629557221c889dd98/library/std/src/sys/backtrace.rs:44:26
[INFO] [stdout]    4:     0x5676dd52960a - <core[df12db4294e9bfd3]::fmt::rt::Argument>::fmt
[INFO] [stdout]                                at /rustc/dfb0accb7f508ae8be965d8629557221c889dd98/library/core/src/fmt/rt.rs:152:76
[INFO] [stdout]    5:     0x5676dd52960a - core[df12db4294e9bfd3]::fmt::write
[INFO] [stdout]    6:     0x5676dd5178cc - core[df12db4294e9bfd3]::io::write::default_write_fmt::<alloc[2182bb758b4b3781]::vec::Vec<u8>>
[INFO] [stdout]                                at /rustc/dfb0accb7f508ae8be965d8629557221c889dd98/library/core/src/io/write.rs:402:11
[INFO] [stdout]    7:     0x5676dd5178cc - <alloc[2182bb758b4b3781]::vec::Vec<u8> as core[df12db4294e9bfd3]::io::write::Write>::write_fmt
[INFO] [stdout]                                at /rustc/dfb0accb7f508ae8be965d8629557221c889dd98/library/core/src/io/write.rs:335:13
[INFO] [stdout]    8:     0x5676dd4ec236 - <std[70759c8f55707aa4]::sys::backtrace::BacktraceLock>::print
[INFO] [stdout]                                at /rustc/dfb0accb7f508ae8be965d8629557221c889dd98/library/std/src/sys/backtrace.rs:47:9
[INFO] [stdout]    9:     0x5676dd4ec236 - std[70759c8f55707aa4]::panicking::default_hook::{closure#0}
[INFO] [stdout]                                at /rustc/dfb0accb7f508ae8be965d8629557221c889dd98/library/std/src/panicking.rs:292:27
[INFO] [stdout]   10:     0x5676dd50a3c9 - std[70759c8f55707aa4]::panicking::default_hook
[INFO] [stdout]                                at /rustc/dfb0accb7f508ae8be965d8629557221c889dd98/library/std/src/panicking.rs:316:9
[INFO] [stdout]   11:     0x5676dd4a3640 - <alloc[2182bb758b4b3781]::boxed::Box<dyn for<'a, 'b> core[df12db4294e9bfd3]::ops::function::Fn<(&'a std[70759c8f55707aa4]::panic::PanicHookInfo<'b>,), Output = ()> + core[df12db4294e9bfd3]::marker::Send + core[df12db4294e9bfd3]::marker::Sync> as core[df12db4294e9bfd3]::ops::function::Fn<(&std[70759c8f55707aa4]::panic::PanicHookInfo,)>>::call
[INFO] [stdout]                                at /rustc/dfb0accb7f508ae8be965d8629557221c889dd98/library/alloc/src/boxed.rs:2334:9
[INFO] [stdout]   12:     0x5676dd4a3640 - test[9d35eded1c95d3be]::test_main_inner::<test[9d35eded1c95d3be]::test_main_static::{closure#0}>::{closure#0}
[INFO] [stdout]                                at /rustc/dfb0accb7f508ae8be965d8629557221c889dd98/library/test/src/lib.rs:155:21
[INFO] [stdout]   13:     0x5676dd50a582 - <alloc[2182bb758b4b3781]::boxed::Box<dyn for<'a, 'b> core[df12db4294e9bfd3]::ops::function::Fn<(&'a std[70759c8f55707aa4]::panic::PanicHookInfo<'b>,), Output = ()> + core[df12db4294e9bfd3]::marker::Send + core[df12db4294e9bfd3]::marker::Sync> as core[df12db4294e9bfd3]::ops::function::Fn<(&std[70759c8f55707aa4]::panic::PanicHookInfo,)>>::call
[INFO] [stdout]                                at /rustc/dfb0accb7f508ae8be965d8629557221c889dd98/library/alloc/src/boxed.rs:2334:9
[INFO] [stdout]   14:     0x5676dd50a582 - std[70759c8f55707aa4]::panicking::panic_with_hook
[INFO] [stdout]                                at /rustc/dfb0accb7f508ae8be965d8629557221c889dd98/library/std/src/panicking.rs:823:13
[INFO] [stdout]   15:     0x5676dd4ec314 - std[70759c8f55707aa4]::panicking::panic_handler::{closure#0}
[INFO] [stdout]                                at /rustc/dfb0accb7f508ae8be965d8629557221c889dd98/library/std/src/panicking.rs:681:13
[INFO] [stdout]   16:     0x5676dd4e4b79 - std[70759c8f55707aa4]::sys::backtrace::__rust_end_short_backtrace::<std[70759c8f55707aa4]::panicking::panic_handler::{closure#0}, !>
[INFO] [stdout]                                at /rustc/dfb0accb7f508ae8be965d8629557221c889dd98/library/std/src/sys/backtrace.rs:182:18
[INFO] [stdout]   17:     0x5676dd4ecedd - __rustc[8fa7c3cbc660c2b3]::rust_begin_unwind
[INFO] [stdout]                                at /rustc/dfb0accb7f508ae8be965d8629557221c889dd98/library/std/src/panicking.rs:679:5
[INFO] [stdout]   18:     0x5676dd529dfc - core[df12db4294e9bfd3]::panicking::panic_fmt
[INFO] [stdout]                                at /rustc/dfb0accb7f508ae8be965d8629557221c889dd98/library/core/src/panicking.rs:80:14
[INFO] [stdout]   19:     0x5676dd38c6e1 - <trybuild[209441e484c7895c]::Runner>::run::{closure#1}
[INFO] [stdout]                                at /opt/rustwide/cargo-home/registry/src/index.crates.io-1949cf8c6b5b557f/trybuild-1.0.116/src/run.rs:62:13
[INFO] [stdout]   20:     0x5676dd394ef8 - <core[df12db4294e9bfd3]::result::Result<(trybuild[209441e484c7895c]::run::Project, trybuild[209441e484c7895c]::flock::Lock), trybuild[209441e484c7895c]::error::Error>>::unwrap_or_else::<<trybuild[209441e484c7895c]::Runner>::run::{closure#1}>
[INFO] [stdout]                                at /rustc/dfb0accb7f508ae8be965d8629557221c889dd98/library/core/src/result.rs:1621:23
[INFO] [stdout]   21:     0x5676dd34afbf - <trybuild[209441e484c7895c]::Runner>::run
[INFO] [stdout]                                at /opt/rustwide/cargo-home/registry/src/index.crates.io-1949cf8c6b5b557f/trybuild-1.0.116/src/run.rs:60:10
[INFO] [stdout]   22:     0x5676dd357298 - <trybuild[209441e484c7895c]::TestCases as core[df12db4294e9bfd3]::ops::drop::Drop>::drop
[INFO] [stdout]                                at /opt/rustwide/cargo-home/registry/src/index.crates.io-1949cf8c6b5b557f/trybuild-1.0.116/src/lib.rs:342:38
[INFO] [stdout]   23:     0x5676dd275fd7 - core[df12db4294e9bfd3]::ptr::drop_glue::<trybuild[209441e484c7895c]::TestCases>
[INFO] [stdout]                                at /rustc/dfb0accb7f508ae8be965d8629557221c889dd98/library/core/src/ptr/mod.rs:847:1
[INFO] [stdout]   24:     0x5676dd2765fb - macro_tests[c49c188a18c1e71d]::compile_tests
[INFO] [stdout]                                at /opt/rustwide/workdir/tests/macro_tests.rs:6:1
[INFO] [stdout]   25:     0x5676dd276177 - macro_tests[c49c188a18c1e71d]::compile_tests::{closure#0}
[INFO] [stdout]                                at /opt/rustwide/workdir/tests/macro_tests.rs:2:19
[INFO] [stdout]   26:     0x5676dd2772f6 - <macro_tests[c49c188a18c1e71d]::compile_tests::{closure#0} as core[df12db4294e9bfd3]::ops::function::FnOnce<()>>::call_once
[INFO] [stdout]                                at /rustc/dfb0accb7f508ae8be965d8629557221c889dd98/library/core/src/ops/function.rs:250:5
[INFO] [stdout]   27:     0x5676dd49692b - <fn() -> core[df12db4294e9bfd3]::result::Result<(), alloc[2182bb758b4b3781]::string::String> as core[df12db4294e9bfd3]::ops::function::FnOnce<()>>::call_once
[INFO] [stdout]                                at /rustc/dfb0accb7f508ae8be965d8629557221c889dd98/library/core/src/ops/function.rs:250:5
[INFO] [stdout]   28:     0x5676dd49692b - test[9d35eded1c95d3be]::__rust_begin_short_backtrace::<core[df12db4294e9bfd3]::result::Result<(), alloc[2182bb758b4b3781]::string::String>, fn() -> core[df12db4294e9bfd3]::result::Result<(), alloc[2182bb758b4b3781]::string::String>>
[INFO] [stdout]                                at /rustc/dfb0accb7f508ae8be965d8629557221c889dd98/library/test/src/lib.rs:733:18
[INFO] [stdout]   29:     0x5676dd4a3f95 - test[9d35eded1c95d3be]::run_test_in_process::{closure#0}
[INFO] [stdout]                                at /rustc/dfb0accb7f508ae8be965d8629557221c889dd98/library/test/src/lib.rs:756:74
[INFO] [stdout]   30:     0x5676dd4a3f95 - <core[df12db4294e9bfd3]::panic::unwind_safe::AssertUnwindSafe<test[9d35eded1c95d3be]::run_test_in_process::{closure#0}> as core[df12db4294e9bfd3]::ops::function::FnOnce<()>>::call_once
[INFO] [stdout]                                at /rustc/dfb0accb7f508ae8be965d8629557221c889dd98/library/core/src/panic/unwind_safe.rs:275:9
[INFO] [stdout]   31:     0x5676dd4a3f95 - std[70759c8f55707aa4]::panicking::catch_unwind::do_call::<core[df12db4294e9bfd3]::panic::unwind_safe::AssertUnwindSafe<test[9d35eded1c95d3be]::run_test_in_process::{closure#0}>, core[df12db4294e9bfd3]::result::Result<(), alloc[2182bb758b4b3781]::string::String>>
[INFO] [stdout]                                at /rustc/dfb0accb7f508ae8be965d8629557221c889dd98/library/std/src/panicking.rs:576:43
[INFO] [stdout]   32:     0x5676dd4a3f95 - std[70759c8f55707aa4]::panicking::catch_unwind::<core[df12db4294e9bfd3]::result::Result<(), alloc[2182bb758b4b3781]::string::String>, core[df12db4294e9bfd3]::panic::unwind_safe::AssertUnwindSafe<test[9d35eded1c95d3be]::run_test_in_process::{closure#0}>>
[INFO] [stdout]                                at /rustc/dfb0accb7f508ae8be965d8629557221c889dd98/library/std/src/panicking.rs:544:19
[INFO] [stdout]   33:     0x5676dd4a3f95 - std[70759c8f55707aa4]::panic::catch_unwind::<core[df12db4294e9bfd3]::panic::unwind_safe::AssertUnwindSafe<test[9d35eded1c95d3be]::run_test_in_process::{closure#0}>, core[df12db4294e9bfd3]::result::Result<(), alloc[2182bb758b4b3781]::string::String>>
[INFO] [stdout]                                at /rustc/dfb0accb7f508ae8be965d8629557221c889dd98/library/std/src/panic.rs:359:14
[INFO] [stdout]   34:     0x5676dd4a3f95 - test[9d35eded1c95d3be]::run_test_in_process
[INFO] [stdout]                                at /rustc/dfb0accb7f508ae8be965d8629557221c889dd98/library/test/src/lib.rs:756:27
[INFO] [stdout]   35:     0x5676dd4a3f95 - test[9d35eded1c95d3be]::run_test::{closure#0}
[INFO] [stdout]                                at /rustc/dfb0accb7f508ae8be965d8629557221c889dd98/library/test/src/lib.rs:677:43
[INFO] [stdout]   36:     0x5676dd49d854 - test[9d35eded1c95d3be]::run_test::{closure#1}
[INFO] [stdout]                                at /rustc/dfb0accb7f508ae8be965d8629557221c889dd98/library/test/src/lib.rs:707:41
[INFO] [stdout]   37:     0x5676dd49d854 - std[70759c8f55707aa4]::sys::backtrace::__rust_begin_short_backtrace::<test[9d35eded1c95d3be]::run_test::{closure#1}, ()>
[INFO] [stdout]                                at /rustc/dfb0accb7f508ae8be965d8629557221c889dd98/library/std/src/sys/backtrace.rs:166:18
[INFO] [stdout]   38:     0x5676dd4a70f2 - std[70759c8f55707aa4]::thread::lifecycle::spawn_unchecked::<test[9d35eded1c95d3be]::run_test::{closure#1}, ()>::{closure#1}::{closure#0}
[INFO] [stdout]                                at /rustc/dfb0accb7f508ae8be965d8629557221c889dd98/library/std/src/thread/lifecycle.rs:70:13
[INFO] [stdout]   39:     0x5676dd4a70f2 - <core[df12db4294e9bfd3]::panic::unwind_safe::AssertUnwindSafe<std[70759c8f55707aa4]::thread::lifecycle::spawn_unchecked<test[9d35eded1c95d3be]::run_test::{closure#1}, ()>::{closure#1}::{closure#0}> as core[df12db4294e9bfd3]::ops::function::FnOnce<()>>::call_once
[INFO] [stdout]                                at /rustc/dfb0accb7f508ae8be965d8629557221c889dd98/library/core/src/panic/unwind_safe.rs:275:9
[INFO] [stdout]   40:     0x5676dd4a70f2 - std[70759c8f55707aa4]::panicking::catch_unwind::do_call::<core[df12db4294e9bfd3]::panic::unwind_safe::AssertUnwindSafe<std[70759c8f55707aa4]::thread::lifecycle::spawn_unchecked<test[9d35eded1c95d3be]::run_test::{closure#1}, ()>::{closure#1}::{closure#0}>, ()>
[INFO] [stdout]                                at /rustc/dfb0accb7f508ae8be965d8629557221c889dd98/library/std/src/panicking.rs:576:43
[INFO] [stdout]   41:     0x5676dd4a70f2 - std[70759c8f55707aa4]::panicking::catch_unwind::<(), core[df12db4294e9bfd3]::panic::unwind_safe::AssertUnwindSafe<std[70759c8f55707aa4]::thread::lifecycle::spawn_unchecked<test[9d35eded1c95d3be]::run_test::{closure#1}, ()>::{closure#1}::{closure#0}>>
[INFO] [stdout]                                at /rustc/dfb0accb7f508ae8be965d8629557221c889dd98/library/std/src/panicking.rs:544:19
[INFO] [stdout]   42:     0x5676dd4a70f2 - std[70759c8f55707aa4]::panic::catch_unwind::<core[df12db4294e9bfd3]::panic::unwind_safe::AssertUnwindSafe<std[70759c8f55707aa4]::thread::lifecycle::spawn_unchecked<test[9d35eded1c95d3be]::run_test::{closure#1}, ()>::{closure#1}::{closure#0}>, ()>
[INFO] [stdout]                                at /rustc/dfb0accb7f508ae8be965d8629557221c889dd98/library/std/src/panic.rs:359:14
[INFO] [stdout]   43:     0x5676dd4a70f2 - std[70759c8f55707aa4]::thread::lifecycle::spawn_unchecked::<test[9d35eded1c95d3be]::run_test::{closure#1}, ()>::{closure#1}
[INFO] [stdout]                                at /rustc/dfb0accb7f508ae8be965d8629557221c889dd98/library/std/src/thread/lifecycle.rs:68:26
[INFO] [stdout]   44:     0x5676dd4a70f2 - <std[70759c8f55707aa4]::thread::lifecycle::spawn_unchecked<test[9d35eded1c95d3be]::run_test::{closure#1}, ()>::{closure#1} as core[df12db4294e9bfd3]::ops::function::FnOnce<()>>::call_once::{shim:vtable#0}
[INFO] [stdout]                                at /rustc/dfb0accb7f508ae8be965d8629557221c889dd98/library/core/src/ops/function.rs:250:5
[INFO] [stdout]   45:     0x5676dd512009 - <alloc[2182bb758b4b3781]::boxed::Box<dyn core[df12db4294e9bfd3]::ops::function::FnOnce<(), Output = ()> + core[df12db4294e9bfd3]::marker::Send> as core[df12db4294e9bfd3]::ops::function::FnOnce<()>>::call_once
[INFO] [stdout]                                at /rustc/dfb0accb7f508ae8be965d8629557221c889dd98/library/alloc/src/boxed.rs:2320:9
[INFO] [stdout]   46:     0x5676dd512009 - <std[70759c8f55707aa4]::sys::thread::unix::Thread>::new::thread_start
[INFO] [stdout]                                at /rustc/dfb0accb7f508ae8be965d8629557221c889dd98/library/std/src/sys/thread/unix.rs:123:17
[INFO] [stdout]   47:     0x749de2ddddfa - <unknown>
[INFO] [stdout]   48:     0x749de2e713d4 - clone
[INFO] [stdout]   49:                0x0 - <unknown>
[INFO] [stdout] 
[INFO] [stdout] 
[INFO] [stdout] failures:
[INFO] [stdout]     compile_tests
[INFO] [stdout] 
[INFO] [stdout] test result: FAILED. 1 passed; 1 failed; 0 ignored; 0 measured; 0 filtered out; finished in 180.05s
[INFO] [stdout] 
[INFO] [stderr] error: test failed, to rerun pass `--test macro_tests`
[INFO] running `Command { std: "docker" "inspect" "d1fc4242b2362c32d6ebac101b9e7f227d2c8e9d92f2e688f3e6bcefd985c20c", kill_on_drop: false }`
[INFO] running `Command { std: "docker" "rm" "-f" "d1fc4242b2362c32d6ebac101b9e7f227d2c8e9d92f2e688f3e6bcefd985c20c", kill_on_drop: false }`
[INFO] [stdout] d1fc4242b2362c32d6ebac101b9e7f227d2c8e9d92f2e688f3e6bcefd985c20c
