[INFO] fetching crate super-speedy-syslog-searcher_ere_automator_procmacro 0.10.4...
[INFO] testing super-speedy-syslog-searcher_ere_automator_procmacro-0.10.4 against 1.99.0-beta.8 for beta-1.100-2
[INFO] extracting crate super-speedy-syslog-searcher_ere_automator_procmacro 0.10.4 into /workspace/builds/worker-2-tc1/source
[INFO] started tweaking crates.io crate super-speedy-syslog-searcher_ere_automator_procmacro 0.10.4
[INFO] finished tweaking crates.io crate super-speedy-syslog-searcher_ere_automator_procmacro 0.10.4
[INFO] tweaked toml for crates.io crate super-speedy-syslog-searcher_ere_automator_procmacro 0.10.4 written to /workspace/builds/worker-2-tc1/source/Cargo.toml
[INFO] validating manifest of crates.io crate super-speedy-syslog-searcher_ere_automator_procmacro 0.10.4 on toolchain 1.99.0-beta.8
[INFO] running `Command { std: CARGO_HOME="/workspace/cargo-home" RUSTUP_HOME="/workspace/rustup-home" "/workspace/cargo-home/bin/cargo" "+1.99.0-beta.8" "metadata" "--manifest-path" "Cargo.toml" "--no-deps", kill_on_drop: false }`
[INFO] crate crates.io crate super-speedy-syslog-searcher_ere_automator_procmacro 0.10.4 already has a lockfile, it will not be regenerated
[INFO] running `Command { std: CARGO_HOME="/workspace/cargo-home" RUSTUP_HOME="/workspace/rustup-home" "/workspace/cargo-home/bin/cargo" "+1.99.0-beta.8" "fetch" "--manifest-path" "Cargo.toml", kill_on_drop: false }`
[INFO] [stderr]     Updating crates.io index
[INFO] [stderr]  Downloading crates ...
[INFO] [stderr]   Downloaded super-speedy-syslog-searcher_ere-macros v0.10.4
[INFO] [stderr]   Downloaded super-speedy-syslog-searcher_ere v0.10.4
[INFO] [stderr]   Downloaded utf8-ranges v1.0.5
[INFO] [stderr]   Downloaded macro-string v0.3.0
[INFO] [stderr]   Downloaded super-speedy-syslog-searcher_ere-core v0.10.4
[INFO] running `Command { std: "docker" "create" "-v" "/var/lib/crater-agent-workspace/builds/worker-2-tc1/source:/opt/rustwide/workdir:ro,Z" "-v" "/var/lib/crater-agent-workspace/builds/worker-2-tc1/target:/opt/rustwide/target:rw,Z" "-v" "/var/lib/crater-agent-workspace/cargo-home:/opt/rustwide/cargo-home:ro,Z" "-v" "/var/lib/crater-agent-workspace/rustup-home:/opt/rustwide/rustup-home:ro,Z" "-m" "1610612736" "--network" "none" "ghcr.io/rust-lang/crates-build-env/linux@sha256:3111399a4047eeb3a02b7a90e478d715f38a8c6669b5c4b49d30a17385265909" "sleep" "infinity", kill_on_drop: false }`
[INFO] [stdout] 4b8bbed40f8b67ee53519b2cffa304038bea41452e6fbba1048a9a59163a59e7
[INFO] running `Command { std: "docker" "start" "4b8bbed40f8b67ee53519b2cffa304038bea41452e6fbba1048a9a59163a59e7", kill_on_drop: false }`
[INFO] running `Command { std: "docker" "inspect" "4b8bbed40f8b67ee53519b2cffa304038bea41452e6fbba1048a9a59163a59e7", kill_on_drop: false }`
[INFO] running `Command { std: "docker" "exec" "-e" "SOURCE_DIR=/opt/rustwide/workdir" "-e" "CARGO_HOME=/opt/rustwide/cargo-home" "-e" "RUSTUP_HOME=/opt/rustwide/rustup-home" "-e" "CARGO_TARGET_DIR=/opt/rustwide/target" "-w" "/opt/rustwide/workdir" "--user" "0:0" "4b8bbed40f8b67ee53519b2cffa304038bea41452e6fbba1048a9a59163a59e7" "/opt/rustwide/cargo-home/bin/cargo" "+1.99.0-beta.8" "metadata" "--no-deps" "--format-version=1", kill_on_drop: false }`
[INFO] running `Command { std: "docker" "inspect" "4b8bbed40f8b67ee53519b2cffa304038bea41452e6fbba1048a9a59163a59e7", kill_on_drop: false }`
[INFO] running `Command { std: "docker" "exec" "-e" "SOURCE_DIR=/opt/rustwide/workdir" "-e" "CARGO_HOME=/opt/rustwide/cargo-home" "-e" "RUSTUP_HOME=/opt/rustwide/rustup-home" "-e" "CARGO_TARGET_DIR=/opt/rustwide/target" "-e" "CARGO_INCREMENTAL=0" "-e" "RUST_BACKTRACE=full" "-e" "RUSTFLAGS=--cap-lints=warn" "-e" "RUSTDOCFLAGS=--cap-lints=warn" "-w" "/opt/rustwide/workdir" "--user" "0:0" "4b8bbed40f8b67ee53519b2cffa304038bea41452e6fbba1048a9a59163a59e7" "/opt/rustwide/cargo-home/bin/cargo" "+1.99.0-beta.8" "build" "--frozen" "--message-format=json", kill_on_drop: false }`
[INFO] [stderr]    Compiling proc-macro2 v1.0.107
[INFO] [stderr]    Compiling utf8-ranges v1.0.5
[INFO] [stderr]    Compiling dotenvy v0.15.7
[INFO] [stderr]    Compiling lazy_static v1.5.0
[INFO] [stderr]    Compiling const-str v1.1.0
[INFO] [stderr]    Compiling thiserror v2.0.20
[INFO] [stderr]    Compiling super-speedy-syslog-searcher_ere_automator_procmacro v0.10.4 (/opt/rustwide/workdir)
[INFO] [stderr]    Compiling quote v1.0.47
[INFO] [stderr]    Compiling syn v3.0.3
[INFO] [stderr]    Compiling syn v2.0.119
[INFO] [stderr]    Compiling macro-string v0.3.0
[INFO] [stderr]    Compiling thiserror-impl v2.0.20
[INFO] [stderr]    Compiling super-speedy-syslog-searcher_ere-core v0.10.4
[INFO] [stderr]    Compiling super-speedy-syslog-searcher_ere-macros v0.10.4
[INFO] [stderr]    Compiling super-speedy-syslog-searcher_ere v0.10.4
[INFO] [stderr]     Finished `dev` profile [unoptimized + debuginfo] target(s) in 16.67s
[INFO] running `Command { std: "docker" "inspect" "4b8bbed40f8b67ee53519b2cffa304038bea41452e6fbba1048a9a59163a59e7", kill_on_drop: false }`
[INFO] running `Command { std: "docker" "exec" "-e" "SOURCE_DIR=/opt/rustwide/workdir" "-e" "CARGO_HOME=/opt/rustwide/cargo-home" "-e" "RUSTUP_HOME=/opt/rustwide/rustup-home" "-e" "CARGO_TARGET_DIR=/opt/rustwide/target" "-e" "CARGO_INCREMENTAL=0" "-e" "RUST_BACKTRACE=full" "-e" "RUSTFLAGS=--cap-lints=warn" "-e" "RUSTDOCFLAGS=--cap-lints=warn" "-w" "/opt/rustwide/workdir" "--user" "0:0" "4b8bbed40f8b67ee53519b2cffa304038bea41452e6fbba1048a9a59163a59e7" "/opt/rustwide/cargo-home/bin/cargo" "+1.99.0-beta.8" "test" "--frozen" "--no-run" "--message-format=json", kill_on_drop: false }`
[INFO] [stderr]    Compiling super-speedy-syslog-searcher_ere_automator_procmacro v0.10.4 (/opt/rustwide/workdir)
[INFO] [stderr]     Finished `test` profile [unoptimized + debuginfo] target(s) in 1.72s
[INFO] running `Command { std: "docker" "inspect" "4b8bbed40f8b67ee53519b2cffa304038bea41452e6fbba1048a9a59163a59e7", kill_on_drop: false }`
[INFO] running `Command { std: "docker" "exec" "-e" "SOURCE_DIR=/opt/rustwide/workdir" "-e" "CARGO_HOME=/opt/rustwide/cargo-home" "-e" "RUSTUP_HOME=/opt/rustwide/rustup-home" "-e" "CARGO_TARGET_DIR=/opt/rustwide/target" "-e" "CARGO_INCREMENTAL=0" "-e" "RUST_BACKTRACE=full" "-e" "RUSTFLAGS=--cap-lints=warn" "-e" "RUSTDOCFLAGS=--cap-lints=warn" "-w" "/opt/rustwide/workdir" "--user" "0:0" "4b8bbed40f8b67ee53519b2cffa304038bea41452e6fbba1048a9a59163a59e7" "/opt/rustwide/cargo-home/bin/cargo" "+1.99.0-beta.8" "test" "--frozen", kill_on_drop: false }`
[INFO] [stderr]     Finished `test` profile [unoptimized + debuginfo] target(s) in 0.03s
[INFO] [stderr]      Running unittests src/ere_automator_procmacro.rs (/opt/rustwide/target/debug/deps/super_speedy_syslog_searcher_ere_automator_procmacro-92832d5d1680a558)
[INFO] [stdout] 
[INFO] [stdout] running 0 tests
[INFO] [stdout] 
[INFO] [stdout] test result: ok. 0 passed; 0 failed; 0 ignored; 0 measured; 0 filtered out; finished in 0.00s
[INFO] [stdout] 
[INFO] [stderr]    Doc-tests super_speedy_syslog_searcher_ere_automator_procmacro
[INFO] [stdout] 
[INFO] [stdout] running 2 tests
[INFO] [stdout] test src/ere_automator_procmacro.rs - counter_last (line 558) ... FAILED
[INFO] [stdout] test src/ere_automator_procmacro.rs - counter (line 533) ... FAILED
[INFO] [stdout] 
[INFO] [stdout] failures:
[INFO] [stdout] 
[INFO] [stdout] ---- src/ere_automator_procmacro.rs - counter_last (line 558) stdout ----
[INFO] [stdout] error: cannot find macro `counter` in this scope
[INFO] [stdout]    --> src/ere_automator_procmacro.rs:559:16
[INFO] [stdout]     |
[INFO] [stdout] 559 | let a: usize = counter!(); // 1
[INFO] [stdout]     |                ^^^^^^^
[INFO] [stdout] 
[INFO] [stdout] error: cannot find macro `counter_last` in this scope
[INFO] [stdout]    --> src/ere_automator_procmacro.rs:560:16
[INFO] [stdout]     |
[INFO] [stdout] 560 | let b: usize = counter_last!();
[INFO] [stdout]     |                ^^^^^^^^^^^^
[INFO] [stdout] 
[INFO] [stdout] error: aborting due to 2 previous errors
[INFO] [stdout] 
[INFO] [stdout] Couldn't compile the test.
[INFO] [stdout] ---- src/ere_automator_procmacro.rs - counter (line 533) stdout ----
[INFO] [stdout] error: cannot find macro `counter` in this scope
[INFO] [stdout]    --> src/ere_automator_procmacro.rs:534:16
[INFO] [stdout]     |
[INFO] [stdout] 534 | let a: usize = counter!(); // 1
[INFO] [stdout]     |                ^^^^^^^
[INFO] [stdout] 
[INFO] [stdout] error: cannot find macro `counter` in this scope
[INFO] [stdout]    --> src/ere_automator_procmacro.rs:535:16
[INFO] [stdout]     |
[INFO] [stdout] 535 | let b: usize = counter!();
[INFO] [stdout]     |                ^^^^^^^
[INFO] [stdout] 
[INFO] [stdout] error: aborting due to 2 previous errors
[INFO] [stdout] 
[INFO] [stdout] Couldn't compile the test.
[INFO] [stdout] 
[INFO] [stdout] failures:
[INFO] [stdout]     src/ere_automator_procmacro.rs - counter (line 533)
[INFO] [stdout]     src/ere_automator_procmacro.rs - counter_last (line 558)
[INFO] [stdout] 
[INFO] [stdout] test result: FAILED. 0 passed; 2 failed; 0 ignored; 0 measured; 0 filtered out; finished in 0.66s
[INFO] [stdout] 
[INFO] [stdout] all doctests ran in 1.09s; merged doctests compilation took 0.42s
[INFO] [stderr] error: doctest failed, to rerun pass `--doc`
[INFO] running `Command { std: "docker" "inspect" "4b8bbed40f8b67ee53519b2cffa304038bea41452e6fbba1048a9a59163a59e7", kill_on_drop: false }`
[INFO] running `Command { std: "docker" "rm" "-f" "4b8bbed40f8b67ee53519b2cffa304038bea41452e6fbba1048a9a59163a59e7", kill_on_drop: false }`
[INFO] [stdout] 4b8bbed40f8b67ee53519b2cffa304038bea41452e6fbba1048a9a59163a59e7
