[INFO] fetching crate suika_server 0.1.8...
[INFO] testing suika_server-0.1.8 against 1.99.0-beta.8 for beta-1.100-2
[INFO] extracting crate suika_server 0.1.8 into /workspace/builds/worker-7-tc1/source
[INFO] started tweaking crates.io crate suika_server 0.1.8
[INFO] finished tweaking crates.io crate suika_server 0.1.8
[INFO] tweaked toml for crates.io crate suika_server 0.1.8 written to /workspace/builds/worker-7-tc1/source/Cargo.toml
[INFO] validating manifest of crates.io crate suika_server 0.1.8 on toolchain 1.99.0-beta.8
[INFO] running `Command { std: CARGO_HOME="/workspace/cargo-home" RUSTUP_HOME="/workspace/rustup-home" "/workspace/cargo-home/bin/cargo" "+1.99.0-beta.8" "metadata" "--manifest-path" "Cargo.toml" "--no-deps", kill_on_drop: false }`
[INFO] crate crates.io crate suika_server 0.1.8 already has a lockfile, it will not be regenerated
[INFO] running `Command { std: CARGO_HOME="/workspace/cargo-home" RUSTUP_HOME="/workspace/rustup-home" "/workspace/cargo-home/bin/cargo" "+1.99.0-beta.8" "fetch" "--manifest-path" "Cargo.toml", kill_on_drop: false }`
[INFO] [stderr]     Updating crates.io index
[INFO] [stderr]  Downloading crates ...
[INFO] [stderr]   Downloaded proc-macro2 v1.0.92
[INFO] [stderr]   Downloaded tokio-macros v2.4.0
[INFO] [stderr]   Downloaded socket2 v0.5.8
[INFO] [stderr]   Downloaded suika_json v0.1.5
[INFO] [stderr]   Downloaded suika_utils v0.1.2
[INFO] [stderr]   Downloaded suika_templates v0.1.6
[INFO] [stderr]   Downloaded suika_mime v0.1.2
[INFO] [stderr]   Downloaded errno v0.3.10
[INFO] [stderr]   Downloaded redox_syscall v0.5.8
[INFO] [stderr]   Downloaded signal-hook-registry v1.4.2
[INFO] [stderr]   Downloaded parking_lot_core v0.9.10
[INFO] [stderr]   Downloaded glob v0.3.2
[INFO] [stderr]   Downloaded pin-project-lite v0.2.15
[INFO] [stderr]   Downloaded lock_api v0.4.12
[INFO] [stderr]   Downloaded tempfile v3.14.0
[INFO] [stderr]   Downloaded once_cell v1.20.2
[INFO] [stderr]   Downloaded bitflags v2.6.0
[INFO] [stderr]   Downloaded parking_lot v0.12.3
[INFO] [stderr]   Downloaded miniz_oxide v0.8.2
[INFO] [stderr]   Downloaded bytes v1.9.0
[INFO] [stderr]   Downloaded backtrace v0.3.74
[INFO] [stderr]   Downloaded syn v2.0.94
[INFO] [stderr]   Downloaded rustix v0.38.42
[INFO] [stderr]   Downloaded tokio v1.42.0
[INFO] [stderr]   Downloaded libc v0.2.169
[INFO] [stderr]   Downloaded linux-raw-sys v0.4.14
[INFO] running `Command { std: "docker" "create" "-v" "/var/lib/crater-agent-workspace/builds/worker-7-tc1/source:/opt/rustwide/workdir:ro,Z" "-v" "/var/lib/crater-agent-workspace/builds/worker-7-tc1/target:/opt/rustwide/target:rw,Z" "-v" "/var/lib/crater-agent-workspace/cargo-home:/opt/rustwide/cargo-home:ro,Z" "-v" "/var/lib/crater-agent-workspace/rustup-home:/opt/rustwide/rustup-home:ro,Z" "-m" "1610612736" "--network" "none" "ghcr.io/rust-lang/crates-build-env/linux@sha256:3111399a4047eeb3a02b7a90e478d715f38a8c6669b5c4b49d30a17385265909" "sleep" "infinity", kill_on_drop: false }`
[INFO] [stdout] 6b911b551946dbc82c33df879b79d4d42ade76ea63ebbbecbd71fade7a524d53
[INFO] running `Command { std: "docker" "start" "6b911b551946dbc82c33df879b79d4d42ade76ea63ebbbecbd71fade7a524d53", kill_on_drop: false }`
[INFO] running `Command { std: "docker" "inspect" "6b911b551946dbc82c33df879b79d4d42ade76ea63ebbbecbd71fade7a524d53", kill_on_drop: false }`
[INFO] running `Command { std: "docker" "exec" "-e" "SOURCE_DIR=/opt/rustwide/workdir" "-e" "CARGO_HOME=/opt/rustwide/cargo-home" "-e" "RUSTUP_HOME=/opt/rustwide/rustup-home" "-e" "CARGO_TARGET_DIR=/opt/rustwide/target" "-w" "/opt/rustwide/workdir" "--user" "0:0" "6b911b551946dbc82c33df879b79d4d42ade76ea63ebbbecbd71fade7a524d53" "/opt/rustwide/cargo-home/bin/cargo" "+1.99.0-beta.8" "metadata" "--no-deps" "--format-version=1", kill_on_drop: false }`
[INFO] running `Command { std: "docker" "inspect" "6b911b551946dbc82c33df879b79d4d42ade76ea63ebbbecbd71fade7a524d53", kill_on_drop: false }`
[INFO] running `Command { std: "docker" "exec" "-e" "SOURCE_DIR=/opt/rustwide/workdir" "-e" "CARGO_HOME=/opt/rustwide/cargo-home" "-e" "RUSTUP_HOME=/opt/rustwide/rustup-home" "-e" "CARGO_TARGET_DIR=/opt/rustwide/target" "-e" "CARGO_INCREMENTAL=0" "-e" "RUST_BACKTRACE=full" "-e" "RUSTFLAGS=--cap-lints=warn" "-e" "RUSTDOCFLAGS=--cap-lints=warn" "-w" "/opt/rustwide/workdir" "--user" "0:0" "6b911b551946dbc82c33df879b79d4d42ade76ea63ebbbecbd71fade7a524d53" "/opt/rustwide/cargo-home/bin/cargo" "+1.99.0-beta.8" "build" "--frozen" "--message-format=json", kill_on_drop: false }`
[INFO] [stderr]    Compiling proc-macro2 v1.0.92
[INFO] [stderr]    Compiling unicode-ident v1.0.14
[INFO] [stderr]    Compiling libc v0.2.169
[INFO] [stderr]    Compiling lock_api v0.4.12
[INFO] [stderr]    Compiling parking_lot_core v0.9.10
[INFO] [stderr]    Compiling pin-project-lite v0.2.15
[INFO] [stderr]    Compiling smallvec v1.13.2
[INFO] [stderr]    Compiling suika_utils v0.1.2
[INFO] [stderr]    Compiling bytes v1.9.0
[INFO] [stderr]    Compiling glob v0.3.2
[INFO] [stderr]    Compiling suika_mime v0.1.2
[INFO] [stderr]    Compiling suika_json v0.1.5
[INFO] [stderr]    Compiling suika_templates v0.1.6
[INFO] [stderr]    Compiling quote v1.0.38
[INFO] [stderr]    Compiling syn v2.0.94
[INFO] [stderr]    Compiling mio v1.0.3
[INFO] [stderr]    Compiling signal-hook-registry v1.4.2
[INFO] [stderr]    Compiling socket2 v0.5.8
[INFO] [stderr]    Compiling parking_lot v0.12.3
[INFO] [stderr]    Compiling futures-macro v0.3.31
[INFO] [stderr]    Compiling tokio-macros v2.4.0
[INFO] [stderr]    Compiling tokio v1.42.0
[INFO] [stderr]    Compiling futures-util v0.3.31
[INFO] [stderr]    Compiling futures-executor v0.3.31
[INFO] [stderr]    Compiling futures v0.3.31
[INFO] [stderr]    Compiling suika_server v0.1.8 (/opt/rustwide/workdir)
[INFO] [stderr]     Finished `dev` profile [unoptimized + debuginfo] target(s) in 24.37s
[INFO] running `Command { std: "docker" "inspect" "6b911b551946dbc82c33df879b79d4d42ade76ea63ebbbecbd71fade7a524d53", kill_on_drop: false }`
[INFO] running `Command { std: "docker" "exec" "-e" "SOURCE_DIR=/opt/rustwide/workdir" "-e" "CARGO_HOME=/opt/rustwide/cargo-home" "-e" "RUSTUP_HOME=/opt/rustwide/rustup-home" "-e" "CARGO_TARGET_DIR=/opt/rustwide/target" "-e" "CARGO_INCREMENTAL=0" "-e" "RUST_BACKTRACE=full" "-e" "RUSTFLAGS=--cap-lints=warn" "-e" "RUSTDOCFLAGS=--cap-lints=warn" "-w" "/opt/rustwide/workdir" "--user" "0:0" "6b911b551946dbc82c33df879b79d4d42ade76ea63ebbbecbd71fade7a524d53" "/opt/rustwide/cargo-home/bin/cargo" "+1.99.0-beta.8" "test" "--frozen" "--no-run" "--message-format=json", kill_on_drop: false }`
[INFO] [stderr]    Compiling rustix v0.38.42
[INFO] [stderr]    Compiling linux-raw-sys v0.4.14
[INFO] [stderr]    Compiling bitflags v2.6.0
[INFO] [stderr]    Compiling once_cell v1.20.2
[INFO] [stderr]    Compiling fastrand v2.3.0
[INFO] [stderr]    Compiling tempfile v3.14.0
[INFO] [stderr]    Compiling suika_server v0.1.8 (/opt/rustwide/workdir)
[INFO] [stderr]     Finished `test` profile [unoptimized + debuginfo] target(s) in 7.44s
[INFO] running `Command { std: "docker" "inspect" "6b911b551946dbc82c33df879b79d4d42ade76ea63ebbbecbd71fade7a524d53", kill_on_drop: false }`
[INFO] running `Command { std: "docker" "exec" "-e" "SOURCE_DIR=/opt/rustwide/workdir" "-e" "CARGO_HOME=/opt/rustwide/cargo-home" "-e" "RUSTUP_HOME=/opt/rustwide/rustup-home" "-e" "CARGO_TARGET_DIR=/opt/rustwide/target" "-e" "CARGO_INCREMENTAL=0" "-e" "RUST_BACKTRACE=full" "-e" "RUSTFLAGS=--cap-lints=warn" "-e" "RUSTDOCFLAGS=--cap-lints=warn" "-w" "/opt/rustwide/workdir" "--user" "0:0" "6b911b551946dbc82c33df879b79d4d42ade76ea63ebbbecbd71fade7a524d53" "/opt/rustwide/cargo-home/bin/cargo" "+1.99.0-beta.8" "test" "--frozen", kill_on_drop: false }`
[INFO] [stderr]     Finished `test` profile [unoptimized + debuginfo] target(s) in 0.06s
[INFO] [stderr]      Running unittests src/lib.rs (/opt/rustwide/target/debug/deps/suika_server-ce76a2cc4bc9a9d5)
[INFO] [stdout] 
[INFO] [stdout] running 38 tests
[INFO] [stdout] test error::tests::test_to_tuple ... ok
[INFO] [stdout] test middleware::cors::tests::test_cors_middleware_options_request ... ok
[INFO] [stdout] test middleware::cors::tests::test_cors_middleware_headers ... ok
[INFO] [stdout] test error::tests::test_display ... ok
[INFO] [stdout] test middleware::favicon::tests::test_favicon_middleware_passes_other_paths ... ok
[INFO] [stdout] test middleware::static_file::tests::test_static_file_middleware_passes_other_paths ... ok
[INFO] [stdout] test middleware::logger::tests::test_logger_middleware_passes_request ... ok
[INFO] [stdout] test middleware::logger::tests::test_logger_middleware_logs_request ... ok
[INFO] [stdout] test middleware::favicon::tests::test_favicon_middleware_serves_favicon ... ok
[INFO] [stdout] test middleware::traits::tests::test_next_new ... ok
[INFO] [stdout] test middleware::traits::tests::test_next_run ... ok
[INFO] [stdout] test middleware::traits::tests::test_next_run_multiple_middleware ... ok
[INFO] [stdout] test request::tests::test_module ... ok
[INFO] [stdout] test request::tests::test_module_not_found ... ok
[INFO] [stdout] test request::tests::test_module_wrong_type ... ok
[INFO] [stdout] test request::tests::test_new_request ... ok
[INFO] [stdout] test request::tests::test_new_request_with_form_data ... ok
[INFO] [stdout] test request::tests::test_new_request_with_json_body ... ok
[INFO] [stdout] test request::tests::test_set_json_body ... ok
[INFO] [stdout] test request::tests::test_set_params ... ok
[INFO] [stdout] test request::tests::test_set_path ... ok
[INFO] [stdout] test response::tests::test_body ... ok
[INFO] [stdout] test response::tests::test_body_bytes ... ok
[INFO] [stdout] test response::tests::test_body_json ... ok
[INFO] [stdout] test response::tests::test_error ... ok
[INFO] [stdout] test response::tests::test_header ... ok
[INFO] [stdout] test response::tests::test_render_template ... ok
[INFO] [stdout] test response::tests::test_send ... ok
[INFO] [stdout] test response::tests::test_set_status ... ok
[INFO] [stdout] test response::tests::test_status ... ok
[INFO] [stdout] test router::tests::test_router_handles_delete_route ... ok
[INFO] [stdout] test router::tests::test_router_handles_get_route ... ok
[INFO] [stdout] test router::tests::test_router_handles_post_route ... ok
[INFO] [stdout] test router::tests::test_router_handles_put_route ... ok
[INFO] [stdout] test middleware::static_file::tests::test_static_file_middleware_serves_file ... ok
[INFO] [stdout] test response::tests::test_send_file ... FAILED
[INFO] [stdout] test server::tests::test_server_with_middleware ... ok
[INFO] [stdout] test server::tests::test_server_without_middleware ... ok
[INFO] [stdout] 
[INFO] [stdout] failures:
[INFO] [stdout] 
[INFO] [stdout] ---- response::tests::test_send_file stdout ----
[INFO] [stdout] 
[INFO] [stdout] thread 'response::tests::test_send_file' (611) panicked at src/response.rs:352:54:
[INFO] [stdout] called `Result::unwrap()` on an `Err` value: Os { code: 30, kind: ReadOnlyFilesystem, message: "Read-only file system" }
[INFO] [stdout] stack backtrace:
[INFO] [stdout]    0:     0x575f86fefdb1 - std[70759c8f55707aa4]::backtrace_rs::backtrace::libunwind::trace
[INFO] [stdout]                                at /rustc/dfb0accb7f508ae8be965d8629557221c889dd98/library/std/src/../../backtrace/src/backtrace/libunwind.rs:117:9
[INFO] [stdout]    1:     0x575f86fefdb1 - std[70759c8f55707aa4]::backtrace_rs::backtrace::trace_unsynchronized::<std[70759c8f55707aa4]::sys::backtrace::_print_fmt::{closure#1}>
[INFO] [stdout]                                at /rustc/dfb0accb7f508ae8be965d8629557221c889dd98/library/std/src/../../backtrace/src/backtrace/mod.rs:66:14
[INFO] [stdout]    2:     0x575f86fefdb1 - std[70759c8f55707aa4]::sys::backtrace::_print_fmt
[INFO] [stdout]                                at /rustc/dfb0accb7f508ae8be965d8629557221c889dd98/library/std/src/sys/backtrace.rs:74:9
[INFO] [stdout]    3:     0x575f86fefdb1 - <<std[70759c8f55707aa4]::sys::backtrace::BacktraceLock>::print::DisplayBacktrace as core[df12db4294e9bfd3]::fmt::Display>::fmt
[INFO] [stdout]                                at /rustc/dfb0accb7f508ae8be965d8629557221c889dd98/library/std/src/sys/backtrace.rs:44:26
[INFO] [stdout]    4:     0x575f870085ca - <core[df12db4294e9bfd3]::fmt::rt::Argument>::fmt
[INFO] [stdout]                                at /rustc/dfb0accb7f508ae8be965d8629557221c889dd98/library/core/src/fmt/rt.rs:152:76
[INFO] [stdout]    5:     0x575f870085ca - core[df12db4294e9bfd3]::fmt::write
[INFO] [stdout]    6:     0x575f86ff481c - core[df12db4294e9bfd3]::io::write::default_write_fmt::<alloc[2182bb758b4b3781]::vec::Vec<u8>>
[INFO] [stdout]                                at /rustc/dfb0accb7f508ae8be965d8629557221c889dd98/library/core/src/io/write.rs:402:11
[INFO] [stdout]    7:     0x575f86ff481c - <alloc[2182bb758b4b3781]::vec::Vec<u8> as core[df12db4294e9bfd3]::io::write::Write>::write_fmt
[INFO] [stdout]                                at /rustc/dfb0accb7f508ae8be965d8629557221c889dd98/library/core/src/io/write.rs:335:13
[INFO] [stdout]    8:     0x575f86fcb006 - <std[70759c8f55707aa4]::sys::backtrace::BacktraceLock>::print
[INFO] [stdout]                                at /rustc/dfb0accb7f508ae8be965d8629557221c889dd98/library/std/src/sys/backtrace.rs:47:9
[INFO] [stdout]    9:     0x575f86fcb006 - std[70759c8f55707aa4]::panicking::default_hook::{closure#0}
[INFO] [stdout]                                at /rustc/dfb0accb7f508ae8be965d8629557221c889dd98/library/std/src/panicking.rs:292:27
[INFO] [stdout]   10:     0x575f86fe7c79 - std[70759c8f55707aa4]::panicking::default_hook
[INFO] [stdout]                                at /rustc/dfb0accb7f508ae8be965d8629557221c889dd98/library/std/src/panicking.rs:316:9
[INFO] [stdout]   11:     0x575f86c20670 - <alloc[2182bb758b4b3781]::boxed::Box<dyn for<'a, 'b> core[df12db4294e9bfd3]::ops::function::Fn<(&'a std[70759c8f55707aa4]::panic::PanicHookInfo<'b>,), Output = ()> + core[df12db4294e9bfd3]::marker::Send + core[df12db4294e9bfd3]::marker::Sync> as core[df12db4294e9bfd3]::ops::function::Fn<(&std[70759c8f55707aa4]::panic::PanicHookInfo,)>>::call
[INFO] [stdout]                                at /rustc/dfb0accb7f508ae8be965d8629557221c889dd98/library/alloc/src/boxed.rs:2334:9
[INFO] [stdout]   12:     0x575f86c20670 - test[9d35eded1c95d3be]::test_main_inner::<test[9d35eded1c95d3be]::test_main_static::{closure#0}>::{closure#0}
[INFO] [stdout]                                at /rustc/dfb0accb7f508ae8be965d8629557221c889dd98/library/test/src/lib.rs:155:21
[INFO] [stdout]   13:     0x575f86fe7fa2 - <alloc[2182bb758b4b3781]::boxed::Box<dyn for<'a, 'b> core[df12db4294e9bfd3]::ops::function::Fn<(&'a std[70759c8f55707aa4]::panic::PanicHookInfo<'b>,), Output = ()> + core[df12db4294e9bfd3]::marker::Send + core[df12db4294e9bfd3]::marker::Sync> as core[df12db4294e9bfd3]::ops::function::Fn<(&std[70759c8f55707aa4]::panic::PanicHookInfo,)>>::call
[INFO] [stdout]                                at /rustc/dfb0accb7f508ae8be965d8629557221c889dd98/library/alloc/src/boxed.rs:2334:9
[INFO] [stdout]   14:     0x575f86fe7fa2 - std[70759c8f55707aa4]::panicking::panic_with_hook
[INFO] [stdout]                                at /rustc/dfb0accb7f508ae8be965d8629557221c889dd98/library/std/src/panicking.rs:823:13
[INFO] [stdout]   15:     0x575f86fcb0b2 - std[70759c8f55707aa4]::panicking::panic_handler::{closure#0}
[INFO] [stdout]                                at /rustc/dfb0accb7f508ae8be965d8629557221c889dd98/library/std/src/panicking.rs:688:13
[INFO] [stdout]   16:     0x575f86fc3cd9 - std[70759c8f55707aa4]::sys::backtrace::__rust_end_short_backtrace::<std[70759c8f55707aa4]::panicking::panic_handler::{closure#0}, !>
[INFO] [stdout]                                at /rustc/dfb0accb7f508ae8be965d8629557221c889dd98/library/std/src/sys/backtrace.rs:182:18
[INFO] [stdout]   17:     0x575f86fcbe9d - __rustc[8fa7c3cbc660c2b3]::rust_begin_unwind
[INFO] [stdout]                                at /rustc/dfb0accb7f508ae8be965d8629557221c889dd98/library/std/src/panicking.rs:679:5
[INFO] [stdout]   18:     0x575f87008e6c - core[df12db4294e9bfd3]::panicking::panic_fmt
[INFO] [stdout]                                at /rustc/dfb0accb7f508ae8be965d8629557221c889dd98/library/core/src/panicking.rs:80:14
[INFO] [stdout]   19:     0x575f87008bc2 - core[df12db4294e9bfd3]::result::unwrap_failed
[INFO] [stdout]                                at /rustc/dfb0accb7f508ae8be965d8629557221c889dd98/library/core/src/result.rs:1871:5
[INFO] [stdout]   20:     0x575f86c03e74 - <core[df12db4294e9bfd3]::result::Result<tokio[c2a4f43b8bef8d88]::fs::file::File, core[df12db4294e9bfd3]::io::error::Error>>::unwrap
[INFO] [stdout]                                at /rustc/dfb0accb7f508ae8be965d8629557221c889dd98/library/core/src/result.rs:1232:23
[INFO] [stdout]   21:     0x575f86c03e74 - suika_server[f14bdef7add0d91]::response::tests::test_send_file::{closure#0}
[INFO] [stdout]                                at /opt/rustwide/workdir/src/response.rs:352:54
[INFO] [stdout]   22:     0x575f86bc8ba2 - <core[df12db4294e9bfd3]::pin::Pin<&mut dyn core[df12db4294e9bfd3]::future::future::Future<Output = ()>> as core[df12db4294e9bfd3]::future::future::Future>::poll
[INFO] [stdout]                                at /rustc/dfb0accb7f508ae8be965d8629557221c889dd98/library/core/src/future/future.rs:133:9
[INFO] [stdout]   23:     0x575f86bc8c5d - <core[df12db4294e9bfd3]::pin::Pin<&mut core[df12db4294e9bfd3]::pin::Pin<&mut dyn core[df12db4294e9bfd3]::future::future::Future<Output = ()>>> as core[df12db4294e9bfd3]::future::future::Future>::poll
[INFO] [stdout]                                at /rustc/dfb0accb7f508ae8be965d8629557221c889dd98/library/core/src/future/future.rs:133:9
[INFO] [stdout]   24:     0x575f86baed5d - <tokio[c2a4f43b8bef8d88]::runtime::scheduler::current_thread::CoreGuard>::block_on::<core[df12db4294e9bfd3]::pin::Pin<&mut core[df12db4294e9bfd3]::pin::Pin<&mut dyn core[df12db4294e9bfd3]::future::future::Future<Output = ()>>>>::{closure#0}::{closure#0}::{closure#0}
[INFO] [stdout]                                at /opt/rustwide/cargo-home/registry/src/index.crates.io-1949cf8c6b5b557f/tokio-1.42.0/src/runtime/scheduler/current_thread/mod.rs:729:73
[INFO] [stdout]   25:     0x575f86baeb55 - tokio[c2a4f43b8bef8d88]::runtime::coop::with_budget::<core[df12db4294e9bfd3]::task::poll::Poll<()>, <tokio[c2a4f43b8bef8d88]::runtime::scheduler::current_thread::CoreGuard>::block_on<core[df12db4294e9bfd3]::pin::Pin<&mut core[df12db4294e9bfd3]::pin::Pin<&mut dyn core[df12db4294e9bfd3]::future::future::Future<Output = ()>>>>::{closure#0}::{closure#0}::{closure#0}>
[INFO] [stdout]                                at /opt/rustwide/cargo-home/registry/src/index.crates.io-1949cf8c6b5b557f/tokio-1.42.0/src/runtime/coop.rs:107:5
[INFO] [stdout]   26:     0x575f86baeb55 - tokio[c2a4f43b8bef8d88]::runtime::coop::budget::<core[df12db4294e9bfd3]::task::poll::Poll<()>, <tokio[c2a4f43b8bef8d88]::runtime::scheduler::current_thread::CoreGuard>::block_on<core[df12db4294e9bfd3]::pin::Pin<&mut core[df12db4294e9bfd3]::pin::Pin<&mut dyn core[df12db4294e9bfd3]::future::future::Future<Output = ()>>>>::{closure#0}::{closure#0}::{closure#0}>
[INFO] [stdout]                                at /opt/rustwide/cargo-home/registry/src/index.crates.io-1949cf8c6b5b557f/tokio-1.42.0/src/runtime/coop.rs:73:5
[INFO] [stdout]   27:     0x575f86baeb55 - <tokio[c2a4f43b8bef8d88]::runtime::scheduler::current_thread::CoreGuard>::block_on::<core[df12db4294e9bfd3]::pin::Pin<&mut core[df12db4294e9bfd3]::pin::Pin<&mut dyn core[df12db4294e9bfd3]::future::future::Future<Output = ()>>>>::{closure#0}::{closure#0}
[INFO] [stdout]                                at /opt/rustwide/cargo-home/registry/src/index.crates.io-1949cf8c6b5b557f/tokio-1.42.0/src/runtime/scheduler/current_thread/mod.rs:729:25
[INFO] [stdout]   28:     0x575f86ba7542 - <tokio[c2a4f43b8bef8d88]::runtime::scheduler::current_thread::Context>::enter::<core[df12db4294e9bfd3]::task::poll::Poll<()>, <tokio[c2a4f43b8bef8d88]::runtime::scheduler::current_thread::CoreGuard>::block_on<core[df12db4294e9bfd3]::pin::Pin<&mut core[df12db4294e9bfd3]::pin::Pin<&mut dyn core[df12db4294e9bfd3]::future::future::Future<Output = ()>>>>::{closure#0}::{closure#0}>
[INFO] [stdout]                                at /opt/rustwide/cargo-home/registry/src/index.crates.io-1949cf8c6b5b557f/tokio-1.42.0/src/runtime/scheduler/current_thread/mod.rs:428:19
[INFO] [stdout]   29:     0x575f86bad360 - <tokio[c2a4f43b8bef8d88]::runtime::scheduler::current_thread::CoreGuard>::block_on::<core[df12db4294e9bfd3]::pin::Pin<&mut core[df12db4294e9bfd3]::pin::Pin<&mut dyn core[df12db4294e9bfd3]::future::future::Future<Output = ()>>>>::{closure#0}
[INFO] [stdout]                                at /opt/rustwide/cargo-home/registry/src/index.crates.io-1949cf8c6b5b557f/tokio-1.42.0/src/runtime/scheduler/current_thread/mod.rs:728:44
[INFO] [stdout]   30:     0x575f86babb84 - <tokio[c2a4f43b8bef8d88]::runtime::scheduler::current_thread::CoreGuard>::enter::<<tokio[c2a4f43b8bef8d88]::runtime::scheduler::current_thread::CoreGuard>::block_on<core[df12db4294e9bfd3]::pin::Pin<&mut core[df12db4294e9bfd3]::pin::Pin<&mut dyn core[df12db4294e9bfd3]::future::future::Future<Output = ()>>>>::{closure#0}, core[df12db4294e9bfd3]::option::Option<()>>::{closure#0}
[INFO] [stdout]                                at /opt/rustwide/cargo-home/registry/src/index.crates.io-1949cf8c6b5b557f/tokio-1.42.0/src/runtime/scheduler/current_thread/mod.rs:807:68
[INFO] [stdout]   31:     0x575f86bc0e1b - <tokio[c2a4f43b8bef8d88]::runtime::context::scoped::Scoped<tokio[c2a4f43b8bef8d88]::runtime::scheduler::Context>>::set::<<tokio[c2a4f43b8bef8d88]::runtime::scheduler::current_thread::CoreGuard>::enter<<tokio[c2a4f43b8bef8d88]::runtime::scheduler::current_thread::CoreGuard>::block_on<core[df12db4294e9bfd3]::pin::Pin<&mut core[df12db4294e9bfd3]::pin::Pin<&mut dyn core[df12db4294e9bfd3]::future::future::Future<Output = ()>>>>::{closure#0}, core[df12db4294e9bfd3]::option::Option<()>>::{closure#0}, (alloc[2182bb758b4b3781]::boxed::Box<tokio[c2a4f43b8bef8d88]::runtime::scheduler::current_thread::Core>, core[df12db4294e9bfd3]::option::Option<()>)>
[INFO] [stdout]                                at /opt/rustwide/cargo-home/registry/src/index.crates.io-1949cf8c6b5b557f/tokio-1.42.0/src/runtime/context/scoped.rs:40:9
[INFO] [stdout]   32:     0x575f86bd9419 - tokio[c2a4f43b8bef8d88]::runtime::context::set_scheduler::<(alloc[2182bb758b4b3781]::boxed::Box<tokio[c2a4f43b8bef8d88]::runtime::scheduler::current_thread::Core>, core[df12db4294e9bfd3]::option::Option<()>), <tokio[c2a4f43b8bef8d88]::runtime::scheduler::current_thread::CoreGuard>::enter<<tokio[c2a4f43b8bef8d88]::runtime::scheduler::current_thread::CoreGuard>::block_on<core[df12db4294e9bfd3]::pin::Pin<&mut core[df12db4294e9bfd3]::pin::Pin<&mut dyn core[df12db4294e9bfd3]::future::future::Future<Output = ()>>>>::{closure#0}, core[df12db4294e9bfd3]::option::Option<()>>::{closure#0}>::{closure#0}
[INFO] [stdout]                                at /opt/rustwide/cargo-home/registry/src/index.crates.io-1949cf8c6b5b557f/tokio-1.42.0/src/runtime/context.rs:180:38
[INFO] [stdout]   33:     0x575f86bfad6f - <std[70759c8f55707aa4]::thread::local::LocalKey<tokio[c2a4f43b8bef8d88]::runtime::context::Context>>::try_with::<tokio[c2a4f43b8bef8d88]::runtime::context::set_scheduler<(alloc[2182bb758b4b3781]::boxed::Box<tokio[c2a4f43b8bef8d88]::runtime::scheduler::current_thread::Core>, core[df12db4294e9bfd3]::option::Option<()>), <tokio[c2a4f43b8bef8d88]::runtime::scheduler::current_thread::CoreGuard>::enter<<tokio[c2a4f43b8bef8d88]::runtime::scheduler::current_thread::CoreGuard>::block_on<core[df12db4294e9bfd3]::pin::Pin<&mut core[df12db4294e9bfd3]::pin::Pin<&mut dyn core[df12db4294e9bfd3]::future::future::Future<Output = ()>>>>::{closure#0}, core[df12db4294e9bfd3]::option::Option<()>>::{closure#0}>::{closure#0}, (alloc[2182bb758b4b3781]::boxed::Box<tokio[c2a4f43b8bef8d88]::runtime::scheduler::current_thread::Core>, core[df12db4294e9bfd3]::option::Option<()>)>
[INFO] [stdout]                                at /rustc/dfb0accb7f508ae8be965d8629557221c889dd98/library/std/src/thread/local.rs:463:12
[INFO] [stdout]   34:     0x575f86bfa57e - <std[70759c8f55707aa4]::thread::local::LocalKey<tokio[c2a4f43b8bef8d88]::runtime::context::Context>>::with::<tokio[c2a4f43b8bef8d88]::runtime::context::set_scheduler<(alloc[2182bb758b4b3781]::boxed::Box<tokio[c2a4f43b8bef8d88]::runtime::scheduler::current_thread::Core>, core[df12db4294e9bfd3]::option::Option<()>), <tokio[c2a4f43b8bef8d88]::runtime::scheduler::current_thread::CoreGuard>::enter<<tokio[c2a4f43b8bef8d88]::runtime::scheduler::current_thread::CoreGuard>::block_on<core[df12db4294e9bfd3]::pin::Pin<&mut core[df12db4294e9bfd3]::pin::Pin<&mut dyn core[df12db4294e9bfd3]::future::future::Future<Output = ()>>>>::{closure#0}, core[df12db4294e9bfd3]::option::Option<()>>::{closure#0}>::{closure#0}, (alloc[2182bb758b4b3781]::boxed::Box<tokio[c2a4f43b8bef8d88]::runtime::scheduler::current_thread::Core>, core[df12db4294e9bfd3]::option::Option<()>)>
[INFO] [stdout]                                at /rustc/dfb0accb7f508ae8be965d8629557221c889dd98/library/std/src/thread/local.rs:427:20
[INFO] [stdout]   35:     0x575f86bd8e9d - tokio[c2a4f43b8bef8d88]::runtime::context::set_scheduler::<(alloc[2182bb758b4b3781]::boxed::Box<tokio[c2a4f43b8bef8d88]::runtime::scheduler::current_thread::Core>, core[df12db4294e9bfd3]::option::Option<()>), <tokio[c2a4f43b8bef8d88]::runtime::scheduler::current_thread::CoreGuard>::enter<<tokio[c2a4f43b8bef8d88]::runtime::scheduler::current_thread::CoreGuard>::block_on<core[df12db4294e9bfd3]::pin::Pin<&mut core[df12db4294e9bfd3]::pin::Pin<&mut dyn core[df12db4294e9bfd3]::future::future::Future<Output = ()>>>>::{closure#0}, core[df12db4294e9bfd3]::option::Option<()>>::{closure#0}>
[INFO] [stdout]                                at /opt/rustwide/cargo-home/registry/src/index.crates.io-1949cf8c6b5b557f/tokio-1.42.0/src/runtime/context.rs:180:17
[INFO] [stdout]   36:     0x575f86baa010 - <tokio[c2a4f43b8bef8d88]::runtime::scheduler::current_thread::CoreGuard>::enter::<<tokio[c2a4f43b8bef8d88]::runtime::scheduler::current_thread::CoreGuard>::block_on<core[df12db4294e9bfd3]::pin::Pin<&mut core[df12db4294e9bfd3]::pin::Pin<&mut dyn core[df12db4294e9bfd3]::future::future::Future<Output = ()>>>>::{closure#0}, core[df12db4294e9bfd3]::option::Option<()>>
[INFO] [stdout]                                at /opt/rustwide/cargo-home/registry/src/index.crates.io-1949cf8c6b5b557f/tokio-1.42.0/src/runtime/scheduler/current_thread/mod.rs:807:27
[INFO] [stdout]   37:     0x575f86baa7a6 - <tokio[c2a4f43b8bef8d88]::runtime::scheduler::current_thread::CoreGuard>::block_on::<core[df12db4294e9bfd3]::pin::Pin<&mut core[df12db4294e9bfd3]::pin::Pin<&mut dyn core[df12db4294e9bfd3]::future::future::Future<Output = ()>>>>
[INFO] [stdout]                                at /opt/rustwide/cargo-home/registry/src/index.crates.io-1949cf8c6b5b557f/tokio-1.42.0/src/runtime/scheduler/current_thread/mod.rs:716:24
[INFO] [stdout]   38:     0x575f86bab173 - <tokio[c2a4f43b8bef8d88]::runtime::scheduler::current_thread::CurrentThread>::block_on::<core[df12db4294e9bfd3]::pin::Pin<&mut dyn core[df12db4294e9bfd3]::future::future::Future<Output = ()>>>::{closure#0}
[INFO] [stdout]                                at /opt/rustwide/cargo-home/registry/src/index.crates.io-1949cf8c6b5b557f/tokio-1.42.0/src/runtime/scheduler/current_thread/mod.rs:196:33
[INFO] [stdout]   39:     0x575f86bb0768 - tokio[c2a4f43b8bef8d88]::runtime::context::runtime::enter_runtime::<<tokio[c2a4f43b8bef8d88]::runtime::scheduler::current_thread::CurrentThread>::block_on<core[df12db4294e9bfd3]::pin::Pin<&mut dyn core[df12db4294e9bfd3]::future::future::Future<Output = ()>>>::{closure#0}, ()>
[INFO] [stdout]                                at /opt/rustwide/cargo-home/registry/src/index.crates.io-1949cf8c6b5b557f/tokio-1.42.0/src/runtime/context/runtime.rs:65:16
[INFO] [stdout]   40:     0x575f86ba6d64 - <tokio[c2a4f43b8bef8d88]::runtime::scheduler::current_thread::CurrentThread>::block_on::<core[df12db4294e9bfd3]::pin::Pin<&mut dyn core[df12db4294e9bfd3]::future::future::Future<Output = ()>>>
[INFO] [stdout]                                at /opt/rustwide/cargo-home/registry/src/index.crates.io-1949cf8c6b5b557f/tokio-1.42.0/src/runtime/scheduler/current_thread/mod.rs:184:9
[INFO] [stdout]   41:     0x575f86bb8ddf - <tokio[c2a4f43b8bef8d88]::runtime::runtime::Runtime>::block_on_inner::<core[df12db4294e9bfd3]::pin::Pin<&mut dyn core[df12db4294e9bfd3]::future::future::Future<Output = ()>>>
[INFO] [stdout]                                at /opt/rustwide/cargo-home/registry/src/index.crates.io-1949cf8c6b5b557f/tokio-1.42.0/src/runtime/runtime.rs:368:52
[INFO] [stdout]   42:     0x575f86bb90d6 - <tokio[c2a4f43b8bef8d88]::runtime::runtime::Runtime>::block_on::<core[df12db4294e9bfd3]::pin::Pin<&mut dyn core[df12db4294e9bfd3]::future::future::Future<Output = ()>>>
[INFO] [stdout]                                at /opt/rustwide/cargo-home/registry/src/index.crates.io-1949cf8c6b5b557f/tokio-1.42.0/src/runtime/runtime.rs:342:18
[INFO] [stdout]   43:     0x575f86c09a21 - suika_server[f14bdef7add0d91]::response::tests::test_send_file
[INFO] [stdout]                                at /opt/rustwide/workdir/src/response.rs:371:57
[INFO] [stdout]   44:     0x575f86c02067 - suika_server[f14bdef7add0d91]::response::tests::test_send_file::{closure#0}
[INFO] [stdout]                                at /opt/rustwide/workdir/src/response.rs:349:30
[INFO] [stdout]   45:     0x575f86b90e26 - <suika_server[f14bdef7add0d91]::response::tests::test_send_file::{closure#0} as core[df12db4294e9bfd3]::ops::function::FnOnce<()>>::call_once
[INFO] [stdout]                                at /rustc/dfb0accb7f508ae8be965d8629557221c889dd98/library/core/src/ops/function.rs:250:5
[INFO] [stdout]   46:     0x575f86c1395b - <fn() -> core[df12db4294e9bfd3]::result::Result<(), alloc[2182bb758b4b3781]::string::String> as core[df12db4294e9bfd3]::ops::function::FnOnce<()>>::call_once
[INFO] [stdout]                                at /rustc/dfb0accb7f508ae8be965d8629557221c889dd98/library/core/src/ops/function.rs:250:5
[INFO] [stdout]   47:     0x575f86c1395b - test[9d35eded1c95d3be]::__rust_begin_short_backtrace::<core[df12db4294e9bfd3]::result::Result<(), alloc[2182bb758b4b3781]::string::String>, fn() -> core[df12db4294e9bfd3]::result::Result<(), alloc[2182bb758b4b3781]::string::String>>
[INFO] [stdout]                                at /rustc/dfb0accb7f508ae8be965d8629557221c889dd98/library/test/src/lib.rs:733:18
[INFO] [stdout]   48:     0x575f86c20fc5 - test[9d35eded1c95d3be]::run_test_in_process::{closure#0}
[INFO] [stdout]                                at /rustc/dfb0accb7f508ae8be965d8629557221c889dd98/library/test/src/lib.rs:756:74
[INFO] [stdout]   49:     0x575f86c20fc5 - <core[df12db4294e9bfd3]::panic::unwind_safe::AssertUnwindSafe<test[9d35eded1c95d3be]::run_test_in_process::{closure#0}> as core[df12db4294e9bfd3]::ops::function::FnOnce<()>>::call_once
[INFO] [stdout]                                at /rustc/dfb0accb7f508ae8be965d8629557221c889dd98/library/core/src/panic/unwind_safe.rs:275:9
[INFO] [stdout]   50:     0x575f86c20fc5 - std[70759c8f55707aa4]::panicking::catch_unwind::do_call::<core[df12db4294e9bfd3]::panic::unwind_safe::AssertUnwindSafe<test[9d35eded1c95d3be]::run_test_in_process::{closure#0}>, core[df12db4294e9bfd3]::result::Result<(), alloc[2182bb758b4b3781]::string::String>>
[INFO] [stdout]                                at /rustc/dfb0accb7f508ae8be965d8629557221c889dd98/library/std/src/panicking.rs:576:43
[INFO] [stdout]   51:     0x575f86c20fc5 - std[70759c8f55707aa4]::panicking::catch_unwind::<core[df12db4294e9bfd3]::result::Result<(), alloc[2182bb758b4b3781]::string::String>, core[df12db4294e9bfd3]::panic::unwind_safe::AssertUnwindSafe<test[9d35eded1c95d3be]::run_test_in_process::{closure#0}>>
[INFO] [stdout]                                at /rustc/dfb0accb7f508ae8be965d8629557221c889dd98/library/std/src/panicking.rs:544:19
[INFO] [stdout]   52:     0x575f86c20fc5 - std[70759c8f55707aa4]::panic::catch_unwind::<core[df12db4294e9bfd3]::panic::unwind_safe::AssertUnwindSafe<test[9d35eded1c95d3be]::run_test_in_process::{closure#0}>, core[df12db4294e9bfd3]::result::Result<(), alloc[2182bb758b4b3781]::string::String>>
[INFO] [stdout]                                at /rustc/dfb0accb7f508ae8be965d8629557221c889dd98/library/std/src/panic.rs:359:14
[INFO] [stdout]   53:     0x575f86c20fc5 - test[9d35eded1c95d3be]::run_test_in_process
[INFO] [stdout]                                at /rustc/dfb0accb7f508ae8be965d8629557221c889dd98/library/test/src/lib.rs:756:27
[INFO] [stdout]   54:     0x575f86c20fc5 - test[9d35eded1c95d3be]::run_test::{closure#0}
[INFO] [stdout]                                at /rustc/dfb0accb7f508ae8be965d8629557221c889dd98/library/test/src/lib.rs:677:43
[INFO] [stdout]   55:     0x575f86c1a884 - test[9d35eded1c95d3be]::run_test::{closure#1}
[INFO] [stdout]                                at /rustc/dfb0accb7f508ae8be965d8629557221c889dd98/library/test/src/lib.rs:707:41
[INFO] [stdout]   56:     0x575f86c1a884 - std[70759c8f55707aa4]::sys::backtrace::__rust_begin_short_backtrace::<test[9d35eded1c95d3be]::run_test::{closure#1}, ()>
[INFO] [stdout]                                at /rustc/dfb0accb7f508ae8be965d8629557221c889dd98/library/std/src/sys/backtrace.rs:166:18
[INFO] [stdout]   57:     0x575f86c24122 - std[70759c8f55707aa4]::thread::lifecycle::spawn_unchecked::<test[9d35eded1c95d3be]::run_test::{closure#1}, ()>::{closure#1}::{closure#0}
[INFO] [stdout]                                at /rustc/dfb0accb7f508ae8be965d8629557221c889dd98/library/std/src/thread/lifecycle.rs:70:13
[INFO] [stdout]   58:     0x575f86c24122 - <core[df12db4294e9bfd3]::panic::unwind_safe::AssertUnwindSafe<std[70759c8f55707aa4]::thread::lifecycle::spawn_unchecked<test[9d35eded1c95d3be]::run_test::{closure#1}, ()>::{closure#1}::{closure#0}> as core[df12db4294e9bfd3]::ops::function::FnOnce<()>>::call_once
[INFO] [stdout]                                at /rustc/dfb0accb7f508ae8be965d8629557221c889dd98/library/core/src/panic/unwind_safe.rs:275:9
[INFO] [stdout]   59:     0x575f86c24122 - std[70759c8f55707aa4]::panicking::catch_unwind::do_call::<core[df12db4294e9bfd3]::panic::unwind_safe::AssertUnwindSafe<std[70759c8f55707aa4]::thread::lifecycle::spawn_unchecked<test[9d35eded1c95d3be]::run_test::{closure#1}, ()>::{closure#1}::{closure#0}>, ()>
[INFO] [stdout]                                at /rustc/dfb0accb7f508ae8be965d8629557221c889dd98/library/std/src/panicking.rs:576:43
[INFO] [stdout]   60:     0x575f86c24122 - std[70759c8f55707aa4]::panicking::catch_unwind::<(), core[df12db4294e9bfd3]::panic::unwind_safe::AssertUnwindSafe<std[70759c8f55707aa4]::thread::lifecycle::spawn_unchecked<test[9d35eded1c95d3be]::run_test::{closure#1}, ()>::{closure#1}::{closure#0}>>
[INFO] [stdout]                                at /rustc/dfb0accb7f508ae8be965d8629557221c889dd98/library/std/src/panicking.rs:544:19
[INFO] [stdout]   61:     0x575f86c24122 - std[70759c8f55707aa4]::panic::catch_unwind::<core[df12db4294e9bfd3]::panic::unwind_safe::AssertUnwindSafe<std[70759c8f55707aa4]::thread::lifecycle::spawn_unchecked<test[9d35eded1c95d3be]::run_test::{closure#1}, ()>::{closure#1}::{closure#0}>, ()>
[INFO] [stdout]                                at /rustc/dfb0accb7f508ae8be965d8629557221c889dd98/library/std/src/panic.rs:359:14
[INFO] [stdout]   62:     0x575f86c24122 - std[70759c8f55707aa4]::thread::lifecycle::spawn_unchecked::<test[9d35eded1c95d3be]::run_test::{closure#1}, ()>::{closure#1}
[INFO] [stdout]                                at /rustc/dfb0accb7f508ae8be965d8629557221c889dd98/library/std/src/thread/lifecycle.rs:68:26
[INFO] [stdout]   63:     0x575f86c24122 - <std[70759c8f55707aa4]::thread::lifecycle::spawn_unchecked<test[9d35eded1c95d3be]::run_test::{closure#1}, ()>::{closure#1} as core[df12db4294e9bfd3]::ops::function::FnOnce<()>>::call_once::{shim:vtable#0}
[INFO] [stdout]                                at /rustc/dfb0accb7f508ae8be965d8629557221c889dd98/library/core/src/ops/function.rs:250:5
[INFO] [stdout]   64:     0x575f86fef2d9 - <alloc[2182bb758b4b3781]::boxed::Box<dyn core[df12db4294e9bfd3]::ops::function::FnOnce<(), Output = ()> + core[df12db4294e9bfd3]::marker::Send> as core[df12db4294e9bfd3]::ops::function::FnOnce<()>>::call_once
[INFO] [stdout]                                at /rustc/dfb0accb7f508ae8be965d8629557221c889dd98/library/alloc/src/boxed.rs:2320:9
[INFO] [stdout]   65:     0x575f86fef2d9 - <std[70759c8f55707aa4]::sys::thread::unix::Thread>::new::thread_start
[INFO] [stdout]                                at /rustc/dfb0accb7f508ae8be965d8629557221c889dd98/library/std/src/sys/thread/unix.rs:123:17
[INFO] [stdout]   66:     0x78cec55efdfa - <unknown>
[INFO] [stdout]   67:     0x78cec56833d4 - clone
[INFO] [stdout]   68:                0x0 - <unknown>
[INFO] [stdout] 
[INFO] [stdout] 
[INFO] [stdout] failures:
[INFO] [stdout]     response::tests::test_send_file
[INFO] [stdout] 
[INFO] [stdout] test result: FAILED. 37 passed; 1 failed; 0 ignored; 0 measured; 0 filtered out; finished in 0.11s
[INFO] [stdout] 
[INFO] [stderr] error: test failed, to rerun pass `--lib`
[INFO] running `Command { std: "docker" "inspect" "6b911b551946dbc82c33df879b79d4d42ade76ea63ebbbecbd71fade7a524d53", kill_on_drop: false }`
[INFO] running `Command { std: "docker" "rm" "-f" "6b911b551946dbc82c33df879b79d4d42ade76ea63ebbbecbd71fade7a524d53", kill_on_drop: false }`
[INFO] [stdout] 6b911b551946dbc82c33df879b79d4d42ade76ea63ebbbecbd71fade7a524d53
