[INFO] fetching crate structupdate_support 0.8.0...
[INFO] testing structupdate_support-0.8.0 against 1.99.0-beta.8 for beta-1.100-2
[INFO] extracting crate structupdate_support 0.8.0 into /workspace/builds/worker-6-tc1/source
[INFO] started tweaking crates.io crate structupdate_support 0.8.0
[INFO] finished tweaking crates.io crate structupdate_support 0.8.0
[INFO] tweaked toml for crates.io crate structupdate_support 0.8.0 written to /workspace/builds/worker-6-tc1/source/Cargo.toml
[INFO] validating manifest of crates.io crate structupdate_support 0.8.0 on toolchain 1.99.0-beta.8
[INFO] running `Command { std: CARGO_HOME="/workspace/cargo-home" RUSTUP_HOME="/workspace/rustup-home" "/workspace/cargo-home/bin/cargo" "+1.99.0-beta.8" "metadata" "--manifest-path" "Cargo.toml" "--no-deps", kill_on_drop: false }`
[INFO] crate crates.io crate structupdate_support 0.8.0 already has a lockfile, it will not be regenerated
[INFO] running `Command { std: CARGO_HOME="/workspace/cargo-home" RUSTUP_HOME="/workspace/rustup-home" "/workspace/cargo-home/bin/cargo" "+1.99.0-beta.8" "fetch" "--manifest-path" "Cargo.toml", kill_on_drop: false }`
[INFO] running `Command { std: "docker" "create" "-v" "/var/lib/crater-agent-workspace/builds/worker-6-tc1/source:/opt/rustwide/workdir:ro,Z" "-v" "/var/lib/crater-agent-workspace/builds/worker-6-tc1/target:/opt/rustwide/target:rw,Z" "-v" "/var/lib/crater-agent-workspace/cargo-home:/opt/rustwide/cargo-home:ro,Z" "-v" "/var/lib/crater-agent-workspace/rustup-home:/opt/rustwide/rustup-home:ro,Z" "-m" "1610612736" "--network" "none" "ghcr.io/rust-lang/crates-build-env/linux@sha256:3111399a4047eeb3a02b7a90e478d715f38a8c6669b5c4b49d30a17385265909" "sleep" "infinity", kill_on_drop: false }`
[INFO] [stdout] e81e4248cb1d8f2a810684429985fef4bd4cdb311815ece27595eb1c4bd4acbb
[INFO] running `Command { std: "docker" "start" "e81e4248cb1d8f2a810684429985fef4bd4cdb311815ece27595eb1c4bd4acbb", kill_on_drop: false }`
[INFO] running `Command { std: "docker" "inspect" "e81e4248cb1d8f2a810684429985fef4bd4cdb311815ece27595eb1c4bd4acbb", kill_on_drop: false }`
[INFO] running `Command { std: "docker" "exec" "-e" "SOURCE_DIR=/opt/rustwide/workdir" "-e" "CARGO_HOME=/opt/rustwide/cargo-home" "-e" "RUSTUP_HOME=/opt/rustwide/rustup-home" "-e" "CARGO_TARGET_DIR=/opt/rustwide/target" "-w" "/opt/rustwide/workdir" "--user" "0:0" "e81e4248cb1d8f2a810684429985fef4bd4cdb311815ece27595eb1c4bd4acbb" "/opt/rustwide/cargo-home/bin/cargo" "+1.99.0-beta.8" "metadata" "--no-deps" "--format-version=1", kill_on_drop: false }`
[INFO] running `Command { std: "docker" "inspect" "e81e4248cb1d8f2a810684429985fef4bd4cdb311815ece27595eb1c4bd4acbb", kill_on_drop: false }`
[INFO] running `Command { std: "docker" "exec" "-e" "SOURCE_DIR=/opt/rustwide/workdir" "-e" "CARGO_HOME=/opt/rustwide/cargo-home" "-e" "RUSTUP_HOME=/opt/rustwide/rustup-home" "-e" "CARGO_TARGET_DIR=/opt/rustwide/target" "-e" "CARGO_INCREMENTAL=0" "-e" "RUST_BACKTRACE=full" "-e" "RUSTFLAGS=--cap-lints=warn" "-e" "RUSTDOCFLAGS=--cap-lints=warn" "-w" "/opt/rustwide/workdir" "--user" "0:0" "e81e4248cb1d8f2a810684429985fef4bd4cdb311815ece27595eb1c4bd4acbb" "/opt/rustwide/cargo-home/bin/cargo" "+1.99.0-beta.8" "build" "--frozen" "--message-format=json", kill_on_drop: false }`
[INFO] [stderr]    Compiling proc-macro2 v1.0.106
[INFO] [stderr]    Compiling quote v1.0.44
[INFO] [stderr]    Compiling syn v2.0.114
[INFO] [stderr]    Compiling serde_derive v1.0.228
[INFO] [stderr]    Compiling serde v1.0.228
[INFO] [stderr]    Compiling structupdate_support v0.8.0 (/opt/rustwide/workdir)
[INFO] [stderr]     Finished `dev` profile [unoptimized + debuginfo] target(s) in 7.64s
[INFO] running `Command { std: "docker" "inspect" "e81e4248cb1d8f2a810684429985fef4bd4cdb311815ece27595eb1c4bd4acbb", kill_on_drop: false }`
[INFO] running `Command { std: "docker" "exec" "-e" "SOURCE_DIR=/opt/rustwide/workdir" "-e" "CARGO_HOME=/opt/rustwide/cargo-home" "-e" "RUSTUP_HOME=/opt/rustwide/rustup-home" "-e" "CARGO_TARGET_DIR=/opt/rustwide/target" "-e" "CARGO_INCREMENTAL=0" "-e" "RUST_BACKTRACE=full" "-e" "RUSTFLAGS=--cap-lints=warn" "-e" "RUSTDOCFLAGS=--cap-lints=warn" "-w" "/opt/rustwide/workdir" "--user" "0:0" "e81e4248cb1d8f2a810684429985fef4bd4cdb311815ece27595eb1c4bd4acbb" "/opt/rustwide/cargo-home/bin/cargo" "+1.99.0-beta.8" "test" "--frozen" "--no-run" "--message-format=json", kill_on_drop: false }`
[INFO] [stderr]    Compiling structupdate_support v0.8.0 (/opt/rustwide/workdir)
[INFO] [stderr]     Finished `test` profile [unoptimized + debuginfo] target(s) in 0.82s
[INFO] running `Command { std: "docker" "inspect" "e81e4248cb1d8f2a810684429985fef4bd4cdb311815ece27595eb1c4bd4acbb", kill_on_drop: false }`
[INFO] running `Command { std: "docker" "exec" "-e" "SOURCE_DIR=/opt/rustwide/workdir" "-e" "CARGO_HOME=/opt/rustwide/cargo-home" "-e" "RUSTUP_HOME=/opt/rustwide/rustup-home" "-e" "CARGO_TARGET_DIR=/opt/rustwide/target" "-e" "CARGO_INCREMENTAL=0" "-e" "RUST_BACKTRACE=full" "-e" "RUSTFLAGS=--cap-lints=warn" "-e" "RUSTDOCFLAGS=--cap-lints=warn" "-w" "/opt/rustwide/workdir" "--user" "0:0" "e81e4248cb1d8f2a810684429985fef4bd4cdb311815ece27595eb1c4bd4acbb" "/opt/rustwide/cargo-home/bin/cargo" "+1.99.0-beta.8" "test" "--frozen", kill_on_drop: false }`
[INFO] [stderr]     Finished `test` profile [unoptimized + debuginfo] target(s) in 0.05s
[INFO] [stderr]      Running unittests src/lib.rs (/opt/rustwide/target/debug/deps/structupdate_support-bdde4f2edfa7b264)
[INFO] [stdout] 
[INFO] [stdout] running 0 tests
[INFO] [stdout] 
[INFO] [stdout] test result: ok. 0 passed; 0 failed; 0 ignored; 0 measured; 0 filtered out; finished in 0.00s
[INFO] [stdout] 
[INFO] [stderr]    Doc-tests structupdate_support
[INFO] [stdout] 
[INFO] [stdout] running 7 tests
[INFO] [stdout] test src/lib.rs - ValueList (line 821) ... FAILED
[INFO] [stdout] test src/lib.rs - OptValue (line 647) ... FAILED
[INFO] [stdout] test src/lib.rs - Value (line 128) ... FAILED
[INFO] [stdout] test src/lib.rs - ValueMap (line 1115) ... FAILED
[INFO] [stdout] test src/lib.rs - ValueSet (line 1407) ... FAILED
[INFO] [stdout] test src/lib.rs - RecordMap (line 1679) ... FAILED
[INFO] [stdout] test src/lib.rs - OptRecord (line 295) ... FAILED
[INFO] [stdout] 
[INFO] [stdout] failures:
[INFO] [stdout] 
[INFO] [stdout] ---- src/lib.rs - ValueList (line 821) stdout ----
[INFO] [stdout] error[E0432]: unresolved import `structupdate`
[INFO] [stdout]    --> src/lib.rs:822:5
[INFO] [stdout]     |
[INFO] [stdout] 822 | use structupdate::{structupdate, ValueList, Node};
[INFO] [stdout]     |     ^^^^^^^^^^^^ use of unresolved module or unlinked crate `structupdate`
[INFO] [stdout]     |
[INFO] [stdout]     = help: if you wanted to use a crate named `structupdate`, use `cargo add structupdate` to add it to your `Cargo.toml`
[INFO] [stdout] 
[INFO] [stdout] error[E0599]: no associated function or constant named `build_update` found for struct `Config` in the current scope
[INFO] [stdout]    --> src/lib.rs:831:26
[INFO] [stdout]     |
[INFO] [stdout] 826 | pub struct Config {
[INFO] [stdout]     | ----------------- associated function or constant `build_update` not found for this struct
[INFO] [stdout] ...
[INFO] [stdout] 831 | let mut update = Config::build_update();
[INFO] [stdout]     |                          ^^^^^^^^^^^^ associated function or constant not found in `Config`
[INFO] [stdout] 
[INFO] [stdout] error[E0599]: no method named `apply_update` found for struct `Config` in the current scope
[INFO] [stdout]    --> src/lib.rs:836:8
[INFO] [stdout]     |
[INFO] [stdout] 826 | pub struct Config {
[INFO] [stdout]     | ----------------- method `apply_update` not found for this struct
[INFO] [stdout] ...
[INFO] [stdout] 836 | config.apply_update(update);
[INFO] [stdout]     |        ^^^^^^^^^^^^ method not found in `Config`
[INFO] [stdout]     |
[INFO] [stdout]     = help: items from traits can only be used if the trait is implemented and in scope
[INFO] [stdout]     = note: the following trait defines an item `apply_update`, perhaps you need to implement it:
[INFO] [stdout]             candidate #1: `structupdate_support::Node`
[INFO] [stdout] 
[INFO] [stdout] error: aborting due to 3 previous errors
[INFO] [stdout] 
[INFO] [stdout] Some errors have detailed explanations: E0432, E0599.
[INFO] [stdout] For more information about an error, try `rustc --explain E0432`.
[INFO] [stdout] Couldn't compile the test.
[INFO] [stdout] ---- src/lib.rs - OptValue (line 647) stdout ----
[INFO] [stdout] error[E0432]: unresolved import `structupdate`
[INFO] [stdout]    --> src/lib.rs:648:5
[INFO] [stdout]     |
[INFO] [stdout] 648 | use structupdate::{structupdate, OptValue, Node};
[INFO] [stdout]     |     ^^^^^^^^^^^^ use of unresolved module or unlinked crate `structupdate`
[INFO] [stdout]     |
[INFO] [stdout]     = help: if you wanted to use a crate named `structupdate`, use `cargo add structupdate` to add it to your `Cargo.toml`
[INFO] [stdout] 
[INFO] [stdout] error[E0599]: no associated function or constant named `build_update` found for struct `Config` in the current scope
[INFO] [stdout]    --> src/lib.rs:657:26
[INFO] [stdout]     |
[INFO] [stdout] 652 | pub struct Config {
[INFO] [stdout]     | ----------------- associated function or constant `build_update` not found for this struct
[INFO] [stdout] ...
[INFO] [stdout] 657 | let mut update = Config::build_update();
[INFO] [stdout]     |                          ^^^^^^^^^^^^ associated function or constant not found in `Config`
[INFO] [stdout] 
[INFO] [stdout] error[E0599]: no method named `apply_update` found for struct `Config` in the current scope
[INFO] [stdout]    --> src/lib.rs:659:8
[INFO] [stdout]     |
[INFO] [stdout] 652 | pub struct Config {
[INFO] [stdout]     | ----------------- method `apply_update` not found for this struct
[INFO] [stdout] ...
[INFO] [stdout] 659 | config.apply_update(update);
[INFO] [stdout]     |        ^^^^^^^^^^^^ method not found in `Config`
[INFO] [stdout]     |
[INFO] [stdout]     = help: items from traits can only be used if the trait is implemented and in scope
[INFO] [stdout]     = note: the following trait defines an item `apply_update`, perhaps you need to implement it:
[INFO] [stdout]             candidate #1: `structupdate_support::Node`
[INFO] [stdout] 
[INFO] [stdout] error[E0599]: no associated function or constant named `build_update` found for struct `Config` in the current scope
[INFO] [stdout]    --> src/lib.rs:662:26
[INFO] [stdout]     |
[INFO] [stdout] 652 | pub struct Config {
[INFO] [stdout]     | ----------------- associated function or constant `build_update` not found for this struct
[INFO] [stdout] ...
[INFO] [stdout] 662 | let mut update = Config::build_update();
[INFO] [stdout]     |                          ^^^^^^^^^^^^ associated function or constant not found in `Config`
[INFO] [stdout] 
[INFO] [stdout] error[E0599]: no method named `apply_update` found for struct `Config` in the current scope
[INFO] [stdout]    --> src/lib.rs:664:8
[INFO] [stdout]     |
[INFO] [stdout] 652 | pub struct Config {
[INFO] [stdout]     | ----------------- method `apply_update` not found for this struct
[INFO] [stdout] ...
[INFO] [stdout] 664 | config.apply_update(update);
[INFO] [stdout]     |        ^^^^^^^^^^^^ method not found in `Config`
[INFO] [stdout]     |
[INFO] [stdout]     = help: items from traits can only be used if the trait is implemented and in scope
[INFO] [stdout]     = note: the following trait defines an item `apply_update`, perhaps you need to implement it:
[INFO] [stdout]             candidate #1: `structupdate_support::Node`
[INFO] [stdout] 
[INFO] [stdout] error: aborting due to 5 previous errors
[INFO] [stdout] 
[INFO] [stdout] Some errors have detailed explanations: E0432, E0599.
[INFO] [stdout] For more information about an error, try `rustc --explain E0432`.
[INFO] [stdout] Couldn't compile the test.
[INFO] [stdout] ---- src/lib.rs - Value (line 128) stdout ----
[INFO] [stdout] error[E0432]: unresolved import `structupdate`
[INFO] [stdout]    --> src/lib.rs:129:5
[INFO] [stdout]     |
[INFO] [stdout] 129 | use structupdate::{structupdate, Value, Node};
[INFO] [stdout]     |     ^^^^^^^^^^^^ use of unresolved module or unlinked crate `structupdate`
[INFO] [stdout]     |
[INFO] [stdout]     = help: if you wanted to use a crate named `structupdate`, use `cargo add structupdate` to add it to your `Cargo.toml`
[INFO] [stdout] 
[INFO] [stdout] error[E0599]: no associated function or constant named `build_update` found for struct `Config` in the current scope
[INFO] [stdout]    --> src/lib.rs:138:26
[INFO] [stdout]     |
[INFO] [stdout] 133 | pub struct Config {
[INFO] [stdout]     | ----------------- associated function or constant `build_update` not found for this struct
[INFO] [stdout] ...
[INFO] [stdout] 138 | let mut update = Config::build_update();
[INFO] [stdout]     |                          ^^^^^^^^^^^^ associated function or constant not found in `Config`
[INFO] [stdout] 
[INFO] [stdout] error[E0599]: no method named `apply_update` found for struct `Config` in the current scope
[INFO] [stdout]    --> src/lib.rs:140:8
[INFO] [stdout]     |
[INFO] [stdout] 133 | pub struct Config {
[INFO] [stdout]     | ----------------- method `apply_update` not found for this struct
[INFO] [stdout] ...
[INFO] [stdout] 140 | config.apply_update(update);
[INFO] [stdout]     |        ^^^^^^^^^^^^ method not found in `Config`
[INFO] [stdout]     |
[INFO] [stdout]     = help: items from traits can only be used if the trait is implemented and in scope
[INFO] [stdout]     = note: the following trait defines an item `apply_update`, perhaps you need to implement it:
[INFO] [stdout]             candidate #1: `structupdate_support::Node`
[INFO] [stdout] 
[INFO] [stdout] error: aborting due to 3 previous errors
[INFO] [stdout] 
[INFO] [stdout] Some errors have detailed explanations: E0432, E0599.
[INFO] [stdout] For more information about an error, try `rustc --explain E0432`.
[INFO] [stdout] Couldn't compile the test.
[INFO] [stdout] ---- src/lib.rs - ValueMap (line 1115) stdout ----
[INFO] [stdout] error[E0432]: unresolved import `structupdate`
[INFO] [stdout]     --> src/lib.rs:1116:5
[INFO] [stdout]      |
[INFO] [stdout] 1116 | use structupdate::{structupdate, ValueMap, Node};
[INFO] [stdout]      |     ^^^^^^^^^^^^ use of unresolved module or unlinked crate `structupdate`
[INFO] [stdout]      |
[INFO] [stdout]      = help: if you wanted to use a crate named `structupdate`, use `cargo add structupdate` to add it to your `Cargo.toml`
[INFO] [stdout] 
[INFO] [stdout] error[E0599]: no associated function or constant named `build_update` found for struct `Config` in the current scope
[INFO] [stdout]     --> src/lib.rs:1125:26
[INFO] [stdout]      |
[INFO] [stdout] 1120 | pub struct Config {
[INFO] [stdout]      | ----------------- associated function or constant `build_update` not found for this struct
[INFO] [stdout] ...
[INFO] [stdout] 1125 | let mut update = Config::build_update();
[INFO] [stdout]      |                          ^^^^^^^^^^^^ associated function or constant not found in `Config`
[INFO] [stdout] 
[INFO] [stdout] error[E0599]: no method named `apply_update` found for struct `Config` in the current scope
[INFO] [stdout]     --> src/lib.rs:1129:8
[INFO] [stdout]      |
[INFO] [stdout] 1120 | pub struct Config {
[INFO] [stdout]      | ----------------- method `apply_update` not found for this struct
[INFO] [stdout] ...
[INFO] [stdout] 1129 | config.apply_update(update);
[INFO] [stdout]      |        ^^^^^^^^^^^^ method not found in `Config`
[INFO] [stdout]      |
[INFO] [stdout]      = help: items from traits can only be used if the trait is implemented and in scope
[INFO] [stdout]      = note: the following trait defines an item `apply_update`, perhaps you need to implement it:
[INFO] [stdout]              candidate #1: `structupdate_support::Node`
[INFO] [stdout] 
[INFO] [stdout] error: aborting due to 3 previous errors
[INFO] [stdout] 
[INFO] [stdout] Some errors have detailed explanations: E0432, E0599.
[INFO] [stdout] For more information about an error, try `rustc --explain E0432`.
[INFO] [stdout] Couldn't compile the test.
[INFO] [stdout] ---- src/lib.rs - ValueSet (line 1407) stdout ----
[INFO] [stdout] error[E0432]: unresolved import `structupdate`
[INFO] [stdout]     --> src/lib.rs:1408:5
[INFO] [stdout]      |
[INFO] [stdout] 1408 | use structupdate::{structupdate, ValueSet, Node};
[INFO] [stdout]      |     ^^^^^^^^^^^^ use of unresolved module or unlinked crate `structupdate`
[INFO] [stdout]      |
[INFO] [stdout]      = help: if you wanted to use a crate named `structupdate`, use `cargo add structupdate` to add it to your `Cargo.toml`
[INFO] [stdout] 
[INFO] [stdout] error[E0599]: no associated function or constant named `build_update` found for struct `Config` in the current scope
[INFO] [stdout]     --> src/lib.rs:1417:26
[INFO] [stdout]      |
[INFO] [stdout] 1412 | pub struct Config {
[INFO] [stdout]      | ----------------- associated function or constant `build_update` not found for this struct
[INFO] [stdout] ...
[INFO] [stdout] 1417 | let mut update = Config::build_update();
[INFO] [stdout]      |                          ^^^^^^^^^^^^ associated function or constant not found in `Config`
[INFO] [stdout] 
[INFO] [stdout] error[E0599]: no method named `apply_update` found for struct `Config` in the current scope
[INFO] [stdout]     --> src/lib.rs:1422:8
[INFO] [stdout]      |
[INFO] [stdout] 1412 | pub struct Config {
[INFO] [stdout]      | ----------------- method `apply_update` not found for this struct
[INFO] [stdout] ...
[INFO] [stdout] 1422 | config.apply_update(update);
[INFO] [stdout]      |        ^^^^^^^^^^^^ method not found in `Config`
[INFO] [stdout]      |
[INFO] [stdout]      = help: items from traits can only be used if the trait is implemented and in scope
[INFO] [stdout]      = note: the following trait defines an item `apply_update`, perhaps you need to implement it:
[INFO] [stdout]              candidate #1: `structupdate_support::Node`
[INFO] [stdout] 
[INFO] [stdout] error: aborting due to 3 previous errors
[INFO] [stdout] 
[INFO] [stdout] Some errors have detailed explanations: E0432, E0599.
[INFO] [stdout] For more information about an error, try `rustc --explain E0432`.
[INFO] [stdout] Couldn't compile the test.
[INFO] [stdout] ---- src/lib.rs - RecordMap (line 1679) stdout ----
[INFO] [stdout] error[E0432]: unresolved import `structupdate`
[INFO] [stdout]     --> src/lib.rs:1680:5
[INFO] [stdout]      |
[INFO] [stdout] 1680 | use structupdate::{structupdate, RecordMap, Value, Node};
[INFO] [stdout]      |     ^^^^^^^^^^^^ use of unresolved module or unlinked crate `structupdate`
[INFO] [stdout]      |
[INFO] [stdout]      = help: if you wanted to use a crate named `structupdate`, use `cargo add structupdate` to add it to your `Cargo.toml`
[INFO] [stdout] 
[INFO] [stdout] error[E0599]: no associated function or constant named `build_update` found for struct `Game` in the current scope
[INFO] [stdout]     --> src/lib.rs:1696:24
[INFO] [stdout]      |
[INFO] [stdout] 1691 | pub struct Game {
[INFO] [stdout]      | --------------- associated function or constant `build_update` not found for this struct
[INFO] [stdout] ...
[INFO] [stdout] 1696 | let mut update = Game::build_update();
[INFO] [stdout]      |                        ^^^^^^^^^^^^ associated function or constant not found in `Game`
[INFO] [stdout] 
[INFO] [stdout] error[E0599]: no method named `apply_update` found for struct `Game` in the current scope
[INFO] [stdout]     --> src/lib.rs:1700:6
[INFO] [stdout]      |
[INFO] [stdout] 1691 | pub struct Game {
[INFO] [stdout]      | --------------- method `apply_update` not found for this struct
[INFO] [stdout] ...
[INFO] [stdout] 1700 | game.apply_update(update);
[INFO] [stdout]      |      ^^^^^^^^^^^^ method not found in `Game`
[INFO] [stdout]      |
[INFO] [stdout]      = help: items from traits can only be used if the trait is implemented and in scope
[INFO] [stdout]      = note: the following trait defines an item `apply_update`, perhaps you need to implement it:
[INFO] [stdout]              candidate #1: `structupdate_support::Node`
[INFO] [stdout] 
[INFO] [stdout] error: aborting due to 3 previous errors
[INFO] [stdout] 
[INFO] [stdout] Some errors have detailed explanations: E0432, E0599.
[INFO] [stdout] For more information about an error, try `rustc --explain E0432`.
[INFO] [stdout] Couldn't compile the test.
[INFO] [stdout] ---- src/lib.rs - OptRecord (line 295) stdout ----
[INFO] [stdout] error[E0432]: unresolved import `structupdate`
[INFO] [stdout]    --> src/lib.rs:296:5
[INFO] [stdout]     |
[INFO] [stdout] 296 | use structupdate::{structupdate, OptRecord, Value, Node};
[INFO] [stdout]     |     ^^^^^^^^^^^^ use of unresolved module or unlinked crate `structupdate`
[INFO] [stdout]     |
[INFO] [stdout]     = help: if you wanted to use a crate named `structupdate`, use `cargo add structupdate` to add it to your `Cargo.toml`
[INFO] [stdout] 
[INFO] [stdout] error[E0599]: no associated function or constant named `build_update` found for struct `Outer` in the current scope
[INFO] [stdout]    --> src/lib.rs:312:25
[INFO] [stdout]     |
[INFO] [stdout] 306 | pub struct Outer {
[INFO] [stdout]     | ---------------- associated function or constant `build_update` not found for this struct
[INFO] [stdout] ...
[INFO] [stdout] 312 | let mut update = Outer::build_update();
[INFO] [stdout]     |                         ^^^^^^^^^^^^ associated function or constant not found in `Outer`
[INFO] [stdout] 
[INFO] [stdout] error[E0599]: no method named `apply_update` found for struct `Outer` in the current scope
[INFO] [stdout]    --> src/lib.rs:314:7
[INFO] [stdout]     |
[INFO] [stdout] 306 | pub struct Outer {
[INFO] [stdout]     | ---------------- method `apply_update` not found for this struct
[INFO] [stdout] ...
[INFO] [stdout] 314 | outer.apply_update(update);
[INFO] [stdout]     |       ^^^^^^^^^^^^ method not found in `Outer`
[INFO] [stdout]     |
[INFO] [stdout]     = help: items from traits can only be used if the trait is implemented and in scope
[INFO] [stdout]     = note: the following trait defines an item `apply_update`, perhaps you need to implement it:
[INFO] [stdout]             candidate #1: `structupdate_support::Node`
[INFO] [stdout] 
[INFO] [stdout] error: aborting due to 3 previous errors
[INFO] [stdout] 
[INFO] [stdout] Some errors have detailed explanations: E0432, E0599.
[INFO] [stdout] For more information about an error, try `rustc --explain E0432`.
[INFO] [stdout] Couldn't compile the test.
[INFO] [stdout] 
[INFO] [stdout] failures:
[INFO] [stdout]     src/lib.rs - OptRecord (line 295)
[INFO] [stdout]     src/lib.rs - OptValue (line 647)
[INFO] [stdout]     src/lib.rs - RecordMap (line 1679)
[INFO] [stdout]     src/lib.rs - Value (line 128)
[INFO] [stdout]     src/lib.rs - ValueList (line 821)
[INFO] [stdout]     src/lib.rs - ValueMap (line 1115)
[INFO] [stdout]     src/lib.rs - ValueSet (line 1407)
[INFO] [stdout] 
[INFO] [stdout] test result: FAILED. 0 passed; 7 failed; 0 ignored; 0 measured; 0 filtered out; finished in 0.28s
[INFO] [stdout] 
[INFO] [stdout] all doctests ran in 0.47s; merged doctests compilation took 0.19s
[INFO] [stderr] error: doctest failed, to rerun pass `--doc`
[INFO] running `Command { std: "docker" "inspect" "e81e4248cb1d8f2a810684429985fef4bd4cdb311815ece27595eb1c4bd4acbb", kill_on_drop: false }`
[INFO] running `Command { std: "docker" "rm" "-f" "e81e4248cb1d8f2a810684429985fef4bd4cdb311815ece27595eb1c4bd4acbb", kill_on_drop: false }`
[INFO] [stdout] e81e4248cb1d8f2a810684429985fef4bd4cdb311815ece27595eb1c4bd4acbb
