[INFO] fetching crate structecs 0.4.0...
[INFO] testing structecs-0.4.0 against 1.99.0-beta.8 for beta-1.100-2
[INFO] extracting crate structecs 0.4.0 into /workspace/builds/worker-1-tc1/source
[INFO] started tweaking crates.io crate structecs 0.4.0
[INFO] removed 0 missing tests
[INFO] finished tweaking crates.io crate structecs 0.4.0
[INFO] tweaked toml for crates.io crate structecs 0.4.0 written to /workspace/builds/worker-1-tc1/source/Cargo.toml
[INFO] validating manifest of crates.io crate structecs 0.4.0 on toolchain 1.99.0-beta.8
[INFO] running `Command { std: CARGO_HOME="/workspace/cargo-home" RUSTUP_HOME="/workspace/rustup-home" "/workspace/cargo-home/bin/cargo" "+1.99.0-beta.8" "metadata" "--manifest-path" "Cargo.toml" "--no-deps", kill_on_drop: false }`
[INFO] crate crates.io crate structecs 0.4.0 already has a lockfile, it will not be regenerated
[INFO] running `Command { std: CARGO_HOME="/workspace/cargo-home" RUSTUP_HOME="/workspace/rustup-home" "/workspace/cargo-home/bin/cargo" "+1.99.0-beta.8" "fetch" "--manifest-path" "Cargo.toml", kill_on_drop: false }`
[INFO] [stderr]     Updating crates.io index
[INFO] [stderr]  Downloading crates ...
[INFO] [stderr]   Downloaded structecs-macros v0.4.0
[INFO] running `Command { std: "docker" "create" "-v" "/var/lib/crater-agent-workspace/builds/worker-1-tc1/source:/opt/rustwide/workdir:ro,Z" "-v" "/var/lib/crater-agent-workspace/builds/worker-1-tc1/target:/opt/rustwide/target:rw,Z" "-v" "/var/lib/crater-agent-workspace/cargo-home:/opt/rustwide/cargo-home:ro,Z" "-v" "/var/lib/crater-agent-workspace/rustup-home:/opt/rustwide/rustup-home:ro,Z" "-m" "1610612736" "--network" "none" "ghcr.io/rust-lang/crates-build-env/linux@sha256:3111399a4047eeb3a02b7a90e478d715f38a8c6669b5c4b49d30a17385265909" "sleep" "infinity", kill_on_drop: false }`
[INFO] [stdout] ef7c077a79b1547e18196e1157f62ea63c5457b795ff84e2c6bdc2feeabeac02
[INFO] running `Command { std: "docker" "start" "ef7c077a79b1547e18196e1157f62ea63c5457b795ff84e2c6bdc2feeabeac02", kill_on_drop: false }`
[INFO] running `Command { std: "docker" "inspect" "ef7c077a79b1547e18196e1157f62ea63c5457b795ff84e2c6bdc2feeabeac02", kill_on_drop: false }`
[INFO] running `Command { std: "docker" "exec" "-e" "SOURCE_DIR=/opt/rustwide/workdir" "-e" "CARGO_HOME=/opt/rustwide/cargo-home" "-e" "RUSTUP_HOME=/opt/rustwide/rustup-home" "-e" "CARGO_TARGET_DIR=/opt/rustwide/target" "-w" "/opt/rustwide/workdir" "--user" "0:0" "ef7c077a79b1547e18196e1157f62ea63c5457b795ff84e2c6bdc2feeabeac02" "/opt/rustwide/cargo-home/bin/cargo" "+1.99.0-beta.8" "metadata" "--no-deps" "--format-version=1", kill_on_drop: false }`
[INFO] running `Command { std: "docker" "inspect" "ef7c077a79b1547e18196e1157f62ea63c5457b795ff84e2c6bdc2feeabeac02", kill_on_drop: false }`
[INFO] running `Command { std: "docker" "exec" "-e" "SOURCE_DIR=/opt/rustwide/workdir" "-e" "CARGO_HOME=/opt/rustwide/cargo-home" "-e" "RUSTUP_HOME=/opt/rustwide/rustup-home" "-e" "CARGO_TARGET_DIR=/opt/rustwide/target" "-e" "CARGO_INCREMENTAL=0" "-e" "RUST_BACKTRACE=full" "-e" "RUSTFLAGS=--cap-lints=warn" "-e" "RUSTDOCFLAGS=--cap-lints=warn" "-w" "/opt/rustwide/workdir" "--user" "0:0" "ef7c077a79b1547e18196e1157f62ea63c5457b795ff84e2c6bdc2feeabeac02" "/opt/rustwide/cargo-home/bin/cargo" "+1.99.0-beta.8" "build" "--frozen" "--message-format=json", kill_on_drop: false }`
[INFO] [stderr]    Compiling proc-macro2 v1.0.103
[INFO] [stderr]    Compiling quote v1.0.41
[INFO] [stderr]    Compiling rustc-hash v2.1.1
[INFO] [stderr]    Compiling inventory v0.3.21
[INFO] [stderr]    Compiling syn v2.0.108
[INFO] [stderr]    Compiling structecs-macros v0.4.0
[INFO] [stderr]    Compiling structecs v0.4.0 (/opt/rustwide/workdir)
[INFO] [stderr]     Finished `dev` profile [unoptimized + debuginfo] target(s) in 5.62s
[INFO] running `Command { std: "docker" "inspect" "ef7c077a79b1547e18196e1157f62ea63c5457b795ff84e2c6bdc2feeabeac02", kill_on_drop: false }`
[INFO] running `Command { std: "docker" "exec" "-e" "SOURCE_DIR=/opt/rustwide/workdir" "-e" "CARGO_HOME=/opt/rustwide/cargo-home" "-e" "RUSTUP_HOME=/opt/rustwide/rustup-home" "-e" "CARGO_TARGET_DIR=/opt/rustwide/target" "-e" "CARGO_INCREMENTAL=0" "-e" "RUST_BACKTRACE=full" "-e" "RUSTFLAGS=--cap-lints=warn" "-e" "RUSTDOCFLAGS=--cap-lints=warn" "-w" "/opt/rustwide/workdir" "--user" "0:0" "ef7c077a79b1547e18196e1157f62ea63c5457b795ff84e2c6bdc2feeabeac02" "/opt/rustwide/cargo-home/bin/cargo" "+1.99.0-beta.8" "test" "--frozen" "--no-run" "--message-format=json", kill_on_drop: false }`
[INFO] [stderr]    Compiling structecs v0.4.0 (/opt/rustwide/workdir)
[INFO] [stderr]     Finished `test` profile [unoptimized + debuginfo] target(s) in 1.36s
[INFO] running `Command { std: "docker" "inspect" "ef7c077a79b1547e18196e1157f62ea63c5457b795ff84e2c6bdc2feeabeac02", kill_on_drop: false }`
[INFO] running `Command { std: "docker" "exec" "-e" "SOURCE_DIR=/opt/rustwide/workdir" "-e" "CARGO_HOME=/opt/rustwide/cargo-home" "-e" "RUSTUP_HOME=/opt/rustwide/rustup-home" "-e" "CARGO_TARGET_DIR=/opt/rustwide/target" "-e" "CARGO_INCREMENTAL=0" "-e" "RUST_BACKTRACE=full" "-e" "RUSTFLAGS=--cap-lints=warn" "-e" "RUSTDOCFLAGS=--cap-lints=warn" "-w" "/opt/rustwide/workdir" "--user" "0:0" "ef7c077a79b1547e18196e1157f62ea63c5457b795ff84e2c6bdc2feeabeac02" "/opt/rustwide/cargo-home/bin/cargo" "+1.99.0-beta.8" "test" "--frozen", kill_on_drop: false }`
[INFO] [stderr]     Finished `test` profile [unoptimized + debuginfo] target(s) in 0.02s
[INFO] [stderr]      Running unittests src/lib.rs (/opt/rustwide/target/debug/deps/structecs-ca096a6fa07a1863)
[INFO] [stdout] 
[INFO] [stdout] running 0 tests
[INFO] [stdout] 
[INFO] [stdout] test result: ok. 0 passed; 0 failed; 0 ignored; 0 measured; 0 filtered out; finished in 0.00s
[INFO] [stdout] 
[INFO] [stderr]      Running tests/archetype_tests.rs (/opt/rustwide/target/debug/deps/archetype_tests-afa3770e707e0ad6)
[INFO] [stdout] 
[INFO] [stdout] running 0 tests
[INFO] [stderr]      Running tests/base_usage.rs (/opt/rustwide/target/debug/deps/base_usage-190e3dde70cf8fd5)
[INFO] [stdout] 
[INFO] [stdout] test result: ok. 0 passed; 0 failed; 0 ignored; 0 measured; 0 filtered out; finished in 0.00s
[INFO] [stdout] 
[INFO] [stdout] 
[INFO] [stdout] running 10 tests
[INFO] [stdout] test test_handler_no_circular_reference ... ok
[INFO] [stdout] test test_reference_counting ... ok
[INFO] [stdout] test test_weak_acquirable_clone ... ok
[INFO] [stdout] test test_ptr_eq ... ok
[INFO] [stdout] test sample_usage ... ok
[INFO] [stdout] test test_handler_reference_counting ... ok
[INFO] [stdout] test test_handler_with_multiple_entity_types ... ok
[INFO] [stdout] test test_circular_reference_prevention ... ok
[INFO] [stdout] test test_handler_long_running_usage ... ok
[INFO] [stdout] test test_weak_acquirable ... ok
[INFO] [stdout] 
[INFO] [stdout] test result: ok. 10 passed; 0 failed; 0 ignored; 0 measured; 0 filtered out; finished in 0.00s
[INFO] [stdout] 
[INFO] [stderr]      Running tests/entity_tests.rs (/opt/rustwide/target/debug/deps/entity_tests-1f0af1513f0365c5)
[INFO] [stdout] 
[INFO] [stdout] running 10 tests
[INFO] [stdout] test test_entity_data_drop ... ok
[INFO] [stdout] test test_entity_data_drop_with_clones ... ok
[INFO] [stdout] test test_entity_data_nested_extraction ... ok
[INFO] [stdout] test test_entity_data_zero_sized ... ok
[INFO] [stdout] test test_entity_data_large_structure ... ok
[INFO] [stdout] test test_entity_data_complex_nested ... ok
[INFO] [stdout] test test_entity_data_creation ... ok
[INFO] [stdout] test test_entity_data_wrong_type ... ok
[INFO] [stdout] test test_entity_data_concurrent_access ... ok
[INFO] [stdout] test test_entity_data_send_sync ... ok
[INFO] [stdout] 
[INFO] [stdout] test result: ok. 10 passed; 0 failed; 0 ignored; 0 measured; 0 filtered out; finished in 0.00s
[INFO] [stdout] 
[INFO] [stderr]      Running tests/extractable_tests.rs (/opt/rustwide/target/debug/deps/extractable_tests-770f98427c142940)
[INFO] [stdout] 
[INFO] [stdout] running 11 tests
[INFO] [stdout] test test_clone_with_extraction ... ok
[INFO] [stdout] test test_extractable_deeply_nested ... ok
[INFO] [stdout] test test_extractable_nested_single_level ... ok
[INFO] [stdout] test test_metadata_flattening_complex ... ok
[INFO] [stdout] test test_extractable_tuple_struct ... ok
[INFO] [stdout] test test_mixed_extractable_fields ... ok
[INFO] [stdout] test test_extractable_empty_struct ... ok
[INFO] [stdout] test test_extraction_failure ... ok
[INFO] [stdout] test test_extractable_simple_struct ... ok
[INFO] [stdout] test test_extractable_multiple_fields ... ok
[INFO] [stderr]      Running tests/extractor_tests.rs (/opt/rustwide/target/debug/deps/extractor_tests-a53f46a265a8e7f0)
[INFO] [stdout] test test_extraction_reference_lifetime ... ok
[INFO] [stdout] 
[INFO] [stdout] test result: ok. 11 passed; 0 failed; 0 ignored; 0 measured; 0 filtered out; finished in 0.00s
[INFO] [stdout] 
[INFO] [stdout] 
[INFO] [stdout] running 11 tests
[INFO] [stdout] test test_extractor_alignment ... ok
[INFO] [stdout] test test_extractor_large_nested ... ok
[INFO] [stdout] test test_extractor_multiple_fields ... ok
[INFO] [stdout] test test_extractor_multiple_extractions ... ok
[INFO] [stdout] test test_extractor_simple_offset ... ok
[INFO] [stdout] test test_extractor_nested_offset ... ok
[INFO] [stdout] test test_extractor_mixed_sizes ... ok
[INFO] [stdout] test test_extractor_vec_fields ... ok
[INFO] [stdout] test test_extractor_wrong_type ... ok
[INFO] [stdout] test test_extractor_option_fields ... ok
[INFO] [stdout] test test_extractor_tuple_struct ... ok
[INFO] [stdout] 
[INFO] [stdout] test result: ok. 11 passed; 0 failed; 0 ignored; 0 measured; 0 filtered out; finished in 0.00s
[INFO] [stdout] 
[INFO] [stderr]    Doc-tests structecs
[INFO] [stdout] 
[INFO] [stdout] running 22 tests
[INFO] [stdout] test src/../README.md - (line 269) ... FAILED
[INFO] [stdout] test src/../README.md - (line 222) ... FAILED
[INFO] [stdout] test src/../README.md - (line 66) ... ok
[INFO] [stdout] test src/../README.md - (line 191) ... ok
[INFO] [stdout] test src/../README.md - (line 167) ... ok
[INFO] [stdout] test src/../README.md - (line 114) ... ok
[INFO] [stdout] test src/acquirable.rs - acquirable::Acquirable<T>::new_checked (line 103) ... ok
[INFO] [stdout] test src/acquirable.rs - acquirable::Acquirable<T>::extract_checked (line 167) ... ok
[INFO] [stdout] test src/acquirable.rs - acquirable::Acquirable (line 23) ... ok
[INFO] [stdout] test src/acquirable.rs - acquirable::Acquirable<T>::weak_count (line 340) ... ok
[INFO] [stdout] test src/acquirable.rs - acquirable::Acquirable<T>::strong_count (line 311) ... ok
[INFO] [stdout] test src/acquirable.rs - acquirable::Acquirable<T>::ptr_eq (line 285) ... ok
[INFO] [stdout] test src/../README.md - (line 286) ... ok
[INFO] [stdout] test src/acquirable.rs - acquirable::Acquirable<T>::downgrade (line 260) ... ok
[INFO] [stdout] test src/acquirable.rs - acquirable::WeakAcquirable<T>::upgrade (line 371) ... ok
[INFO] [stdout] test src/handler.rs - handler::ComponentHandler<Base,Args,Return>::call (line 194) ... ok
[INFO] [stdout] test src/handler.rs - handler::ComponentHandler (line 82) ... ok
[INFO] [stdout] test src/handler.rs - handler::ComponentHandler<Base,Args,Return>::debug_info (line 248) ... ok
[INFO] [stdout] test src/acquirable.rs - acquirable::WeakAcquirable (line 60) ... ok
[INFO] [stdout] test src/acquirable.rs - acquirable::Acquirable<T>::extract (line 222) ... ok
[INFO] [stdout] test src/../README.md - (line 92) ... ok
[INFO] [stdout] test src/handler.rs - handler::ComponentHandler<Base,Args,Return>::for_type (line 126) ... ok
[INFO] [stdout] 
[INFO] [stdout] failures:
[INFO] [stdout] 
[INFO] [stdout] ---- src/../README.md - (line 269) stdout ----
[INFO] [stdout] error[E0425]: cannot find type `Archetype` in this scope
[INFO] [stdout]    --> src/../README.md:276:15
[INFO] [stdout]     |
[INFO] [stdout] 276 | let entities: Archetype<u32, Entity> = Archetype::default();
[INFO] [stdout]     |               ^^^^^^^^^ not found in this scope
[INFO] [stdout] 
[INFO] [stdout] error[E0433]: cannot find type `Archetype` in this scope
[INFO] [stdout]    --> src/../README.md:276:40
[INFO] [stdout]     |
[INFO] [stdout] 276 | let entities: Archetype<u32, Entity> = Archetype::default();
[INFO] [stdout]     |                                        ^^^^^^^^^ use of undeclared type `Archetype`
[INFO] [stdout] 
[INFO] [stdout] error: aborting due to 2 previous errors
[INFO] [stdout] 
[INFO] [stdout] Some errors have detailed explanations: E0425, E0433.
[INFO] [stdout] For more information about an error, try `rustc --explain E0425`.
[INFO] [stdout] Couldn't compile the test.
[INFO] [stdout] ---- src/../README.md - (line 222) stdout ----
[INFO] [stdout] error[E0432]: unresolved import `structecs::Archetype`
[INFO] [stdout]    --> src/../README.md:224:17
[INFO] [stdout]     |
[INFO] [stdout] 224 | use structecs::{Archetype, Extractable, Acquirable};
[INFO] [stdout]     |                 ^^^^^^^^^ no `Archetype` in the root
[INFO] [stdout]     |
[INFO] [stdout] note: found an item that was configured out
[INFO] [stdout]    --> src/lib.rs:21:20
[INFO] [stdout]     |
[INFO] [stdout]  20 | #[cfg(feature = "archetype")]
[INFO] [stdout]     |       --------------------- the item is gated behind the `archetype` feature
[INFO] [stdout]  21 | pub use archetype::Archetype;
[INFO] [stdout]     |                    ^^^^^^^^^
[INFO] [stdout] 
[INFO] [stdout] error: aborting due to 1 previous error
[INFO] [stdout] 
[INFO] [stdout] For more information about this error, try `rustc --explain E0432`.
[INFO] [stdout] Couldn't compile the test.
[INFO] [stdout] 
[INFO] [stdout] failures:
[INFO] [stdout]     src/../README.md - (line 222)
[INFO] [stdout]     src/../README.md - (line 269)
[INFO] [stdout] 
[INFO] [stdout] test result: FAILED. 20 passed; 2 failed; 0 ignored; 0 measured; 0 filtered out; finished in 1.35s
[INFO] [stdout] 
[INFO] [stdout] all doctests ran in 1.62s; merged doctests compilation took 0.27s
[INFO] [stderr] error: doctest failed, to rerun pass `--doc`
[INFO] running `Command { std: "docker" "inspect" "ef7c077a79b1547e18196e1157f62ea63c5457b795ff84e2c6bdc2feeabeac02", kill_on_drop: false }`
[INFO] running `Command { std: "docker" "rm" "-f" "ef7c077a79b1547e18196e1157f62ea63c5457b795ff84e2c6bdc2feeabeac02", kill_on_drop: false }`
[INFO] [stdout] ef7c077a79b1547e18196e1157f62ea63c5457b795ff84e2c6bdc2feeabeac02
