[INFO] fetching crate strict-path 0.2.3...
[INFO] testing strict-path-0.2.3 against 1.100.0-beta.1 for beta-1.100-2
[INFO] extracting crate strict-path 0.2.3 into /workspace/builds/worker-3-tc2/source
[INFO] started tweaking crates.io crate strict-path 0.2.3
[INFO] removed 0 missing examples
[INFO] finished tweaking crates.io crate strict-path 0.2.3
[INFO] tweaked toml for crates.io crate strict-path 0.2.3 written to /workspace/builds/worker-3-tc2/source/Cargo.toml
[INFO] validating manifest of crates.io crate strict-path 0.2.3 on toolchain 1.100.0-beta.1
[INFO] running `Command { std: CARGO_HOME="/workspace/cargo-home" RUSTUP_HOME="/workspace/rustup-home" "/workspace/cargo-home/bin/cargo" "+1.100.0-beta.1" "metadata" "--manifest-path" "Cargo.toml" "--no-deps", kill_on_drop: false }`
[INFO] crate crates.io crate strict-path 0.2.3 already has a lockfile, it will not be regenerated
[INFO] running `Command { std: CARGO_HOME="/workspace/cargo-home" RUSTUP_HOME="/workspace/rustup-home" "/workspace/cargo-home/bin/cargo" "+1.100.0-beta.1" "fetch" "--manifest-path" "Cargo.toml", kill_on_drop: false }`
[INFO] running `Command { std: "docker" "create" "-v" "/var/lib/crater-agent-workspace/builds/worker-3-tc2/source:/opt/rustwide/workdir:ro,Z" "-v" "/var/lib/crater-agent-workspace/builds/worker-3-tc2/target:/opt/rustwide/target:rw,Z" "-v" "/var/lib/crater-agent-workspace/cargo-home:/opt/rustwide/cargo-home:ro,Z" "-v" "/var/lib/crater-agent-workspace/rustup-home:/opt/rustwide/rustup-home:ro,Z" "-m" "1610612736" "--network" "none" "ghcr.io/rust-lang/crates-build-env/linux@sha256:3111399a4047eeb3a02b7a90e478d715f38a8c6669b5c4b49d30a17385265909" "sleep" "infinity", kill_on_drop: false }`
[INFO] [stdout] 727fbf0e183c1485bcd0d2d9de08edced0d3510b0daff1e66a5eca44cb8c98c7
[INFO] running `Command { std: "docker" "start" "727fbf0e183c1485bcd0d2d9de08edced0d3510b0daff1e66a5eca44cb8c98c7", kill_on_drop: false }`
[INFO] running `Command { std: "docker" "inspect" "727fbf0e183c1485bcd0d2d9de08edced0d3510b0daff1e66a5eca44cb8c98c7", kill_on_drop: false }`
[INFO] running `Command { std: "docker" "exec" "-e" "SOURCE_DIR=/opt/rustwide/workdir" "-e" "CARGO_HOME=/opt/rustwide/cargo-home" "-e" "RUSTUP_HOME=/opt/rustwide/rustup-home" "-e" "CARGO_TARGET_DIR=/opt/rustwide/target" "-w" "/opt/rustwide/workdir" "--user" "0:0" "727fbf0e183c1485bcd0d2d9de08edced0d3510b0daff1e66a5eca44cb8c98c7" "/opt/rustwide/cargo-home/bin/cargo" "+1.100.0-beta.1" "metadata" "--no-deps" "--format-version=1", kill_on_drop: false }`
[INFO] running `Command { std: "docker" "inspect" "727fbf0e183c1485bcd0d2d9de08edced0d3510b0daff1e66a5eca44cb8c98c7", kill_on_drop: false }`
[INFO] running `Command { std: "docker" "exec" "-e" "SOURCE_DIR=/opt/rustwide/workdir" "-e" "CARGO_HOME=/opt/rustwide/cargo-home" "-e" "RUSTUP_HOME=/opt/rustwide/rustup-home" "-e" "CARGO_TARGET_DIR=/opt/rustwide/target" "-e" "CARGO_INCREMENTAL=0" "-e" "RUST_BACKTRACE=full" "-e" "RUSTFLAGS=--cap-lints=warn" "-e" "RUSTDOCFLAGS=--cap-lints=warn" "-w" "/opt/rustwide/workdir" "--user" "0:0" "727fbf0e183c1485bcd0d2d9de08edced0d3510b0daff1e66a5eca44cb8c98c7" "/opt/rustwide/cargo-home/bin/cargo" "+1.100.0-beta.1" "build" "--frozen" "--message-format=json", kill_on_drop: false }`
[INFO] [stderr]    Compiling proc-canonicalize v0.1.3
[INFO] [stderr]    Compiling soft-canonicalize v0.5.6
[INFO] [stderr]    Compiling strict-path v0.2.3 (/opt/rustwide/workdir)
[INFO] [stderr]     Finished `dev` profile [unoptimized + debuginfo] target(s) in 0.65s
[INFO] running `Command { std: "docker" "inspect" "727fbf0e183c1485bcd0d2d9de08edced0d3510b0daff1e66a5eca44cb8c98c7", kill_on_drop: false }`
[INFO] running `Command { std: "docker" "exec" "-e" "SOURCE_DIR=/opt/rustwide/workdir" "-e" "CARGO_HOME=/opt/rustwide/cargo-home" "-e" "RUSTUP_HOME=/opt/rustwide/rustup-home" "-e" "CARGO_TARGET_DIR=/opt/rustwide/target" "-e" "CARGO_INCREMENTAL=0" "-e" "RUST_BACKTRACE=full" "-e" "RUSTFLAGS=--cap-lints=warn" "-e" "RUSTDOCFLAGS=--cap-lints=warn" "-w" "/opt/rustwide/workdir" "--user" "0:0" "727fbf0e183c1485bcd0d2d9de08edced0d3510b0daff1e66a5eca44cb8c98c7" "/opt/rustwide/cargo-home/bin/cargo" "+1.100.0-beta.1" "test" "--frozen" "--no-run" "--message-format=json", kill_on_drop: false }`
[INFO] [stderr]    Compiling proc-macro2 v1.0.106
[INFO] [stderr]    Compiling quote v1.0.45
[INFO] [stderr]    Compiling rustix v1.1.4
[INFO] [stderr]    Compiling option-ext v0.2.0
[INFO] [stderr]    Compiling bitflags v2.11.1
[INFO] [stderr]    Compiling fastrand v2.4.1
[INFO] [stderr]    Compiling once_cell v1.21.4
[INFO] [stderr]    Compiling app-path v1.1.2
[INFO] [stderr]    Compiling serde_json v1.0.149
[INFO] [stderr]    Compiling dirs-sys v0.5.0
[INFO] [stderr]    Compiling dirs v6.0.0
[INFO] [stderr]    Compiling syn v2.0.117
[INFO] [stderr]    Compiling tempfile v3.27.0
[INFO] [stderr]    Compiling serde_derive v1.0.228
[INFO] [stderr]    Compiling serde v1.0.228
[INFO] [stderr]    Compiling strict-path v0.2.3 (/opt/rustwide/workdir)
[INFO] [stderr]     Finished `test` profile [unoptimized + debuginfo] target(s) in 10.84s
[INFO] running `Command { std: "docker" "inspect" "727fbf0e183c1485bcd0d2d9de08edced0d3510b0daff1e66a5eca44cb8c98c7", kill_on_drop: false }`
[INFO] running `Command { std: "docker" "exec" "-e" "SOURCE_DIR=/opt/rustwide/workdir" "-e" "CARGO_HOME=/opt/rustwide/cargo-home" "-e" "RUSTUP_HOME=/opt/rustwide/rustup-home" "-e" "CARGO_TARGET_DIR=/opt/rustwide/target" "-e" "CARGO_INCREMENTAL=0" "-e" "RUST_BACKTRACE=full" "-e" "RUSTFLAGS=--cap-lints=warn" "-e" "RUSTDOCFLAGS=--cap-lints=warn" "-w" "/opt/rustwide/workdir" "--user" "0:0" "727fbf0e183c1485bcd0d2d9de08edced0d3510b0daff1e66a5eca44cb8c98c7" "/opt/rustwide/cargo-home/bin/cargo" "+1.100.0-beta.1" "test" "--frozen", kill_on_drop: false }`
[INFO] [stderr]     Finished `test` profile [unoptimized + debuginfo] target(s) in 0.07s
[INFO] [stderr]      Running unittests src/lib.rs (/opt/rustwide/target/debug/build/strict-path/fc706c1f0e8d50b9/out/strict_path-fc706c1f0e8d50b9)
[INFO] [stdout] 
[INFO] [stdout] running 145 tests
[INFO] [stdout] test error::tests::path_escape_display_mentions_attempt_and_boundary ... ok
[INFO] [stdout] test error::tests::strict_path_error_sources_are_reported ... ok
[INFO] [stdout] test error::tests::strict_path_error_display_scrubs_untrusted_paths ... ok
[INFO] [stdout] test error::tests::truncate_path_display_preserves_short_paths ... ok
[INFO] [stdout] test error::tests::truncate_path_display_scrubs_log_injection_characters ... ok
[INFO] [stdout] test path::tests::create_parent::create_dir_non_recursive_requires_parent ... ok
[INFO] [stdout] test path::tests::advanced_security_bypass::test_strict_path_core_attack_patterns ... ok
[INFO] [stdout] test path::tests::filesystem_append::test_strict_path_append_creates_file_if_missing ... ok
[INFO] [stdout] test path::tests::filesystem_append::test_strict_path_append_on_directory_errors ... ok
[INFO] [stdout] test path::tests::create_parent::strictpath_parent_helpers_parity ... ok
[INFO] [stdout] test path::tests::creation::test_strict_path_debug ... ok
[INFO] [stdout] test path::tests::filesystem_append::test_strict_path_open_with_append_mode ... ok
[INFO] [stdout] test path::tests::creation::test_strict_path_creation ... ok
[INFO] [stdout] test path::tests::advanced_security_bypass::test_strict_path_unix_backslash_literal_filename ... ok
[INFO] [stdout] test error::tests::truncate_path_display_inserts_ellipsis_for_long_paths ... ok
[INFO] [stdout] test path::tests::advanced_security_bypass::test_strict_path_double_url_encoding_containment ... ok
[INFO] [stdout] test path::tests::filesystem_append::test_strict_path_append_appends_to_existing ... ok
[INFO] [stdout] test path::tests::filesystem_append::test_strict_path_append_bytes ... ok
[INFO] [stdout] test path::tests::advanced_security_bypass::test_strict_path_empty_and_whitespace_segments ... ok
[INFO] [stdout] test path::tests::filesystem_append::test_strict_path_open_with_create_new_fails_if_exists ... ok
[INFO] [stdout] test path::tests::advanced_security_bypass::test_strict_path_null_byte_truncation_attack ... ok
[INFO] [stdout] test path::tests::advanced_security_ntfs::test_environment_variable_injection ... ok
[INFO] [stdout] test path::tests::filesystem_append::test_strict_path_open_with_create_new_succeeds_if_missing ... ok
[INFO] [stdout] test path::tests::filesystem_copy::strict_copy_absolute_inside_boundary ... ok
[INFO] [stdout] test path::tests::filesystem_append::test_strict_path_open_with_read_write ... ok
[INFO] [stdout] test path::tests::filesystem_io::test_strict_path_touch_creates_file ... ok
[INFO] [stdout] test path::tests::filesystem_copy::strict_copy_rejects_escape_outside_boundary ... ok
[INFO] [stdout] test path::tests::filesystem_io::test_strict_path_try_exists ... ok
[INFO] [stdout] test path::tests::filesystem_copy::strict_copy_file_in_same_boundary ... ok
[INFO] [stdout] test path::tests::filesystem_copy::strict_copy_directory_is_error ... ok
[INFO] [stdout] test path::tests::filesystem_io::test_strict_path_set_permissions ... ok
[INFO] [stdout] test path::tests::filesystem_io::test_strict_read_dir_empty_directory ... ok
[INFO] [stdout] test path::tests::filesystem_copy::strict_copy_fails_when_parent_missing ... ok
[INFO] [stdout] test path::tests::filesystem_copy::test_strict_path_collections ... ok
[INFO] [stdout] test path::tests::filesystem_io::test_strict_read_dir_iterates_files ... ok
[INFO] [stdout] test path::tests::filesystem_io::test_strict_join_catches_escaping_symlinks ... ok
[INFO] [stdout] test path::tests::marker::test_change_marker_with_multiple_references_to_boundary ... ok
[INFO] [stdout] test path::tests::marker::test_marker_type_is_zero_cost ... ok
[INFO] [stdout] test path::tests::filesystem_io::test_strict_read_dir_on_file_errors ... ok
[INFO] [stdout] test path::tests::filesystem_io::test_strict_read_dir_mixed_files_and_dirs ... ok
[INFO] [stdout] test path::tests::filesystem_metadata::test_strict_path_remove_dir_variants ... ok
[INFO] [stdout] test path::tests::marker::test_change_marker_does_not_mutate_original_boundary ... ok
[INFO] [stdout] test path::tests::marker::test_change_marker_preserves_strict_path_semantics ... ok
[INFO] [stdout] test path::tests::filesystem_metadata::test_strict_path_metadata_behavior ... ok
[INFO] [stdout] test path::tests::marker::test_different_marker_types_are_incompatible ... ok
[INFO] [stdout] test path::tests::marker::test_change_marker_with_tuple_markers ... ok
[INFO] [stdout] test path::tests::marker::test_strict_path_change_marker_shared_boundary ... ok
[INFO] [stdout] test path::tests::marker::test_path_boundary_change_marker ... ok
[INFO] [stdout] test path::tests::marker::test_strict_path_change_marker_chain ... ok
[INFO] [stdout] test path::tests::marker::test_try_into_boundary_changes_marker ... ok
[INFO] [stdout] test path::tests::marker::test_strict_path_change_marker_with_joins ... ok
[INFO] [stdout] test path::tests::filesystem_append::test_strict_path_open_with_truncate ... ok
[INFO] [stdout] test path::tests::marker::test_strict_path_change_marker_preserves_io_operations ... ok
[INFO] [stdout] test path::tests::filesystem_metadata::test_strict_path_equality_and_hash ... ok
[INFO] [stdout] test path::tests::method_coverage::test_strict_path_accessors_and_manipulation ... ok
[INFO] [stdout] test path::tests::filesystem_copy::strict_copy_overwrites_existing_destination ... ok
[INFO] [stdout] test path::tests::proc_comprehensive_coverage::issue_44_indirect_symlink_to_proc_root ... ok
[INFO] [stdout] test path::tests::methods::test_strict_path_create_file ... ok
[INFO] [stdout] test path::tests::proc_comprehensive_coverage::test_proc_thread_self_root_preservation ... ok
[INFO] [stdout] test path::tests::proc_comprehensive_coverage::test_chained_symlinks_to_proc_root ... ok
[INFO] [stdout] test path::tests::marker::test_strict_path_change_marker_single_reference ... ok
[INFO] [stdout] test path::tests::proc_comprehensive_coverage::security_container_boundary_bypass_prevented ... ok
[INFO] [stdout] test path::tests::proc_comprehensive_coverage::test_symlink_deep_into_proc ... ok
[INFO] [stdout] test path::tests::proc_comprehensive_coverage::test_symlink_loop_handling ... ok
[INFO] [stdout] test path::tests::proc_comprehensive_coverage::test_triple_chained_symlinks_to_proc ... ok
[INFO] [stdout] test path::tests::proc_indirect_symlink::test_indirect_symlink_to_proc_root ... ok
[INFO] [stdout] test path::tests::proc_magic_symlink::blackbox_host_etc_passwd_access_blocked ... ok
[INFO] [stdout] test path::tests::proc_magic_symlink::blackbox_container_escape_via_traversal_rejected ... ok
[INFO] [stdout] test path::tests::proc_comprehensive_coverage::test_proc_pid_root_with_actual_pid ... ok
[INFO] [stdout] test path::tests::proc_magic_symlink::blackbox_absolute_path_escape_rejected ... ok
[INFO] [stdout] test path::tests::proc_magic_symlink::blackbox_proc_self_root_prefix_preserved ... ok
[INFO] [stdout] test path::tests::proc_magic_symlink::whitebox_all_proc_root_variants_preserved ... ok
[INFO] [stdout] test path::tests::proc_comprehensive_coverage::security_host_root_never_accessible ... ok
[INFO] [stdout] test path::tests::proc_comprehensive_coverage::test_proc_self_cwd_preservation ... ok
[INFO] [stdout] test path::tests::proc_magic_symlink::pathboundary_strict_join_rejects_traversal ... ok
[INFO] [stdout] test path::tests::proc_magic_symlink::whitebox_proc_cwd_patterns_preserved ... ok
[INFO] [stdout] test path::tests::proc_magic_symlink::whitebox_nested_proc_paths_preserve_context ... ok
[INFO] [stdout] test path::tests::proc_magic_symlink::cve_resistance_namespace_confusion_attacks ... ok
[INFO] [stdout] test path::tests::proc_magic_symlink::cve_resistance_runc_style_proc_self_escape ... ok
[INFO] [stdout] test path::tests::proc_magic_symlink::pathboundary_proc_root_maintains_isolation ... ok
[INFO] [stdout] test path::tests::proc_magic_symlink::whitebox_symlink_inside_proc_namespace ... ok
[INFO] [stdout] test path::tests::proc_comprehensive_coverage::test_mixed_chain_to_proc ... ok
[INFO] [stdout] test path::tests::proc_comprehensive_coverage::issue_44_indirect_symlink_with_suffix ... ok
[INFO] [stdout] test path::tests::proc_comprehensive_coverage::test_indirect_symlink_to_proc_pid_root ... ok
[INFO] [stdout] test path::tests::proc_magic_symlink::cve_resistance_container_runtime_escape_patterns ... ok
[INFO] [stdout] test path::tests::proc_comprehensive_coverage::test_indirect_symlink_to_proc_thread_self_root ... ok
[INFO] [stdout] test path::tests::proc_magic_symlink_regression::doc_test_issue_44_scenario ... ok
[INFO] [stdout] test path::tests::proc_magic_symlink_regression::edge_case_empty_segments_in_proc_namespace ... ok
[INFO] [stdout] test path::tests::proc_magic_symlink_regression::regression_normal_paths_unaffected ... ok
[INFO] [stdout] test path::tests::proc_magic_symlink_regression::edge_case_unicode_in_proc_namespace ... ok
[INFO] [stdout] test path::tests::proc_magic_symlink_regression::multicontainer_different_namespaces_isolated ... ok
[INFO] [stdout] test path::tests::proc_magic_symlink_regression::edge_case_long_paths_in_proc_namespace ... ok
[INFO] [stdout] test path::tests::proc_magic_symlink_regression::regression_symlinks_in_normal_boundaries ... ok
[INFO] [stdout] test path::tests::rename::strict_rename_nonexistent_source ... ok
[INFO] [stdout] test path::tests::security_audit_findings::f1_strictpath_with_extension_rejects_nul_byte ... ok
[INFO] [stdout] test path::tests::rename::strict_rename_nested_relative_and_absolute ... ok
[INFO] [stdout] test path::tests::proc_magic_symlink_regression::regression_escaping_symlinks_rejected ... ok
[INFO] [stdout] test path::tests::security_audit_findings::f1_strictpath_with_extension_rejects_separator_without_panic ... ok
[INFO] [stdout] test path::tests::proc_magic_symlink_regression::edge_case_proc_self_with_components ... ok
[INFO] [stdout] test path::tests::security_audit_findings::f3_strictpath_parent_returns_none_at_boundary_root ... ok
[INFO] [stdout] test path::tests::security_audit_findings::f3_create_parent_dir_at_boundary_root_is_noop ... ok
[INFO] [stdout] test path::tests::security_audit_findings::f3_strictpath_parent_unchanged_for_non_root_paths ... ok
[INFO] [stdout] test path::tests::security_canonicalization_proof::test_multi_layer_encoding_attacks ... ok
[INFO] [stdout] test path::tests::security_canonicalization_proof::test_env_var_syntax_is_literal ... ok
[INFO] [stdout] test path::tests::security_canonicalization_proof::test_tilde_expansion_is_literal ... ok
[INFO] [stdout] test path::tests::security_audit_findings::f3_strict_rename_at_boundary_root_does_not_emit_bogus_escape_error ... ok
[INFO] [stdout] test path::tests::security_canonicalization_proof::test_overlong_utf8_encoding_is_literal ... ok
[INFO] [stdout] test path::tests::security_audit_findings::f4_pathboundary_from_str_accepts_existing_directory ... ok
[INFO] [stdout] test path::tests::rename::strict_rename_destination_exists_behavior ... ok
[INFO] [stdout] test path::tests::security_canonicalization_proof::test_protocol_schemes_cannot_escape ... ok
[INFO] [stdout] test path::tests::softcanon_53_symlink_parent_traversal::strict_chained_symlinks_parent_traversal ... ok
[INFO] [stdout] test path::tests::softcanon_53_symlink_parent_traversal::strict_symlink_inside_parent_traversal_nonexistent_suffix ... ok
[INFO] [stdout] test path::tests::softcanon_53_symlink_parent_traversal::strict_relative_symlink_outside_parent_traversal_is_rejected ... ok
[INFO] [stdout] test path::tests::softcanon_53_symlink_parent_traversal::strict_symlink_to_dot_parent_traversal_escape ... ok
[INFO] [stdout] test path::tests::softcanon_53_symlink_parent_traversal::strict_symlink_inside_parent_traversal_reaches_correct_sibling ... ok
[INFO] [stdout] test path::tests::security_canonicalization_proof::test_zero_width_characters_cannot_escape ... ok
[INFO] [stdout] test path::tests::softcanon_53_symlink_parent_traversal::strict_symlink_outside_parent_traversal_is_rejected ... ok
[INFO] [stdout] test path::tests::symlink_helpers::strict_hard_link_helpers_create_links_within_boundary ... ok
[INFO] [stdout] test path::tests::security_audit_findings::f4_pathboundary_from_str_creates_missing_directory ... ok
[INFO] [stdout] test path::tests::symlink_helpers::strict_hard_link_rejects_escape_targets ... ok
[INFO] [stdout] test path::tests::rename::strict_rename_directory_tree ... ok
[INFO] [stdout] test path::tests::security_canonicalization_proof::test_code_page_homoglyphs_cannot_escape ... ok
[INFO] [stdout] test path::tests::symlink_helpers::strictpath_symlink_metadata_reports_link_entry ... ok
[INFO] [stdout] test sanitize::tests::preserves_plain_text ... ok
[INFO] [stdout] test path::tests::security_audit_findings::f1_strictpath_with_extension_rejects_backslash_on_windows ... ok
[INFO] [stdout] test path::tests::symlink_helpers::strict_symlink_helpers_create_links_within_boundary ... ok
[INFO] [stdout] test path::tests::rename::strict_rename_rejects_escape_outside_boundary ... ok
[INFO] [stdout] test path::tests::rename::strict_rename_file_in_same_boundary ... ok
[INFO] [stdout] test sanitize::tests::scrubs_each_injection_character_class ... ok
[INFO] [stdout] test tests::readme_examples::readme_interop_path_example ... ok
[INFO] [stdout] test tests::readme_examples::readme_disaster_prevention_example ... ok
[INFO] [stdout] test path::tests::symlink_helpers::strict_symlink_rejects_escape_targets ... ok
[INFO] [stdout] test path::tests::security_canonicalization_proof::test_hex_escape_sequences_are_literal ... ok
[INFO] [stdout] test path::tests::security_canonicalization_proof::test_html_entity_encoding_is_literal ... ok
[INFO] [stdout] test path::tests::security_canonicalization_proof::test_whitespace_exploitation_cannot_escape ... ok
[INFO] [stdout] test tests::comparison_tests::test_strict_path_comparisons ... ok
[INFO] [stdout] test tests::readme_examples::readme_marker_authorization_example ... ok
[INFO] [stdout] test path::tests::softcanon_53_symlink_parent_traversal::strict_symlink_deep_parent_traversal_escape ... ok
[INFO] [stdout] test tests::readme_examples::readme_one_liner_sugar_example ... ok
[INFO] [stdout] test tests::readme_examples::readme_policy_types_example ... ok
[INFO] [stdout] test tests::readme_examples::readme_typical_workflow_strict_links_example ... ok
[INFO] [stdout] test path::tests::filesystem_io::test_strict_path_touch_updates_existing ... ok
[INFO] [stdout] test tests::fuzz_security::fuzz_strict_with_extension_never_panics ... ok
[INFO] [stdout] test path::tests::marker::test_change_marker_memory_safety ... ok
[INFO] [stdout] test tests::fuzz_security::fuzz_strict_join_security_invariant ... ok
[INFO] [stdout] 
[INFO] [stdout] test result: ok. 145 passed; 0 failed; 0 ignored; 0 measured; 0 filtered out; finished in 0.11s
[INFO] [stdout] 
[INFO] [stderr]    Doc-tests strict_path
[INFO] [stdout] 
[INFO] [stdout] running 62 tests
[INFO] [stdout] test src/path/strict_path/fs.rs - path::strict_path::fs::StrictPath<Marker>::remove_dir_all (line 253) ... ok
[INFO] [stdout] test src/path/strict_path/iter.rs - path::strict_path::iter::StrictOpenOptions<'path,Marker>::append (line 100) ... ok
[INFO] [stdout] test src/path/strict_path/iter.rs - path::strict_path::iter::StrictOpenOptions (line 21) ... ok
[INFO] [stdout] test src/path/strict_path/fs.rs - path::strict_path::fs::StrictPath<Marker>::create_parent_dir_all (line 184) ... ok
[INFO] [stdout] test src/path/strict_path/fs.rs - path::strict_path::fs::StrictPath<Marker>::create_parent_dir (line 156) ... ok
[INFO] [stdout] test src/path/strict_path/fs.rs - path::strict_path::fs::StrictPath<Marker>::open_with (line 72) ... ok
[INFO] [stdout] test src/path/strict_path/fs.rs - path::strict_path::fs::StrictPath<Marker>::open_file (line 45) ... ok
[INFO] [stdout] test src/path/strict_path/iter.rs - path::strict_path::iter::StrictOpenOptions<'path,Marker>::create (line 142) ... ok
[INFO] [stdout] test src/lib.rs - (line 72) ... FAILED
[INFO] [stdout] test src/path/strict_path/fs.rs - path::strict_path::fs::StrictPath<Marker>::create_dir_all (line 111) ... ok
[INFO] [stdout] test src/path/strict_path/iter.rs - path::strict_path::iter::StrictOpenOptions<'path,Marker>::truncate (line 121) ... ok
[INFO] [stdout] test src/path/strict_path/fs.rs - path::strict_path::fs::StrictPath<Marker>::create_file (line 17) ... ok
[INFO] [stdout] test src/lib.rs - (line 123) ... FAILED
[INFO] [stdout] test src/path/strict_path/iter.rs - path::strict_path::iter::StrictOpenOptions<'path,Marker>::write (line 79) ... ok
[INFO] [stdout] test src/path/strict_path/iter.rs - path::strict_path::iter::StrictOpenOptions<'path,Marker>::read (line 56) ... ok
[INFO] [stdout] test src/path/strict_path/fs.rs - path::strict_path::fs::StrictPath<Marker>::remove_dir (line 231) ... ok
[INFO] [stdout] test src/path/strict_path/fs.rs - path::strict_path::fs::StrictPath<Marker>::remove_file (line 209) ... ok
[INFO] [stdout] test src/path/strict_path/fs.rs - path::strict_path::fs::StrictPath<Marker>::create_dir (line 135) ... ok
[INFO] [stdout] test src/path/strict_path/mod.rs - path::strict_path::StrictPath<Marker>::change_marker (line 270) - compile fail ... ok
[INFO] [stdout] test src/path/strict_path/iter.rs - path::strict_path::iter::StrictOpenOptions<'path,Marker>::create_new (line 163) ... ok
[INFO] [stdout] test src/path/strict_path/mod.rs - path::strict_path::StrictPath<Marker>::change_marker (line 221) ... ok
[INFO] [stdout] test src/lib.rs - (line 23) ... ok
[INFO] [stdout] test src/path/strict_path/iter.rs - path::strict_path::iter::StrictReadDir (line 207) ... ok
[INFO] [stdout] test src/path/strict_path/mod.rs - path::strict_path::StrictPath<Marker>::append (line 856) ... ok
[INFO] [stdout] test src/path/strict_path/mod.rs - path::strict_path::StrictPath<Marker>::metadata (line 614) ... ok
[INFO] [stdout] test src/path/strict_path/links.rs - path::strict_path::links::StrictPath<Marker>::strict_read_link (line 105) ... ok
[INFO] [stdout] test src/path/strict_path/mod.rs - path::strict_path::StrictPath<Marker>::interop_path (line 130) ... ok
[INFO] [stdout] test src/path/strict_path/mod.rs - path::strict_path::StrictPath<Marker>::set_permissions (line 641) ... ok
[INFO] [stdout] test src/path/strict_path/iter.rs - path::strict_path::iter::StrictOpenOptions<'path,Marker>::open (line 181) ... ok
[INFO] [stdout] test src/path/strict_path/mod.rs - path::strict_path::StrictPath<Marker>::strictpath_display (line 149) ... ok
[INFO] [stdout] test src/path/strict_path/mod.rs - path::strict_path::StrictPath<Marker>::is_file (line 577) ... ok
[INFO] [stdout] test src/path/strict_path/mod.rs - path::strict_path::StrictPath<Marker>::exists (line 558) ... ok
[INFO] [stdout] test src/path/strict_path/mod.rs - path::strict_path::StrictPath<Marker>::read (line 812) ... ok
[INFO] [stdout] test src/path/strict_path/mod.rs - path::strict_path::StrictPath<Marker>::read_to_string (line 791) ... ok
[INFO] [stdout] test src/path/strict_path/mod.rs - path::strict_path::StrictPath<Marker>::strictpath_extension (line 501) ... ok
[INFO] [stdout] test src/path/strict_path/mod.rs - path::strict_path::StrictPath<Marker>::is_dir (line 596) ... ok
[INFO] [stdout] test src/path/strict_path/mod.rs - path::strict_path::StrictPath<Marker>::strictpath_file_name (line 465) ... ok
[INFO] [stdout] test src/path/strict_path/mod.rs - path::strict_path::StrictPath<Marker>::strict_read_dir (line 759) ... ok
[INFO] [stdout] test src/path/strict_path/mod.rs - path::strict_path::StrictPath<Marker>::strictpath_starts_with (line 519) ... ok
[INFO] [stdout] test src/path/strict_path/mod.rs - path::strict_path::StrictPath<Marker>::read_dir (line 729) ... ok
[INFO] [stdout] test src/path/strict_path/mod.rs - path::strict_path::StrictPath<Marker>::strictpath_ends_with (line 538) ... ok
[INFO] [stdout] test src/path/strict_path/mod.rs - path::strict_path::StrictPath<Marker>::strictpath_file_stem (line 483) ... ok
[INFO] [stdout] test src/path/strict_path/mod.rs - path::strict_path::StrictPath<Marker>::strictpath_with_file_name (line 411) ... ok
[INFO] [stdout] test src/path/strict_path/mod.rs - path::strict_path::StrictPath<Marker>::with_boundary (line 65) ... ok
[INFO] [stdout] test src/path/strict_path/mod.rs - path::strict_path::StrictPath<Marker>::with_boundary_create (line 85) ... ok
[INFO] [stdout] test src/path/strict_path/mod.rs - path::strict_path::StrictPath<Marker>::touch (line 697) ... ok
[INFO] [stdout] test src/path/strict_path/mod.rs - path::strict_path::StrictPath<Marker>::strictpath_with_extension (line 436) ... ok
[INFO] [stdout] test src/path/strict_path/mod.rs - path::strict_path::StrictPath<Marker>::unstrict (line 167) ... ok
[INFO] [stdout] test src/path/strict_path/mod.rs - path::strict_path::StrictPath<Marker>::try_into_boundary_create (line 333) ... ok
[INFO] [stdout] test src/path/strict_path/mod.rs - path::strict_path::StrictPath<Marker>::strictpath_parent (line 374) ... ok
[INFO] [stdout] test src/path/strict_path/mod.rs - path::strict_path::StrictPath<Marker>::try_into_boundary (line 308) ... ok
[INFO] [stdout] test src/validator/path_boundary.rs - validator::path_boundary::PathBoundary<Marker>::from_str (line 478) ... ok
[INFO] [stdout] test src/validator/path_boundary.rs - validator::path_boundary::BoundaryReadDir (line 507) ... ok
[INFO] [stdout] test src/validator/path_boundary.rs - validator::path_boundary::PathBoundary<Marker>::try_new (line 175) ... FAILED
[INFO] [stdout] test src/validator/path_boundary.rs - validator::path_boundary::canonicalize_and_enforce_restriction_boundary (line 28) ... FAILED
[INFO] [stdout] test src/path/strict_path/mod.rs - path::strict_path::StrictPath<Marker>::try_exists (line 670) ... ok
[INFO] [stdout] test src/validator/path_boundary.rs - validator::path_boundary::PathBoundary<Marker>::into_strictpath (line 299) ... FAILED
[INFO] [stdout] test src/validator/path_boundary.rs - validator::path_boundary::PathBoundary (line 73) ... FAILED
[INFO] [stdout] test src/validator/path_boundary.rs - validator::path_boundary::PathBoundary<Marker>::try_new_create (line 231) ... FAILED
[INFO] [stdout] test src/validator/path_boundary.rs - validator::path_boundary::PathBoundary<Marker>::change_marker (line 270) ... FAILED
[INFO] [stdout] test src/validator/path_boundary.rs - validator::path_boundary::PathBoundary<Marker>::strict_read_dir (line 410) ... ok
[INFO] [stdout] test src/path/strict_path/mod.rs - path::strict_path::StrictPath<Marker>::write (line 834) ... ok
[INFO] [stdout] 
[INFO] [stdout] failures:
[INFO] [stdout] 
[INFO] [stdout] ---- src/lib.rs - (line 72) stdout ----
[INFO] [stdout] Test executable failed (exit status: 1).
[INFO] [stdout] 
[INFO] [stdout] stderr:
[INFO] [stdout] Error: Os { code: 30, kind: ReadOnlyFilesystem, message: "Read-only file system" }
[INFO] [stdout] 
[INFO] [stdout] 
[INFO] [stdout] ---- src/lib.rs - (line 123) stdout ----
[INFO] [stdout] Test executable failed (exit status: 1).
[INFO] [stdout] 
[INFO] [stdout] stderr:
[INFO] [stdout] Error: InvalidRestriction { restriction: "./safe", source: Os { code: 30, kind: ReadOnlyFilesystem, message: "Read-only file system" } }
[INFO] [stdout] 
[INFO] [stdout] 
[INFO] [stdout] ---- src/validator/path_boundary.rs - validator::path_boundary::PathBoundary<Marker>::try_new (line 175) stdout ----
[INFO] [stdout] Test executable failed (exit status: 1).
[INFO] [stdout] 
[INFO] [stdout] stderr:
[INFO] [stdout] Error: InvalidRestriction { restriction: "./data", source: Custom { kind: NotFound, error: "The specified PathBoundary path does not exist." } }
[INFO] [stdout] 
[INFO] [stdout] 
[INFO] [stdout] ---- src/validator/path_boundary.rs - validator::path_boundary::canonicalize_and_enforce_restriction_boundary (line 28) stdout ----
[INFO] [stdout] Test executable failed (exit status: 1).
[INFO] [stdout] 
[INFO] [stdout] stderr:
[INFO] [stdout] Error: InvalidRestriction { restriction: "./sandbox", source: Os { code: 30, kind: ReadOnlyFilesystem, message: "Read-only file system" } }
[INFO] [stdout] 
[INFO] [stdout] 
[INFO] [stdout] ---- src/validator/path_boundary.rs - validator::path_boundary::PathBoundary<Marker>::into_strictpath (line 299) stdout ----
[INFO] [stdout] Test executable failed (exit status: 101).
[INFO] [stdout] 
[INFO] [stdout] stderr:
[INFO] [stdout] 
[INFO] [stdout] thread 'main' (2329) panicked at src/validator/path_boundary.rs:10:56:
[INFO] [stdout] called `Result::unwrap()` on an `Err` value: InvalidRestriction { restriction: "./data", source: Os { code: 30, kind: ReadOnlyFilesystem, message: "Read-only file system" } }
[INFO] [stdout] stack backtrace:
[INFO] [stdout]    0:     0x647cb9568a51 - std[617be2ca0a6fd877]::backtrace_rs::backtrace::libunwind::trace
[INFO] [stdout]                                at /rustc/e3feeb59cd1bdd011a2bfcc0747b55125d9b8527/library/std/src/../../backtrace/src/backtrace/libunwind.rs:117:9
[INFO] [stdout]    1:     0x647cb9568a51 - std[617be2ca0a6fd877]::backtrace_rs::backtrace::trace_unsynchronized::<std[617be2ca0a6fd877]::sys::backtrace::_print_fmt::{closure#1}>
[INFO] [stdout]                                at /rustc/e3feeb59cd1bdd011a2bfcc0747b55125d9b8527/library/std/src/../../backtrace/src/backtrace/mod.rs:66:14
[INFO] [stdout]    2:     0x647cb9568a51 - std[617be2ca0a6fd877]::sys::backtrace::_print_fmt
[INFO] [stdout]                                at /rustc/e3feeb59cd1bdd011a2bfcc0747b55125d9b8527/library/std/src/sys/backtrace.rs:74:9
[INFO] [stdout]    3:     0x647cb9568a51 - <<std[617be2ca0a6fd877]::sys::backtrace::BacktraceLock>::print::DisplayBacktrace as core[a373ad73a504971]::fmt::Display>::fmt
[INFO] [stdout]                                at /rustc/e3feeb59cd1bdd011a2bfcc0747b55125d9b8527/library/std/src/sys/backtrace.rs:44:26
[INFO] [stdout]    4:     0x647cb957927a - <core[a373ad73a504971]::fmt::rt::Argument>::fmt
[INFO] [stdout]                                at /rustc/e3feeb59cd1bdd011a2bfcc0747b55125d9b8527/library/core/src/fmt/rt.rs:152:76
[INFO] [stdout]    5:     0x647cb957927a - core[a373ad73a504971]::fmt::write
[INFO] [stdout]    6:     0x647cb956bafc - core[a373ad73a504971]::io::write::default_write_fmt::<std[617be2ca0a6fd877]::sys::stdio::unix::Stderr>
[INFO] [stdout]                                at /rustc/e3feeb59cd1bdd011a2bfcc0747b55125d9b8527/library/core/src/io/write.rs:402:11
[INFO] [stdout]    7:     0x647cb956bafc - <std[617be2ca0a6fd877]::sys::stdio::unix::Stderr as core[a373ad73a504971]::io::write::Write>::write_fmt
[INFO] [stdout]                                at /rustc/e3feeb59cd1bdd011a2bfcc0747b55125d9b8527/library/core/src/io/write.rs:335:13
[INFO] [stdout]    8:     0x647cb9551c36 - <std[617be2ca0a6fd877]::sys::backtrace::BacktraceLock>::print
[INFO] [stdout]                                at /rustc/e3feeb59cd1bdd011a2bfcc0747b55125d9b8527/library/std/src/sys/backtrace.rs:47:9
[INFO] [stdout]    9:     0x647cb9551c36 - std[617be2ca0a6fd877]::panicking::default_hook::{closure#0}
[INFO] [stdout]                                at /rustc/e3feeb59cd1bdd011a2bfcc0747b55125d9b8527/library/std/src/panicking.rs:289:27
[INFO] [stdout]   10:     0x647cb95651b1 - std[617be2ca0a6fd877]::panicking::default_hook
[INFO] [stdout]                                at /rustc/e3feeb59cd1bdd011a2bfcc0747b55125d9b8527/library/std/src/panicking.rs:316:9
[INFO] [stdout]   11:     0x647cb956536b - std[617be2ca0a6fd877]::panicking::panic_with_hook
[INFO] [stdout]                                at /rustc/e3feeb59cd1bdd011a2bfcc0747b55125d9b8527/library/std/src/panicking.rs:811:13
[INFO] [stdout]   12:     0x647cb9551ce2 - std[617be2ca0a6fd877]::panicking::panic_handler::{closure#0}
[INFO] [stdout]                                at /rustc/e3feeb59cd1bdd011a2bfcc0747b55125d9b8527/library/std/src/panicking.rs:685:13
[INFO] [stdout]   13:     0x647cb954adc9 - std[617be2ca0a6fd877]::sys::backtrace::__rust_end_short_backtrace::<std[617be2ca0a6fd877]::panicking::panic_handler::{closure#0}, !>
[INFO] [stdout]                                at /rustc/e3feeb59cd1bdd011a2bfcc0747b55125d9b8527/library/std/src/sys/backtrace.rs:182:18
[INFO] [stdout]   14:     0x647cb955242d - __rustc[ea4f61d10b84890b]::rust_begin_unwind
[INFO] [stdout]                                at /rustc/e3feeb59cd1bdd011a2bfcc0747b55125d9b8527/library/std/src/panicking.rs:676:5
[INFO] [stdout]   15:     0x647cb957996c - core[a373ad73a504971]::panicking::panic_fmt
[INFO] [stdout]                                at /rustc/e3feeb59cd1bdd011a2bfcc0747b55125d9b8527/library/core/src/panicking.rs:80:14
[INFO] [stdout]   16:     0x647cb9579742 - core[a373ad73a504971]::result::unwrap_failed
[INFO] [stdout]                                at /rustc/e3feeb59cd1bdd011a2bfcc0747b55125d9b8527/library/core/src/result.rs:1870:5
[INFO] [stdout]   17:     0x647cb952fa9b - rust_out[72a830746f8703f]::main
[INFO] [stdout]   18:     0x647cb9534993 - <fn() as core[a373ad73a504971]::ops::function::FnOnce<()>>::call_once
[INFO] [stdout]   19:     0x647cb952f1de - std[617be2ca0a6fd877]::sys::backtrace::__rust_begin_short_backtrace::<fn(), ()>
[INFO] [stdout]   20:     0x647cb952f6e9 - std[617be2ca0a6fd877]::rt::lang_start::<()>::{closure#0}
[INFO] [stdout]   21:     0x647cb9564958 - <&dyn core[a373ad73a504971]::ops::function::Fn<(), Output = i32> + core[a373ad73a504971]::marker::Sync + core[a373ad73a504971]::panic::unwind_safe::RefUnwindSafe as core[a373ad73a504971]::ops::function::FnOnce<()>>::call_once
[INFO] [stdout]                                at /rustc/e3feeb59cd1bdd011a2bfcc0747b55125d9b8527/library/core/src/ops/function.rs:287:21
[INFO] [stdout]   22:     0x647cb9564958 - std[617be2ca0a6fd877]::panicking::catch_unwind::do_call::<&dyn core[a373ad73a504971]::ops::function::Fn<(), Output = i32> + core[a373ad73a504971]::marker::Sync + core[a373ad73a504971]::panic::unwind_safe::RefUnwindSafe, i32>
[INFO] [stdout]                                at /rustc/e3feeb59cd1bdd011a2bfcc0747b55125d9b8527/library/std/src/panicking.rs:573:43
[INFO] [stdout]   23:     0x647cb9564958 - std[617be2ca0a6fd877]::panicking::catch_unwind::<i32, &dyn core[a373ad73a504971]::ops::function::Fn<(), Output = i32> + core[a373ad73a504971]::marker::Sync + core[a373ad73a504971]::panic::unwind_safe::RefUnwindSafe>
[INFO] [stdout]                                at /rustc/e3feeb59cd1bdd011a2bfcc0747b55125d9b8527/library/std/src/panicking.rs:541:19
[INFO] [stdout]   24:     0x647cb9564958 - std[617be2ca0a6fd877]::panic::catch_unwind::<&dyn core[a373ad73a504971]::ops::function::Fn<(), Output = i32> + core[a373ad73a504971]::marker::Sync + core[a373ad73a504971]::panic::unwind_safe::RefUnwindSafe, i32>
[INFO] [stdout]                                at /rustc/e3feeb59cd1bdd011a2bfcc0747b55125d9b8527/library/std/src/panic.rs:359:14
[INFO] [stdout]   25:     0x647cb9564958 - std[617be2ca0a6fd877]::rt::lang_start_internal::{closure#0}
[INFO] [stdout]                                at /rustc/e3feeb59cd1bdd011a2bfcc0747b55125d9b8527/library/std/src/rt.rs:175:24
[INFO] [stdout]   26:     0x647cb9564958 - std[617be2ca0a6fd877]::panicking::catch_unwind::do_call::<std[617be2ca0a6fd877]::rt::lang_start_internal::{closure#0}, isize>
[INFO] [stdout]                                at /rustc/e3feeb59cd1bdd011a2bfcc0747b55125d9b8527/library/std/src/panicking.rs:573:43
[INFO] [stdout]   27:     0x647cb9564958 - std[617be2ca0a6fd877]::panicking::catch_unwind::<isize, std[617be2ca0a6fd877]::rt::lang_start_internal::{closure#0}>
[INFO] [stdout]                                at /rustc/e3feeb59cd1bdd011a2bfcc0747b55125d9b8527/library/std/src/panicking.rs:541:19
[INFO] [stdout]   28:     0x647cb9564958 - std[617be2ca0a6fd877]::panic::catch_unwind::<std[617be2ca0a6fd877]::rt::lang_start_internal::{closure#0}, isize>
[INFO] [stdout]                                at /rustc/e3feeb59cd1bdd011a2bfcc0747b55125d9b8527/library/std/src/panic.rs:359:14
[INFO] [stdout]   29:     0x647cb9564958 - std[617be2ca0a6fd877]::rt::lang_start_internal
[INFO] [stdout]                                at /rustc/e3feeb59cd1bdd011a2bfcc0747b55125d9b8527/library/std/src/rt.rs:171:5
[INFO] [stdout]   30:     0x647cb952ef11 - std[617be2ca0a6fd877]::rt::lang_start::<()>
[INFO] [stdout]   31:     0x647cb9534a35 - main
[INFO] [stdout]   32:     0x7a104c10b601 - <unknown>
[INFO] [stdout]   33:     0x7a104c10b718 - __libc_start_main
[INFO] [stdout]   34:     0x647cb952cdb5 - _start
[INFO] [stdout]   35:                0x0 - <unknown>
[INFO] [stdout] 
[INFO] [stdout] 
[INFO] [stdout] ---- src/validator/path_boundary.rs - validator::path_boundary::PathBoundary (line 73) stdout ----
[INFO] [stdout] Test executable failed (exit status: 1).
[INFO] [stdout] 
[INFO] [stdout] stderr:
[INFO] [stdout] Error: InvalidRestriction { restriction: "./data", source: Os { code: 30, kind: ReadOnlyFilesystem, message: "Read-only file system" } }
[INFO] [stdout] 
[INFO] [stdout] 
[INFO] [stdout] ---- src/validator/path_boundary.rs - validator::path_boundary::PathBoundary<Marker>::try_new_create (line 231) stdout ----
[INFO] [stdout] Test executable failed (exit status: 1).
[INFO] [stdout] 
[INFO] [stdout] stderr:
[INFO] [stdout] Error: InvalidRestriction { restriction: "./data", source: Os { code: 30, kind: ReadOnlyFilesystem, message: "Read-only file system" } }
[INFO] [stdout] 
[INFO] [stdout] 
[INFO] [stdout] ---- src/validator/path_boundary.rs - validator::path_boundary::PathBoundary<Marker>::change_marker (line 270) stdout ----
[INFO] [stdout] Test executable failed (exit status: 101).
[INFO] [stdout] 
[INFO] [stdout] stderr:
[INFO] [stdout] 
[INFO] [stdout] thread 'main' (2338) panicked at src/validator/path_boundary.rs:14:56:
[INFO] [stdout] called `Result::unwrap()` on an `Err` value: InvalidRestriction { restriction: "./data", source: Os { code: 30, kind: ReadOnlyFilesystem, message: "Read-only file system" } }
[INFO] [stdout] stack backtrace:
[INFO] [stdout]    0:     0x5d5a849dd4b1 - std[617be2ca0a6fd877]::backtrace_rs::backtrace::libunwind::trace
[INFO] [stdout]                                at /rustc/e3feeb59cd1bdd011a2bfcc0747b55125d9b8527/library/std/src/../../backtrace/src/backtrace/libunwind.rs:117:9
[INFO] [stdout]    1:     0x5d5a849dd4b1 - std[617be2ca0a6fd877]::backtrace_rs::backtrace::trace_unsynchronized::<std[617be2ca0a6fd877]::sys::backtrace::_print_fmt::{closure#1}>
[INFO] [stdout]                                at /rustc/e3feeb59cd1bdd011a2bfcc0747b55125d9b8527/library/std/src/../../backtrace/src/backtrace/mod.rs:66:14
[INFO] [stdout]    2:     0x5d5a849dd4b1 - std[617be2ca0a6fd877]::sys::backtrace::_print_fmt
[INFO] [stdout]                                at /rustc/e3feeb59cd1bdd011a2bfcc0747b55125d9b8527/library/std/src/sys/backtrace.rs:74:9
[INFO] [stdout]    3:     0x5d5a849dd4b1 - <<std[617be2ca0a6fd877]::sys::backtrace::BacktraceLock>::print::DisplayBacktrace as core[a373ad73a504971]::fmt::Display>::fmt
[INFO] [stdout]                                at /rustc/e3feeb59cd1bdd011a2bfcc0747b55125d9b8527/library/std/src/sys/backtrace.rs:44:26
[INFO] [stdout]    4:     0x5d5a849edcda - <core[a373ad73a504971]::fmt::rt::Argument>::fmt
[INFO] [stdout]                                at /rustc/e3feeb59cd1bdd011a2bfcc0747b55125d9b8527/library/core/src/fmt/rt.rs:152:76
[INFO] [stdout]    5:     0x5d5a849edcda - core[a373ad73a504971]::fmt::write
[INFO] [stdout]    6:     0x5d5a849e055c - core[a373ad73a504971]::io::write::default_write_fmt::<std[617be2ca0a6fd877]::sys::stdio::unix::Stderr>
[INFO] [stdout]                                at /rustc/e3feeb59cd1bdd011a2bfcc0747b55125d9b8527/library/core/src/io/write.rs:402:11
[INFO] [stdout]    7:     0x5d5a849e055c - <std[617be2ca0a6fd877]::sys::stdio::unix::Stderr as core[a373ad73a504971]::io::write::Write>::write_fmt
[INFO] [stdout]                                at /rustc/e3feeb59cd1bdd011a2bfcc0747b55125d9b8527/library/core/src/io/write.rs:335:13
[INFO] [stdout]    8:     0x5d5a849c6896 - <std[617be2ca0a6fd877]::sys::backtrace::BacktraceLock>::print
[INFO] [stdout]                                at /rustc/e3feeb59cd1bdd011a2bfcc0747b55125d9b8527/library/std/src/sys/backtrace.rs:47:9
[INFO] [stdout]    9:     0x5d5a849c6896 - std[617be2ca0a6fd877]::panicking::default_hook::{closure#0}
[INFO] [stdout]                                at /rustc/e3feeb59cd1bdd011a2bfcc0747b55125d9b8527/library/std/src/panicking.rs:289:27
[INFO] [stdout]   10:     0x5d5a849d9c11 - std[617be2ca0a6fd877]::panicking::default_hook
[INFO] [stdout]                                at /rustc/e3feeb59cd1bdd011a2bfcc0747b55125d9b8527/library/std/src/panicking.rs:316:9
[INFO] [stdout]   11:     0x5d5a849d9dcb - std[617be2ca0a6fd877]::panicking::panic_with_hook
[INFO] [stdout]                                at /rustc/e3feeb59cd1bdd011a2bfcc0747b55125d9b8527/library/std/src/panicking.rs:811:13
[INFO] [stdout]   12:     0x5d5a849c6942 - std[617be2ca0a6fd877]::panicking::panic_handler::{closure#0}
[INFO] [stdout]                                at /rustc/e3feeb59cd1bdd011a2bfcc0747b55125d9b8527/library/std/src/panicking.rs:685:13
[INFO] [stdout]   13:     0x5d5a849bfa29 - std[617be2ca0a6fd877]::sys::backtrace::__rust_end_short_backtrace::<std[617be2ca0a6fd877]::panicking::panic_handler::{closure#0}, !>
[INFO] [stdout]                                at /rustc/e3feeb59cd1bdd011a2bfcc0747b55125d9b8527/library/std/src/sys/backtrace.rs:182:18
[INFO] [stdout]   14:     0x5d5a849c708d - __rustc[ea4f61d10b84890b]::rust_begin_unwind
[INFO] [stdout]                                at /rustc/e3feeb59cd1bdd011a2bfcc0747b55125d9b8527/library/std/src/panicking.rs:676:5
[INFO] [stdout]   15:     0x5d5a849ee3cc - core[a373ad73a504971]::panicking::panic_fmt
[INFO] [stdout]                                at /rustc/e3feeb59cd1bdd011a2bfcc0747b55125d9b8527/library/core/src/panicking.rs:80:14
[INFO] [stdout]   16:     0x5d5a849ee1a2 - core[a373ad73a504971]::result::unwrap_failed
[INFO] [stdout]                                at /rustc/e3feeb59cd1bdd011a2bfcc0747b55125d9b8527/library/core/src/result.rs:1870:5
[INFO] [stdout]   17:     0x5d5a849a546b - rust_out[72a830746f8703f]::main
[INFO] [stdout]   18:     0x5d5a849a95f3 - <fn() as core[a373ad73a504971]::ops::function::FnOnce<()>>::call_once
[INFO] [stdout]   19:     0x5d5a849a4ba6 - std[617be2ca0a6fd877]::sys::backtrace::__rust_begin_short_backtrace::<fn(), ()>
[INFO] [stdout]   20:     0x5d5a849a50b9 - std[617be2ca0a6fd877]::rt::lang_start::<()>::{closure#0}
[INFO] [stdout]   21:     0x5d5a849d93b8 - <&dyn core[a373ad73a504971]::ops::function::Fn<(), Output = i32> + core[a373ad73a504971]::marker::Sync + core[a373ad73a504971]::panic::unwind_safe::RefUnwindSafe as core[a373ad73a504971]::ops::function::FnOnce<()>>::call_once
[INFO] [stdout]                                at /rustc/e3feeb59cd1bdd011a2bfcc0747b55125d9b8527/library/core/src/ops/function.rs:287:21
[INFO] [stdout]   22:     0x5d5a849d93b8 - std[617be2ca0a6fd877]::panicking::catch_unwind::do_call::<&dyn core[a373ad73a504971]::ops::function::Fn<(), Output = i32> + core[a373ad73a504971]::marker::Sync + core[a373ad73a504971]::panic::unwind_safe::RefUnwindSafe, i32>
[INFO] [stdout]                                at /rustc/e3feeb59cd1bdd011a2bfcc0747b55125d9b8527/library/std/src/panicking.rs:573:43
[INFO] [stdout]   23:     0x5d5a849d93b8 - std[617be2ca0a6fd877]::panicking::catch_unwind::<i32, &dyn core[a373ad73a504971]::ops::function::Fn<(), Output = i32> + core[a373ad73a504971]::marker::Sync + core[a373ad73a504971]::panic::unwind_safe::RefUnwindSafe>
[INFO] [stdout]                                at /rustc/e3feeb59cd1bdd011a2bfcc0747b55125d9b8527/library/std/src/panicking.rs:541:19
[INFO] [stdout]   24:     0x5d5a849d93b8 - std[617be2ca0a6fd877]::panic::catch_unwind::<&dyn core[a373ad73a504971]::ops::function::Fn<(), Output = i32> + core[a373ad73a504971]::marker::Sync + core[a373ad73a504971]::panic::unwind_safe::RefUnwindSafe, i32>
[INFO] [stdout]                                at /rustc/e3feeb59cd1bdd011a2bfcc0747b55125d9b8527/library/std/src/panic.rs:359:14
[INFO] [stdout]   25:     0x5d5a849d93b8 - std[617be2ca0a6fd877]::rt::lang_start_internal::{closure#0}
[INFO] [stdout]                                at /rustc/e3feeb59cd1bdd011a2bfcc0747b55125d9b8527/library/std/src/rt.rs:175:24
[INFO] [stdout]   26:     0x5d5a849d93b8 - std[617be2ca0a6fd877]::panicking::catch_unwind::do_call::<std[617be2ca0a6fd877]::rt::lang_start_internal::{closure#0}, isize>
[INFO] [stdout]                                at /rustc/e3feeb59cd1bdd011a2bfcc0747b55125d9b8527/library/std/src/panicking.rs:573:43
[INFO] [stdout]   27:     0x5d5a849d93b8 - std[617be2ca0a6fd877]::panicking::catch_unwind::<isize, std[617be2ca0a6fd877]::rt::lang_start_internal::{closure#0}>
[INFO] [stdout]                                at /rustc/e3feeb59cd1bdd011a2bfcc0747b55125d9b8527/library/std/src/panicking.rs:541:19
[INFO] [stdout]   28:     0x5d5a849d93b8 - std[617be2ca0a6fd877]::panic::catch_unwind::<std[617be2ca0a6fd877]::rt::lang_start_internal::{closure#0}, isize>
[INFO] [stdout]                                at /rustc/e3feeb59cd1bdd011a2bfcc0747b55125d9b8527/library/std/src/panic.rs:359:14
[INFO] [stdout]   29:     0x5d5a849d93b8 - std[617be2ca0a6fd877]::rt::lang_start_internal
[INFO] [stdout]                                at /rustc/e3feeb59cd1bdd011a2bfcc0747b55125d9b8527/library/std/src/rt.rs:171:5
[INFO] [stdout]   30:     0x5d5a849a4951 - std[617be2ca0a6fd877]::rt::lang_start::<()>
[INFO] [stdout]   31:     0x5d5a849a9695 - main
[INFO] [stdout]   32:     0x704fd0220601 - <unknown>
[INFO] [stdout]   33:     0x704fd0220718 - __libc_start_main
[INFO] [stdout]   34:     0x5d5a849a28b5 - _start
[INFO] [stdout]   35:                0x0 - <unknown>
[INFO] [stdout] 
[INFO] [stdout] 
[INFO] [stdout] 
[INFO] [stdout] failures:
[INFO] [stdout]     src/lib.rs - (line 123)
[INFO] [stdout]     src/lib.rs - (line 72)
[INFO] [stdout]     src/validator/path_boundary.rs - validator::path_boundary::PathBoundary (line 73)
[INFO] [stdout]     src/validator/path_boundary.rs - validator::path_boundary::PathBoundary<Marker>::change_marker (line 270)
[INFO] [stdout]     src/validator/path_boundary.rs - validator::path_boundary::PathBoundary<Marker>::into_strictpath (line 299)
[INFO] [stdout]     src/validator/path_boundary.rs - validator::path_boundary::PathBoundary<Marker>::try_new (line 175)
[INFO] [stdout]     src/validator/path_boundary.rs - validator::path_boundary::PathBoundary<Marker>::try_new_create (line 231)
[INFO] [stdout]     src/validator/path_boundary.rs - validator::path_boundary::canonicalize_and_enforce_restriction_boundary (line 28)
[INFO] [stdout] 
[INFO] [stdout] test result: FAILED. 54 passed; 8 failed; 0 ignored; 0 measured; 0 filtered out; finished in 4.75s
[INFO] [stdout] 
[INFO] [stderr] error: doctest failed, to rerun pass `--doc`
[INFO] running `Command { std: "docker" "inspect" "727fbf0e183c1485bcd0d2d9de08edced0d3510b0daff1e66a5eca44cb8c98c7", kill_on_drop: false }`
[INFO] running `Command { std: "docker" "rm" "-f" "727fbf0e183c1485bcd0d2d9de08edced0d3510b0daff1e66a5eca44cb8c98c7", kill_on_drop: false }`
[INFO] [stdout] 727fbf0e183c1485bcd0d2d9de08edced0d3510b0daff1e66a5eca44cb8c98c7
